Aug 07 18:47:34.908104 np0000006749 nova-conductor[99158]: DEBUG cotyledon.oslo_config_glue [-] workarounds.disable_group_policy_check_upcall = False {{(pid=99158) log_opt_values /opt/stack/data/venv/lib/python3.12/site-packages/oslo_config/cfg.py:3545}}
Aug 07 18:47:34.908104 np0000006749 nova-conductor[99158]: DEBUG cotyledon.oslo_config_glue [-] workarounds.disable_libvirt_livesnapshot = False {{(pid=99158) log_opt_values /opt/stack/data/venv/lib/python3.12/site-packages/oslo_config/cfg.py:3545}}
Aug 07 18:47:34.908104 np0000006749 nova-conductor[99158]: DEBUG cotyledon.oslo_config_glue [-] workarounds.disable_rootwrap = False {{(pid=99158) log_opt_values /opt/stack/data/venv/lib/python3.12/site-packages/oslo_config/cfg.py:3545}}
Aug 07 18:47:34.908104 np0000006749 nova-conductor[99158]: DEBUG cotyledon.oslo_config_glue [-] workarounds.enable_numa_live_migration = False {{(pid=99158) log_opt_values /opt/stack/data/venv/lib/python3.12/site-packages/oslo_config/cfg.py:3545}}
Aug 07 18:47:34.908104 np0000006749 nova-conductor[99158]: DEBUG cotyledon.oslo_config_glue [-] workarounds.enable_qemu_monitor_announce_self = False {{(pid=99158) log_opt_values /opt/stack/data/venv/lib/python3.12/site-packages/oslo_config/cfg.py:3545}}
Aug 07 18:47:34.908104 np0000006749 nova-conductor[99158]: DEBUG cotyledon.oslo_config_glue [-] workarounds.ensure_libvirt_rbd_instance_dir_cleanup = False {{(pid=99158) log_opt_values /opt/stack/data/venv/lib/python3.12/site-packages/oslo_config/cfg.py:3545}}
Aug 07 18:47:34.908104 np0000006749 nova-conductor[99158]: DEBUG cotyledon.oslo_config_glue [-] workarounds.handle_virt_lifecycle_events = True {{(pid=99158) log_opt_values /opt/stack/data/venv/lib/python3.12/site-packages/oslo_config/cfg.py:3545}}
Aug 07 18:47:34.908104 np0000006749 nova-conductor[99158]: DEBUG cotyledon.oslo_config_glue [-] workarounds.libvirt_disable_apic = False {{(pid=99158) log_opt_values /opt/stack/data/venv/lib/python3.12/site-packages/oslo_config/cfg.py:3545}}
Aug 07 18:47:34.908104 np0000006749 nova-conductor[99158]: DEBUG cotyledon.oslo_config_glue [-] workarounds.never_download_image_if_on_rbd = False {{(pid=99158) log_opt_values /opt/stack/data/venv/lib/python3.12/site-packages/oslo_config/cfg.py:3545}}
Aug 07 18:47:34.908285 np0000006749 nova-conductor[99158]: DEBUG cotyledon.oslo_config_glue [-] workarounds.qemu_monitor_announce_self_count = 3 {{(pid=99158) log_opt_values /opt/stack/data/venv/lib/python3.12/site-packages/oslo_config/cfg.py:3545}}
Aug 07 18:47:34.908285 np0000006749 nova-conductor[99158]: DEBUG cotyledon.oslo_config_glue [-] workarounds.qemu_monitor_announce_self_interval = 1 {{(pid=99158) log_opt_values /opt/stack/data/venv/lib/python3.12/site-packages/oslo_config/cfg.py:3545}}
Aug 07 18:47:34.908285 np0000006749 nova-conductor[99158]: DEBUG cotyledon.oslo_config_glue [-] workarounds.reserve_disk_resource_for_image_cache = False {{(pid=99158) log_opt_values /opt/stack/data/venv/lib/python3.12/site-packages/oslo_config/cfg.py:3545}}
Aug 07 18:47:34.908285 np0000006749 nova-conductor[99158]: DEBUG cotyledon.oslo_config_glue [-] workarounds.skip_cpu_compare_at_startup = False {{(pid=99158) log_opt_values /opt/stack/data/venv/lib/python3.12/site-packages/oslo_config/cfg.py:3545}}
Aug 07 18:47:34.908285 np0000006749 nova-conductor[99158]: DEBUG cotyledon.oslo_config_glue [-] workarounds.skip_cpu_compare_on_dest = False {{(pid=99158) log_opt_values /opt/stack/data/venv/lib/python3.12/site-packages/oslo_config/cfg.py:3545}}
Aug 07 18:47:34.908285 np0000006749 nova-conductor[99158]: DEBUG cotyledon.oslo_config_glue [-] workarounds.skip_hypervisor_version_check_on_lm = False {{(pid=99158) log_opt_values /opt/stack/data/venv/lib/python3.12/site-packages/oslo_config/cfg.py:3545}}
Aug 07 18:47:34.908285 np0000006749 nova-conductor[99158]: DEBUG cotyledon.oslo_config_glue [-] workarounds.skip_reserve_in_use_ironic_nodes = False {{(pid=99158) log_opt_values /opt/stack/data/venv/lib/python3.12/site-packages/oslo_config/cfg.py:3545}}
Aug 07 18:47:34.908285 np0000006749 nova-conductor[99158]: DEBUG cotyledon.oslo_config_glue [-] workarounds.unified_limits_count_pcpu_as_vcpu = False {{(pid=99158) log_opt_values /opt/stack/data/venv/lib/python3.12/site-packages/oslo_config/cfg.py:3545}}
Aug 07 18:47:34.908675 np0000006749 nova-conductor[99158]: DEBUG cotyledon.oslo_config_glue [-] workarounds.wait_for_vif_plugged_event_during_hard_reboot = [] {{(pid=99158) log_opt_values /opt/stack/data/venv/lib/python3.12/site-packages/oslo_config/cfg.py:3545}}
Aug 07 18:47:34.908675 np0000006749 nova-conductor[99158]: DEBUG cotyledon.oslo_config_glue [-] wsgi.api_paste_config = /etc/nova/api-paste.ini {{(pid=99158) log_opt_values /opt/stack/data/venv/lib/python3.12/site-packages/oslo_config/cfg.py:3545}}
Aug 07 18:47:34.908675 np0000006749 nova-conductor[99158]: DEBUG cotyledon.oslo_config_glue [-] wsgi.secure_proxy_ssl_header = None {{(pid=99158) log_opt_values /opt/stack/data/venv/lib/python3.12/site-packages/oslo_config/cfg.py:3545}}
Aug 07 18:47:34.908675 np0000006749 nova-conductor[99158]: DEBUG cotyledon.oslo_config_glue [-] zvm.ca_file = None {{(pid=99158) log_opt_values /opt/stack/data/venv/lib/python3.12/site-packages/oslo_config/cfg.py:3545}}
Aug 07 18:47:34.908675 np0000006749 nova-conductor[99158]: DEBUG cotyledon.oslo_config_glue [-] zvm.cloud_connector_url = None {{(pid=99158) log_opt_values /opt/stack/data/venv/lib/python3.12/site-packages/oslo_config/cfg.py:3545}}
Aug 07 18:47:34.908675 np0000006749 nova-conductor[99158]: DEBUG cotyledon.oslo_config_glue [-] zvm.image_tmp_path = /opt/stack/data/nova/images {{(pid=99158) log_opt_values /opt/stack/data/venv/lib/python3.12/site-packages/oslo_config/cfg.py:3545}}
Aug 07 18:47:34.908675 np0000006749 nova-conductor[99158]: DEBUG cotyledon.oslo_config_glue [-] zvm.reachable_timeout = 300 {{(pid=99158) log_opt_values /opt/stack/data/venv/lib/python3.12/site-packages/oslo_config/cfg.py:3545}}
Aug 07 18:47:34.908675 np0000006749 nova-conductor[99158]: DEBUG cotyledon.oslo_config_glue [-] oslo_versionedobjects.fatal_exception_format_errors = False {{(pid=99158) log_opt_values /opt/stack/data/venv/lib/python3.12/site-packages/oslo_config/cfg.py:3545}}
Aug 07 18:47:34.908675 np0000006749 nova-conductor[99158]: DEBUG cotyledon.oslo_config_glue [-] oslo_middleware.http_basic_auth_user_file = /etc/htpasswd {{(pid=99158) log_opt_values /opt/stack/data/venv/lib/python3.12/site-packages/oslo_config/cfg.py:3545}}
Aug 07 18:47:34.908860 np0000006749 nova-conductor[99158]: DEBUG cotyledon.oslo_config_glue [-] profiler.connection_string = messaging:// {{(pid=99158) log_opt_values /opt/stack/data/venv/lib/python3.12/site-packages/oslo_config/cfg.py:3545}}
Aug 07 18:47:34.908860 np0000006749 nova-conductor[99158]: DEBUG cotyledon.oslo_config_glue [-] profiler.enabled = False {{(pid=99158) log_opt_values /opt/stack/data/venv/lib/python3.12/site-packages/oslo_config/cfg.py:3545}}
Aug 07 18:47:34.908860 np0000006749 nova-conductor[99158]: DEBUG cotyledon.oslo_config_glue [-] profiler.es_doc_type = notification {{(pid=99158) log_opt_values /opt/stack/data/venv/lib/python3.12/site-packages/oslo_config/cfg.py:3545}}
Aug 07 18:47:34.908860 np0000006749 nova-conductor[99158]: DEBUG cotyledon.oslo_config_glue [-] profiler.es_scroll_size = 10000 {{(pid=99158) log_opt_values /opt/stack/data/venv/lib/python3.12/site-packages/oslo_config/cfg.py:3545}}
Aug 07 18:47:34.908860 np0000006749 nova-conductor[99158]: DEBUG cotyledon.oslo_config_glue [-] profiler.es_scroll_time = 2m {{(pid=99158) log_opt_values /opt/stack/data/venv/lib/python3.12/site-packages/oslo_config/cfg.py:3545}}
Aug 07 18:47:34.908860 np0000006749 nova-conductor[99158]: DEBUG cotyledon.oslo_config_glue [-] profiler.filter_error_trace = False {{(pid=99158) log_opt_values /opt/stack/data/venv/lib/python3.12/site-packages/oslo_config/cfg.py:3545}}
Aug 07 18:47:34.908860 np0000006749 nova-conductor[99158]: DEBUG cotyledon.oslo_config_glue [-] profiler.hmac_keys = **** {{(pid=99158) log_opt_values /opt/stack/data/venv/lib/python3.12/site-packages/oslo_config/cfg.py:3545}}
Aug 07 18:47:34.908860 np0000006749 nova-conductor[99158]: DEBUG cotyledon.oslo_config_glue [-] profiler.sentinel_service_name = mymaster {{(pid=99158) log_opt_values /opt/stack/data/venv/lib/python3.12/site-packages/oslo_config/cfg.py:3545}}
Aug 07 18:47:34.908860 np0000006749 nova-conductor[99158]: DEBUG cotyledon.oslo_config_glue [-] profiler.socket_timeout = 0.1 {{(pid=99158) log_opt_values /opt/stack/data/venv/lib/python3.12/site-packages/oslo_config/cfg.py:3545}}
Aug 07 18:47:34.909086 np0000006749 nova-conductor[99158]: DEBUG cotyledon.oslo_config_glue [-] profiler.trace_requests = False {{(pid=99158) log_opt_values /opt/stack/data/venv/lib/python3.12/site-packages/oslo_config/cfg.py:3545}}
Aug 07 18:47:34.909086 np0000006749 nova-conductor[99158]: DEBUG cotyledon.oslo_config_glue [-] profiler.trace_sqlalchemy = False {{(pid=99158) log_opt_values /opt/stack/data/venv/lib/python3.12/site-packages/oslo_config/cfg.py:3545}}
Aug 07 18:47:34.909086 np0000006749 nova-conductor[99158]: DEBUG cotyledon.oslo_config_glue [-] profiler_jaeger.process_tags = {} {{(pid=99158) log_opt_values /opt/stack/data/venv/lib/python3.12/site-packages/oslo_config/cfg.py:3545}}
Aug 07 18:47:34.909086 np0000006749 nova-conductor[99158]: DEBUG cotyledon.oslo_config_glue [-] profiler_jaeger.service_name_prefix = None {{(pid=99158) log_opt_values /opt/stack/data/venv/lib/python3.12/site-packages/oslo_config/cfg.py:3545}}
Aug 07 18:47:34.909086 np0000006749 nova-conductor[99158]: DEBUG cotyledon.oslo_config_glue [-] profiler_otlp.service_name_prefix = None {{(pid=99158) log_opt_values /opt/stack/data/venv/lib/python3.12/site-packages/oslo_config/cfg.py:3545}}
Aug 07 18:47:34.909086 np0000006749 nova-conductor[99158]: DEBUG cotyledon.oslo_config_glue [-] oslo_messaging_rabbit.amqp_auto_delete = False {{(pid=99158) log_opt_values /opt/stack/data/venv/lib/python3.12/site-packages/oslo_config/cfg.py:3545}}
Aug 07 18:47:34.909086 np0000006749 nova-conductor[99158]: DEBUG cotyledon.oslo_config_glue [-] oslo_messaging_rabbit.amqp_durable_queues = False {{(pid=99158) log_opt_values /opt/stack/data/venv/lib/python3.12/site-packages/oslo_config/cfg.py:3545}}
Aug 07 18:47:34.909086 np0000006749 nova-conductor[99158]: DEBUG cotyledon.oslo_config_glue [-] oslo_messaging_rabbit.conn_pool_min_size = 2 {{(pid=99158) log_opt_values /opt/stack/data/venv/lib/python3.12/site-packages/oslo_config/cfg.py:3545}}
Aug 07 18:47:34.909086 np0000006749 nova-conductor[99158]: DEBUG cotyledon.oslo_config_glue [-] oslo_messaging_rabbit.conn_pool_ttl = 1200 {{(pid=99158) log_opt_values /opt/stack/data/venv/lib/python3.12/site-packages/oslo_config/cfg.py:3545}}
Aug 07 18:47:34.909282 np0000006749 nova-conductor[99158]: DEBUG cotyledon.oslo_config_glue [-] oslo_messaging_rabbit.direct_mandatory_flag = True {{(pid=99158) log_opt_values /opt/stack/data/venv/lib/python3.12/site-packages/oslo_config/cfg.py:3545}}
Aug 07 18:47:34.909282 np0000006749 nova-conductor[99158]: DEBUG cotyledon.oslo_config_glue [-] oslo_messaging_rabbit.enable_cancel_on_failover = False {{(pid=99158) log_opt_values /opt/stack/data/venv/lib/python3.12/site-packages/oslo_config/cfg.py:3545}}
Aug 07 18:47:34.909282 np0000006749 nova-conductor[99158]: DEBUG cotyledon.oslo_config_glue [-] oslo_messaging_rabbit.heartbeat_rate = 3 {{(pid=99158) log_opt_values /opt/stack/data/venv/lib/python3.12/site-packages/oslo_config/cfg.py:3545}}
Aug 07 18:47:34.909282 np0000006749 nova-conductor[99158]: DEBUG cotyledon.oslo_config_glue [-] oslo_messaging_rabbit.heartbeat_timeout_threshold = 60 {{(pid=99158) log_opt_values /opt/stack/data/venv/lib/python3.12/site-packages/oslo_config/cfg.py:3545}}
Aug 07 18:47:34.909282 np0000006749 nova-conductor[99158]: DEBUG cotyledon.oslo_config_glue [-] oslo_messaging_rabbit.hostname = np0000006749 {{(pid=99158) log_opt_values /opt/stack/data/venv/lib/python3.12/site-packages/oslo_config/cfg.py:3545}}
Aug 07 18:47:34.909282 np0000006749 nova-conductor[99158]: DEBUG cotyledon.oslo_config_glue [-] oslo_messaging_rabbit.kombu_compression = None {{(pid=99158) log_opt_values /opt/stack/data/venv/lib/python3.12/site-packages/oslo_config/cfg.py:3545}}
Aug 07 18:47:34.909282 np0000006749 nova-conductor[99158]: DEBUG cotyledon.oslo_config_glue [-] oslo_messaging_rabbit.kombu_failover_strategy = round-robin {{(pid=99158) log_opt_values /opt/stack/data/venv/lib/python3.12/site-packages/oslo_config/cfg.py:3545}}
Aug 07 18:47:34.909282 np0000006749 nova-conductor[99158]: DEBUG cotyledon.oslo_config_glue [-] oslo_messaging_rabbit.kombu_missing_consumer_retry_timeout = 60 {{(pid=99158) log_opt_values /opt/stack/data/venv/lib/python3.12/site-packages/oslo_config/cfg.py:3545}}
Aug 07 18:47:34.909282 np0000006749 nova-conductor[99158]: DEBUG cotyledon.oslo_config_glue [-] oslo_messaging_rabbit.kombu_reconnect_delay = 1.0 {{(pid=99158) log_opt_values /opt/stack/data/venv/lib/python3.12/site-packages/oslo_config/cfg.py:3545}}
Aug 07 18:47:34.909473 np0000006749 nova-conductor[99158]: DEBUG cotyledon.oslo_config_glue [-] oslo_messaging_rabbit.kombu_reconnect_splay = 0.0 {{(pid=99158) log_opt_values /opt/stack/data/venv/lib/python3.12/site-packages/oslo_config/cfg.py:3545}}
Aug 07 18:47:34.909473 np0000006749 nova-conductor[99158]: DEBUG cotyledon.oslo_config_glue [-] oslo_messaging_rabbit.processname = nova-conductor {{(pid=99158) log_opt_values /opt/stack/data/venv/lib/python3.12/site-packages/oslo_config/cfg.py:3545}}
Aug 07 18:47:34.909473 np0000006749 nova-conductor[99158]: DEBUG cotyledon.oslo_config_glue [-] oslo_messaging_rabbit.rabbit_ha_queues = False {{(pid=99158) log_opt_values /opt/stack/data/venv/lib/python3.12/site-packages/oslo_config/cfg.py:3545}}
Aug 07 18:47:34.909473 np0000006749 nova-conductor[99158]: DEBUG cotyledon.oslo_config_glue [-] oslo_messaging_rabbit.rabbit_interval_max = 30 {{(pid=99158) log_opt_values /opt/stack/data/venv/lib/python3.12/site-packages/oslo_config/cfg.py:3545}}
Aug 07 18:47:34.909473 np0000006749 nova-conductor[99158]: DEBUG cotyledon.oslo_config_glue [-] oslo_messaging_rabbit.rabbit_login_method = AMQPLAIN {{(pid=99158) log_opt_values /opt/stack/data/venv/lib/python3.12/site-packages/oslo_config/cfg.py:3545}}
Aug 07 18:47:34.909473 np0000006749 nova-conductor[99158]: DEBUG cotyledon.oslo_config_glue [-] oslo_messaging_rabbit.rabbit_qos_prefetch_count = 0 {{(pid=99158) log_opt_values /opt/stack/data/venv/lib/python3.12/site-packages/oslo_config/cfg.py:3545}}
Aug 07 18:47:34.909473 np0000006749 nova-conductor[99158]: DEBUG cotyledon.oslo_config_glue [-] oslo_messaging_rabbit.rabbit_quorum_delivery_limit = 0 {{(pid=99158) log_opt_values /opt/stack/data/venv/lib/python3.12/site-packages/oslo_config/cfg.py:3545}}
Aug 07 18:47:34.909473 np0000006749 nova-conductor[99158]: DEBUG cotyledon.oslo_config_glue [-] oslo_messaging_rabbit.rabbit_quorum_max_memory_bytes = 0 {{(pid=99158) log_opt_values /opt/stack/data/venv/lib/python3.12/site-packages/oslo_config/cfg.py:3545}}
Aug 07 18:47:34.909473 np0000006749 nova-conductor[99158]: DEBUG cotyledon.oslo_config_glue [-] oslo_messaging_rabbit.rabbit_quorum_max_memory_length = 0 {{(pid=99158) log_opt_values /opt/stack/data/venv/lib/python3.12/site-packages/oslo_config/cfg.py:3545}}
Aug 07 18:47:34.909656 np0000006749 nova-conductor[99158]: DEBUG cotyledon.oslo_config_glue [-] oslo_messaging_rabbit.rabbit_quorum_queue = False {{(pid=99158) log_opt_values /opt/stack/data/venv/lib/python3.12/site-packages/oslo_config/cfg.py:3545}}
Aug 07 18:47:34.909656 np0000006749 nova-conductor[99158]: DEBUG cotyledon.oslo_config_glue [-] oslo_messaging_rabbit.rabbit_retry_backoff = 2 {{(pid=99158) log_opt_values /opt/stack/data/venv/lib/python3.12/site-packages/oslo_config/cfg.py:3545}}
Aug 07 18:47:34.909656 np0000006749 nova-conductor[99158]: DEBUG cotyledon.oslo_config_glue [-] oslo_messaging_rabbit.rabbit_retry_interval = 1 {{(pid=99158) log_opt_values /opt/stack/data/venv/lib/python3.12/site-packages/oslo_config/cfg.py:3545}}
Aug 07 18:47:34.909656 np0000006749 nova-conductor[99158]: DEBUG cotyledon.oslo_config_glue [-] oslo_messaging_rabbit.rabbit_stream_fanout = False {{(pid=99158) log_opt_values /opt/stack/data/venv/lib/python3.12/site-packages/oslo_config/cfg.py:3545}}
Aug 07 18:47:34.909656 np0000006749 nova-conductor[99158]: DEBUG cotyledon.oslo_config_glue [-] oslo_messaging_rabbit.rabbit_transient_queues_ttl = 1800 {{(pid=99158) log_opt_values /opt/stack/data/venv/lib/python3.12/site-packages/oslo_config/cfg.py:3545}}
Aug 07 18:47:34.909656 np0000006749 nova-conductor[99158]: DEBUG cotyledon.oslo_config_glue [-] oslo_messaging_rabbit.rabbit_transient_quorum_queue = False {{(pid=99158) log_opt_values /opt/stack/data/venv/lib/python3.12/site-packages/oslo_config/cfg.py:3545}}
Aug 07 18:47:34.909656 np0000006749 nova-conductor[99158]: DEBUG cotyledon.oslo_config_glue [-] oslo_messaging_rabbit.rpc_conn_pool_size = 30 {{(pid=99158) log_opt_values /opt/stack/data/venv/lib/python3.12/site-packages/oslo_config/cfg.py:3545}}
Aug 07 18:47:34.909656 np0000006749 nova-conductor[99158]: DEBUG cotyledon.oslo_config_glue [-] oslo_messaging_rabbit.ssl = False {{(pid=99158) log_opt_values /opt/stack/data/venv/lib/python3.12/site-packages/oslo_config/cfg.py:3545}}
Aug 07 18:47:34.909656 np0000006749 nova-conductor[99158]: DEBUG cotyledon.oslo_config_glue [-] oslo_messaging_rabbit.ssl_ca_file = {{(pid=99158) log_opt_values /opt/stack/data/venv/lib/python3.12/site-packages/oslo_config/cfg.py:3545}}
Aug 07 18:47:34.909838 np0000006749 nova-conductor[99158]: DEBUG cotyledon.oslo_config_glue [-] oslo_messaging_rabbit.ssl_cert_file = {{(pid=99158) log_opt_values /opt/stack/data/venv/lib/python3.12/site-packages/oslo_config/cfg.py:3545}}
Aug 07 18:47:34.909838 np0000006749 nova-conductor[99158]: DEBUG cotyledon.oslo_config_glue [-] oslo_messaging_rabbit.ssl_enforce_fips_mode = False {{(pid=99158) log_opt_values /opt/stack/data/venv/lib/python3.12/site-packages/oslo_config/cfg.py:3545}}
Aug 07 18:47:34.909838 np0000006749 nova-conductor[99158]: DEBUG cotyledon.oslo_config_glue [-] oslo_messaging_rabbit.ssl_enforce_hostname_verification = True {{(pid=99158) log_opt_values /opt/stack/data/venv/lib/python3.12/site-packages/oslo_config/cfg.py:3545}}
Aug 07 18:47:34.909838 np0000006749 nova-conductor[99158]: DEBUG cotyledon.oslo_config_glue [-] oslo_messaging_rabbit.ssl_key_file = {{(pid=99158) log_opt_values /opt/stack/data/venv/lib/python3.12/site-packages/oslo_config/cfg.py:3545}}
Aug 07 18:47:34.909838 np0000006749 nova-conductor[99158]: DEBUG cotyledon.oslo_config_glue [-] oslo_messaging_rabbit.ssl_version = {{(pid=99158) log_opt_values /opt/stack/data/venv/lib/python3.12/site-packages/oslo_config/cfg.py:3545}}
Aug 07 18:47:34.909838 np0000006749 nova-conductor[99158]: DEBUG cotyledon.oslo_config_glue [-] oslo_messaging_rabbit.use_queue_manager = False {{(pid=99158) log_opt_values /opt/stack/data/venv/lib/python3.12/site-packages/oslo_config/cfg.py:3545}}
Aug 07 18:47:34.909838 np0000006749 nova-conductor[99158]: DEBUG cotyledon.oslo_config_glue [-] oslo_messaging_notifications.driver = ['messagingv2'] {{(pid=99158) log_opt_values /opt/stack/data/venv/lib/python3.12/site-packages/oslo_config/cfg.py:3545}}
Aug 07 18:47:34.909838 np0000006749 nova-conductor[99158]: DEBUG cotyledon.oslo_config_glue [-] oslo_messaging_notifications.retry = -1 {{(pid=99158) log_opt_values /opt/stack/data/venv/lib/python3.12/site-packages/oslo_config/cfg.py:3545}}
Aug 07 18:47:34.909838 np0000006749 nova-conductor[99158]: DEBUG cotyledon.oslo_config_glue [-] oslo_messaging_notifications.topics = ['notifications'] {{(pid=99158) log_opt_values /opt/stack/data/venv/lib/python3.12/site-packages/oslo_config/cfg.py:3545}}
Aug 07 18:47:34.910029 np0000006749 nova-conductor[99158]: DEBUG cotyledon.oslo_config_glue [-] oslo_messaging_notifications.transport_url = **** {{(pid=99158) log_opt_values /opt/stack/data/venv/lib/python3.12/site-packages/oslo_config/cfg.py:3545}}
Aug 07 18:47:34.910029 np0000006749 nova-conductor[99158]: DEBUG cotyledon.oslo_config_glue [-] oslo_limit.auth_section = None {{(pid=99158) log_opt_values /opt/stack/data/venv/lib/python3.12/site-packages/oslo_config/cfg.py:3545}}
Aug 07 18:47:34.910029 np0000006749 nova-conductor[99158]: DEBUG cotyledon.oslo_config_glue [-] oslo_limit.auth_type = None {{(pid=99158) log_opt_values /opt/stack/data/venv/lib/python3.12/site-packages/oslo_config/cfg.py:3545}}
Aug 07 18:47:34.910029 np0000006749 nova-conductor[99158]: DEBUG cotyledon.oslo_config_glue [-] oslo_limit.cafile = None {{(pid=99158) log_opt_values /opt/stack/data/venv/lib/python3.12/site-packages/oslo_config/cfg.py:3545}}
Aug 07 18:47:34.910029 np0000006749 nova-conductor[99158]: DEBUG cotyledon.oslo_config_glue [-] oslo_limit.certfile = None {{(pid=99158) log_opt_values /opt/stack/data/venv/lib/python3.12/site-packages/oslo_config/cfg.py:3545}}
Aug 07 18:47:34.910029 np0000006749 nova-conductor[99158]: DEBUG cotyledon.oslo_config_glue [-] oslo_limit.collect_timing = False {{(pid=99158) log_opt_values /opt/stack/data/venv/lib/python3.12/site-packages/oslo_config/cfg.py:3545}}
Aug 07 18:47:34.910029 np0000006749 nova-conductor[99158]: DEBUG cotyledon.oslo_config_glue [-] oslo_limit.connect_retries = None {{(pid=99158) log_opt_values /opt/stack/data/venv/lib/python3.12/site-packages/oslo_config/cfg.py:3545}}
Aug 07 18:47:34.910029 np0000006749 nova-conductor[99158]: DEBUG cotyledon.oslo_config_glue [-] oslo_limit.connect_retry_delay = None {{(pid=99158) log_opt_values /opt/stack/data/venv/lib/python3.12/site-packages/oslo_config/cfg.py:3545}}
Aug 07 18:47:34.910029 np0000006749 nova-conductor[99158]: DEBUG cotyledon.oslo_config_glue [-] oslo_limit.endpoint_id = None {{(pid=99158) log_opt_values /opt/stack/data/venv/lib/python3.12/site-packages/oslo_config/cfg.py:3545}}
Aug 07 18:47:34.910307 np0000006749 nova-conductor[99158]: DEBUG cotyledon.oslo_config_glue [-] oslo_limit.endpoint_interface = public {{(pid=99158) log_opt_values /opt/stack/data/venv/lib/python3.12/site-packages/oslo_config/cfg.py:3545}}
Aug 07 18:47:34.910307 np0000006749 nova-conductor[99158]: DEBUG cotyledon.oslo_config_glue [-] oslo_limit.endpoint_override = None {{(pid=99158) log_opt_values /opt/stack/data/venv/lib/python3.12/site-packages/oslo_config/cfg.py:3545}}
Aug 07 18:47:34.910307 np0000006749 nova-conductor[99158]: DEBUG cotyledon.oslo_config_glue [-] oslo_limit.endpoint_region_name = None {{(pid=99158) log_opt_values /opt/stack/data/venv/lib/python3.12/site-packages/oslo_config/cfg.py:3545}}
Aug 07 18:47:34.910307 np0000006749 nova-conductor[99158]: DEBUG cotyledon.oslo_config_glue [-] oslo_limit.endpoint_service_name = None {{(pid=99158) log_opt_values /opt/stack/data/venv/lib/python3.12/site-packages/oslo_config/cfg.py:3545}}
Aug 07 18:47:34.910307 np0000006749 nova-conductor[99158]: DEBUG cotyledon.oslo_config_glue [-] oslo_limit.endpoint_service_type = None {{(pid=99158) log_opt_values /opt/stack/data/venv/lib/python3.12/site-packages/oslo_config/cfg.py:3545}}
Aug 07 18:47:34.910307 np0000006749 nova-conductor[99158]: DEBUG cotyledon.oslo_config_glue [-] oslo_limit.insecure = False {{(pid=99158) log_opt_values /opt/stack/data/venv/lib/python3.12/site-packages/oslo_config/cfg.py:3545}}
Aug 07 18:47:34.910307 np0000006749 nova-conductor[99158]: DEBUG cotyledon.oslo_config_glue [-] oslo_limit.keyfile = None {{(pid=99158) log_opt_values /opt/stack/data/venv/lib/python3.12/site-packages/oslo_config/cfg.py:3545}}
Aug 07 18:47:34.910307 np0000006749 nova-conductor[99158]: DEBUG cotyledon.oslo_config_glue [-] oslo_limit.max_version = None {{(pid=99158) log_opt_values /opt/stack/data/venv/lib/python3.12/site-packages/oslo_config/cfg.py:3545}}
Aug 07 18:47:34.910307 np0000006749 nova-conductor[99158]: DEBUG cotyledon.oslo_config_glue [-] oslo_limit.min_version = None {{(pid=99158) log_opt_values /opt/stack/data/venv/lib/python3.12/site-packages/oslo_config/cfg.py:3545}}
Aug 07 18:47:34.910505 np0000006749 nova-conductor[99158]: DEBUG cotyledon.oslo_config_glue [-] oslo_limit.region_name = None {{(pid=99158) log_opt_values /opt/stack/data/venv/lib/python3.12/site-packages/oslo_config/cfg.py:3545}}
Aug 07 18:47:34.910505 np0000006749 nova-conductor[99158]: DEBUG cotyledon.oslo_config_glue [-] oslo_limit.retriable_status_codes = None {{(pid=99158) log_opt_values /opt/stack/data/venv/lib/python3.12/site-packages/oslo_config/cfg.py:3545}}
Aug 07 18:47:34.910505 np0000006749 nova-conductor[99158]: DEBUG cotyledon.oslo_config_glue [-] oslo_limit.service_name = None {{(pid=99158) log_opt_values /opt/stack/data/venv/lib/python3.12/site-packages/oslo_config/cfg.py:3545}}
Aug 07 18:47:34.910505 np0000006749 nova-conductor[99158]: DEBUG cotyledon.oslo_config_glue [-] oslo_limit.service_type = None {{(pid=99158) log_opt_values /opt/stack/data/venv/lib/python3.12/site-packages/oslo_config/cfg.py:3545}}
Aug 07 18:47:34.910505 np0000006749 nova-conductor[99158]: DEBUG cotyledon.oslo_config_glue [-] oslo_limit.split_loggers = False {{(pid=99158) log_opt_values /opt/stack/data/venv/lib/python3.12/site-packages/oslo_config/cfg.py:3545}}
Aug 07 18:47:34.910505 np0000006749 nova-conductor[99158]: DEBUG cotyledon.oslo_config_glue [-] oslo_limit.status_code_retries = None {{(pid=99158) log_opt_values /opt/stack/data/venv/lib/python3.12/site-packages/oslo_config/cfg.py:3545}}
Aug 07 18:47:34.910505 np0000006749 nova-conductor[99158]: DEBUG cotyledon.oslo_config_glue [-] oslo_limit.status_code_retry_delay = None {{(pid=99158) log_opt_values /opt/stack/data/venv/lib/python3.12/site-packages/oslo_config/cfg.py:3545}}
Aug 07 18:47:34.910505 np0000006749 nova-conductor[99158]: DEBUG cotyledon.oslo_config_glue [-] oslo_limit.timeout = None {{(pid=99158) log_opt_values /opt/stack/data/venv/lib/python3.12/site-packages/oslo_config/cfg.py:3545}}
Aug 07 18:47:34.910505 np0000006749 nova-conductor[99158]: DEBUG cotyledon.oslo_config_glue [-] oslo_limit.valid_interfaces = None {{(pid=99158) log_opt_values /opt/stack/data/venv/lib/python3.12/site-packages/oslo_config/cfg.py:3545}}
Aug 07 18:47:34.910697 np0000006749 nova-conductor[99158]: DEBUG cotyledon.oslo_config_glue [-] oslo_limit.version = None {{(pid=99158) log_opt_values /opt/stack/data/venv/lib/python3.12/site-packages/oslo_config/cfg.py:3545}}
Aug 07 18:47:34.910697 np0000006749 nova-conductor[99158]: DEBUG cotyledon.oslo_config_glue [-] oslo_reports.file_event_handler = None {{(pid=99158) log_opt_values /opt/stack/data/venv/lib/python3.12/site-packages/oslo_config/cfg.py:3545}}
Aug 07 18:47:34.910697 np0000006749 nova-conductor[99158]: DEBUG cotyledon.oslo_config_glue [-] oslo_reports.file_event_handler_interval = 1 {{(pid=99158) log_opt_values /opt/stack/data/venv/lib/python3.12/site-packages/oslo_config/cfg.py:3545}}
Aug 07 18:47:34.910697 np0000006749 nova-conductor[99158]: DEBUG cotyledon.oslo_config_glue [-] oslo_reports.log_dir = None {{(pid=99158) log_opt_values /opt/stack/data/venv/lib/python3.12/site-packages/oslo_config/cfg.py:3545}}
Aug 07 18:47:34.910697 np0000006749 nova-conductor[99158]: DEBUG cotyledon.oslo_config_glue [-] ******************************************************************************** {{(pid=99158) log_opt_values /opt/stack/data/venv/lib/python3.12/site-packages/oslo_config/cfg.py:3552}}
Aug 07 18:47:34.910697 np0000006749 nova-conductor[99158]: DEBUG cotyledon._service_worker [-] Run service ServiceWrapper(3) [99158] {{(pid=99158) wait_forever /opt/stack/data/venv/lib/python3.12/site-packages/cotyledon/_service_worker.py:218}}
Aug 07 18:47:34.910697 np0000006749 nova-conductor[99158]: INFO nova.service [-] Starting conductor node (version 33.1.0)
Aug 07 18:47:34.910697 np0000006749 nova-conductor[99158]: INFO dbcounter [None req-885dbf3c-b75f-43d4-9d33-6ee0a62b5441 None None] Registered counter for database nova_cell0
Aug 07 18:47:34.910862 np0000006749 nova-conductor[99147]: DEBUG oslo_db.sqlalchemy.engines [None req-92f71a07-d299-47d1-b3a9-8421b36c65ea None None] MySQL server mode set to STRICT_TRANS_TABLES,STRICT_ALL_TABLES,NO_ZERO_IN_DATE,NO_ZERO_DATE,ERROR_FOR_DIVISION_BY_ZERO,TRADITIONAL,NO_ENGINE_SUBSTITUTION {{(pid=99147) _check_effective_sql_mode /opt/stack/data/venv/lib/python3.12/site-packages/oslo_db/sqlalchemy/engines.py:325}}
Aug 07 18:47:34.910862 np0000006749 nova-conductor[99147]: DEBUG dbcounter [-] [99147] Writer thread running {{(pid=99147) stat_writer /opt/stack/data/venv/lib/python3.12/site-packages/dbcounter.py:102}}
Aug 07 18:47:34.910914 np0000006749 nova-conductor[99153]: DEBUG oslo_db.sqlalchemy.engines [None req-45fd43c2-3d14-4ff0-a6ee-2e3f20ee9f68 None None] MySQL server mode set to STRICT_TRANS_TABLES,STRICT_ALL_TABLES,NO_ZERO_IN_DATE,NO_ZERO_DATE,ERROR_FOR_DIVISION_BY_ZERO,TRADITIONAL,NO_ENGINE_SUBSTITUTION {{(pid=99153) _check_effective_sql_mode /opt/stack/data/venv/lib/python3.12/site-packages/oslo_db/sqlalchemy/engines.py:325}}
Aug 07 18:47:34.910970 np0000006749 nova-conductor[99132]: DEBUG oslo_db.sqlalchemy.engines [None req-ab7126b0-008b-4abf-ac3a-df8b99bc736d None None] MySQL server mode set to STRICT_TRANS_TABLES,STRICT_ALL_TABLES,NO_ZERO_IN_DATE,NO_ZERO_DATE,ERROR_FOR_DIVISION_BY_ZERO,TRADITIONAL,NO_ENGINE_SUBSTITUTION {{(pid=99132) _check_effective_sql_mode /opt/stack/data/venv/lib/python3.12/site-packages/oslo_db/sqlalchemy/engines.py:325}}
Aug 07 18:47:34.911030 np0000006749 nova-conductor[99153]: DEBUG dbcounter [-] [99153] Writer thread running {{(pid=99153) stat_writer /opt/stack/data/venv/lib/python3.12/site-packages/dbcounter.py:102}}
Aug 07 18:47:34.911062 np0000006749 nova-conductor[99147]: DEBUG nova.service [None req-92f71a07-d299-47d1-b3a9-8421b36c65ea None None] Creating RPC server for service: nova-conductor on topic: conductor {{(pid=99147) start /opt/stack/nova/nova/service.py:196}}
Aug 07 18:47:34.911094 np0000006749 nova-conductor[99132]: DEBUG dbcounter [-] [99132] Writer thread running {{(pid=99132) stat_writer /opt/stack/data/venv/lib/python3.12/site-packages/dbcounter.py:102}}
Aug 07 18:47:34.911120 np0000006749 nova-conductor[99153]: DEBUG nova.service [None req-45fd43c2-3d14-4ff0-a6ee-2e3f20ee9f68 None None] Creating RPC server for service: nova-conductor on topic: conductor {{(pid=99153) start /opt/stack/nova/nova/service.py:196}}
Aug 07 18:47:34.911149 np0000006749 nova-conductor[99132]: DEBUG nova.service [None req-ab7126b0-008b-4abf-ac3a-df8b99bc736d None None] Creating RPC server for service: nova-conductor on topic: conductor {{(pid=99132) start /opt/stack/nova/nova/service.py:196}}
Aug 07 18:47:34.919519 np0000006749 nova-conductor[99158]: DEBUG oslo_db.sqlalchemy.engines [None req-885dbf3c-b75f-43d4-9d33-6ee0a62b5441 None None] MySQL server mode set to STRICT_TRANS_TABLES,STRICT_ALL_TABLES,NO_ZERO_IN_DATE,NO_ZERO_DATE,ERROR_FOR_DIVISION_BY_ZERO,TRADITIONAL,NO_ENGINE_SUBSTITUTION {{(pid=99158) _check_effective_sql_mode /opt/stack/data/venv/lib/python3.12/site-packages/oslo_db/sqlalchemy/engines.py:325}}
Aug 07 18:47:34.925381 np0000006749 nova-conductor[99132]: DEBUG nova.service [None req-ab7126b0-008b-4abf-ac3a-df8b99bc736d None None] Join ServiceGroup membership for this service conductor {{(pid=99132) start /opt/stack/nova/nova/service.py:222}}
Aug 07 18:47:34.925651 np0000006749 nova-conductor[99132]: DEBUG nova.servicegroup.drivers.db [None req-ab7126b0-008b-4abf-ac3a-df8b99bc736d None None] DB_Driver: join new ServiceGroup member np0000006749 to the conductor group, service = {{(pid=99132) join /opt/stack/nova/nova/servicegroup/drivers/db.py:44}}
Aug 07 18:47:34.928463 np0000006749 nova-conductor[99158]: DEBUG dbcounter [-] [99158] Writer thread running {{(pid=99158) stat_writer /opt/stack/data/venv/lib/python3.12/site-packages/dbcounter.py:102}}
Aug 07 18:47:34.931448 np0000006749 nova-conductor[99158]: DEBUG nova.service [None req-885dbf3c-b75f-43d4-9d33-6ee0a62b5441 None None] Creating RPC server for service: nova-conductor on topic: conductor {{(pid=99158) start /opt/stack/nova/nova/service.py:196}}
Aug 07 18:47:34.931555 np0000006749 nova-conductor[99153]: DEBUG nova.service [None req-45fd43c2-3d14-4ff0-a6ee-2e3f20ee9f68 None None] Join ServiceGroup membership for this service conductor {{(pid=99153) start /opt/stack/nova/nova/service.py:222}}
Aug 07 18:47:34.931816 np0000006749 nova-conductor[99153]: DEBUG nova.servicegroup.drivers.db [None req-45fd43c2-3d14-4ff0-a6ee-2e3f20ee9f68 None None] DB_Driver: join new ServiceGroup member np0000006749 to the conductor group, service = {{(pid=99153) join /opt/stack/nova/nova/servicegroup/drivers/db.py:44}}
Aug 07 18:47:34.936824 np0000006749 nova-conductor[99147]: DEBUG nova.service [None req-92f71a07-d299-47d1-b3a9-8421b36c65ea None None] Join ServiceGroup membership for this service conductor {{(pid=99147) start /opt/stack/nova/nova/service.py:222}}
Aug 07 18:47:34.937305 np0000006749 nova-conductor[99147]: DEBUG nova.servicegroup.drivers.db [None req-92f71a07-d299-47d1-b3a9-8421b36c65ea None None] DB_Driver: join new ServiceGroup member np0000006749 to the conductor group, service = {{(pid=99147) join /opt/stack/nova/nova/servicegroup/drivers/db.py:44}}
Aug 07 18:47:34.947533 np0000006749 nova-conductor[99158]: DEBUG nova.service [None req-885dbf3c-b75f-43d4-9d33-6ee0a62b5441 None None] Join ServiceGroup membership for this service conductor {{(pid=99158) start /opt/stack/nova/nova/service.py:222}}
Aug 07 18:47:34.947703 np0000006749 nova-conductor[99158]: DEBUG nova.servicegroup.drivers.db [None req-885dbf3c-b75f-43d4-9d33-6ee0a62b5441 None None] DB_Driver: join new ServiceGroup member np0000006749 to the conductor group, service = {{(pid=99158) join /opt/stack/nova/nova/servicegroup/drivers/db.py:44}}
Aug 07 18:47:39.938606 np0000006749 nova-conductor[99132]: DEBUG oslo.service.backend._threading.loopingcall [-] Fixed interval looping call 'nova.servicegroup.drivers.db.DbDriver._report_state' sleeping for 119.99 seconds {{(pid=99132) _run_loop /opt/stack/data/venv/lib/python3.12/site-packages/oslo_service/backend/_threading/loopingcall.py:125}}
Aug 07 18:47:39.941905 np0000006749 nova-conductor[99153]: DEBUG oslo.service.backend._threading.loopingcall [-] Fixed interval looping call 'nova.servicegroup.drivers.db.DbDriver._report_state' sleeping for 119.99 seconds {{(pid=99153) _run_loop /opt/stack/data/venv/lib/python3.12/site-packages/oslo_service/backend/_threading/loopingcall.py:125}}
Aug 07 18:47:39.945108 np0000006749 nova-conductor[99147]: DEBUG oslo.service.backend._threading.loopingcall [-] Fixed interval looping call 'nova.servicegroup.drivers.db.DbDriver._report_state' sleeping for 119.99 seconds {{(pid=99147) _run_loop /opt/stack/data/venv/lib/python3.12/site-packages/oslo_service/backend/_threading/loopingcall.py:125}}
Aug 07 18:47:39.958551 np0000006749 nova-conductor[99158]: DEBUG oslo.service.backend._threading.loopingcall [-] Fixed interval looping call 'nova.servicegroup.drivers.db.DbDriver._report_state' sleeping for 119.99 seconds {{(pid=99158) _run_loop /opt/stack/data/venv/lib/python3.12/site-packages/oslo_service/backend/_threading/loopingcall.py:125}}
Aug 07 18:47:43.507468 np0000006749 nova-conductor[97666]: DEBUG dbcounter [-] [97666] Writing DB stats nova_api:SELECT=1 {{(pid=97666) stat_writer /opt/stack/data/venv/lib/python3.12/site-packages/dbcounter.py:115}}
Aug 07 18:47:43.646382 np0000006749 nova-conductor[97666]: DEBUG dbcounter [-] [97666] Writing DB stats nova_cell0:SELECT=1 {{(pid=97666) stat_writer /opt/stack/data/venv/lib/python3.12/site-packages/dbcounter.py:115}}
Aug 07 18:47:43.655563 np0000006749 nova-conductor[97666]: DEBUG dbcounter [-] [97666] Writing DB stats nova_cell1:SELECT=1 {{(pid=97666) stat_writer /opt/stack/data/venv/lib/python3.12/site-packages/dbcounter.py:115}}
Aug 07 18:47:49.935929 np0000006749 nova-conductor[99132]: DEBUG dbcounter [-] [99132] Writing DB stats nova_cell0:SELECT=3,nova_cell0:UPDATE=1 {{(pid=99132) stat_writer /opt/stack/data/venv/lib/python3.12/site-packages/dbcounter.py:115}}
Aug 07 18:47:49.939518 np0000006749 nova-conductor[99153]: DEBUG dbcounter [-] [99153] Writing DB stats nova_cell0:SELECT=3 {{(pid=99153) stat_writer /opt/stack/data/venv/lib/python3.12/site-packages/dbcounter.py:115}}
Aug 07 18:47:49.943227 np0000006749 nova-conductor[99147]: DEBUG dbcounter [-] [99147] Writing DB stats nova_cell0:SELECT=4,nova_cell0:INSERT=1 {{(pid=99147) stat_writer /opt/stack/data/venv/lib/python3.12/site-packages/dbcounter.py:115}}
Aug 07 18:47:49.955751 np0000006749 nova-conductor[99158]: DEBUG dbcounter [-] [99158] Writing DB stats nova_cell0:SELECT=3 {{(pid=99158) stat_writer /opt/stack/data/venv/lib/python3.12/site-packages/dbcounter.py:115}}
Aug 07 18:48:04.949934 np0000006749 nova-conductor[99158]: DEBUG oslo.service.backend._threading.loopingcall [None req-12939f0d-2a88-42d3-920d-f48729201a54 None None] Dynamic interval looping call 'nova.service.Service.periodic_tasks' sleeping for 60.00 seconds {{(pid=99158) _run_loop /opt/stack/data/venv/lib/python3.12/site-packages/oslo_service/backend/_threading/loopingcall.py:125}}
Aug 07 18:48:06.927670 np0000006749 nova-conductor[99132]: DEBUG oslo.service.backend._threading.loopingcall [None req-5955e340-208d-4d6a-97ad-43b63c6c60a9 None None] Dynamic interval looping call 'nova.service.Service.periodic_tasks' sleeping for 60.00 seconds {{(pid=99132) _run_loop /opt/stack/data/venv/lib/python3.12/site-packages/oslo_service/backend/_threading/loopingcall.py:125}}
Aug 07 18:48:14.934168 np0000006749 nova-conductor[99153]: DEBUG oslo.service.backend._threading.loopingcall [None req-7e469341-bd71-440e-9383-7078534356e2 None None] Dynamic interval looping call 'nova.service.Service.periodic_tasks' sleeping for 60.00 seconds {{(pid=99153) _run_loop /opt/stack/data/venv/lib/python3.12/site-packages/oslo_service/backend/_threading/loopingcall.py:125}}
Aug 07 18:48:31.939145 np0000006749 nova-conductor[99147]: DEBUG oslo.service.backend._threading.loopingcall [None req-dd3575f5-313d-44e3-b61e-561e15211783 None None] Dynamic interval looping call 'nova.service.Service.periodic_tasks' sleeping for 60.00 seconds {{(pid=99147) _run_loop /opt/stack/data/venv/lib/python3.12/site-packages/oslo_service/backend/_threading/loopingcall.py:125}}
Aug 07 18:49:04.950329 np0000006749 nova-conductor[99158]: DEBUG oslo.service.backend._threading.loopingcall [None req-12939f0d-2a88-42d3-920d-f48729201a54 None None] Dynamic interval looping call 'nova.service.Service.periodic_tasks' sleeping for 60.00 seconds {{(pid=99158) _run_loop /opt/stack/data/venv/lib/python3.12/site-packages/oslo_service/backend/_threading/loopingcall.py:125}}
Aug 07 18:49:06.928168 np0000006749 nova-conductor[99132]: DEBUG oslo.service.backend._threading.loopingcall [None req-5955e340-208d-4d6a-97ad-43b63c6c60a9 None None] Dynamic interval looping call 'nova.service.Service.periodic_tasks' sleeping for 60.00 seconds {{(pid=99132) _run_loop /opt/stack/data/venv/lib/python3.12/site-packages/oslo_service/backend/_threading/loopingcall.py:125}}
Aug 07 18:49:14.934677 np0000006749 nova-conductor[99153]: DEBUG oslo.service.backend._threading.loopingcall [None req-7e469341-bd71-440e-9383-7078534356e2 None None] Dynamic interval looping call 'nova.service.Service.periodic_tasks' sleeping for 60.00 seconds {{(pid=99153) _run_loop /opt/stack/data/venv/lib/python3.12/site-packages/oslo_service/backend/_threading/loopingcall.py:125}}
Aug 07 18:49:31.939740 np0000006749 nova-conductor[99147]: DEBUG oslo.service.backend._threading.loopingcall [None req-dd3575f5-313d-44e3-b61e-561e15211783 None None] Dynamic interval looping call 'nova.service.Service.periodic_tasks' sleeping for 60.00 seconds {{(pid=99147) _run_loop /opt/stack/data/venv/lib/python3.12/site-packages/oslo_service/backend/_threading/loopingcall.py:125}}
Aug 07 18:49:39.939582 np0000006749 nova-conductor[99132]: DEBUG oslo.service.backend._threading.loopingcall [-] Fixed interval looping call 'nova.servicegroup.drivers.db.DbDriver._report_state' sleeping for 119.99 seconds {{(pid=99132) _run_loop /opt/stack/data/venv/lib/python3.12/site-packages/oslo_service/backend/_threading/loopingcall.py:125}}
Aug 07 18:49:39.941142 np0000006749 nova-conductor[99153]: DEBUG oslo.service.backend._threading.loopingcall [-] Fixed interval looping call 'nova.servicegroup.drivers.db.DbDriver._report_state' sleeping for 119.99 seconds {{(pid=99153) _run_loop /opt/stack/data/venv/lib/python3.12/site-packages/oslo_service/backend/_threading/loopingcall.py:125}}
Aug 07 18:49:39.942087 np0000006749 nova-conductor[99147]: DEBUG oslo.service.backend._threading.loopingcall [-] Fixed interval looping call 'nova.servicegroup.drivers.db.DbDriver._report_state' sleeping for 119.99 seconds {{(pid=99147) _run_loop /opt/stack/data/venv/lib/python3.12/site-packages/oslo_service/backend/_threading/loopingcall.py:125}}
Aug 07 18:49:39.954974 np0000006749 nova-conductor[99158]: DEBUG oslo.service.backend._threading.loopingcall [-] Fixed interval looping call 'nova.servicegroup.drivers.db.DbDriver._report_state' sleeping for 119.99 seconds {{(pid=99158) _run_loop /opt/stack/data/venv/lib/python3.12/site-packages/oslo_service/backend/_threading/loopingcall.py:125}}
Aug 07 18:49:43.216277 np0000006749 nova-conductor[99132]: DEBUG oslo_db.sqlalchemy.engines [None req-aa53016c-e1b0-402c-8fa8-7dd22f9a9d96 tempest-ServersNegativeTestJSON-299435553 tempest-ServersNegativeTestJSON-299435553-project-member] Parent process 97666 forked (99132) with an open database connection, which is being discarded and recreated. {{(pid=99132) checkout /opt/stack/data/venv/lib/python3.12/site-packages/oslo_db/sqlalchemy/engines.py:402}}
Aug 07 18:49:43.257797 np0000006749 nova-conductor[99132]: DEBUG dbcounter [-] [99132] Writer thread running {{(pid=99132) stat_writer /opt/stack/data/venv/lib/python3.12/site-packages/dbcounter.py:102}}
Aug 07 18:49:44.096540 np0000006749 nova-conductor[99132]: DEBUG nova.conductor.manager [None req-aa53016c-e1b0-402c-8fa8-7dd22f9a9d96 tempest-ServersNegativeTestJSON-299435553 tempest-ServersNegativeTestJSON-299435553-project-member] Took 0.84 seconds to select destinations for 1 instance(s). {{(pid=99132) _schedule_instances /opt/stack/nova/nova/conductor/manager.py:968}}
Aug 07 18:49:44.123266 np0000006749 nova-conductor[99132]: DEBUG oslo_concurrency.lockutils [None req-aa53016c-e1b0-402c-8fa8-7dd22f9a9d96 tempest-ServersNegativeTestJSON-299435553 tempest-ServersNegativeTestJSON-299435553-project-member] Acquiring lock "bcf694b5-6558-4287-9bc2-7376b9788306" by "nova.context.set_target_cell..get_or_set_cached_cell_and_set_connections" {{(pid=99132) inner /opt/stack/data/venv/lib/python3.12/site-packages/oslo_concurrency/lockutils.py:512}}
Aug 07 18:49:44.123429 np0000006749 nova-conductor[99132]: DEBUG oslo_concurrency.lockutils [None req-aa53016c-e1b0-402c-8fa8-7dd22f9a9d96 tempest-ServersNegativeTestJSON-299435553 tempest-ServersNegativeTestJSON-299435553-project-member] Lock "bcf694b5-6558-4287-9bc2-7376b9788306" acquired by "nova.context.set_target_cell..get_or_set_cached_cell_and_set_connections" :: waited 0.000s {{(pid=99132) inner /opt/stack/data/venv/lib/python3.12/site-packages/oslo_concurrency/lockutils.py:525}}
Aug 07 18:49:44.125079 np0000006749 nova-conductor[99132]: DEBUG oslo_concurrency.lockutils [None req-aa53016c-e1b0-402c-8fa8-7dd22f9a9d96 tempest-ServersNegativeTestJSON-299435553 tempest-ServersNegativeTestJSON-299435553-project-member] Lock "bcf694b5-6558-4287-9bc2-7376b9788306" "released" by "nova.context.set_target_cell..get_or_set_cached_cell_and_set_connections" :: held 0.002s {{(pid=99132) inner /opt/stack/data/venv/lib/python3.12/site-packages/oslo_concurrency/lockutils.py:544}}
Aug 07 18:49:44.127021 np0000006749 nova-conductor[99132]: INFO dbcounter [None req-aa53016c-e1b0-402c-8fa8-7dd22f9a9d96 tempest-ServersNegativeTestJSON-299435553 tempest-ServersNegativeTestJSON-299435553-project-member] Registered counter for database nova_cell1
Aug 07 18:49:44.167099 np0000006749 nova-conductor[99132]: DEBUG oslo_db.sqlalchemy.engines [None req-aa53016c-e1b0-402c-8fa8-7dd22f9a9d96 tempest-ServersNegativeTestJSON-299435553 tempest-ServersNegativeTestJSON-299435553-project-member] MySQL server mode set to STRICT_TRANS_TABLES,STRICT_ALL_TABLES,NO_ZERO_IN_DATE,NO_ZERO_DATE,ERROR_FOR_DIVISION_BY_ZERO,TRADITIONAL,NO_ENGINE_SUBSTITUTION {{(pid=99132) _check_effective_sql_mode /opt/stack/data/venv/lib/python3.12/site-packages/oslo_db/sqlalchemy/engines.py:325}}
Aug 07 18:49:44.173449 np0000006749 nova-conductor[99132]: DEBUG dbcounter [-] [99132] Writer thread running {{(pid=99132) stat_writer /opt/stack/data/venv/lib/python3.12/site-packages/dbcounter.py:102}}
Aug 07 18:49:44.230477 np0000006749 nova-conductor[99132]: INFO nova.utils [None req-aa53016c-e1b0-402c-8fa8-7dd22f9a9d96 tempest-ServersNegativeTestJSON-299435553 tempest-ServersNegativeTestJSON-299435553-project-member] The cell worker thread pool ForkProcess-1.cell_worker is initialized
Aug 07 18:49:44.230977 np0000006749 nova-conductor[99132]: DEBUG oslo_concurrency.lockutils [None req-aa53016c-e1b0-402c-8fa8-7dd22f9a9d96 tempest-ServersNegativeTestJSON-299435553 tempest-ServersNegativeTestJSON-299435553-project-member] Acquiring lock "00000000-0000-0000-0000-000000000000" by "nova.context.set_target_cell..get_or_set_cached_cell_and_set_connections" {{(pid=99132) inner /opt/stack/data/venv/lib/python3.12/site-packages/oslo_concurrency/lockutils.py:512}}
Aug 07 18:49:44.230977 np0000006749 nova-conductor[99132]: DEBUG oslo_concurrency.lockutils [None req-aa53016c-e1b0-402c-8fa8-7dd22f9a9d96 tempest-ServersNegativeTestJSON-299435553 tempest-ServersNegativeTestJSON-299435553-project-member] Lock "00000000-0000-0000-0000-000000000000" acquired by "nova.context.set_target_cell..get_or_set_cached_cell_and_set_connections" :: waited 0.000s {{(pid=99132) inner /opt/stack/data/venv/lib/python3.12/site-packages/oslo_concurrency/lockutils.py:525}}
Aug 07 18:49:44.231297 np0000006749 nova-conductor[99132]: DEBUG oslo_concurrency.lockutils [None req-aa53016c-e1b0-402c-8fa8-7dd22f9a9d96 tempest-ServersNegativeTestJSON-299435553 tempest-ServersNegativeTestJSON-299435553-project-member] Lock "00000000-0000-0000-0000-000000000000" "released" by "nova.context.set_target_cell..get_or_set_cached_cell_and_set_connections" :: held 0.000s {{(pid=99132) inner /opt/stack/data/venv/lib/python3.12/site-packages/oslo_concurrency/lockutils.py:544}}
Aug 07 18:49:44.231917 np0000006749 nova-conductor[99132]: DEBUG oslo_concurrency.lockutils [None req-aa53016c-e1b0-402c-8fa8-7dd22f9a9d96 tempest-ServersNegativeTestJSON-299435553 tempest-ServersNegativeTestJSON-299435553-project-member] Acquiring lock "bcf694b5-6558-4287-9bc2-7376b9788306" by "nova.context.set_target_cell..get_or_set_cached_cell_and_set_connections" {{(pid=99132) inner /opt/stack/data/venv/lib/python3.12/site-packages/oslo_concurrency/lockutils.py:512}}
Aug 07 18:49:44.232074 np0000006749 nova-conductor[99132]: DEBUG oslo_concurrency.lockutils [None req-aa53016c-e1b0-402c-8fa8-7dd22f9a9d96 tempest-ServersNegativeTestJSON-299435553 tempest-ServersNegativeTestJSON-299435553-project-member] Lock "bcf694b5-6558-4287-9bc2-7376b9788306" acquired by "nova.context.set_target_cell..get_or_set_cached_cell_and_set_connections" :: waited 0.000s {{(pid=99132) inner /opt/stack/data/venv/lib/python3.12/site-packages/oslo_concurrency/lockutils.py:525}}
Aug 07 18:49:44.232187 np0000006749 nova-conductor[99132]: DEBUG oslo_concurrency.lockutils [None req-aa53016c-e1b0-402c-8fa8-7dd22f9a9d96 tempest-ServersNegativeTestJSON-299435553 tempest-ServersNegativeTestJSON-299435553-project-member] Lock "bcf694b5-6558-4287-9bc2-7376b9788306" "released" by "nova.context.set_target_cell..get_or_set_cached_cell_and_set_connections" :: held 0.000s {{(pid=99132) inner /opt/stack/data/venv/lib/python3.12/site-packages/oslo_concurrency/lockutils.py:544}}
Aug 07 18:49:44.233594 np0000006749 nova-conductor[99132]: INFO dbcounter [None req-aa53016c-e1b0-402c-8fa8-7dd22f9a9d96 tempest-ServersNegativeTestJSON-299435553 tempest-ServersNegativeTestJSON-299435553-project-member] Registered counter for database nova_cell0
Aug 07 18:49:44.276729 np0000006749 nova-conductor[99132]: DEBUG oslo_db.sqlalchemy.engines [None req-aa53016c-e1b0-402c-8fa8-7dd22f9a9d96 tempest-ServersNegativeTestJSON-299435553 tempest-ServersNegativeTestJSON-299435553-project-member] MySQL server mode set to STRICT_TRANS_TABLES,STRICT_ALL_TABLES,NO_ZERO_IN_DATE,NO_ZERO_DATE,ERROR_FOR_DIVISION_BY_ZERO,TRADITIONAL,NO_ENGINE_SUBSTITUTION {{(pid=99132) _check_effective_sql_mode /opt/stack/data/venv/lib/python3.12/site-packages/oslo_db/sqlalchemy/engines.py:325}}
Aug 07 18:49:44.283294 np0000006749 nova-conductor[99132]: DEBUG dbcounter [-] [99132] Writer thread running {{(pid=99132) stat_writer /opt/stack/data/venv/lib/python3.12/site-packages/dbcounter.py:102}}
Aug 07 18:49:44.293649 np0000006749 nova-conductor[99132]: DEBUG nova.quota [None req-aa53016c-e1b0-402c-8fa8-7dd22f9a9d96 tempest-ServersNegativeTestJSON-299435553 tempest-ServersNegativeTestJSON-299435553-project-member] Getting quotas for project 38ff589b2b5840b69484901a2bfb62c7. Resources: {'instances', 'cores', 'ram'} {{(pid=99132) _get_quotas /opt/stack/nova/nova/quota.py:389}}
Aug 07 18:49:44.296586 np0000006749 nova-conductor[99132]: DEBUG nova.quota [None req-aa53016c-e1b0-402c-8fa8-7dd22f9a9d96 tempest-ServersNegativeTestJSON-299435553 tempest-ServersNegativeTestJSON-299435553-project-member] Getting quotas for user 40773c9caeea4fc5b730b78c0453149f and project 38ff589b2b5840b69484901a2bfb62c7. Resources: {'instances', 'cores', 'ram'} {{(pid=99132) _get_quotas /opt/stack/nova/nova/quota.py:379}}
