May 28 14:06:36.845394 np0000001643 devstack@g-api.service[101937]: DEBUG swiftclient [None req-502f0bd9-ddc3-45c5-9096-372805e85082 tempest-VolumesActionsTest-95313981 tempest-VolumesActionsTest-95313981-project-member] REQ: curl -i https://10.4.3.222:8080/v1/AUTH_506cb0c452e64a78bddee73ca370e7a3/glance -I -H "X-Auth-Token: gAAAAABqGEvs6Fc4..." {{(pid=101937) http_log /opt/stack/data/venv/lib/python3.12/site-packages/swiftclient/client.py:160}}
May 28 14:06:36.845501 np0000001643 devstack@g-api.service[101937]: DEBUG swiftclient [None req-502f0bd9-ddc3-45c5-9096-372805e85082 tempest-VolumesActionsTest-95313981 tempest-VolumesActionsTest-95313981-project-member] RESP STATUS: 204 No Content {{(pid=101937) http_log /opt/stack/data/venv/lib/python3.12/site-packages/swiftclient/client.py:161}}
May 28 14:06:36.845651 np0000001643 devstack@g-api.service[101937]: DEBUG swiftclient [None req-502f0bd9-ddc3-45c5-9096-372805e85082 tempest-VolumesActionsTest-95313981 tempest-VolumesActionsTest-95313981-project-member] RESP HEADERS: {'Date': 'Thu, 28 May 2026 14:06:36 GMT', 'Server': 'Apache/2.4.58 (Ubuntu)', 'Content-Type': 'text/plain; charset=utf-8', 'X-Container-Object-Count': '5', 'X-Container-Bytes-Used': '118358016', 'X-Timestamp': '1779976717.45844', 'Last-Modified': 'Thu, 28 May 2026 13:58:38 GMT', 'Accept-Ranges': 'bytes', 'X-Storage-Policy': 'Policy-0', 'X-Container-Sharding': 'False', 'Vary': 'Accept', 'X-Trans-Id': 'tx43f87a38569344618efd0-006a184bec', 'X-Openstack-Request-Id': 'tx43f87a38569344618efd0-006a184bec', 'Connection': 'close'} {{(pid=101937) http_log /opt/stack/data/venv/lib/python3.12/site-packages/swiftclient/client.py:162}}
May 28 14:06:36.845784 np0000001643 devstack@g-api.service[101937]: DEBUG glance_store._drivers.swift.store [None req-502f0bd9-ddc3-45c5-9096-372805e85082 tempest-VolumesActionsTest-95313981 tempest-VolumesActionsTest-95313981-project-member] Adding image object '453f0745-2009-43cc-9ac1-72dee619a825' to Swift {{(pid=101937) add /opt/stack/data/venv/lib/python3.12/site-packages/glance_store/_drivers/swift/store.py:970}}
May 28 14:06:36.845877 np0000001643 devstack@g-api.service[101937]: DEBUG glance_store._drivers.swift.store [None req-502f0bd9-ddc3-45c5-9096-372805e85082 tempest-VolumesActionsTest-95313981 tempest-VolumesActionsTest-95313981-project-member] Cannot determine image size because it is either not provided in the request or chunked-transfer encoding is used. Adding image as a segmented object to Swift. {{(pid=101937) add /opt/stack/data/venv/lib/python3.12/site-packages/glance_store/_drivers/swift/store.py:994}}
May 28 14:06:36.852120 np0000001643 devstack@g-api.service[101937]: DEBUG oslo_utils.imageutils.format_inspector [None req-502f0bd9-ddc3-45c5-9096-372805e85082 tempest-VolumesActionsTest-95313981 tempest-VolumesActionsTest-95313981-project-member] Format inspector for vmdk does not match, excluding from consideration (Signature KDMV not found: b'\x00\x00\x00\x00') {{(pid=101937) _process_chunk /opt/stack/data/venv/lib/python3.12/site-packages/oslo_utils/imageutils/format_inspector.py:1538}}
May 28 14:06:36.856353 np0000001643 devstack@g-api.service[101937]: DEBUG oslo_utils.imageutils.format_inspector [None req-502f0bd9-ddc3-45c5-9096-372805e85082 tempest-VolumesActionsTest-95313981 tempest-VolumesActionsTest-95313981-project-member] Format inspector for vhdx does not match, excluding from consideration (Region signature not found at 30000) {{(pid=101937) _process_chunk /opt/stack/data/venv/lib/python3.12/site-packages/oslo_utils/imageutils/format_inspector.py:1538}}
May 28 14:06:37.384865 np0000001643 devstack@g-api.service[101936]: DEBUG glance.api.middleware.version_negotiation [None req-3edfbb8e-feda-46ef-b606-eaed86a4097f tempest-VolumesActionsTest-95313981 tempest-VolumesActionsTest-95313981-project-member] Determining version of request: GET /v2/images/453f0745-2009-43cc-9ac1-72dee619a825 Accept: application/json {{(pid=101936) process_request /opt/stack/glance/glance/api/middleware/version_negotiation.py:44}}
May 28 14:06:37.385352 np0000001643 devstack@g-api.service[101936]: DEBUG glance.api.middleware.version_negotiation [None req-3edfbb8e-feda-46ef-b606-eaed86a4097f tempest-VolumesActionsTest-95313981 tempest-VolumesActionsTest-95313981-project-member] Using url versioning {{(pid=101936) process_request /opt/stack/glance/glance/api/middleware/version_negotiation.py:57}}
May 28 14:06:37.385352 np0000001643 devstack@g-api.service[101936]: DEBUG glance.api.middleware.version_negotiation [None req-3edfbb8e-feda-46ef-b606-eaed86a4097f tempest-VolumesActionsTest-95313981 tempest-VolumesActionsTest-95313981-project-member] Matched version: v2 {{(pid=101936) process_request /opt/stack/glance/glance/api/middleware/version_negotiation.py:69}}
May 28 14:06:37.385528 np0000001643 devstack@g-api.service[101936]: DEBUG glance.api.middleware.version_negotiation [None req-3edfbb8e-feda-46ef-b606-eaed86a4097f tempest-VolumesActionsTest-95313981 tempest-VolumesActionsTest-95313981-project-member] new path /v2/images/453f0745-2009-43cc-9ac1-72dee619a825 {{(pid=101936) process_request /opt/stack/glance/glance/api/middleware/version_negotiation.py:70}}
May 28 14:06:37.415127 np0000001643 devstack@g-api.service[101936]: [pid: 101936|app: 0|req: 102/304] 127.0.0.1 () {40 vars in 838 bytes} [Thu May 28 14:06:37 2026] GET /v2/images/453f0745-2009-43cc-9ac1-72dee619a825 => generated 649 bytes in 31 msecs (HTTP/1.1 200) 4 headers in 157 bytes (1 switches on core 0)
May 28 14:06:38.295063 np0000001643 devstack@g-api.service[101938]: DEBUG glance.api.middleware.version_negotiation [None req-ce6dcd01-319c-4e96-ae58-804e079dee83 tempest-VolumesActionsTest-95313981 tempest-VolumesActionsTest-95313981-project-member] Determining version of request: GET /v2/images/ad923155-4eca-4cf1-b871-662172c18500 Accept: */* {{(pid=101938) process_request /opt/stack/glance/glance/api/middleware/version_negotiation.py:44}}
May 28 14:06:38.295548 np0000001643 devstack@g-api.service[101938]: DEBUG glance.api.middleware.version_negotiation [None req-ce6dcd01-319c-4e96-ae58-804e079dee83 tempest-VolumesActionsTest-95313981 tempest-VolumesActionsTest-95313981-project-member] Using url versioning {{(pid=101938) process_request /opt/stack/glance/glance/api/middleware/version_negotiation.py:57}}
May 28 14:06:38.295548 np0000001643 devstack@g-api.service[101938]: DEBUG glance.api.middleware.version_negotiation [None req-ce6dcd01-319c-4e96-ae58-804e079dee83 tempest-VolumesActionsTest-95313981 tempest-VolumesActionsTest-95313981-project-member] Matched version: v2 {{(pid=101938) process_request /opt/stack/glance/glance/api/middleware/version_negotiation.py:69}}
May 28 14:06:38.295548 np0000001643 devstack@g-api.service[101938]: DEBUG glance.api.middleware.version_negotiation [None req-ce6dcd01-319c-4e96-ae58-804e079dee83 tempest-VolumesActionsTest-95313981 tempest-VolumesActionsTest-95313981-project-member] new path /v2/images/ad923155-4eca-4cf1-b871-662172c18500 {{(pid=101938) process_request /opt/stack/glance/glance/api/middleware/version_negotiation.py:70}}
May 28 14:06:38.309146 np0000001643 devstack@g-api.service[101938]: [pid: 101938|app: 0|req: 103/305] 127.0.0.1 () {44 vars in 1115 bytes} [Thu May 28 14:06:38 2026] GET /v2/images/ad923155-4eca-4cf1-b871-662172c18500 => generated 1044 bytes in 14 msecs (HTTP/1.1 200) 4 headers in 158 bytes (1 switches on core 0)
May 28 14:06:38.356926 np0000001643 devstack@g-api.service[101936]: DEBUG glance.api.middleware.version_negotiation [None req-98080d15-1a77-4428-85da-b42cb001d9ae tempest-VolumesActionsTest-95313981 tempest-VolumesActionsTest-95313981-project-member] Determining version of request: GET /v2/schemas/image Accept: */* {{(pid=101936) process_request /opt/stack/glance/glance/api/middleware/version_negotiation.py:44}}
May 28 14:06:38.357084 np0000001643 devstack@g-api.service[101936]: DEBUG glance.api.middleware.version_negotiation [None req-98080d15-1a77-4428-85da-b42cb001d9ae tempest-VolumesActionsTest-95313981 tempest-VolumesActionsTest-95313981-project-member] Using url versioning {{(pid=101936) process_request /opt/stack/glance/glance/api/middleware/version_negotiation.py:57}}
May 28 14:06:38.357551 np0000001643 devstack@g-api.service[101936]: DEBUG glance.api.middleware.version_negotiation [None req-98080d15-1a77-4428-85da-b42cb001d9ae tempest-VolumesActionsTest-95313981 tempest-VolumesActionsTest-95313981-project-member] Matched version: v2 {{(pid=101936) process_request /opt/stack/glance/glance/api/middleware/version_negotiation.py:69}}
May 28 14:06:38.357551 np0000001643 devstack@g-api.service[101936]: DEBUG glance.api.middleware.version_negotiation [None req-98080d15-1a77-4428-85da-b42cb001d9ae tempest-VolumesActionsTest-95313981 tempest-VolumesActionsTest-95313981-project-member] new path /v2/schemas/image {{(pid=101936) process_request /opt/stack/glance/glance/api/middleware/version_negotiation.py:70}}
May 28 14:06:38.363541 np0000001643 devstack@g-api.service[101936]: [pid: 101936|app: 0|req: 103/306] 127.0.0.1 () {44 vars in 1055 bytes} [Thu May 28 14:06:38 2026] GET /v2/schemas/image => generated 6083 bytes in 7 msecs (HTTP/1.1 200) 4 headers in 158 bytes (1 switches on core 0)
May 28 14:06:38.424895 np0000001643 devstack@g-api.service[101938]: DEBUG glance.api.middleware.version_negotiation [None req-96097ad8-6754-47d2-b663-fe838aba03fe tempest-AttachVolumeTestJSON-1658324310 tempest-AttachVolumeTestJSON-1658324310-project-member] Determining version of request: GET /v2/images/453f0745-2009-43cc-9ac1-72dee619a825 Accept: application/json {{(pid=101938) process_request /opt/stack/glance/glance/api/middleware/version_negotiation.py:44}}
May 28 14:06:38.425049 np0000001643 devstack@g-api.service[101938]: DEBUG glance.api.middleware.version_negotiation [None req-96097ad8-6754-47d2-b663-fe838aba03fe tempest-AttachVolumeTestJSON-1658324310 tempest-AttachVolumeTestJSON-1658324310-project-member] Using url versioning {{(pid=101938) process_request /opt/stack/glance/glance/api/middleware/version_negotiation.py:57}}
May 28 14:06:38.426879 np0000001643 devstack@g-api.service[101938]: DEBUG glance.api.middleware.version_negotiation [None req-96097ad8-6754-47d2-b663-fe838aba03fe tempest-AttachVolumeTestJSON-1658324310 tempest-AttachVolumeTestJSON-1658324310-project-member] Matched version: v2 {{(pid=101938) process_request /opt/stack/glance/glance/api/middleware/version_negotiation.py:69}}
May 28 14:06:38.426879 np0000001643 devstack@g-api.service[101938]: DEBUG glance.api.middleware.version_negotiation [None req-96097ad8-6754-47d2-b663-fe838aba03fe tempest-AttachVolumeTestJSON-1658324310 tempest-AttachVolumeTestJSON-1658324310-project-member] new path /v2/images/453f0745-2009-43cc-9ac1-72dee619a825 {{(pid=101938) process_request /opt/stack/glance/glance/api/middleware/version_negotiation.py:70}}
May 28 14:06:38.448162 np0000001643 devstack@g-api.service[101938]: [pid: 101938|app: 0|req: 104/307] 127.0.0.1 () {40 vars in 838 bytes} [Thu May 28 14:06:38 2026] GET /v2/images/453f0745-2009-43cc-9ac1-72dee619a825 => generated 649 bytes in 23 msecs (HTTP/1.1 200) 4 headers in 157 bytes (1 switches on core 0)
May 28 14:06:38.948306 np0000001643 devstack@g-api.service[101937]: DEBUG swiftclient [None req-502f0bd9-ddc3-45c5-9096-372805e85082 tempest-VolumesActionsTest-95313981 tempest-VolumesActionsTest-95313981-project-member] REQ: curl -i https://10.4.3.222:8080/v1/AUTH_506cb0c452e64a78bddee73ca370e7a3/glance/453f0745-2009-43cc-9ac1-72dee619a825-00001 -X PUT -H "X-Auth-Token: gAAAAABqGEvs6Fc4..." {{(pid=101937) http_log /opt/stack/data/venv/lib/python3.12/site-packages/swiftclient/client.py:160}}
May 28 14:06:38.948306 np0000001643 devstack@g-api.service[101937]: DEBUG swiftclient [None req-502f0bd9-ddc3-45c5-9096-372805e85082 tempest-VolumesActionsTest-95313981 tempest-VolumesActionsTest-95313981-project-member] RESP STATUS: 201 Created {{(pid=101937) http_log /opt/stack/data/venv/lib/python3.12/site-packages/swiftclient/client.py:161}}
May 28 14:06:38.948647 np0000001643 devstack@g-api.service[101937]: DEBUG swiftclient [None req-502f0bd9-ddc3-45c5-9096-372805e85082 tempest-VolumesActionsTest-95313981 tempest-VolumesActionsTest-95313981-project-member] RESP HEADERS: {'Date': 'Thu, 28 May 2026 14:06:38 GMT', 'Server': 'Apache/2.4.58 (Ubuntu)', 'Content-Type': 'text/html; charset=UTF-8', 'Content-Length': '0', 'Etag': 'eda9a9889837ac4bc81d6387d92c1bec', 'Last-Modified': 'Thu, 28 May 2026 14:06:37 GMT', 'X-Trans-Id': 'tx89480c06b2dc4e968dcf7-006a184bec', 'X-Openstack-Request-Id': 'tx89480c06b2dc4e968dcf7-006a184bec', 'Connection': 'close'} {{(pid=101937) http_log /opt/stack/data/venv/lib/python3.12/site-packages/swiftclient/client.py:162}}
May 28 14:06:38.948647 np0000001643 devstack@g-api.service[101937]: DEBUG glance_store._drivers.swift.store [None req-502f0bd9-ddc3-45c5-9096-372805e85082 tempest-VolumesActionsTest-95313981 tempest-VolumesActionsTest-95313981-project-member] Wrote chunk 453f0745-2009-43cc-9ac1-72dee619a825-00001 (1/?) of length 204800000 to Swift returning MD5 of content: eda9a9889837ac4bc81d6387d92c1bec {{(pid=101937) add /opt/stack/data/venv/lib/python3.12/site-packages/glance_store/_drivers/swift/store.py:1059}}
May 28 14:06:39.463161 np0000001643 devstack@g-api.service[101936]: DEBUG glance.api.middleware.version_negotiation [None req-96097ad8-6754-47d2-b663-fe838aba03fe tempest-AttachVolumeTestJSON-1658324310 tempest-AttachVolumeTestJSON-1658324310-project-member] Determining version of request: GET /v2/images/453f0745-2009-43cc-9ac1-72dee619a825 Accept: application/json {{(pid=101936) process_request /opt/stack/glance/glance/api/middleware/version_negotiation.py:44}}
May 28 14:06:39.463161 np0000001643 devstack@g-api.service[101936]: DEBUG glance.api.middleware.version_negotiation [None req-96097ad8-6754-47d2-b663-fe838aba03fe tempest-AttachVolumeTestJSON-1658324310 tempest-AttachVolumeTestJSON-1658324310-project-member] Using url versioning {{(pid=101936) process_request /opt/stack/glance/glance/api/middleware/version_negotiation.py:57}}
May 28 14:06:39.463161 np0000001643 devstack@g-api.service[101936]: DEBUG glance.api.middleware.version_negotiation [None req-96097ad8-6754-47d2-b663-fe838aba03fe tempest-AttachVolumeTestJSON-1658324310 tempest-AttachVolumeTestJSON-1658324310-project-member] Matched version: v2 {{(pid=101936) process_request /opt/stack/glance/glance/api/middleware/version_negotiation.py:69}}
May 28 14:06:39.463161 np0000001643 devstack@g-api.service[101936]: DEBUG glance.api.middleware.version_negotiation [None req-96097ad8-6754-47d2-b663-fe838aba03fe tempest-AttachVolumeTestJSON-1658324310 tempest-AttachVolumeTestJSON-1658324310-project-member] new path /v2/images/453f0745-2009-43cc-9ac1-72dee619a825 {{(pid=101936) process_request /opt/stack/glance/glance/api/middleware/version_negotiation.py:70}}
May 28 14:06:39.478475 np0000001643 devstack@g-api.service[101936]: [pid: 101936|app: 0|req: 104/308] 127.0.0.1 () {40 vars in 838 bytes} [Thu May 28 14:06:39 2026] GET /v2/images/453f0745-2009-43cc-9ac1-72dee619a825 => generated 649 bytes in 16 msecs (HTTP/1.1 200) 4 headers in 157 bytes (1 switches on core 0)
May 28 14:06:40.494981 np0000001643 devstack@g-api.service[101938]: DEBUG glance.api.middleware.version_negotiation [None req-7d292415-e1be-4cd7-8581-62c2b572d1d6 tempest-VolumesActionsTest-95313981 tempest-VolumesActionsTest-95313981-project-member] Determining version of request: GET /v2/images/453f0745-2009-43cc-9ac1-72dee619a825 Accept: application/json {{(pid=101938) process_request /opt/stack/glance/glance/api/middleware/version_negotiation.py:44}}
May 28 14:06:40.494981 np0000001643 devstack@g-api.service[101938]: DEBUG glance.api.middleware.version_negotiation [None req-7d292415-e1be-4cd7-8581-62c2b572d1d6 tempest-VolumesActionsTest-95313981 tempest-VolumesActionsTest-95313981-project-member] Using url versioning {{(pid=101938) process_request /opt/stack/glance/glance/api/middleware/version_negotiation.py:57}}
May 28 14:06:40.494981 np0000001643 devstack@g-api.service[101938]: DEBUG glance.api.middleware.version_negotiation [None req-7d292415-e1be-4cd7-8581-62c2b572d1d6 tempest-VolumesActionsTest-95313981 tempest-VolumesActionsTest-95313981-project-member] Matched version: v2 {{(pid=101938) process_request /opt/stack/glance/glance/api/middleware/version_negotiation.py:69}}
May 28 14:06:40.494981 np0000001643 devstack@g-api.service[101938]: DEBUG glance.api.middleware.version_negotiation [None req-7d292415-e1be-4cd7-8581-62c2b572d1d6 tempest-VolumesActionsTest-95313981 tempest-VolumesActionsTest-95313981-project-member] new path /v2/images/453f0745-2009-43cc-9ac1-72dee619a825 {{(pid=101938) process_request /opt/stack/glance/glance/api/middleware/version_negotiation.py:70}}
May 28 14:06:40.508232 np0000001643 devstack@g-api.service[101938]: [pid: 101938|app: 0|req: 105/309] 127.0.0.1 () {40 vars in 838 bytes} [Thu May 28 14:06:40 2026] GET /v2/images/453f0745-2009-43cc-9ac1-72dee619a825 => generated 649 bytes in 14 msecs (HTTP/1.1 200) 4 headers in 157 bytes (1 switches on core 0)
May 28 14:06:41.098727 np0000001643 devstack@g-api.service[101937]: DEBUG swiftclient [None req-502f0bd9-ddc3-45c5-9096-372805e85082 tempest-VolumesActionsTest-95313981 tempest-VolumesActionsTest-95313981-project-member] REQ: curl -i https://10.4.3.222:8080/v1/AUTH_506cb0c452e64a78bddee73ca370e7a3/glance/453f0745-2009-43cc-9ac1-72dee619a825-00002 -X PUT -H "X-Auth-Token: gAAAAABqGEvs6Fc4..." {{(pid=101937) http_log /opt/stack/data/venv/lib/python3.12/site-packages/swiftclient/client.py:160}}
May 28 14:06:41.099232 np0000001643 devstack@g-api.service[101937]: DEBUG swiftclient [None req-502f0bd9-ddc3-45c5-9096-372805e85082 tempest-VolumesActionsTest-95313981 tempest-VolumesActionsTest-95313981-project-member] RESP STATUS: 201 Created {{(pid=101937) http_log /opt/stack/data/venv/lib/python3.12/site-packages/swiftclient/client.py:161}}
May 28 14:06:41.099232 np0000001643 devstack@g-api.service[101937]: DEBUG swiftclient [None req-502f0bd9-ddc3-45c5-9096-372805e85082 tempest-VolumesActionsTest-95313981 tempest-VolumesActionsTest-95313981-project-member] RESP HEADERS: {'Date': 'Thu, 28 May 2026 14:06:41 GMT', 'Server': 'Apache/2.4.58 (Ubuntu)', 'Content-Type': 'text/html; charset=UTF-8', 'Content-Length': '0', 'Etag': 'eda9a9889837ac4bc81d6387d92c1bec', 'Last-Modified': 'Thu, 28 May 2026 14:06:39 GMT', 'X-Trans-Id': 'txeae8324d290d4b668bff9-006a184bee', 'X-Openstack-Request-Id': 'txeae8324d290d4b668bff9-006a184bee', 'Connection': 'close'} {{(pid=101937) http_log /opt/stack/data/venv/lib/python3.12/site-packages/swiftclient/client.py:162}}
May 28 14:06:41.099232 np0000001643 devstack@g-api.service[101937]: DEBUG glance_store._drivers.swift.store [None req-502f0bd9-ddc3-45c5-9096-372805e85082 tempest-VolumesActionsTest-95313981 tempest-VolumesActionsTest-95313981-project-member] Wrote chunk 453f0745-2009-43cc-9ac1-72dee619a825-00002 (2/?) of length 204800000 to Swift returning MD5 of content: eda9a9889837ac4bc81d6387d92c1bec {{(pid=101937) add /opt/stack/data/venv/lib/python3.12/site-packages/glance_store/_drivers/swift/store.py:1059}}
May 28 14:06:41.519725 np0000001643 devstack@g-api.service[101936]: DEBUG glance.api.middleware.version_negotiation [None req-d554c5ca-3275-4fbf-b2de-5fb943fff6ae tempest-VolumesActionsTest-95313981 tempest-VolumesActionsTest-95313981-project-member] Determining version of request: GET /v2/images/453f0745-2009-43cc-9ac1-72dee619a825 Accept: application/json {{(pid=101936) process_request /opt/stack/glance/glance/api/middleware/version_negotiation.py:44}}
May 28 14:06:41.520101 np0000001643 devstack@g-api.service[101936]: DEBUG glance.api.middleware.version_negotiation [None req-d554c5ca-3275-4fbf-b2de-5fb943fff6ae tempest-VolumesActionsTest-95313981 tempest-VolumesActionsTest-95313981-project-member] Using url versioning {{(pid=101936) process_request /opt/stack/glance/glance/api/middleware/version_negotiation.py:57}}
May 28 14:06:41.520101 np0000001643 devstack@g-api.service[101936]: DEBUG glance.api.middleware.version_negotiation [None req-d554c5ca-3275-4fbf-b2de-5fb943fff6ae tempest-VolumesActionsTest-95313981 tempest-VolumesActionsTest-95313981-project-member] Matched version: v2 {{(pid=101936) process_request /opt/stack/glance/glance/api/middleware/version_negotiation.py:69}}
May 28 14:06:41.520195 np0000001643 devstack@g-api.service[101936]: DEBUG glance.api.middleware.version_negotiation [None req-d554c5ca-3275-4fbf-b2de-5fb943fff6ae tempest-VolumesActionsTest-95313981 tempest-VolumesActionsTest-95313981-project-member] new path /v2/images/453f0745-2009-43cc-9ac1-72dee619a825 {{(pid=101936) process_request /opt/stack/glance/glance/api/middleware/version_negotiation.py:70}}
May 28 14:06:41.540352 np0000001643 devstack@g-api.service[101936]: [pid: 101936|app: 0|req: 105/310] 127.0.0.1 () {40 vars in 838 bytes} [Thu May 28 14:06:41 2026] GET /v2/images/453f0745-2009-43cc-9ac1-72dee619a825 => generated 649 bytes in 21 msecs (HTTP/1.1 200) 4 headers in 157 bytes (1 switches on core 0)
May 28 14:06:42.550509 np0000001643 devstack@g-api.service[101938]: DEBUG glance.api.middleware.version_negotiation [None req-f17920b5-a716-49f1-a42a-2a1378220733 tempest-VolumesActionsTest-95313981 tempest-VolumesActionsTest-95313981-project-member] Determining version of request: GET /v2/images/453f0745-2009-43cc-9ac1-72dee619a825 Accept: application/json {{(pid=101938) process_request /opt/stack/glance/glance/api/middleware/version_negotiation.py:44}}
May 28 14:06:42.550996 np0000001643 devstack@g-api.service[101938]: DEBUG glance.api.middleware.version_negotiation [None req-f17920b5-a716-49f1-a42a-2a1378220733 tempest-VolumesActionsTest-95313981 tempest-VolumesActionsTest-95313981-project-member] Using url versioning {{(pid=101938) process_request /opt/stack/glance/glance/api/middleware/version_negotiation.py:57}}
May 28 14:06:42.550996 np0000001643 devstack@g-api.service[101938]: DEBUG glance.api.middleware.version_negotiation [None req-f17920b5-a716-49f1-a42a-2a1378220733 tempest-VolumesActionsTest-95313981 tempest-VolumesActionsTest-95313981-project-member] Matched version: v2 {{(pid=101938) process_request /opt/stack/glance/glance/api/middleware/version_negotiation.py:69}}
May 28 14:06:42.550996 np0000001643 devstack@g-api.service[101938]: DEBUG glance.api.middleware.version_negotiation [None req-f17920b5-a716-49f1-a42a-2a1378220733 tempest-VolumesActionsTest-95313981 tempest-VolumesActionsTest-95313981-project-member] new path /v2/images/453f0745-2009-43cc-9ac1-72dee619a825 {{(pid=101938) process_request /opt/stack/glance/glance/api/middleware/version_negotiation.py:70}}
May 28 14:06:42.566506 np0000001643 devstack@g-api.service[101938]: [pid: 101938|app: 0|req: 106/311] 127.0.0.1 () {40 vars in 838 bytes} [Thu May 28 14:06:42 2026] GET /v2/images/453f0745-2009-43cc-9ac1-72dee619a825 => generated 649 bytes in 16 msecs (HTTP/1.1 200) 4 headers in 157 bytes (1 switches on core 0)
May 28 14:06:43.394097 np0000001643 devstack@g-api.service[101937]: DEBUG swiftclient [None req-502f0bd9-ddc3-45c5-9096-372805e85082 tempest-VolumesActionsTest-95313981 tempest-VolumesActionsTest-95313981-project-member] REQ: curl -i https://10.4.3.222:8080/v1/AUTH_506cb0c452e64a78bddee73ca370e7a3/glance/453f0745-2009-43cc-9ac1-72dee619a825-00003 -X PUT -H "X-Auth-Token: gAAAAABqGEvs6Fc4..." {{(pid=101937) http_log /opt/stack/data/venv/lib/python3.12/site-packages/swiftclient/client.py:160}}
May 28 14:06:43.394329 np0000001643 devstack@g-api.service[101937]: DEBUG swiftclient [None req-502f0bd9-ddc3-45c5-9096-372805e85082 tempest-VolumesActionsTest-95313981 tempest-VolumesActionsTest-95313981-project-member] RESP STATUS: 201 Created {{(pid=101937) http_log /opt/stack/data/venv/lib/python3.12/site-packages/swiftclient/client.py:161}}
May 28 14:06:43.394472 np0000001643 devstack@g-api.service[101937]: DEBUG swiftclient [None req-502f0bd9-ddc3-45c5-9096-372805e85082 tempest-VolumesActionsTest-95313981 tempest-VolumesActionsTest-95313981-project-member] RESP HEADERS: {'Date': 'Thu, 28 May 2026 14:06:43 GMT', 'Server': 'Apache/2.4.58 (Ubuntu)', 'Content-Type': 'text/html; charset=UTF-8', 'Content-Length': '0', 'Etag': 'eda9a9889837ac4bc81d6387d92c1bec', 'Last-Modified': 'Thu, 28 May 2026 14:06:42 GMT', 'X-Trans-Id': 'tx9c2a70834620481d97a5a-006a184bf1', 'X-Openstack-Request-Id': 'tx9c2a70834620481d97a5a-006a184bf1', 'Connection': 'close'} {{(pid=101937) http_log /opt/stack/data/venv/lib/python3.12/site-packages/swiftclient/client.py:162}}
May 28 14:06:43.394748 np0000001643 devstack@g-api.service[101937]: DEBUG glance_store._drivers.swift.store [None req-502f0bd9-ddc3-45c5-9096-372805e85082 tempest-VolumesActionsTest-95313981 tempest-VolumesActionsTest-95313981-project-member] Wrote chunk 453f0745-2009-43cc-9ac1-72dee619a825-00003 (3/?) of length 204800000 to Swift returning MD5 of content: eda9a9889837ac4bc81d6387d92c1bec {{(pid=101937) add /opt/stack/data/venv/lib/python3.12/site-packages/glance_store/_drivers/swift/store.py:1059}}
May 28 14:06:43.579230 np0000001643 devstack@g-api.service[101936]: DEBUG glance.api.middleware.version_negotiation [None req-a08d9821-456d-4f32-9bbd-56ae8ac43fad tempest-VolumesActionsTest-95313981 tempest-VolumesActionsTest-95313981-project-member] Determining version of request: GET /v2/images/453f0745-2009-43cc-9ac1-72dee619a825 Accept: application/json {{(pid=101936) process_request /opt/stack/glance/glance/api/middleware/version_negotiation.py:44}}
May 28 14:06:43.579703 np0000001643 devstack@g-api.service[101936]: DEBUG glance.api.middleware.version_negotiation [None req-a08d9821-456d-4f32-9bbd-56ae8ac43fad tempest-VolumesActionsTest-95313981 tempest-VolumesActionsTest-95313981-project-member] Using url versioning {{(pid=101936) process_request /opt/stack/glance/glance/api/middleware/version_negotiation.py:57}}
May 28 14:06:43.579703 np0000001643 devstack@g-api.service[101936]: DEBUG glance.api.middleware.version_negotiation [None req-a08d9821-456d-4f32-9bbd-56ae8ac43fad tempest-VolumesActionsTest-95313981 tempest-VolumesActionsTest-95313981-project-member] Matched version: v2 {{(pid=101936) process_request /opt/stack/glance/glance/api/middleware/version_negotiation.py:69}}
May 28 14:06:43.579930 np0000001643 devstack@g-api.service[101936]: DEBUG glance.api.middleware.version_negotiation [None req-a08d9821-456d-4f32-9bbd-56ae8ac43fad tempest-VolumesActionsTest-95313981 tempest-VolumesActionsTest-95313981-project-member] new path /v2/images/453f0745-2009-43cc-9ac1-72dee619a825 {{(pid=101936) process_request /opt/stack/glance/glance/api/middleware/version_negotiation.py:70}}
May 28 14:06:43.594428 np0000001643 devstack@g-api.service[101936]: [pid: 101936|app: 0|req: 106/312] 127.0.0.1 () {40 vars in 838 bytes} [Thu May 28 14:06:43 2026] GET /v2/images/453f0745-2009-43cc-9ac1-72dee619a825 => generated 649 bytes in 15 msecs (HTTP/1.1 200) 4 headers in 157 bytes (1 switches on core 0)
May 28 14:06:44.605193 np0000001643 devstack@g-api.service[101938]: DEBUG glance.api.middleware.version_negotiation [None req-2b5caec5-f70d-46dc-93e3-69b33441882f tempest-VolumesActionsTest-95313981 tempest-VolumesActionsTest-95313981-project-member] Determining version of request: GET /v2/images/453f0745-2009-43cc-9ac1-72dee619a825 Accept: application/json {{(pid=101938) process_request /opt/stack/glance/glance/api/middleware/version_negotiation.py:44}}
May 28 14:06:44.605193 np0000001643 devstack@g-api.service[101938]: DEBUG glance.api.middleware.version_negotiation [None req-2b5caec5-f70d-46dc-93e3-69b33441882f tempest-VolumesActionsTest-95313981 tempest-VolumesActionsTest-95313981-project-member] Using url versioning {{(pid=101938) process_request /opt/stack/glance/glance/api/middleware/version_negotiation.py:57}}
May 28 14:06:44.605193 np0000001643 devstack@g-api.service[101938]: DEBUG glance.api.middleware.version_negotiation [None req-2b5caec5-f70d-46dc-93e3-69b33441882f tempest-VolumesActionsTest-95313981 tempest-VolumesActionsTest-95313981-project-member] Matched version: v2 {{(pid=101938) process_request /opt/stack/glance/glance/api/middleware/version_negotiation.py:69}}
May 28 14:06:44.605193 np0000001643 devstack@g-api.service[101938]: DEBUG glance.api.middleware.version_negotiation [None req-2b5caec5-f70d-46dc-93e3-69b33441882f tempest-VolumesActionsTest-95313981 tempest-VolumesActionsTest-95313981-project-member] new path /v2/images/453f0745-2009-43cc-9ac1-72dee619a825 {{(pid=101938) process_request /opt/stack/glance/glance/api/middleware/version_negotiation.py:70}}
May 28 14:06:44.627212 np0000001643 devstack@g-api.service[101938]: [pid: 101938|app: 0|req: 107/313] 127.0.0.1 () {40 vars in 838 bytes} [Thu May 28 14:06:44 2026] GET /v2/images/453f0745-2009-43cc-9ac1-72dee619a825 => generated 649 bytes in 23 msecs (HTTP/1.1 200) 4 headers in 157 bytes (1 switches on core 0)
May 28 14:06:45.375139 np0000001643 devstack@g-api.service[101937]: DEBUG swiftclient [None req-502f0bd9-ddc3-45c5-9096-372805e85082 tempest-VolumesActionsTest-95313981 tempest-VolumesActionsTest-95313981-project-member] REQ: curl -i https://10.4.3.222:8080/v1/AUTH_506cb0c452e64a78bddee73ca370e7a3/glance/453f0745-2009-43cc-9ac1-72dee619a825-00004 -X PUT -H "X-Auth-Token: gAAAAABqGEvs6Fc4..." {{(pid=101937) http_log /opt/stack/data/venv/lib/python3.12/site-packages/swiftclient/client.py:160}}
May 28 14:06:45.375374 np0000001643 devstack@g-api.service[101937]: DEBUG swiftclient [None req-502f0bd9-ddc3-45c5-9096-372805e85082 tempest-VolumesActionsTest-95313981 tempest-VolumesActionsTest-95313981-project-member] RESP STATUS: 201 Created {{(pid=101937) http_log /opt/stack/data/venv/lib/python3.12/site-packages/swiftclient/client.py:161}}
May 28 14:06:45.375584 np0000001643 devstack@g-api.service[101937]: DEBUG swiftclient [None req-502f0bd9-ddc3-45c5-9096-372805e85082 tempest-VolumesActionsTest-95313981 tempest-VolumesActionsTest-95313981-project-member] RESP HEADERS: {'Date': 'Thu, 28 May 2026 14:06:45 GMT', 'Server': 'Apache/2.4.58 (Ubuntu)', 'Content-Type': 'text/html; charset=UTF-8', 'Content-Length': '0', 'Etag': 'eda9a9889837ac4bc81d6387d92c1bec', 'Last-Modified': 'Thu, 28 May 2026 14:06:44 GMT', 'X-Trans-Id': 'tx16a9632717ff4416ace8b-006a184bf3', 'X-Openstack-Request-Id': 'tx16a9632717ff4416ace8b-006a184bf3', 'Connection': 'close'} {{(pid=101937) http_log /opt/stack/data/venv/lib/python3.12/site-packages/swiftclient/client.py:162}}
May 28 14:06:45.375728 np0000001643 devstack@g-api.service[101937]: DEBUG glance_store._drivers.swift.store [None req-502f0bd9-ddc3-45c5-9096-372805e85082 tempest-VolumesActionsTest-95313981 tempest-VolumesActionsTest-95313981-project-member] Wrote chunk 453f0745-2009-43cc-9ac1-72dee619a825-00004 (4/?) of length 204800000 to Swift returning MD5 of content: eda9a9889837ac4bc81d6387d92c1bec {{(pid=101937) add /opt/stack/data/venv/lib/python3.12/site-packages/glance_store/_drivers/swift/store.py:1059}}
May 28 14:06:45.641408 np0000001643 devstack@g-api.service[101936]: DEBUG glance.api.middleware.version_negotiation [None req-b587629f-8fb6-4c58-b786-b95c46d5bb66 tempest-VolumesActionsTest-95313981 tempest-VolumesActionsTest-95313981-project-member] Determining version of request: GET /v2/images/453f0745-2009-43cc-9ac1-72dee619a825 Accept: application/json {{(pid=101936) process_request /opt/stack/glance/glance/api/middleware/version_negotiation.py:44}}
May 28 14:06:45.641408 np0000001643 devstack@g-api.service[101936]: DEBUG glance.api.middleware.version_negotiation [None req-b587629f-8fb6-4c58-b786-b95c46d5bb66 tempest-VolumesActionsTest-95313981 tempest-VolumesActionsTest-95313981-project-member] Using url versioning {{(pid=101936) process_request /opt/stack/glance/glance/api/middleware/version_negotiation.py:57}}
May 28 14:06:45.641726 np0000001643 devstack@g-api.service[101936]: DEBUG glance.api.middleware.version_negotiation [None req-b587629f-8fb6-4c58-b786-b95c46d5bb66 tempest-VolumesActionsTest-95313981 tempest-VolumesActionsTest-95313981-project-member] Matched version: v2 {{(pid=101936) process_request /opt/stack/glance/glance/api/middleware/version_negotiation.py:69}}
May 28 14:06:45.641726 np0000001643 devstack@g-api.service[101936]: DEBUG glance.api.middleware.version_negotiation [None req-b587629f-8fb6-4c58-b786-b95c46d5bb66 tempest-VolumesActionsTest-95313981 tempest-VolumesActionsTest-95313981-project-member] new path /v2/images/453f0745-2009-43cc-9ac1-72dee619a825 {{(pid=101936) process_request /opt/stack/glance/glance/api/middleware/version_negotiation.py:70}}
May 28 14:06:45.658648 np0000001643 devstack@g-api.service[101936]: [pid: 101936|app: 0|req: 107/314] 127.0.0.1 () {40 vars in 838 bytes} [Thu May 28 14:06:45 2026] GET /v2/images/453f0745-2009-43cc-9ac1-72dee619a825 => generated 649 bytes in 17 msecs (HTTP/1.1 200) 4 headers in 157 bytes (1 switches on core 0)
May 28 14:06:46.648733 np0000001643 devstack@g-api.service[101937]: DEBUG dbcounter [-] [101937] Writing DB stats glance:SELECT=14,glance:UPDATE=1 {{(pid=101937) stat_writer /opt/stack/data/venv/lib/python3.12/site-packages/dbcounter.py:115}}
May 28 14:06:46.678486 np0000001643 devstack@g-api.service[101938]: DEBUG glance.api.middleware.version_negotiation [None req-a58ab2fb-5abb-4df2-92c8-7172fb2a7afe tempest-VolumesActionsTest-95313981 tempest-VolumesActionsTest-95313981-project-member] Determining version of request: GET /v2/images/453f0745-2009-43cc-9ac1-72dee619a825 Accept: application/json {{(pid=101938) process_request /opt/stack/glance/glance/api/middleware/version_negotiation.py:44}}
May 28 14:06:46.679017 np0000001643 devstack@g-api.service[101938]: DEBUG glance.api.middleware.version_negotiation [None req-a58ab2fb-5abb-4df2-92c8-7172fb2a7afe tempest-VolumesActionsTest-95313981 tempest-VolumesActionsTest-95313981-project-member] Using url versioning {{(pid=101938) process_request /opt/stack/glance/glance/api/middleware/version_negotiation.py:57}}
May 28 14:06:46.679728 np0000001643 devstack@g-api.service[101938]: DEBUG glance.api.middleware.version_negotiation [None req-a58ab2fb-5abb-4df2-92c8-7172fb2a7afe tempest-VolumesActionsTest-95313981 tempest-VolumesActionsTest-95313981-project-member] Matched version: v2 {{(pid=101938) process_request /opt/stack/glance/glance/api/middleware/version_negotiation.py:69}}
May 28 14:06:46.679728 np0000001643 devstack@g-api.service[101938]: DEBUG glance.api.middleware.version_negotiation [None req-a58ab2fb-5abb-4df2-92c8-7172fb2a7afe tempest-VolumesActionsTest-95313981 tempest-VolumesActionsTest-95313981-project-member] new path /v2/images/453f0745-2009-43cc-9ac1-72dee619a825 {{(pid=101938) process_request /opt/stack/glance/glance/api/middleware/version_negotiation.py:70}}
May 28 14:06:46.697580 np0000001643 devstack@g-api.service[101938]: [pid: 101938|app: 0|req: 108/315] 127.0.0.1 () {40 vars in 838 bytes} [Thu May 28 14:06:46 2026] GET /v2/images/453f0745-2009-43cc-9ac1-72dee619a825 => generated 649 bytes in 19 msecs (HTTP/1.1 200) 4 headers in 157 bytes (1 switches on core 0)
May 28 14:06:47.715988 np0000001643 devstack@g-api.service[101936]: DEBUG glance.api.middleware.version_negotiation [None req-0500e49b-1c78-4708-b0ec-59ff2d8ca9d0 tempest-VolumesActionsTest-95313981 tempest-VolumesActionsTest-95313981-project-member] Determining version of request: GET /v2/images/453f0745-2009-43cc-9ac1-72dee619a825 Accept: application/json {{(pid=101936) process_request /opt/stack/glance/glance/api/middleware/version_negotiation.py:44}}
May 28 14:06:47.715988 np0000001643 devstack@g-api.service[101936]: DEBUG glance.api.middleware.version_negotiation [None req-0500e49b-1c78-4708-b0ec-59ff2d8ca9d0 tempest-VolumesActionsTest-95313981 tempest-VolumesActionsTest-95313981-project-member] Using url versioning {{(pid=101936) process_request /opt/stack/glance/glance/api/middleware/version_negotiation.py:57}}
May 28 14:06:47.715988 np0000001643 devstack@g-api.service[101936]: DEBUG glance.api.middleware.version_negotiation [None req-0500e49b-1c78-4708-b0ec-59ff2d8ca9d0 tempest-VolumesActionsTest-95313981 tempest-VolumesActionsTest-95313981-project-member] Matched version: v2 {{(pid=101936) process_request /opt/stack/glance/glance/api/middleware/version_negotiation.py:69}}
May 28 14:06:47.715988 np0000001643 devstack@g-api.service[101936]: DEBUG glance.api.middleware.version_negotiation [None req-0500e49b-1c78-4708-b0ec-59ff2d8ca9d0 tempest-VolumesActionsTest-95313981 tempest-VolumesActionsTest-95313981-project-member] new path /v2/images/453f0745-2009-43cc-9ac1-72dee619a825 {{(pid=101936) process_request /opt/stack/glance/glance/api/middleware/version_negotiation.py:70}}
May 28 14:06:47.744709 np0000001643 devstack@g-api.service[101936]: [pid: 101936|app: 0|req: 108/316] 127.0.0.1 () {40 vars in 838 bytes} [Thu May 28 14:06:47 2026] GET /v2/images/453f0745-2009-43cc-9ac1-72dee619a825 => generated 649 bytes in 27 msecs (HTTP/1.1 200) 4 headers in 157 bytes (1 switches on core 0)
May 28 14:06:48.434890 np0000001643 devstack@g-api.service[101937]: DEBUG swiftclient [None req-502f0bd9-ddc3-45c5-9096-372805e85082 tempest-VolumesActionsTest-95313981 tempest-VolumesActionsTest-95313981-project-member] REQ: curl -i https://10.4.3.222:8080/v1/AUTH_506cb0c452e64a78bddee73ca370e7a3/glance/453f0745-2009-43cc-9ac1-72dee619a825-00005 -X PUT -H "X-Auth-Token: gAAAAABqGEvs6Fc4..." {{(pid=101937) http_log /opt/stack/data/venv/lib/python3.12/site-packages/swiftclient/client.py:160}}
May 28 14:06:48.435158 np0000001643 devstack@g-api.service[101937]: DEBUG swiftclient [None req-502f0bd9-ddc3-45c5-9096-372805e85082 tempest-VolumesActionsTest-95313981 tempest-VolumesActionsTest-95313981-project-member] RESP STATUS: 201 Created {{(pid=101937) http_log /opt/stack/data/venv/lib/python3.12/site-packages/swiftclient/client.py:161}}
May 28 14:06:48.435269 np0000001643 devstack@g-api.service[101937]: DEBUG swiftclient [None req-502f0bd9-ddc3-45c5-9096-372805e85082 tempest-VolumesActionsTest-95313981 tempest-VolumesActionsTest-95313981-project-member] RESP HEADERS: {'Date': 'Thu, 28 May 2026 14:06:48 GMT', 'Server': 'Apache/2.4.58 (Ubuntu)', 'Content-Type': 'text/html; charset=UTF-8', 'Content-Length': '0', 'Etag': 'eda9a9889837ac4bc81d6387d92c1bec', 'Last-Modified': 'Thu, 28 May 2026 14:06:46 GMT', 'X-Trans-Id': 'tx2948a668e82441f2a48c9-006a184bf5', 'X-Openstack-Request-Id': 'tx2948a668e82441f2a48c9-006a184bf5', 'Connection': 'close'} {{(pid=101937) http_log /opt/stack/data/venv/lib/python3.12/site-packages/swiftclient/client.py:162}}
May 28 14:06:48.435474 np0000001643 devstack@g-api.service[101937]: DEBUG glance_store._drivers.swift.store [None req-502f0bd9-ddc3-45c5-9096-372805e85082 tempest-VolumesActionsTest-95313981 tempest-VolumesActionsTest-95313981-project-member] Wrote chunk 453f0745-2009-43cc-9ac1-72dee619a825-00005 (5/?) of length 204800000 to Swift returning MD5 of content: eda9a9889837ac4bc81d6387d92c1bec {{(pid=101937) add /opt/stack/data/venv/lib/python3.12/site-packages/glance_store/_drivers/swift/store.py:1059}}
May 28 14:06:48.754473 np0000001643 devstack@g-api.service[101938]: DEBUG glance.api.middleware.version_negotiation [None req-8fcb096d-97f5-4181-8852-c5a0ba07d5ea tempest-VolumesActionsTest-95313981 tempest-VolumesActionsTest-95313981-project-member] Determining version of request: GET /v2/images/453f0745-2009-43cc-9ac1-72dee619a825 Accept: application/json {{(pid=101938) process_request /opt/stack/glance/glance/api/middleware/version_negotiation.py:44}}
May 28 14:06:48.765607 np0000001643 devstack@g-api.service[101938]: DEBUG glance.api.middleware.version_negotiation [None req-8fcb096d-97f5-4181-8852-c5a0ba07d5ea tempest-VolumesActionsTest-95313981 tempest-VolumesActionsTest-95313981-project-member] Using url versioning {{(pid=101938) process_request /opt/stack/glance/glance/api/middleware/version_negotiation.py:57}}
May 28 14:06:48.765607 np0000001643 devstack@g-api.service[101938]: DEBUG glance.api.middleware.version_negotiation [None req-8fcb096d-97f5-4181-8852-c5a0ba07d5ea tempest-VolumesActionsTest-95313981 tempest-VolumesActionsTest-95313981-project-member] Matched version: v2 {{(pid=101938) process_request /opt/stack/glance/glance/api/middleware/version_negotiation.py:69}}
May 28 14:06:48.765607 np0000001643 devstack@g-api.service[101938]: DEBUG glance.api.middleware.version_negotiation [None req-8fcb096d-97f5-4181-8852-c5a0ba07d5ea tempest-VolumesActionsTest-95313981 tempest-VolumesActionsTest-95313981-project-member] new path /v2/images/453f0745-2009-43cc-9ac1-72dee619a825 {{(pid=101938) process_request /opt/stack/glance/glance/api/middleware/version_negotiation.py:70}}
May 28 14:06:48.784236 np0000001643 devstack@g-api.service[101938]: [pid: 101938|app: 0|req: 109/317] 127.0.0.1 () {40 vars in 838 bytes} [Thu May 28 14:06:48 2026] GET /v2/images/453f0745-2009-43cc-9ac1-72dee619a825 => generated 649 bytes in 30 msecs (HTTP/1.1 200) 4 headers in 157 bytes (1 switches on core 0)
May 28 14:06:49.128913 np0000001643 devstack@g-api.service[101937]: DEBUG swiftclient [None req-502f0bd9-ddc3-45c5-9096-372805e85082 tempest-VolumesActionsTest-95313981 tempest-VolumesActionsTest-95313981-project-member] REQ: curl -i https://10.4.3.222:8080/v1/AUTH_506cb0c452e64a78bddee73ca370e7a3/glance/453f0745-2009-43cc-9ac1-72dee619a825-00006 -X PUT -H "X-Auth-Token: gAAAAABqGEvs6Fc4..." {{(pid=101937) http_log /opt/stack/data/venv/lib/python3.12/site-packages/swiftclient/client.py:160}}
May 28 14:06:49.130322 np0000001643 devstack@g-api.service[101937]: DEBUG swiftclient [None req-502f0bd9-ddc3-45c5-9096-372805e85082 tempest-VolumesActionsTest-95313981 tempest-VolumesActionsTest-95313981-project-member] RESP STATUS: 201 Created {{(pid=101937) http_log /opt/stack/data/venv/lib/python3.12/site-packages/swiftclient/client.py:161}}
May 28 14:06:49.130504 np0000001643 devstack@g-api.service[101937]: DEBUG swiftclient [None req-502f0bd9-ddc3-45c5-9096-372805e85082 tempest-VolumesActionsTest-95313981 tempest-VolumesActionsTest-95313981-project-member] RESP HEADERS: {'Date': 'Thu, 28 May 2026 14:06:49 GMT', 'Server': 'Apache/2.4.58 (Ubuntu)', 'Content-Type': 'text/html; charset=UTF-8', 'Content-Length': '0', 'Etag': '708761f3b8777ec77058e63da08eeeb6', 'Last-Modified': 'Thu, 28 May 2026 14:06:49 GMT', 'X-Trans-Id': 'txcd5cc0a73ebf47519fad2-006a184bf8', 'X-Openstack-Request-Id': 'txcd5cc0a73ebf47519fad2-006a184bf8', 'Connection': 'close'} {{(pid=101937) http_log /opt/stack/data/venv/lib/python3.12/site-packages/swiftclient/client.py:162}}
May 28 14:06:49.130746 np0000001643 devstack@g-api.service[101937]: DEBUG glance_store._drivers.swift.store [None req-502f0bd9-ddc3-45c5-9096-372805e85082 tempest-VolumesActionsTest-95313981 tempest-VolumesActionsTest-95313981-project-member] Wrote chunk 453f0745-2009-43cc-9ac1-72dee619a825-00006 (6/?) of length 49741824 to Swift returning MD5 of content: 708761f3b8777ec77058e63da08eeeb6 {{(pid=101937) add /opt/stack/data/venv/lib/python3.12/site-packages/glance_store/_drivers/swift/store.py:1059}}
May 28 14:06:49.130924 np0000001643 devstack@g-api.service[101937]: DEBUG glance_store._drivers.swift.store [None req-502f0bd9-ddc3-45c5-9096-372805e85082 tempest-VolumesActionsTest-95313981 tempest-VolumesActionsTest-95313981-project-member] Not writing zero-length chunk. {{(pid=101937) add /opt/stack/data/venv/lib/python3.12/site-packages/glance_store/_drivers/swift/store.py:1028}}
May 28 14:06:49.184515 np0000001643 devstack@g-api.service[101937]: DEBUG swiftclient [None req-502f0bd9-ddc3-45c5-9096-372805e85082 tempest-VolumesActionsTest-95313981 tempest-VolumesActionsTest-95313981-project-member] REQ: curl -i https://10.4.3.222:8080/v1/AUTH_506cb0c452e64a78bddee73ca370e7a3/glance/453f0745-2009-43cc-9ac1-72dee619a825 -X PUT -H "X-Object-Manifest: glance/453f0745-2009-43cc-9ac1-72dee619a825-" -H "X-Auth-Token: gAAAAABqGEvs6Fc4..." -H "Content-Length: 0" {{(pid=101937) http_log /opt/stack/data/venv/lib/python3.12/site-packages/swiftclient/client.py:160}}
May 28 14:06:49.184680 np0000001643 devstack@g-api.service[101937]: DEBUG swiftclient [None req-502f0bd9-ddc3-45c5-9096-372805e85082 tempest-VolumesActionsTest-95313981 tempest-VolumesActionsTest-95313981-project-member] RESP STATUS: 201 Created {{(pid=101937) http_log /opt/stack/data/venv/lib/python3.12/site-packages/swiftclient/client.py:161}}
May 28 14:06:49.184877 np0000001643 devstack@g-api.service[101937]: DEBUG swiftclient [None req-502f0bd9-ddc3-45c5-9096-372805e85082 tempest-VolumesActionsTest-95313981 tempest-VolumesActionsTest-95313981-project-member] RESP HEADERS: {'Date': 'Thu, 28 May 2026 14:06:49 GMT', 'Server': 'Apache/2.4.58 (Ubuntu)', 'Content-Type': 'text/html; charset=UTF-8', 'Content-Length': '0', 'Etag': 'd41d8cd98f00b204e9800998ecf8427e', 'Last-Modified': 'Thu, 28 May 2026 14:06:50 GMT', 'X-Trans-Id': 'tx3638daca3c6e47b3bf950-006a184bf9', 'X-Openstack-Request-Id': 'tx3638daca3c6e47b3bf950-006a184bf9', 'Connection': 'close'} {{(pid=101937) http_log /opt/stack/data/venv/lib/python3.12/site-packages/swiftclient/client.py:162}}
May 28 14:06:49.185472 np0000001643 devstack@g-api.service[101937]: INFO glance.location [None req-502f0bd9-ddc3-45c5-9096-372805e85082 tempest-VolumesActionsTest-95313981 tempest-VolumesActionsTest-95313981-project-member] Image format matched and virtual size computed: 1073741824
May 28 14:06:49.226736 np0000001643 devstack@g-api.service[101937]: DEBUG glance_store.backend [None req-502f0bd9-ddc3-45c5-9096-372805e85082 tempest-VolumesActionsTest-95313981 tempest-VolumesActionsTest-95313981-project-member] Attempting to import store swift {{(pid=101937) _load_store /opt/stack/data/venv/lib/python3.12/site-packages/glance_store/backend.py:215}}
May 28 14:06:49.227336 np0000001643 devstack@g-api.service[101937]: DEBUG glance_store.capabilities [None req-502f0bd9-ddc3-45c5-9096-372805e85082 tempest-VolumesActionsTest-95313981 tempest-VolumesActionsTest-95313981-project-member] Store glance_store._drivers.swift.store.SingleTenantStore doesn't support updating dynamic storage capabilities. Please overwrite 'update_capabilities' method of the store to implement updating logics if needed. {{(pid=101937) update_capabilities /opt/stack/data/venv/lib/python3.12/site-packages/glance_store/capabilities.py:91}}
May 28 14:06:49.227548 np0000001643 devstack@g-api.service[101937]: DEBUG glance_store.driver [None req-502f0bd9-ddc3-45c5-9096-372805e85082 tempest-VolumesActionsTest-95313981 tempest-VolumesActionsTest-95313981-project-member] Late loading location class glance_store._drivers.swift.store.StoreLocation {{(pid=101937) get_store_location_class /opt/stack/data/venv/lib/python3.12/site-packages/glance_store/driver.py:134}}
May 28 14:06:49.227646 np0000001643 devstack@g-api.service[101937]: DEBUG glance_store.location [None req-502f0bd9-ddc3-45c5-9096-372805e85082 tempest-VolumesActionsTest-95313981 tempest-VolumesActionsTest-95313981-project-member] Registering scheme swift+https with {'store': , 'location_class': , 'store_entry': 'swift'} {{(pid=101937) register_scheme_map /opt/stack/data/venv/lib/python3.12/site-packages/glance_store/location.py:146}}
May 28 14:06:49.227764 np0000001643 devstack@g-api.service[101937]: DEBUG glance_store.location [None req-502f0bd9-ddc3-45c5-9096-372805e85082 tempest-VolumesActionsTest-95313981 tempest-VolumesActionsTest-95313981-project-member] Registering scheme swift+https with {'store': , 'location_class': , 'store_entry': 'swift'} {{(pid=101937) register_scheme_map /opt/stack/data/venv/lib/python3.12/site-packages/glance_store/location.py:146}}
May 28 14:06:49.228357 np0000001643 devstack@g-api.service[101937]: DEBUG glance_store.location [None req-502f0bd9-ddc3-45c5-9096-372805e85082 tempest-VolumesActionsTest-95313981 tempest-VolumesActionsTest-95313981-project-member] Registering scheme swift with {'store': , 'location_class': , 'store_entry': 'swift'} {{(pid=101937) register_scheme_map /opt/stack/data/venv/lib/python3.12/site-packages/glance_store/location.py:146}}
May 28 14:06:49.228357 np0000001643 devstack@g-api.service[101937]: DEBUG glance_store.location [None req-502f0bd9-ddc3-45c5-9096-372805e85082 tempest-VolumesActionsTest-95313981 tempest-VolumesActionsTest-95313981-project-member] Registering scheme swift+https with {'store': , 'location_class': , 'store_entry': 'swift'} {{(pid=101937) register_scheme_map /opt/stack/data/venv/lib/python3.12/site-packages/glance_store/location.py:146}}
May 28 14:06:49.228357 np0000001643 devstack@g-api.service[101937]: DEBUG glance_store.location [None req-502f0bd9-ddc3-45c5-9096-372805e85082 tempest-VolumesActionsTest-95313981 tempest-VolumesActionsTest-95313981-project-member] Registering scheme swift with {'store': , 'location_class': , 'store_entry': 'swift'} {{(pid=101937) register_scheme_map /opt/stack/data/venv/lib/python3.12/site-packages/glance_store/location.py:146}}
May 28 14:06:49.228357 np0000001643 devstack@g-api.service[101937]: DEBUG glance_store.location [None req-502f0bd9-ddc3-45c5-9096-372805e85082 tempest-VolumesActionsTest-95313981 tempest-VolumesActionsTest-95313981-project-member] Registering scheme swift+http with {'store': , 'location_class': , 'store_entry': 'swift'} {{(pid=101937) register_scheme_map /opt/stack/data/venv/lib/python3.12/site-packages/glance_store/location.py:146}}
May 28 14:06:49.228357 np0000001643 devstack@g-api.service[101937]: DEBUG glance_store.location [None req-502f0bd9-ddc3-45c5-9096-372805e85082 tempest-VolumesActionsTest-95313981 tempest-VolumesActionsTest-95313981-project-member] Registering scheme swift+https with {'store': , 'location_class': , 'store_entry': 'swift'} {{(pid=101937) register_scheme_map /opt/stack/data/venv/lib/python3.12/site-packages/glance_store/location.py:146}}
