May 28 13:57:42.161928 np0000001643 neutron-periodic-workers[91919]: DEBUG cotyledon.oslo_config_glue [-] database.connection_trace = False {{(pid=91919) log_opt_values /opt/stack/data/venv/lib/python3.12/site-packages/oslo_config/cfg.py:3256}}
May 28 13:57:42.161928 np0000001643 neutron-periodic-workers[91919]: DEBUG cotyledon.oslo_config_glue [-] database.db_inc_retry_interval = True {{(pid=91919) log_opt_values /opt/stack/data/venv/lib/python3.12/site-packages/oslo_config/cfg.py:3256}}
May 28 13:57:42.162124 np0000001643 neutron-periodic-workers[91919]: DEBUG cotyledon.oslo_config_glue [-] database.db_max_retries = 20 {{(pid=91919) log_opt_values /opt/stack/data/venv/lib/python3.12/site-packages/oslo_config/cfg.py:3256}}
May 28 13:57:42.162124 np0000001643 neutron-periodic-workers[91919]: DEBUG cotyledon.oslo_config_glue [-] database.db_max_retry_interval = 10 {{(pid=91919) log_opt_values /opt/stack/data/venv/lib/python3.12/site-packages/oslo_config/cfg.py:3256}}
May 28 13:57:42.162124 np0000001643 neutron-periodic-workers[91919]: DEBUG cotyledon.oslo_config_glue [-] database.db_retry_interval = 1 {{(pid=91919) log_opt_values /opt/stack/data/venv/lib/python3.12/site-packages/oslo_config/cfg.py:3256}}
May 28 13:57:42.162306 np0000001643 neutron-periodic-workers[91919]: DEBUG cotyledon.oslo_config_glue [-] database.max_overflow = 50 {{(pid=91919) log_opt_values /opt/stack/data/venv/lib/python3.12/site-packages/oslo_config/cfg.py:3256}}
May 28 13:57:42.162306 np0000001643 neutron-periodic-workers[91919]: DEBUG cotyledon.oslo_config_glue [-] database.max_pool_size = 5 {{(pid=91919) log_opt_values /opt/stack/data/venv/lib/python3.12/site-packages/oslo_config/cfg.py:3256}}
May 28 13:57:42.162306 np0000001643 neutron-periodic-workers[91919]: DEBUG cotyledon.oslo_config_glue [-] database.max_retries = 10 {{(pid=91919) log_opt_values /opt/stack/data/venv/lib/python3.12/site-packages/oslo_config/cfg.py:3256}}
May 28 13:57:42.162518 np0000001643 neutron-periodic-workers[91919]: DEBUG cotyledon.oslo_config_glue [-] database.mysql_sql_mode = TRADITIONAL {{(pid=91919) log_opt_values /opt/stack/data/venv/lib/python3.12/site-packages/oslo_config/cfg.py:3256}}
May 28 13:57:42.162518 np0000001643 neutron-periodic-workers[91919]: DEBUG cotyledon.oslo_config_glue [-] database.mysql_wsrep_sync_wait = None {{(pid=91919) log_opt_values /opt/stack/data/venv/lib/python3.12/site-packages/oslo_config/cfg.py:3256}}
May 28 13:57:42.162719 np0000001643 neutron-periodic-workers[91919]: DEBUG cotyledon.oslo_config_glue [-] database.pool_timeout = None {{(pid=91919) log_opt_values /opt/stack/data/venv/lib/python3.12/site-packages/oslo_config/cfg.py:3256}}
May 28 13:57:42.162719 np0000001643 neutron-periodic-workers[91919]: DEBUG cotyledon.oslo_config_glue [-] database.retry_interval = 10 {{(pid=91919) log_opt_values /opt/stack/data/venv/lib/python3.12/site-packages/oslo_config/cfg.py:3256}}
May 28 13:57:42.162719 np0000001643 neutron-periodic-workers[91919]: DEBUG cotyledon.oslo_config_glue [-] database.slave_connection = **** {{(pid=91919) log_opt_values /opt/stack/data/venv/lib/python3.12/site-packages/oslo_config/cfg.py:3256}}
May 28 13:57:42.162938 np0000001643 neutron-periodic-workers[91919]: DEBUG cotyledon.oslo_config_glue [-] database.sqlite_synchronous = True {{(pid=91919) log_opt_values /opt/stack/data/venv/lib/python3.12/site-packages/oslo_config/cfg.py:3256}}
May 28 13:57:42.162938 np0000001643 neutron-periodic-workers[91919]: DEBUG cotyledon.oslo_config_glue [-] database.synchronous_reader = True {{(pid=91919) log_opt_values /opt/stack/data/venv/lib/python3.12/site-packages/oslo_config/cfg.py:3256}}
May 28 13:57:42.162938 np0000001643 neutron-periodic-workers[91919]: DEBUG cotyledon.oslo_config_glue [-] database.use_db_reconnect = False {{(pid=91919) log_opt_values /opt/stack/data/venv/lib/python3.12/site-packages/oslo_config/cfg.py:3256}}
May 28 13:57:42.162938 np0000001643 neutron-periodic-workers[91919]: DEBUG cotyledon.oslo_config_glue [-] ovn.bfd_min_rx = 1000 {{(pid=91919) log_opt_values /opt/stack/data/venv/lib/python3.12/site-packages/oslo_config/cfg.py:3256}}
May 28 13:57:42.163144 np0000001643 neutron-periodic-workers[91919]: DEBUG cotyledon.oslo_config_glue [-] ovn.bfd_min_tx = 100 {{(pid=91919) log_opt_values /opt/stack/data/venv/lib/python3.12/site-packages/oslo_config/cfg.py:3256}}
May 28 13:57:42.163144 np0000001643 neutron-periodic-workers[91919]: DEBUG cotyledon.oslo_config_glue [-] ovn.bfd_mult = 3 {{(pid=91919) log_opt_values /opt/stack/data/venv/lib/python3.12/site-packages/oslo_config/cfg.py:3256}}
May 28 13:57:42.163144 np0000001643 neutron-periodic-workers[91919]: DEBUG cotyledon.oslo_config_glue [-] ovn.broadcast_arps_to_all_routers = True {{(pid=91919) log_opt_values /opt/stack/data/venv/lib/python3.12/site-packages/oslo_config/cfg.py:3256}}
May 28 13:57:42.163295 np0000001643 neutron-periodic-workers[91919]: DEBUG cotyledon.oslo_config_glue [-] ovn.dhcp_default_lease_time = 43200 {{(pid=91919) log_opt_values /opt/stack/data/venv/lib/python3.12/site-packages/oslo_config/cfg.py:3256}}
May 28 13:57:42.163295 np0000001643 neutron-periodic-workers[91919]: DEBUG cotyledon.oslo_config_glue [-] ovn.disable_ovn_dhcp_for_baremetal_ports = False {{(pid=91919) log_opt_values /opt/stack/data/venv/lib/python3.12/site-packages/oslo_config/cfg.py:3256}}
May 28 13:57:42.163430 np0000001643 neutron-periodic-workers[91919]: DEBUG cotyledon.oslo_config_glue [-] ovn.dns_records_ovn_owned = False {{(pid=91919) log_opt_values /opt/stack/data/venv/lib/python3.12/site-packages/oslo_config/cfg.py:3256}}
May 28 13:57:42.163430 np0000001643 neutron-periodic-workers[91919]: DEBUG cotyledon.oslo_config_glue [-] ovn.dns_servers = [] {{(pid=91919) log_opt_values /opt/stack/data/venv/lib/python3.12/site-packages/oslo_config/cfg.py:3256}}
May 28 13:57:42.163597 np0000001643 neutron-periodic-workers[91919]: DEBUG cotyledon.oslo_config_glue [-] ovn.enable_distributed_floating_ip = False {{(pid=91919) log_opt_values /opt/stack/data/venv/lib/python3.12/site-packages/oslo_config/cfg.py:3256}}
May 28 13:57:42.163597 np0000001643 neutron-periodic-workers[91919]: DEBUG cotyledon.oslo_config_glue [-] ovn.fdb_age_threshold = 300 {{(pid=91919) log_opt_values /opt/stack/data/venv/lib/python3.12/site-packages/oslo_config/cfg.py:3256}}
May 28 13:57:42.163597 np0000001643 neutron-periodic-workers[91919]: DEBUG cotyledon.oslo_config_glue [-] ovn.ha_failover_strategy = normal {{(pid=91919) log_opt_values /opt/stack/data/venv/lib/python3.12/site-packages/oslo_config/cfg.py:3256}}
May 28 13:57:42.163778 np0000001643 neutron-periodic-workers[91919]: DEBUG cotyledon.oslo_config_glue [-] ovn.live_migration_activation_strategy = rarp {{(pid=91919) log_opt_values /opt/stack/data/venv/lib/python3.12/site-packages/oslo_config/cfg.py:3256}}
May 28 13:57:42.163778 np0000001643 neutron-periodic-workers[91919]: DEBUG cotyledon.oslo_config_glue [-] ovn.localnet_learn_fdb = False {{(pid=91919) log_opt_values /opt/stack/data/venv/lib/python3.12/site-packages/oslo_config/cfg.py:3256}}
May 28 13:57:42.163778 np0000001643 neutron-periodic-workers[91919]: DEBUG cotyledon.oslo_config_glue [-] ovn.mac_binding_age_threshold = 300 {{(pid=91919) log_opt_values /opt/stack/data/venv/lib/python3.12/site-packages/oslo_config/cfg.py:3256}}
May 28 13:57:42.163948 np0000001643 neutron-periodic-workers[91919]: DEBUG cotyledon.oslo_config_glue [-] ovn.neutron_sync_mode = log {{(pid=91919) log_opt_values /opt/stack/data/venv/lib/python3.12/site-packages/oslo_config/cfg.py:3256}}
May 28 13:57:42.163948 np0000001643 neutron-periodic-workers[91919]: DEBUG cotyledon.oslo_config_glue [-] ovn.ovn_dhcp4_global_options = {} {{(pid=91919) log_opt_values /opt/stack/data/venv/lib/python3.12/site-packages/oslo_config/cfg.py:3256}}
May 28 13:57:42.163948 np0000001643 neutron-periodic-workers[91919]: DEBUG cotyledon.oslo_config_glue [-] ovn.ovn_dhcp6_global_options = {} {{(pid=91919) log_opt_values /opt/stack/data/venv/lib/python3.12/site-packages/oslo_config/cfg.py:3256}}
May 28 13:57:42.164130 np0000001643 neutron-periodic-workers[91919]: DEBUG cotyledon.oslo_config_glue [-] ovn.ovn_l3_scheduler = leastloaded {{(pid=91919) log_opt_values /opt/stack/data/venv/lib/python3.12/site-packages/oslo_config/cfg.py:3256}}
May 28 13:57:42.164130 np0000001643 neutron-periodic-workers[91919]: DEBUG cotyledon.oslo_config_glue [-] ovn.ovn_metadata_enabled = True {{(pid=91919) log_opt_values /opt/stack/data/venv/lib/python3.12/site-packages/oslo_config/cfg.py:3256}}
May 28 13:57:42.164130 np0000001643 neutron-periodic-workers[91919]: DEBUG cotyledon.oslo_config_glue [-] ovn.ovn_nb_ca_cert = /opt/stack/data/CA/int-ca/ca-chain.pem {{(pid=91919) log_opt_values /opt/stack/data/venv/lib/python3.12/site-packages/oslo_config/cfg.py:3256}}
May 28 13:57:42.164290 np0000001643 neutron-periodic-workers[91919]: DEBUG cotyledon.oslo_config_glue [-] ovn.ovn_nb_certificate = /opt/stack/data/CA/int-ca/devstack-cert.crt {{(pid=91919) log_opt_values /opt/stack/data/venv/lib/python3.12/site-packages/oslo_config/cfg.py:3256}}
May 28 13:57:42.164290 np0000001643 neutron-periodic-workers[91919]: DEBUG cotyledon.oslo_config_glue [-] ovn.ovn_nb_connection = ['ssl:10.4.3.222:6641'] {{(pid=91919) log_opt_values /opt/stack/data/venv/lib/python3.12/site-packages/oslo_config/cfg.py:3256}}
May 28 13:57:42.164290 np0000001643 neutron-periodic-workers[91919]: DEBUG cotyledon.oslo_config_glue [-] ovn.ovn_nb_private_key = /opt/stack/data/CA/int-ca/private/devstack-cert.key {{(pid=91919) log_opt_values /opt/stack/data/venv/lib/python3.12/site-packages/oslo_config/cfg.py:3256}}
May 28 13:57:42.164456 np0000001643 neutron-periodic-workers[91919]: DEBUG cotyledon.oslo_config_glue [-] ovn.ovn_router_indirect_snat = False {{(pid=91919) log_opt_values /opt/stack/data/venv/lib/python3.12/site-packages/oslo_config/cfg.py:3256}}
May 28 13:57:42.164456 np0000001643 neutron-periodic-workers[91919]: DEBUG cotyledon.oslo_config_glue [-] ovn.ovn_sb_ca_cert = /opt/stack/data/CA/int-ca/ca-chain.pem {{(pid=91919) log_opt_values /opt/stack/data/venv/lib/python3.12/site-packages/oslo_config/cfg.py:3256}}
May 28 13:57:42.164615 np0000001643 neutron-periodic-workers[91919]: DEBUG cotyledon.oslo_config_glue [-] ovn.ovn_sb_certificate = /opt/stack/data/CA/int-ca/devstack-cert.crt {{(pid=91919) log_opt_values /opt/stack/data/venv/lib/python3.12/site-packages/oslo_config/cfg.py:3256}}
May 28 13:57:42.164615 np0000001643 neutron-periodic-workers[91919]: DEBUG cotyledon.oslo_config_glue [-] ovn.ovn_sb_connection = ['ssl:10.4.3.222:6642'] {{(pid=91919) log_opt_values /opt/stack/data/venv/lib/python3.12/site-packages/oslo_config/cfg.py:3256}}
May 28 13:57:42.164615 np0000001643 neutron-periodic-workers[91919]: DEBUG cotyledon.oslo_config_glue [-] ovn.ovn_sb_private_key = /opt/stack/data/CA/int-ca/private/devstack-cert.key {{(pid=91919) log_opt_values /opt/stack/data/venv/lib/python3.12/site-packages/oslo_config/cfg.py:3256}}
May 28 13:57:42.164775 np0000001643 neutron-periodic-workers[91919]: DEBUG cotyledon.oslo_config_glue [-] ovn.ovs_create_tap = False {{(pid=91919) log_opt_values /opt/stack/data/venv/lib/python3.12/site-packages/oslo_config/cfg.py:3256}}
May 28 13:57:42.164775 np0000001643 neutron-periodic-workers[91919]: DEBUG cotyledon.oslo_config_glue [-] ovn.ovsdb_connection_timeout = 180 {{(pid=91919) log_opt_values /opt/stack/data/venv/lib/python3.12/site-packages/oslo_config/cfg.py:3256}}
May 28 13:57:42.164775 np0000001643 neutron-periodic-workers[91919]: DEBUG cotyledon.oslo_config_glue [-] ovn.ovsdb_log_level = INFO {{(pid=91919) log_opt_values /opt/stack/data/venv/lib/python3.12/site-packages/oslo_config/cfg.py:3256}}
May 28 13:57:42.164953 np0000001643 neutron-periodic-workers[91919]: DEBUG cotyledon.oslo_config_glue [-] ovn.ovsdb_probe_interval = 60000 {{(pid=91919) log_opt_values /opt/stack/data/venv/lib/python3.12/site-packages/oslo_config/cfg.py:3256}}
May 28 13:57:42.164953 np0000001643 neutron-periodic-workers[91919]: DEBUG cotyledon.oslo_config_glue [-] ovn.ovsdb_retry_max_interval = 180 {{(pid=91919) log_opt_values /opt/stack/data/venv/lib/python3.12/site-packages/oslo_config/cfg.py:3256}}
May 28 13:57:42.164953 np0000001643 neutron-periodic-workers[91919]: DEBUG cotyledon.oslo_config_glue [-] ovn.stateless_nat_enabled = False {{(pid=91919) log_opt_values /opt/stack/data/venv/lib/python3.12/site-packages/oslo_config/cfg.py:3256}}
May 28 13:57:42.165160 np0000001643 neutron-periodic-workers[91919]: DEBUG cotyledon.oslo_config_glue [-] ovn.vhost_sock_dir = /var/run/openvswitch {{(pid=91919) log_opt_values /opt/stack/data/venv/lib/python3.12/site-packages/oslo_config/cfg.py:3256}}
May 28 13:57:42.165160 np0000001643 neutron-periodic-workers[91919]: DEBUG cotyledon.oslo_config_glue [-] OVS.bridge_mac_table_size = 50000 {{(pid=91919) log_opt_values /opt/stack/data/venv/lib/python3.12/site-packages/oslo_config/cfg.py:3256}}
May 28 13:57:42.165160 np0000001643 neutron-periodic-workers[91919]: DEBUG cotyledon.oslo_config_glue [-] OVS.igmp_flood = False {{(pid=91919) log_opt_values /opt/stack/data/venv/lib/python3.12/site-packages/oslo_config/cfg.py:3256}}
May 28 13:57:42.165274 np0000001643 neutron-periodic-workers[91919]: DEBUG cotyledon.oslo_config_glue [-] OVS.igmp_flood_reports = True {{(pid=91919) log_opt_values /opt/stack/data/venv/lib/python3.12/site-packages/oslo_config/cfg.py:3256}}
May 28 13:57:42.165315 np0000001643 neutron-periodic-workers[91919]: DEBUG cotyledon.oslo_config_glue [-] OVS.igmp_flood_unregistered = False {{(pid=91919) log_opt_values /opt/stack/data/venv/lib/python3.12/site-packages/oslo_config/cfg.py:3256}}
May 28 13:57:42.165354 np0000001643 neutron-periodic-workers[91919]: DEBUG cotyledon.oslo_config_glue [-] OVS.igmp_snooping_enable = False {{(pid=91919) log_opt_values /opt/stack/data/venv/lib/python3.12/site-packages/oslo_config/cfg.py:3256}}
May 28 13:57:42.165438 np0000001643 neutron-periodic-workers[91919]: DEBUG cotyledon.oslo_config_glue [-] OVS.ovsdb_timeout = 10 {{(pid=91919) log_opt_values /opt/stack/data/venv/lib/python3.12/site-packages/oslo_config/cfg.py:3256}}
May 28 13:57:42.165538 np0000001643 neutron-periodic-workers[91919]: DEBUG cotyledon.oslo_config_glue [-] ovn_nb_global.fdb_removal_limit = 0 {{(pid=91919) log_opt_values /opt/stack/data/venv/lib/python3.12/site-packages/oslo_config/cfg.py:3256}}
May 28 13:57:42.165624 np0000001643 neutron-periodic-workers[91919]: DEBUG cotyledon.oslo_config_glue [-] ovn_nb_global.ignore_lsp_down = False {{(pid=91919) log_opt_values /opt/stack/data/venv/lib/python3.12/site-packages/oslo_config/cfg.py:3256}}
May 28 13:57:42.165699 np0000001643 neutron-periodic-workers[91919]: DEBUG cotyledon.oslo_config_glue [-] ovn_nb_global.mac_binding_removal_limit = 0 {{(pid=91919) log_opt_values /opt/stack/data/venv/lib/python3.12/site-packages/oslo_config/cfg.py:3256}}
May 28 13:57:42.165767 np0000001643 neutron-periodic-workers[91919]: DEBUG cotyledon.oslo_config_glue [-] ******************************************************************************** {{(pid=91919) log_opt_values /opt/stack/data/venv/lib/python3.12/site-packages/oslo_config/cfg.py:3263}}
May 28 13:57:42.165983 np0000001643 neutron-periodic-workers[91919]: DEBUG cotyledon._service_worker [-] Run service ServiceWrapper(0) [91919] {{(pid=91919) wait_forever /opt/stack/data/venv/lib/python3.12/site-packages/cotyledon/_service_worker.py:218}}
May 28 13:57:42.166789 np0000001643 neutron-periodic-workers[91919]: DEBUG neutron.worker [-] PeriodicWorker start called, description: Periodic worker for "DbQuotaNoLockDriver" {{(pid=91919) wrapper /opt/stack/neutron/neutron/common/utils.py:197}}
May 28 13:57:42.167815 np0000001643 neutron-periodic-workers[91919]: DEBUG neutron.worker [-] PeriodicWorker start finished, description: Periodic worker for "DbQuotaNoLockDriver" {{(pid=91919) wrapper /opt/stack/neutron/neutron/common/utils.py:200}}
May 28 13:57:42.167934 np0000001643 neutron-periodic-workers[91919]: DEBUG neutron.worker [-] PeriodicWorker wait called, description: Periodic worker for "DbQuotaNoLockDriver" {{(pid=91919) wrapper /opt/stack/neutron/neutron/common/utils.py:197}}
May 28 13:57:51.776328 np0000001643 neutron-periodic-workers[90957]: DEBUG dbcounter [-] [90957] Writing DB stats neutron:SELECT=4 {{(pid=90957) stat_writer /opt/stack/data/venv/lib/python3.12/site-packages/dbcounter.py:115}}
May 28 13:58:22.147534 np0000001643 neutron-periodic-workers[91909]: DEBUG oslo_db.sqlalchemy.engines [None req-2c64752c-0bfd-49df-9d50-7326bc1bc836 None None] Parent process 90957 forked (91909) with an open database connection, which is being discarded and recreated. {{(pid=91909) checkout /opt/stack/data/venv/lib/python3.12/site-packages/oslo_db/sqlalchemy/engines.py:402}}
May 28 13:58:22.194869 np0000001643 neutron-periodic-workers[91909]: DEBUG dbcounter [-] [91909] Writer thread running {{(pid=91909) stat_writer /opt/stack/data/venv/lib/python3.12/site-packages/dbcounter.py:102}}
May 28 13:58:22.198488 np0000001643 neutron-periodic-workers[91909]: DEBUG neutron.db.agents_db [None req-2c64752c-0bfd-49df-9d50-7326bc1bc836 None None] Agent healthcheck: found 0 active agents {{(pid=91909) agent_health_check /opt/stack/neutron/neutron/db/agents_db.py:322}}
May 28 13:58:22.198794 np0000001643 neutron-periodic-workers[91909]: DEBUG oslo.service.backend._threading.loopingcall [None req-2c64752c-0bfd-49df-9d50-7326bc1bc836 None None] Fixed interval looping call 'neutron.plugins.ml2.plugin.AgentDbMixin.agent_health_check' sleeping for 36.94 seconds {{(pid=91909) _run_loop /opt/stack/data/venv/lib/python3.12/site-packages/oslo_service/backend/_threading/loopingcall.py:125}}
May 28 13:58:32.195351 np0000001643 neutron-periodic-workers[91909]: DEBUG dbcounter [-] [91909] Writing DB stats neutron:SELECT=1 {{(pid=91909) stat_writer /opt/stack/data/venv/lib/python3.12/site-packages/dbcounter.py:115}}
May 28 13:58:34.173347 np0000001643 neutron-periodic-workers[91899]: DEBUG dbcounter [-] [91899] Writer thread running {{(pid=91899) stat_writer /opt/stack/data/venv/lib/python3.12/site-packages/dbcounter.py:102}}
May 28 13:58:34.181729 np0000001643 neutron-periodic-workers[91899]: DEBUG oslo.service.backend._threading.loopingcall [None req-52d790e5-2c0c-48a8-bc21-c9efcbcff992 None None] Fixed interval looping call 'neutron.plugins.ml2.plugin.DhcpAgentSchedulerDbMixin.remove_networks_from_down_agents' sleeping for 36.94 seconds {{(pid=91899) _run_loop /opt/stack/data/venv/lib/python3.12/site-packages/oslo_service/backend/_threading/loopingcall.py:125}}
May 28 13:58:44.180691 np0000001643 neutron-periodic-workers[91899]: DEBUG dbcounter [-] [91899] Writing DB stats neutron:SELECT=3 {{(pid=91899) stat_writer /opt/stack/data/venv/lib/python3.12/site-packages/dbcounter.py:115}}
May 28 13:58:59.142726 np0000001643 neutron-periodic-workers[91909]: DEBUG neutron.db.agents_db [None req-2c64752c-0bfd-49df-9d50-7326bc1bc836 None None] Agent healthcheck: found 0 active agents {{(pid=91909) agent_health_check /opt/stack/neutron/neutron/db/agents_db.py:322}}
May 28 13:58:59.143100 np0000001643 neutron-periodic-workers[91909]: DEBUG oslo.service.backend._threading.loopingcall [None req-2c64752c-0bfd-49df-9d50-7326bc1bc836 None None] Fixed interval looping call 'neutron.plugins.ml2.plugin.AgentDbMixin.agent_health_check' sleeping for 37.00 seconds {{(pid=91909) _run_loop /opt/stack/data/venv/lib/python3.12/site-packages/oslo_service/backend/_threading/loopingcall.py:125}}
May 28 13:59:09.141637 np0000001643 neutron-periodic-workers[91909]: DEBUG dbcounter [-] [91909] Writing DB stats neutron:SELECT=1 {{(pid=91909) stat_writer /opt/stack/data/venv/lib/python3.12/site-packages/dbcounter.py:115}}
May 28 13:59:11.132278 np0000001643 neutron-periodic-workers[91899]: DEBUG oslo.service.backend._threading.loopingcall [None req-52d790e5-2c0c-48a8-bc21-c9efcbcff992 None None] Fixed interval looping call 'neutron.plugins.ml2.plugin.DhcpAgentSchedulerDbMixin.remove_networks_from_down_agents' sleeping for 36.99 seconds {{(pid=91899) _run_loop /opt/stack/data/venv/lib/python3.12/site-packages/oslo_service/backend/_threading/loopingcall.py:125}}
May 28 13:59:21.128198 np0000001643 neutron-periodic-workers[91899]: DEBUG dbcounter [-] [91899] Writing DB stats neutron:SELECT=3 {{(pid=91899) stat_writer /opt/stack/data/venv/lib/python3.12/site-packages/dbcounter.py:115}}
May 28 13:59:23.175760 np0000001643 neutron-periodic-workers[91888]: DEBUG dbcounter [-] [91888] Writer thread running {{(pid=91888) stat_writer /opt/stack/data/venv/lib/python3.12/site-packages/dbcounter.py:102}}
May 28 13:59:23.185421 np0000001643 neutron-periodic-workers[91888]: DEBUG oslo.service.backend._threading.loopingcall [None req-3fe9ff6e-71fd-475f-878d-28600950ce20 None None] Fixed interval looping call 'neutron.services.ovn_l3.plugin.L3_NAT_dbonly_mixin._clean_garbage' sleeping for 299.93 seconds {{(pid=91888) _run_loop /opt/stack/data/venv/lib/python3.12/site-packages/oslo_service/backend/_threading/loopingcall.py:125}}
May 28 13:59:33.176532 np0000001643 neutron-periodic-workers[91888]: DEBUG dbcounter [-] [91888] Writing DB stats neutron:SELECT=1 {{(pid=91888) stat_writer /opt/stack/data/venv/lib/python3.12/site-packages/dbcounter.py:115}}
May 28 13:59:36.147795 np0000001643 neutron-periodic-workers[91909]: DEBUG neutron.db.agents_db [None req-2c64752c-0bfd-49df-9d50-7326bc1bc836 None None] Agent healthcheck: found 0 active agents {{(pid=91909) agent_health_check /opt/stack/neutron/neutron/db/agents_db.py:322}}
May 28 13:59:36.147795 np0000001643 neutron-periodic-workers[91909]: DEBUG oslo.service.backend._threading.loopingcall [None req-2c64752c-0bfd-49df-9d50-7326bc1bc836 None None] Fixed interval looping call 'neutron.plugins.ml2.plugin.AgentDbMixin.agent_health_check' sleeping for 37.00 seconds {{(pid=91909) _run_loop /opt/stack/data/venv/lib/python3.12/site-packages/oslo_service/backend/_threading/loopingcall.py:125}}
May 28 13:59:42.215956 np0000001643 neutron-periodic-workers[91919]: DEBUG dbcounter [-] [91919] Writer thread running {{(pid=91919) stat_writer /opt/stack/data/venv/lib/python3.12/site-packages/dbcounter.py:102}}
May 28 13:59:42.218080 np0000001643 neutron-periodic-workers[91919]: DEBUG oslo.service.backend._threading.loopingcall [None req-edd8b2fe-9664-4659-bc04-f77809bc8aa1 None None] Fixed interval looping call 'neutron.db.quota.driver_nolock.DbQuotaNoLockDriver._remove_expired_reservations' sleeping for 119.95 seconds {{(pid=91919) _run_loop /opt/stack/data/venv/lib/python3.12/site-packages/oslo_service/backend/_threading/loopingcall.py:125}}
May 28 13:59:46.145970 np0000001643 neutron-periodic-workers[91909]: DEBUG dbcounter [-] [91909] Writing DB stats neutron:SELECT=1 {{(pid=91909) stat_writer /opt/stack/data/venv/lib/python3.12/site-packages/dbcounter.py:115}}
May 28 13:59:48.129276 np0000001643 neutron-periodic-workers[91899]: DEBUG oslo.service.backend._threading.loopingcall [None req-52d790e5-2c0c-48a8-bc21-c9efcbcff992 None None] Fixed interval looping call 'neutron.plugins.ml2.plugin.DhcpAgentSchedulerDbMixin.remove_networks_from_down_agents' sleeping for 36.99 seconds {{(pid=91899) _run_loop /opt/stack/data/venv/lib/python3.12/site-packages/oslo_service/backend/_threading/loopingcall.py:125}}
May 28 13:59:52.216398 np0000001643 neutron-periodic-workers[91919]: DEBUG dbcounter [-] [91919] Writing DB stats neutron:DELETE=1 {{(pid=91919) stat_writer /opt/stack/data/venv/lib/python3.12/site-packages/dbcounter.py:115}}
May 28 13:59:58.128731 np0000001643 neutron-periodic-workers[91899]: DEBUG dbcounter [-] [91899] Writing DB stats neutron:SELECT=3 {{(pid=91899) stat_writer /opt/stack/data/venv/lib/python3.12/site-packages/dbcounter.py:115}}
May 28 14:00:13.152544 np0000001643 neutron-periodic-workers[91909]: DEBUG neutron.db.agents_db [None req-2c64752c-0bfd-49df-9d50-7326bc1bc836 None None] Agent healthcheck: found 0 active agents {{(pid=91909) agent_health_check /opt/stack/neutron/neutron/db/agents_db.py:322}}
May 28 14:00:13.153064 np0000001643 neutron-periodic-workers[91909]: DEBUG oslo.service.backend._threading.loopingcall [None req-2c64752c-0bfd-49df-9d50-7326bc1bc836 None None] Fixed interval looping call 'neutron.plugins.ml2.plugin.AgentDbMixin.agent_health_check' sleeping for 37.00 seconds {{(pid=91909) _run_loop /opt/stack/data/venv/lib/python3.12/site-packages/oslo_service/backend/_threading/loopingcall.py:125}}
May 28 14:00:23.150890 np0000001643 neutron-periodic-workers[91909]: DEBUG dbcounter [-] [91909] Writing DB stats neutron:SELECT=1 {{(pid=91909) stat_writer /opt/stack/data/venv/lib/python3.12/site-packages/dbcounter.py:115}}
May 28 14:00:25.125749 np0000001643 neutron-periodic-workers[91899]: DEBUG oslo.service.backend._threading.loopingcall [None req-52d790e5-2c0c-48a8-bc21-c9efcbcff992 None None] Fixed interval looping call 'neutron.plugins.ml2.plugin.DhcpAgentSchedulerDbMixin.remove_networks_from_down_agents' sleeping for 36.99 seconds {{(pid=91899) _run_loop /opt/stack/data/venv/lib/python3.12/site-packages/oslo_service/backend/_threading/loopingcall.py:125}}
May 28 14:00:35.124710 np0000001643 neutron-periodic-workers[91899]: DEBUG dbcounter [-] [91899] Writing DB stats neutron:SELECT=3 {{(pid=91899) stat_writer /opt/stack/data/venv/lib/python3.12/site-packages/dbcounter.py:115}}
May 28 14:00:50.156425 np0000001643 neutron-periodic-workers[91909]: DEBUG neutron.db.agents_db [None req-2c64752c-0bfd-49df-9d50-7326bc1bc836 None None] Agent healthcheck: found 0 active agents {{(pid=91909) agent_health_check /opt/stack/neutron/neutron/db/agents_db.py:322}}
May 28 14:00:50.156818 np0000001643 neutron-periodic-workers[91909]: DEBUG oslo.service.backend._threading.loopingcall [None req-2c64752c-0bfd-49df-9d50-7326bc1bc836 None None] Fixed interval looping call 'neutron.plugins.ml2.plugin.AgentDbMixin.agent_health_check' sleeping for 37.00 seconds {{(pid=91909) _run_loop /opt/stack/data/venv/lib/python3.12/site-packages/oslo_service/backend/_threading/loopingcall.py:125}}
May 28 14:01:00.155226 np0000001643 neutron-periodic-workers[91909]: DEBUG dbcounter [-] [91909] Writing DB stats neutron:SELECT=1 {{(pid=91909) stat_writer /opt/stack/data/venv/lib/python3.12/site-packages/dbcounter.py:115}}
May 28 14:01:02.124129 np0000001643 neutron-periodic-workers[91899]: DEBUG oslo.service.backend._threading.loopingcall [None req-52d790e5-2c0c-48a8-bc21-c9efcbcff992 None None] Fixed interval looping call 'neutron.plugins.ml2.plugin.DhcpAgentSchedulerDbMixin.remove_networks_from_down_agents' sleeping for 36.99 seconds {{(pid=91899) _run_loop /opt/stack/data/venv/lib/python3.12/site-packages/oslo_service/backend/_threading/loopingcall.py:125}}
May 28 14:01:12.123211 np0000001643 neutron-periodic-workers[91899]: DEBUG dbcounter [-] [91899] Writing DB stats neutron:SELECT=3 {{(pid=91899) stat_writer /opt/stack/data/venv/lib/python3.12/site-packages/dbcounter.py:115}}
May 28 14:01:27.167402 np0000001643 neutron-periodic-workers[91909]: DEBUG neutron.db.agents_db [None req-2c64752c-0bfd-49df-9d50-7326bc1bc836 None None] Agent healthcheck: found 0 active agents {{(pid=91909) agent_health_check /opt/stack/neutron/neutron/db/agents_db.py:322}}
May 28 14:01:27.167402 np0000001643 neutron-periodic-workers[91909]: DEBUG oslo.service.backend._threading.loopingcall [None req-2c64752c-0bfd-49df-9d50-7326bc1bc836 None None] Fixed interval looping call 'neutron.plugins.ml2.plugin.AgentDbMixin.agent_health_check' sleeping for 36.99 seconds {{(pid=91909) _run_loop /opt/stack/data/venv/lib/python3.12/site-packages/oslo_service/backend/_threading/loopingcall.py:125}}
May 28 14:01:37.162855 np0000001643 neutron-periodic-workers[91909]: DEBUG dbcounter [-] [91909] Writing DB stats neutron:SELECT=1 {{(pid=91909) stat_writer /opt/stack/data/venv/lib/python3.12/site-packages/dbcounter.py:115}}
May 28 14:01:39.126170 np0000001643 neutron-periodic-workers[91899]: DEBUG oslo.service.backend._threading.loopingcall [None req-52d790e5-2c0c-48a8-bc21-c9efcbcff992 None None] Fixed interval looping call 'neutron.plugins.ml2.plugin.DhcpAgentSchedulerDbMixin.remove_networks_from_down_agents' sleeping for 36.99 seconds {{(pid=91899) _run_loop /opt/stack/data/venv/lib/python3.12/site-packages/oslo_service/backend/_threading/loopingcall.py:125}}
May 28 14:01:42.173394 np0000001643 neutron-periodic-workers[91919]: DEBUG oslo.service.backend._threading.loopingcall [None req-edd8b2fe-9664-4659-bc04-f77809bc8aa1 None None] Fixed interval looping call 'neutron.db.quota.driver_nolock.DbQuotaNoLockDriver._remove_expired_reservations' sleeping for 120.00 seconds {{(pid=91919) _run_loop /opt/stack/data/venv/lib/python3.12/site-packages/oslo_service/backend/_threading/loopingcall.py:125}}
May 28 14:01:49.124590 np0000001643 neutron-periodic-workers[91899]: DEBUG dbcounter [-] [91899] Writing DB stats neutron:SELECT=3 {{(pid=91899) stat_writer /opt/stack/data/venv/lib/python3.12/site-packages/dbcounter.py:115}}
May 28 14:01:52.170714 np0000001643 neutron-periodic-workers[91919]: DEBUG dbcounter [-] [91919] Writing DB stats neutron:DELETE=1 {{(pid=91919) stat_writer /opt/stack/data/venv/lib/python3.12/site-packages/dbcounter.py:115}}
May 28 14:02:04.160941 np0000001643 neutron-periodic-workers[91909]: DEBUG neutron.db.agents_db [None req-2c64752c-0bfd-49df-9d50-7326bc1bc836 None None] Agent healthcheck: found 0 active agents {{(pid=91909) agent_health_check /opt/stack/neutron/neutron/db/agents_db.py:322}}
May 28 14:02:04.161421 np0000001643 neutron-periodic-workers[91909]: DEBUG oslo.service.backend._threading.loopingcall [None req-2c64752c-0bfd-49df-9d50-7326bc1bc836 None None] Fixed interval looping call 'neutron.plugins.ml2.plugin.AgentDbMixin.agent_health_check' sleeping for 37.00 seconds {{(pid=91909) _run_loop /opt/stack/data/venv/lib/python3.12/site-packages/oslo_service/backend/_threading/loopingcall.py:125}}
May 28 14:02:14.159863 np0000001643 neutron-periodic-workers[91909]: DEBUG dbcounter [-] [91909] Writing DB stats neutron:SELECT=1 {{(pid=91909) stat_writer /opt/stack/data/venv/lib/python3.12/site-packages/dbcounter.py:115}}
May 28 14:02:16.132878 np0000001643 neutron-periodic-workers[91899]: DEBUG oslo.service.backend._threading.loopingcall [None req-52d790e5-2c0c-48a8-bc21-c9efcbcff992 None None] Fixed interval looping call 'neutron.plugins.ml2.plugin.DhcpAgentSchedulerDbMixin.remove_networks_from_down_agents' sleeping for 36.99 seconds {{(pid=91899) _run_loop /opt/stack/data/venv/lib/python3.12/site-packages/oslo_service/backend/_threading/loopingcall.py:125}}
May 28 14:02:26.125438 np0000001643 neutron-periodic-workers[91899]: DEBUG dbcounter [-] [91899] Writing DB stats neutron:SELECT=3 {{(pid=91899) stat_writer /opt/stack/data/venv/lib/python3.12/site-packages/dbcounter.py:115}}
May 28 14:02:41.169962 np0000001643 neutron-periodic-workers[91909]: DEBUG neutron.db.agents_db [None req-2c64752c-0bfd-49df-9d50-7326bc1bc836 None None] Agent healthcheck: found 0 active agents {{(pid=91909) agent_health_check /opt/stack/neutron/neutron/db/agents_db.py:322}}
May 28 14:02:41.169962 np0000001643 neutron-periodic-workers[91909]: DEBUG oslo.service.backend._threading.loopingcall [None req-2c64752c-0bfd-49df-9d50-7326bc1bc836 None None] Fixed interval looping call 'neutron.plugins.ml2.plugin.AgentDbMixin.agent_health_check' sleeping for 36.99 seconds {{(pid=91909) _run_loop /opt/stack/data/venv/lib/python3.12/site-packages/oslo_service/backend/_threading/loopingcall.py:125}}
May 28 14:02:51.166109 np0000001643 neutron-periodic-workers[91909]: DEBUG dbcounter [-] [91909] Writing DB stats neutron:SELECT=1 {{(pid=91909) stat_writer /opt/stack/data/venv/lib/python3.12/site-packages/dbcounter.py:115}}
May 28 14:02:53.132656 np0000001643 neutron-periodic-workers[91899]: DEBUG oslo.service.backend._threading.loopingcall [None req-52d790e5-2c0c-48a8-bc21-c9efcbcff992 None None] Fixed interval looping call 'neutron.plugins.ml2.plugin.DhcpAgentSchedulerDbMixin.remove_networks_from_down_agents' sleeping for 36.99 seconds {{(pid=91899) _run_loop /opt/stack/data/venv/lib/python3.12/site-packages/oslo_service/backend/_threading/loopingcall.py:125}}
May 28 14:03:03.129881 np0000001643 neutron-periodic-workers[91899]: DEBUG dbcounter [-] [91899] Writing DB stats neutron:SELECT=3 {{(pid=91899) stat_writer /opt/stack/data/venv/lib/python3.12/site-packages/dbcounter.py:115}}
May 28 14:03:18.164376 np0000001643 neutron-periodic-workers[91909]: DEBUG neutron.db.agents_db [None req-2c64752c-0bfd-49df-9d50-7326bc1bc836 None None] Agent healthcheck: found 0 active agents {{(pid=91909) agent_health_check /opt/stack/neutron/neutron/db/agents_db.py:322}}
May 28 14:03:18.164376 np0000001643 neutron-periodic-workers[91909]: DEBUG oslo.service.backend._threading.loopingcall [None req-2c64752c-0bfd-49df-9d50-7326bc1bc836 None None] Fixed interval looping call 'neutron.plugins.ml2.plugin.AgentDbMixin.agent_health_check' sleeping for 37.00 seconds {{(pid=91909) _run_loop /opt/stack/data/venv/lib/python3.12/site-packages/oslo_service/backend/_threading/loopingcall.py:125}}
May 28 14:03:28.162674 np0000001643 neutron-periodic-workers[91909]: DEBUG dbcounter [-] [91909] Writing DB stats neutron:SELECT=1 {{(pid=91909) stat_writer /opt/stack/data/venv/lib/python3.12/site-packages/dbcounter.py:115}}
May 28 14:03:30.130274 np0000001643 neutron-periodic-workers[91899]: DEBUG oslo.service.backend._threading.loopingcall [None req-52d790e5-2c0c-48a8-bc21-c9efcbcff992 None None] Fixed interval looping call 'neutron.plugins.ml2.plugin.DhcpAgentSchedulerDbMixin.remove_networks_from_down_agents' sleeping for 36.99 seconds {{(pid=91899) _run_loop /opt/stack/data/venv/lib/python3.12/site-packages/oslo_service/backend/_threading/loopingcall.py:125}}
May 28 14:03:40.129815 np0000001643 neutron-periodic-workers[91899]: DEBUG dbcounter [-] [91899] Writing DB stats neutron:SELECT=3 {{(pid=91899) stat_writer /opt/stack/data/venv/lib/python3.12/site-packages/dbcounter.py:115}}
May 28 14:03:42.180099 np0000001643 neutron-periodic-workers[91919]: DEBUG oslo.service.backend._threading.loopingcall [None req-edd8b2fe-9664-4659-bc04-f77809bc8aa1 None None] Fixed interval looping call 'neutron.db.quota.driver_nolock.DbQuotaNoLockDriver._remove_expired_reservations' sleeping for 119.99 seconds {{(pid=91919) _run_loop /opt/stack/data/venv/lib/python3.12/site-packages/oslo_service/backend/_threading/loopingcall.py:125}}
May 28 14:03:52.179699 np0000001643 neutron-periodic-workers[91919]: DEBUG dbcounter [-] [91919] Writing DB stats neutron:DELETE=1 {{(pid=91919) stat_writer /opt/stack/data/venv/lib/python3.12/site-packages/dbcounter.py:115}}
May 28 14:03:55.170288 np0000001643 neutron-periodic-workers[91909]: DEBUG neutron.db.agents_db [None req-2c64752c-0bfd-49df-9d50-7326bc1bc836 None None] Agent healthcheck: found 0 active agents {{(pid=91909) agent_health_check /opt/stack/neutron/neutron/db/agents_db.py:322}}
May 28 14:03:55.170288 np0000001643 neutron-periodic-workers[91909]: DEBUG oslo.service.backend._threading.loopingcall [None req-2c64752c-0bfd-49df-9d50-7326bc1bc836 None None] Fixed interval looping call 'neutron.plugins.ml2.plugin.AgentDbMixin.agent_health_check' sleeping for 36.99 seconds {{(pid=91909) _run_loop /opt/stack/data/venv/lib/python3.12/site-packages/oslo_service/backend/_threading/loopingcall.py:125}}
May 28 14:04:05.168260 np0000001643 neutron-periodic-workers[91909]: DEBUG dbcounter [-] [91909] Writing DB stats neutron:SELECT=1 {{(pid=91909) stat_writer /opt/stack/data/venv/lib/python3.12/site-packages/dbcounter.py:115}}
May 28 14:04:07.135623 np0000001643 neutron-periodic-workers[91899]: DEBUG oslo.service.backend._threading.loopingcall [None req-52d790e5-2c0c-48a8-bc21-c9efcbcff992 None None] Fixed interval looping call 'neutron.plugins.ml2.plugin.DhcpAgentSchedulerDbMixin.remove_networks_from_down_agents' sleeping for 36.99 seconds {{(pid=91899) _run_loop /opt/stack/data/venv/lib/python3.12/site-packages/oslo_service/backend/_threading/loopingcall.py:125}}
May 28 14:04:17.132822 np0000001643 neutron-periodic-workers[91899]: DEBUG dbcounter [-] [91899] Writing DB stats neutron:SELECT=3 {{(pid=91899) stat_writer /opt/stack/data/venv/lib/python3.12/site-packages/dbcounter.py:115}}
May 28 14:04:23.126589 np0000001643 neutron-periodic-workers[91888]: DEBUG oslo.service.backend._threading.loopingcall [None req-3fe9ff6e-71fd-475f-878d-28600950ce20 None None] Fixed interval looping call 'neutron.services.ovn_l3.plugin.L3_NAT_dbonly_mixin._clean_garbage' sleeping for 299.99 seconds {{(pid=91888) _run_loop /opt/stack/data/venv/lib/python3.12/site-packages/oslo_service/backend/_threading/loopingcall.py:125}}
May 28 14:04:32.168012 np0000001643 neutron-periodic-workers[91909]: DEBUG neutron.db.agents_db [None req-2c64752c-0bfd-49df-9d50-7326bc1bc836 None None] Agent healthcheck: found 0 active agents {{(pid=91909) agent_health_check /opt/stack/neutron/neutron/db/agents_db.py:322}}
May 28 14:04:32.168521 np0000001643 neutron-periodic-workers[91909]: DEBUG oslo.service.backend._threading.loopingcall [None req-2c64752c-0bfd-49df-9d50-7326bc1bc836 None None] Fixed interval looping call 'neutron.plugins.ml2.plugin.AgentDbMixin.agent_health_check' sleeping for 36.99 seconds {{(pid=91909) _run_loop /opt/stack/data/venv/lib/python3.12/site-packages/oslo_service/backend/_threading/loopingcall.py:125}}
May 28 14:04:33.120798 np0000001643 neutron-periodic-workers[91888]: DEBUG dbcounter [-] [91888] Writing DB stats neutron:SELECT=1 {{(pid=91888) stat_writer /opt/stack/data/venv/lib/python3.12/site-packages/dbcounter.py:115}}
May 28 14:04:42.165635 np0000001643 neutron-periodic-workers[91909]: DEBUG dbcounter [-] [91909] Writing DB stats neutron:SELECT=1 {{(pid=91909) stat_writer /opt/stack/data/venv/lib/python3.12/site-packages/dbcounter.py:115}}
May 28 14:04:44.130438 np0000001643 neutron-periodic-workers[91899]: DEBUG oslo.service.backend._threading.loopingcall [None req-52d790e5-2c0c-48a8-bc21-c9efcbcff992 None None] Fixed interval looping call 'neutron.plugins.ml2.plugin.DhcpAgentSchedulerDbMixin.remove_networks_from_down_agents' sleeping for 36.99 seconds {{(pid=91899) _run_loop /opt/stack/data/venv/lib/python3.12/site-packages/oslo_service/backend/_threading/loopingcall.py:125}}
May 28 14:04:54.131011 np0000001643 neutron-periodic-workers[91899]: DEBUG dbcounter [-] [91899] Writing DB stats neutron:SELECT=3 {{(pid=91899) stat_writer /opt/stack/data/venv/lib/python3.12/site-packages/dbcounter.py:115}}
May 28 14:05:09.165292 np0000001643 neutron-periodic-workers[91909]: DEBUG neutron.db.agents_db [None req-2c64752c-0bfd-49df-9d50-7326bc1bc836 None None] Agent healthcheck: found 0 active agents {{(pid=91909) agent_health_check /opt/stack/neutron/neutron/db/agents_db.py:322}}
May 28 14:05:09.165799 np0000001643 neutron-periodic-workers[91909]: DEBUG oslo.service.backend._threading.loopingcall [None req-2c64752c-0bfd-49df-9d50-7326bc1bc836 None None] Fixed interval looping call 'neutron.plugins.ml2.plugin.AgentDbMixin.agent_health_check' sleeping for 36.99 seconds {{(pid=91909) _run_loop /opt/stack/data/venv/lib/python3.12/site-packages/oslo_service/backend/_threading/loopingcall.py:125}}
May 28 14:05:19.165003 np0000001643 neutron-periodic-workers[91909]: DEBUG dbcounter [-] [91909] Writing DB stats neutron:SELECT=1 {{(pid=91909) stat_writer /opt/stack/data/venv/lib/python3.12/site-packages/dbcounter.py:115}}
May 28 14:05:21.140114 np0000001643 neutron-periodic-workers[91899]: DEBUG oslo.service.backend._threading.loopingcall [None req-52d790e5-2c0c-48a8-bc21-c9efcbcff992 None None] Fixed interval looping call 'neutron.plugins.ml2.plugin.DhcpAgentSchedulerDbMixin.remove_networks_from_down_agents' sleeping for 36.98 seconds {{(pid=91899) _run_loop /opt/stack/data/venv/lib/python3.12/site-packages/oslo_service/backend/_threading/loopingcall.py:125}}
May 28 14:05:31.136320 np0000001643 neutron-periodic-workers[91899]: DEBUG dbcounter [-] [91899] Writing DB stats neutron:SELECT=3 {{(pid=91899) stat_writer /opt/stack/data/venv/lib/python3.12/site-packages/dbcounter.py:115}}
May 28 14:05:42.173656 np0000001643 neutron-periodic-workers[91919]: DEBUG oslo.service.backend._threading.loopingcall [None req-edd8b2fe-9664-4659-bc04-f77809bc8aa1 None None] Fixed interval looping call 'neutron.db.quota.driver_nolock.DbQuotaNoLockDriver._remove_expired_reservations' sleeping for 120.00 seconds {{(pid=91919) _run_loop /opt/stack/data/venv/lib/python3.12/site-packages/oslo_service/backend/_threading/loopingcall.py:125}}
May 28 14:05:46.164471 np0000001643 neutron-periodic-workers[91909]: DEBUG neutron.db.agents_db [None req-2c64752c-0bfd-49df-9d50-7326bc1bc836 None None] Agent healthcheck: found 0 active agents {{(pid=91909) agent_health_check /opt/stack/neutron/neutron/db/agents_db.py:322}}
May 28 14:05:46.164471 np0000001643 neutron-periodic-workers[91909]: DEBUG oslo.service.backend._threading.loopingcall [None req-2c64752c-0bfd-49df-9d50-7326bc1bc836 None None] Fixed interval looping call 'neutron.plugins.ml2.plugin.AgentDbMixin.agent_health_check' sleeping for 36.99 seconds {{(pid=91909) _run_loop /opt/stack/data/venv/lib/python3.12/site-packages/oslo_service/backend/_threading/loopingcall.py:125}}
May 28 14:05:52.173436 np0000001643 neutron-periodic-workers[91919]: DEBUG dbcounter [-] [91919] Writing DB stats neutron:DELETE=1 {{(pid=91919) stat_writer /opt/stack/data/venv/lib/python3.12/site-packages/dbcounter.py:115}}
May 28 14:05:56.157950 np0000001643 neutron-periodic-workers[91909]: DEBUG dbcounter [-] [91909] Writing DB stats neutron:SELECT=1 {{(pid=91909) stat_writer /opt/stack/data/venv/lib/python3.12/site-packages/dbcounter.py:115}}
May 28 14:05:58.126761 np0000001643 neutron-periodic-workers[91899]: DEBUG oslo.service.backend._threading.loopingcall [None req-52d790e5-2c0c-48a8-bc21-c9efcbcff992 None None] Fixed interval looping call 'neutron.plugins.ml2.plugin.DhcpAgentSchedulerDbMixin.remove_networks_from_down_agents' sleeping for 36.99 seconds {{(pid=91899) _run_loop /opt/stack/data/venv/lib/python3.12/site-packages/oslo_service/backend/_threading/loopingcall.py:125}}
May 28 14:06:08.125210 np0000001643 neutron-periodic-workers[91899]: DEBUG dbcounter [-] [91899] Writing DB stats neutron:SELECT=3 {{(pid=91899) stat_writer /opt/stack/data/venv/lib/python3.12/site-packages/dbcounter.py:115}}
May 28 14:06:23.157213 np0000001643 neutron-periodic-workers[91909]: DEBUG neutron.db.agents_db [None req-2c64752c-0bfd-49df-9d50-7326bc1bc836 None None] Agent healthcheck: found 0 active agents {{(pid=91909) agent_health_check /opt/stack/neutron/neutron/db/agents_db.py:322}}
May 28 14:06:23.157813 np0000001643 neutron-periodic-workers[91909]: DEBUG oslo.service.backend._threading.loopingcall [None req-2c64752c-0bfd-49df-9d50-7326bc1bc836 None None] Fixed interval looping call 'neutron.plugins.ml2.plugin.AgentDbMixin.agent_health_check' sleeping for 37.00 seconds {{(pid=91909) _run_loop /opt/stack/data/venv/lib/python3.12/site-packages/oslo_service/backend/_threading/loopingcall.py:125}}
May 28 14:06:33.155929 np0000001643 neutron-periodic-workers[91909]: DEBUG dbcounter [-] [91909] Writing DB stats neutron:SELECT=1 {{(pid=91909) stat_writer /opt/stack/data/venv/lib/python3.12/site-packages/dbcounter.py:115}}
May 28 14:06:35.126371 np0000001643 neutron-periodic-workers[91899]: DEBUG oslo.service.backend._threading.loopingcall [None req-52d790e5-2c0c-48a8-bc21-c9efcbcff992 None None] Fixed interval looping call 'neutron.plugins.ml2.plugin.DhcpAgentSchedulerDbMixin.remove_networks_from_down_agents' sleeping for 36.99 seconds {{(pid=91899) _run_loop /opt/stack/data/venv/lib/python3.12/site-packages/oslo_service/backend/_threading/loopingcall.py:125}}
May 28 14:06:45.125047 np0000001643 neutron-periodic-workers[91899]: DEBUG dbcounter [-] [91899] Writing DB stats neutron:SELECT=3 {{(pid=91899) stat_writer /opt/stack/data/venv/lib/python3.12/site-packages/dbcounter.py:115}}
May 28 14:07:00.164289 np0000001643 neutron-periodic-workers[91909]: DEBUG neutron.db.agents_db [None req-2c64752c-0bfd-49df-9d50-7326bc1bc836 None None] Agent healthcheck: found 0 active agents {{(pid=91909) agent_health_check /opt/stack/neutron/neutron/db/agents_db.py:322}}
May 28 14:07:00.164801 np0000001643 neutron-periodic-workers[91909]: DEBUG oslo.service.backend._threading.loopingcall [None req-2c64752c-0bfd-49df-9d50-7326bc1bc836 None None] Fixed interval looping call 'neutron.plugins.ml2.plugin.AgentDbMixin.agent_health_check' sleeping for 36.99 seconds {{(pid=91909) _run_loop /opt/stack/data/venv/lib/python3.12/site-packages/oslo_service/backend/_threading/loopingcall.py:125}}
May 28 14:07:10.160298 np0000001643 neutron-periodic-workers[91909]: DEBUG dbcounter [-] [91909] Writing DB stats neutron:SELECT=1 {{(pid=91909) stat_writer /opt/stack/data/venv/lib/python3.12/site-packages/dbcounter.py:115}}
May 28 14:07:12.128248 np0000001643 neutron-periodic-workers[91899]: DEBUG oslo.service.backend._threading.loopingcall [None req-52d790e5-2c0c-48a8-bc21-c9efcbcff992 None None] Fixed interval looping call 'neutron.plugins.ml2.plugin.DhcpAgentSchedulerDbMixin.remove_networks_from_down_agents' sleeping for 36.99 seconds {{(pid=91899) _run_loop /opt/stack/data/venv/lib/python3.12/site-packages/oslo_service/backend/_threading/loopingcall.py:125}}
May 28 14:07:22.126547 np0000001643 neutron-periodic-workers[91899]: DEBUG dbcounter [-] [91899] Writing DB stats neutron:SELECT=3 {{(pid=91899) stat_writer /opt/stack/data/venv/lib/python3.12/site-packages/dbcounter.py:115}}
May 28 14:07:37.157692 np0000001643 neutron-periodic-workers[91909]: DEBUG neutron.db.agents_db [None req-2c64752c-0bfd-49df-9d50-7326bc1bc836 None None] Agent healthcheck: found 0 active agents {{(pid=91909) agent_health_check /opt/stack/neutron/neutron/db/agents_db.py:322}}
May 28 14:07:37.158116 np0000001643 neutron-periodic-workers[91909]: DEBUG oslo.service.backend._threading.loopingcall [None req-2c64752c-0bfd-49df-9d50-7326bc1bc836 None None] Fixed interval looping call 'neutron.plugins.ml2.plugin.AgentDbMixin.agent_health_check' sleeping for 37.00 seconds {{(pid=91909) _run_loop /opt/stack/data/venv/lib/python3.12/site-packages/oslo_service/backend/_threading/loopingcall.py:125}}
May 28 14:07:42.181137 np0000001643 neutron-periodic-workers[91919]: DEBUG oslo.service.backend._threading.loopingcall [None req-edd8b2fe-9664-4659-bc04-f77809bc8aa1 None None] Fixed interval looping call 'neutron.db.quota.driver_nolock.DbQuotaNoLockDriver._remove_expired_reservations' sleeping for 119.99 seconds {{(pid=91919) _run_loop /opt/stack/data/venv/lib/python3.12/site-packages/oslo_service/backend/_threading/loopingcall.py:125}}
May 28 14:07:47.156614 np0000001643 neutron-periodic-workers[91909]: DEBUG dbcounter [-] [91909] Writing DB stats neutron:SELECT=1 {{(pid=91909) stat_writer /opt/stack/data/venv/lib/python3.12/site-packages/dbcounter.py:115}}
May 28 14:07:49.132779 np0000001643 neutron-periodic-workers[91899]: DEBUG oslo.service.backend._threading.loopingcall [None req-52d790e5-2c0c-48a8-bc21-c9efcbcff992 None None] Fixed interval looping call 'neutron.plugins.ml2.plugin.DhcpAgentSchedulerDbMixin.remove_networks_from_down_agents' sleeping for 36.99 seconds {{(pid=91899) _run_loop /opt/stack/data/venv/lib/python3.12/site-packages/oslo_service/backend/_threading/loopingcall.py:125}}
May 28 14:07:52.176706 np0000001643 neutron-periodic-workers[91919]: DEBUG dbcounter [-] [91919] Writing DB stats neutron:DELETE=1 {{(pid=91919) stat_writer /opt/stack/data/venv/lib/python3.12/site-packages/dbcounter.py:115}}
May 28 14:07:59.136537 np0000001643 neutron-periodic-workers[91899]: DEBUG dbcounter [-] [91899] Writing DB stats neutron:SELECT=3 {{(pid=91899) stat_writer /opt/stack/data/venv/lib/python3.12/site-packages/dbcounter.py:115}}
May 28 14:08:14.162468 np0000001643 neutron-periodic-workers[91909]: DEBUG neutron.db.agents_db [None req-2c64752c-0bfd-49df-9d50-7326bc1bc836 None None] Agent healthcheck: found 0 active agents {{(pid=91909) agent_health_check /opt/stack/neutron/neutron/db/agents_db.py:322}}
May 28 14:08:14.162468 np0000001643 neutron-periodic-workers[91909]: DEBUG oslo.service.backend._threading.loopingcall [None req-2c64752c-0bfd-49df-9d50-7326bc1bc836 None None] Fixed interval looping call 'neutron.plugins.ml2.plugin.AgentDbMixin.agent_health_check' sleeping for 37.00 seconds {{(pid=91909) _run_loop /opt/stack/data/venv/lib/python3.12/site-packages/oslo_service/backend/_threading/loopingcall.py:125}}
May 28 14:08:24.161960 np0000001643 neutron-periodic-workers[91909]: DEBUG dbcounter [-] [91909] Writing DB stats neutron:SELECT=1 {{(pid=91909) stat_writer /opt/stack/data/venv/lib/python3.12/site-packages/dbcounter.py:115}}
May 28 14:08:26.130260 np0000001643 neutron-periodic-workers[91899]: DEBUG oslo.service.backend._threading.loopingcall [None req-52d790e5-2c0c-48a8-bc21-c9efcbcff992 None None] Fixed interval looping call 'neutron.plugins.ml2.plugin.DhcpAgentSchedulerDbMixin.remove_networks_from_down_agents' sleeping for 36.99 seconds {{(pid=91899) _run_loop /opt/stack/data/venv/lib/python3.12/site-packages/oslo_service/backend/_threading/loopingcall.py:125}}
May 28 14:08:36.129525 np0000001643 neutron-periodic-workers[91899]: DEBUG dbcounter [-] [91899] Writing DB stats neutron:SELECT=3 {{(pid=91899) stat_writer /opt/stack/data/venv/lib/python3.12/site-packages/dbcounter.py:115}}
May 28 14:08:51.166171 np0000001643 neutron-periodic-workers[91909]: DEBUG neutron.db.agents_db [None req-2c64752c-0bfd-49df-9d50-7326bc1bc836 None None] Agent healthcheck: found 0 active agents {{(pid=91909) agent_health_check /opt/stack/neutron/neutron/db/agents_db.py:322}}
