Jun 03 08:36:18.235457 np0000002030 devstack@g-api.service[102074]: DEBUG swiftclient [None req-8d481db3-ac36-4e4d-b74f-dabc57634de3 tempest-VolumesActionsTest-346943551 tempest-VolumesActionsTest-346943551-project-member] RESP STATUS: 201 Created {{(pid=102074) http_log /opt/stack/data/venv/lib/python3.12/site-packages/swiftclient/client.py:161}}
Jun 03 08:36:18.235487 np0000002030 devstack@g-api.service[102074]: DEBUG swiftclient [None req-8d481db3-ac36-4e4d-b74f-dabc57634de3 tempest-VolumesActionsTest-346943551 tempest-VolumesActionsTest-346943551-project-member] RESP HEADERS: {'Date': 'Wed, 03 Jun 2026 08:36:18 GMT', 'Server': 'Apache/2.4.58 (Ubuntu)', 'Content-Type': 'text/html; charset=UTF-8', 'Content-Length': '0', 'Etag': 'eda9a9889837ac4bc81d6387d92c1bec', 'Last-Modified': 'Wed, 03 Jun 2026 08:36:17 GMT', 'X-Trans-Id': 'tx3d56d092b99540daa2aaf-006a1fe780', 'X-Openstack-Request-Id': 'tx3d56d092b99540daa2aaf-006a1fe780', 'Connection': 'close'} {{(pid=102074) http_log /opt/stack/data/venv/lib/python3.12/site-packages/swiftclient/client.py:162}}
Jun 03 08:36:18.235588 np0000002030 devstack@g-api.service[102074]: DEBUG glance_store._drivers.swift.store [None req-8d481db3-ac36-4e4d-b74f-dabc57634de3 tempest-VolumesActionsTest-346943551 tempest-VolumesActionsTest-346943551-project-member] Wrote chunk e1ad9b95-4e60-4ca7-af22-3242252a5499-00004 (4/?) of length 204800000 to Swift returning MD5 of content: eda9a9889837ac4bc81d6387d92c1bec {{(pid=102074) add /opt/stack/data/venv/lib/python3.12/site-packages/glance_store/_drivers/swift/store.py:1059}}
Jun 03 08:36:18.582432 np0000002030 devstack@g-api.service[102072]: DEBUG glance.api.middleware.version_negotiation [None req-0ddf57b9-aa8f-48e6-804a-41f6e89fa5ba tempest-VolumesActionsTest-346943551 tempest-VolumesActionsTest-346943551-project-member] Determining version of request: GET /v2/images/e1ad9b95-4e60-4ca7-af22-3242252a5499 Accept: application/json {{(pid=102072) process_request /opt/stack/glance/glance/api/middleware/version_negotiation.py:44}}
Jun 03 08:36:18.582722 np0000002030 devstack@g-api.service[102072]: DEBUG glance.api.middleware.version_negotiation [None req-0ddf57b9-aa8f-48e6-804a-41f6e89fa5ba tempest-VolumesActionsTest-346943551 tempest-VolumesActionsTest-346943551-project-member] Using url versioning {{(pid=102072) process_request /opt/stack/glance/glance/api/middleware/version_negotiation.py:57}}
Jun 03 08:36:18.582761 np0000002030 devstack@g-api.service[102072]: DEBUG glance.api.middleware.version_negotiation [None req-0ddf57b9-aa8f-48e6-804a-41f6e89fa5ba tempest-VolumesActionsTest-346943551 tempest-VolumesActionsTest-346943551-project-member] Matched version: v2 {{(pid=102072) process_request /opt/stack/glance/glance/api/middleware/version_negotiation.py:69}}
Jun 03 08:36:18.582877 np0000002030 devstack@g-api.service[102072]: DEBUG glance.api.middleware.version_negotiation [None req-0ddf57b9-aa8f-48e6-804a-41f6e89fa5ba tempest-VolumesActionsTest-346943551 tempest-VolumesActionsTest-346943551-project-member] new path /v2/images/e1ad9b95-4e60-4ca7-af22-3242252a5499 {{(pid=102072) process_request /opt/stack/glance/glance/api/middleware/version_negotiation.py:70}}
Jun 03 08:36:18.596587 np0000002030 devstack@g-api.service[102072]: [pid: 102072|app: 0|req: 144/413] 127.0.0.1 () {40 vars in 838 bytes} [Wed Jun 3 08:36:18 2026] GET /v2/images/e1ad9b95-4e60-4ca7-af22-3242252a5499 => generated 649 bytes in 14 msecs (HTTP/1.1 200) 4 headers in 157 bytes (1 switches on core 0)
Jun 03 08:36:19.367333 np0000002030 devstack@g-api.service[102074]: DEBUG dbcounter [-] [102074] Writing DB stats glance:SELECT=29,glance:UPDATE=7,glance:DELETE=1 {{(pid=102074) stat_writer /opt/stack/data/venv/lib/python3.12/site-packages/dbcounter.py:115}}
Jun 03 08:36:19.607701 np0000002030 devstack@g-api.service[102073]: DEBUG glance.api.middleware.version_negotiation [None req-c819d0f1-fce0-4f7b-9cc4-9c8d0dfd3291 tempest-VolumesActionsTest-346943551 tempest-VolumesActionsTest-346943551-project-member] Determining version of request: GET /v2/images/e1ad9b95-4e60-4ca7-af22-3242252a5499 Accept: application/json {{(pid=102073) process_request /opt/stack/glance/glance/api/middleware/version_negotiation.py:44}}
Jun 03 08:36:19.608181 np0000002030 devstack@g-api.service[102073]: DEBUG glance.api.middleware.version_negotiation [None req-c819d0f1-fce0-4f7b-9cc4-9c8d0dfd3291 tempest-VolumesActionsTest-346943551 tempest-VolumesActionsTest-346943551-project-member] Using url versioning {{(pid=102073) process_request /opt/stack/glance/glance/api/middleware/version_negotiation.py:57}}
Jun 03 08:36:19.608181 np0000002030 devstack@g-api.service[102073]: DEBUG glance.api.middleware.version_negotiation [None req-c819d0f1-fce0-4f7b-9cc4-9c8d0dfd3291 tempest-VolumesActionsTest-346943551 tempest-VolumesActionsTest-346943551-project-member] Matched version: v2 {{(pid=102073) process_request /opt/stack/glance/glance/api/middleware/version_negotiation.py:69}}
Jun 03 08:36:19.608181 np0000002030 devstack@g-api.service[102073]: DEBUG glance.api.middleware.version_negotiation [None req-c819d0f1-fce0-4f7b-9cc4-9c8d0dfd3291 tempest-VolumesActionsTest-346943551 tempest-VolumesActionsTest-346943551-project-member] new path /v2/images/e1ad9b95-4e60-4ca7-af22-3242252a5499 {{(pid=102073) process_request /opt/stack/glance/glance/api/middleware/version_negotiation.py:70}}
Jun 03 08:36:19.626704 np0000002030 devstack@g-api.service[102073]: [pid: 102073|app: 0|req: 136/414] 127.0.0.1 () {40 vars in 838 bytes} [Wed Jun 3 08:36:19 2026] GET /v2/images/e1ad9b95-4e60-4ca7-af22-3242252a5499 => generated 649 bytes in 19 msecs (HTTP/1.1 200) 4 headers in 157 bytes (1 switches on core 0)
Jun 03 08:36:20.194484 np0000002030 devstack@g-api.service[102072]: DEBUG glance.api.middleware.version_negotiation [None req-de7ed013-5342-47ba-95c5-0a3cba1a9dba tempest-VolumesActionsTest-346943551 tempest-VolumesActionsTest-346943551-project-member] Determining version of request: GET /v2/images/d324fe3f-371a-4e21-9a92-8156859d68ce Accept: application/json {{(pid=102072) process_request /opt/stack/glance/glance/api/middleware/version_negotiation.py:44}}
Jun 03 08:36:20.194952 np0000002030 devstack@g-api.service[102072]: DEBUG glance.api.middleware.version_negotiation [None req-de7ed013-5342-47ba-95c5-0a3cba1a9dba tempest-VolumesActionsTest-346943551 tempest-VolumesActionsTest-346943551-project-member] Using url versioning {{(pid=102072) process_request /opt/stack/glance/glance/api/middleware/version_negotiation.py:57}}
Jun 03 08:36:20.194952 np0000002030 devstack@g-api.service[102072]: DEBUG glance.api.middleware.version_negotiation [None req-de7ed013-5342-47ba-95c5-0a3cba1a9dba tempest-VolumesActionsTest-346943551 tempest-VolumesActionsTest-346943551-project-member] Matched version: v2 {{(pid=102072) process_request /opt/stack/glance/glance/api/middleware/version_negotiation.py:69}}
Jun 03 08:36:20.194952 np0000002030 devstack@g-api.service[102072]: DEBUG glance.api.middleware.version_negotiation [None req-de7ed013-5342-47ba-95c5-0a3cba1a9dba tempest-VolumesActionsTest-346943551 tempest-VolumesActionsTest-346943551-project-member] new path /v2/images/d324fe3f-371a-4e21-9a92-8156859d68ce {{(pid=102072) process_request /opt/stack/glance/glance/api/middleware/version_negotiation.py:70}}
Jun 03 08:36:20.217201 np0000002030 devstack@g-api.service[102072]: [pid: 102072|app: 0|req: 145/415] 127.0.0.1 () {40 vars in 838 bytes} [Wed Jun 3 08:36:20 2026] GET /v2/images/d324fe3f-371a-4e21-9a92-8156859d68ce => generated 1044 bytes in 19 msecs (HTTP/1.1 200) 4 headers in 158 bytes (1 switches on core 0)
Jun 03 08:36:20.224661 np0000002030 devstack@g-api.service[102073]: DEBUG glance.api.middleware.version_negotiation [None req-22340a04-5e7c-4ece-ab43-aced44f7cb17 tempest-VolumesActionsTest-346943551 tempest-VolumesActionsTest-346943551-project-member] Determining version of request: GET /v2/images/d324fe3f-371a-4e21-9a92-8156859d68ce Accept: application/json {{(pid=102073) process_request /opt/stack/glance/glance/api/middleware/version_negotiation.py:44}}
Jun 03 08:36:20.224661 np0000002030 devstack@g-api.service[102073]: DEBUG glance.api.middleware.version_negotiation [None req-22340a04-5e7c-4ece-ab43-aced44f7cb17 tempest-VolumesActionsTest-346943551 tempest-VolumesActionsTest-346943551-project-member] Using url versioning {{(pid=102073) process_request /opt/stack/glance/glance/api/middleware/version_negotiation.py:57}}
Jun 03 08:36:20.224661 np0000002030 devstack@g-api.service[102073]: DEBUG glance.api.middleware.version_negotiation [None req-22340a04-5e7c-4ece-ab43-aced44f7cb17 tempest-VolumesActionsTest-346943551 tempest-VolumesActionsTest-346943551-project-member] Matched version: v2 {{(pid=102073) process_request /opt/stack/glance/glance/api/middleware/version_negotiation.py:69}}
Jun 03 08:36:20.224661 np0000002030 devstack@g-api.service[102073]: DEBUG glance.api.middleware.version_negotiation [None req-22340a04-5e7c-4ece-ab43-aced44f7cb17 tempest-VolumesActionsTest-346943551 tempest-VolumesActionsTest-346943551-project-member] new path /v2/images/d324fe3f-371a-4e21-9a92-8156859d68ce {{(pid=102073) process_request /opt/stack/glance/glance/api/middleware/version_negotiation.py:70}}
Jun 03 08:36:20.240404 np0000002030 devstack@g-api.service[102073]: [pid: 102073|app: 0|req: 137/416] 127.0.0.1 () {40 vars in 838 bytes} [Wed Jun 3 08:36:20 2026] GET /v2/images/d324fe3f-371a-4e21-9a92-8156859d68ce => generated 1044 bytes in 16 msecs (HTTP/1.1 200) 4 headers in 158 bytes (1 switches on core 0)
Jun 03 08:36:20.265150 np0000002030 devstack@g-api.service[102072]: DEBUG glance.api.middleware.version_negotiation [None req-4bed9b2b-d135-42f5-9e18-e57b0f9dafce tempest-VolumesGetTest-1062697998 tempest-VolumesGetTest-1062697998-project-member] Determining version of request: GET /v2/images/d324fe3f-371a-4e21-9a92-8156859d68ce Accept: */* {{(pid=102072) process_request /opt/stack/glance/glance/api/middleware/version_negotiation.py:44}}
Jun 03 08:36:20.265150 np0000002030 devstack@g-api.service[102072]: DEBUG glance.api.middleware.version_negotiation [None req-4bed9b2b-d135-42f5-9e18-e57b0f9dafce tempest-VolumesGetTest-1062697998 tempest-VolumesGetTest-1062697998-project-member] Using url versioning {{(pid=102072) process_request /opt/stack/glance/glance/api/middleware/version_negotiation.py:57}}
Jun 03 08:36:20.265150 np0000002030 devstack@g-api.service[102072]: DEBUG glance.api.middleware.version_negotiation [None req-4bed9b2b-d135-42f5-9e18-e57b0f9dafce tempest-VolumesGetTest-1062697998 tempest-VolumesGetTest-1062697998-project-member] Matched version: v2 {{(pid=102072) process_request /opt/stack/glance/glance/api/middleware/version_negotiation.py:69}}
Jun 03 08:36:20.265433 np0000002030 devstack@g-api.service[102072]: DEBUG glance.api.middleware.version_negotiation [None req-4bed9b2b-d135-42f5-9e18-e57b0f9dafce tempest-VolumesGetTest-1062697998 tempest-VolumesGetTest-1062697998-project-member] new path /v2/images/d324fe3f-371a-4e21-9a92-8156859d68ce {{(pid=102072) process_request /opt/stack/glance/glance/api/middleware/version_negotiation.py:70}}
Jun 03 08:36:20.315252 np0000002030 devstack@g-api.service[102072]: [pid: 102072|app: 0|req: 146/417] 127.0.0.1 () {44 vars in 1115 bytes} [Wed Jun 3 08:36:20 2026] GET /v2/images/d324fe3f-371a-4e21-9a92-8156859d68ce => generated 1044 bytes in 51 msecs (HTTP/1.1 200) 4 headers in 158 bytes (1 switches on core 0)
Jun 03 08:36:20.325323 np0000002030 devstack@g-api.service[102073]: DEBUG glance.api.middleware.version_negotiation [None req-932aa94b-e72a-4bcb-b3d4-2271e588b189 tempest-VolumesGetTest-1062697998 tempest-VolumesGetTest-1062697998-project-member] Determining version of request: GET /v2/schemas/image Accept: */* {{(pid=102073) process_request /opt/stack/glance/glance/api/middleware/version_negotiation.py:44}}
Jun 03 08:36:20.325323 np0000002030 devstack@g-api.service[102073]: DEBUG glance.api.middleware.version_negotiation [None req-932aa94b-e72a-4bcb-b3d4-2271e588b189 tempest-VolumesGetTest-1062697998 tempest-VolumesGetTest-1062697998-project-member] Using url versioning {{(pid=102073) process_request /opt/stack/glance/glance/api/middleware/version_negotiation.py:57}}
Jun 03 08:36:20.325323 np0000002030 devstack@g-api.service[102073]: DEBUG glance.api.middleware.version_negotiation [None req-932aa94b-e72a-4bcb-b3d4-2271e588b189 tempest-VolumesGetTest-1062697998 tempest-VolumesGetTest-1062697998-project-member] Matched version: v2 {{(pid=102073) process_request /opt/stack/glance/glance/api/middleware/version_negotiation.py:69}}
Jun 03 08:36:20.325323 np0000002030 devstack@g-api.service[102073]: DEBUG glance.api.middleware.version_negotiation [None req-932aa94b-e72a-4bcb-b3d4-2271e588b189 tempest-VolumesGetTest-1062697998 tempest-VolumesGetTest-1062697998-project-member] new path /v2/schemas/image {{(pid=102073) process_request /opt/stack/glance/glance/api/middleware/version_negotiation.py:70}}
Jun 03 08:36:20.326419 np0000002030 devstack@g-api.service[102073]: [pid: 102073|app: 0|req: 138/418] 127.0.0.1 () {44 vars in 1055 bytes} [Wed Jun 3 08:36:20 2026] GET /v2/schemas/image => generated 6083 bytes in 2 msecs (HTTP/1.1 200) 4 headers in 158 bytes (1 switches on core 0)
Jun 03 08:36:20.335751 np0000002030 devstack@g-api.service[102072]: DEBUG glance.api.middleware.version_negotiation [None req-a7decf79-aab8-47b7-a354-07ea6e0c9fe8 tempest-VolumesGetTest-1062697998 tempest-VolumesGetTest-1062697998-project-member] Determining version of request: GET /v2/schemas/image Accept: */* {{(pid=102072) process_request /opt/stack/glance/glance/api/middleware/version_negotiation.py:44}}
Jun 03 08:36:20.335948 np0000002030 devstack@g-api.service[102072]: DEBUG glance.api.middleware.version_negotiation [None req-a7decf79-aab8-47b7-a354-07ea6e0c9fe8 tempest-VolumesGetTest-1062697998 tempest-VolumesGetTest-1062697998-project-member] Using url versioning {{(pid=102072) process_request /opt/stack/glance/glance/api/middleware/version_negotiation.py:57}}
Jun 03 08:36:20.336222 np0000002030 devstack@g-api.service[102072]: DEBUG glance.api.middleware.version_negotiation [None req-a7decf79-aab8-47b7-a354-07ea6e0c9fe8 tempest-VolumesGetTest-1062697998 tempest-VolumesGetTest-1062697998-project-member] Matched version: v2 {{(pid=102072) process_request /opt/stack/glance/glance/api/middleware/version_negotiation.py:69}}
Jun 03 08:36:20.336389 np0000002030 devstack@g-api.service[102072]: DEBUG glance.api.middleware.version_negotiation [None req-a7decf79-aab8-47b7-a354-07ea6e0c9fe8 tempest-VolumesGetTest-1062697998 tempest-VolumesGetTest-1062697998-project-member] new path /v2/schemas/image {{(pid=102072) process_request /opt/stack/glance/glance/api/middleware/version_negotiation.py:70}}
Jun 03 08:36:20.339876 np0000002030 devstack@g-api.service[102072]: [pid: 102072|app: 0|req: 147/419] 127.0.0.1 () {44 vars in 1055 bytes} [Wed Jun 3 08:36:20 2026] GET /v2/schemas/image => generated 6083 bytes in 4 msecs (HTTP/1.1 200) 4 headers in 158 bytes (1 switches on core 0)
Jun 03 08:36:20.358409 np0000002030 devstack@g-api.service[102073]: DEBUG glance.api.middleware.version_negotiation [None req-a7decf79-aab8-47b7-a354-07ea6e0c9fe8 tempest-VolumesGetTest-1062697998 tempest-VolumesGetTest-1062697998-project-member] Determining version of request: GET /v2/images/d324fe3f-371a-4e21-9a92-8156859d68ce Accept: */* {{(pid=102073) process_request /opt/stack/glance/glance/api/middleware/version_negotiation.py:44}}
Jun 03 08:36:20.358539 np0000002030 devstack@g-api.service[102073]: DEBUG glance.api.middleware.version_negotiation [None req-a7decf79-aab8-47b7-a354-07ea6e0c9fe8 tempest-VolumesGetTest-1062697998 tempest-VolumesGetTest-1062697998-project-member] Using url versioning {{(pid=102073) process_request /opt/stack/glance/glance/api/middleware/version_negotiation.py:57}}
Jun 03 08:36:20.358583 np0000002030 devstack@g-api.service[102073]: DEBUG glance.api.middleware.version_negotiation [None req-a7decf79-aab8-47b7-a354-07ea6e0c9fe8 tempest-VolumesGetTest-1062697998 tempest-VolumesGetTest-1062697998-project-member] Matched version: v2 {{(pid=102073) process_request /opt/stack/glance/glance/api/middleware/version_negotiation.py:69}}
Jun 03 08:36:20.358670 np0000002030 devstack@g-api.service[102073]: DEBUG glance.api.middleware.version_negotiation [None req-a7decf79-aab8-47b7-a354-07ea6e0c9fe8 tempest-VolumesGetTest-1062697998 tempest-VolumesGetTest-1062697998-project-member] new path /v2/images/d324fe3f-371a-4e21-9a92-8156859d68ce {{(pid=102073) process_request /opt/stack/glance/glance/api/middleware/version_negotiation.py:70}}
Jun 03 08:36:20.372881 np0000002030 devstack@g-api.service[102073]: [pid: 102073|app: 0|req: 139/420] 127.0.0.1 () {44 vars in 1115 bytes} [Wed Jun 3 08:36:20 2026] GET /v2/images/d324fe3f-371a-4e21-9a92-8156859d68ce => generated 1044 bytes in 14 msecs (HTTP/1.1 200) 4 headers in 158 bytes (1 switches on core 0)
Jun 03 08:36:20.379857 np0000002030 devstack@g-api.service[102072]: DEBUG glance.api.middleware.version_negotiation [None req-a7decf79-aab8-47b7-a354-07ea6e0c9fe8 tempest-VolumesGetTest-1062697998 tempest-VolumesGetTest-1062697998-project-member] Determining version of request: GET /v2/schemas/image Accept: */* {{(pid=102072) process_request /opt/stack/glance/glance/api/middleware/version_negotiation.py:44}}
Jun 03 08:36:20.380068 np0000002030 devstack@g-api.service[102072]: DEBUG glance.api.middleware.version_negotiation [None req-a7decf79-aab8-47b7-a354-07ea6e0c9fe8 tempest-VolumesGetTest-1062697998 tempest-VolumesGetTest-1062697998-project-member] Using url versioning {{(pid=102072) process_request /opt/stack/glance/glance/api/middleware/version_negotiation.py:57}}
Jun 03 08:36:20.380246 np0000002030 devstack@g-api.service[102072]: DEBUG glance.api.middleware.version_negotiation [None req-a7decf79-aab8-47b7-a354-07ea6e0c9fe8 tempest-VolumesGetTest-1062697998 tempest-VolumesGetTest-1062697998-project-member] Matched version: v2 {{(pid=102072) process_request /opt/stack/glance/glance/api/middleware/version_negotiation.py:69}}
Jun 03 08:36:20.380437 np0000002030 devstack@g-api.service[102072]: DEBUG glance.api.middleware.version_negotiation [None req-a7decf79-aab8-47b7-a354-07ea6e0c9fe8 tempest-VolumesGetTest-1062697998 tempest-VolumesGetTest-1062697998-project-member] new path /v2/schemas/image {{(pid=102072) process_request /opt/stack/glance/glance/api/middleware/version_negotiation.py:70}}
Jun 03 08:36:20.383789 np0000002030 devstack@g-api.service[102072]: [pid: 102072|app: 0|req: 148/421] 127.0.0.1 () {44 vars in 1055 bytes} [Wed Jun 3 08:36:20 2026] GET /v2/schemas/image => generated 6083 bytes in 4 msecs (HTTP/1.1 200) 4 headers in 158 bytes (1 switches on core 0)
Jun 03 08:36:20.390495 np0000002030 devstack@g-api.service[102073]: DEBUG glance.api.middleware.version_negotiation [None req-a7decf79-aab8-47b7-a354-07ea6e0c9fe8 tempest-VolumesGetTest-1062697998 tempest-VolumesGetTest-1062697998-project-member] Determining version of request: GET /v2/schemas/image Accept: */* {{(pid=102073) process_request /opt/stack/glance/glance/api/middleware/version_negotiation.py:44}}
Jun 03 08:36:20.390650 np0000002030 devstack@g-api.service[102073]: DEBUG glance.api.middleware.version_negotiation [None req-a7decf79-aab8-47b7-a354-07ea6e0c9fe8 tempest-VolumesGetTest-1062697998 tempest-VolumesGetTest-1062697998-project-member] Using url versioning {{(pid=102073) process_request /opt/stack/glance/glance/api/middleware/version_negotiation.py:57}}
Jun 03 08:36:20.390803 np0000002030 devstack@g-api.service[102073]: DEBUG glance.api.middleware.version_negotiation [None req-a7decf79-aab8-47b7-a354-07ea6e0c9fe8 tempest-VolumesGetTest-1062697998 tempest-VolumesGetTest-1062697998-project-member] Matched version: v2 {{(pid=102073) process_request /opt/stack/glance/glance/api/middleware/version_negotiation.py:69}}
Jun 03 08:36:20.390923 np0000002030 devstack@g-api.service[102073]: DEBUG glance.api.middleware.version_negotiation [None req-a7decf79-aab8-47b7-a354-07ea6e0c9fe8 tempest-VolumesGetTest-1062697998 tempest-VolumesGetTest-1062697998-project-member] new path /v2/schemas/image {{(pid=102073) process_request /opt/stack/glance/glance/api/middleware/version_negotiation.py:70}}
Jun 03 08:36:20.393002 np0000002030 devstack@g-api.service[102073]: [pid: 102073|app: 0|req: 140/422] 127.0.0.1 () {44 vars in 1055 bytes} [Wed Jun 3 08:36:20 2026] GET /v2/schemas/image => generated 6083 bytes in 2 msecs (HTTP/1.1 200) 4 headers in 158 bytes (1 switches on core 0)
Jun 03 08:36:20.415567 np0000002030 devstack@g-api.service[102072]: DEBUG glance.api.middleware.version_negotiation [None req-a7decf79-aab8-47b7-a354-07ea6e0c9fe8 tempest-VolumesGetTest-1062697998 tempest-VolumesGetTest-1062697998-project-member] Determining version of request: GET /v2/images/d324fe3f-371a-4e21-9a92-8156859d68ce Accept: */* {{(pid=102072) process_request /opt/stack/glance/glance/api/middleware/version_negotiation.py:44}}
Jun 03 08:36:20.415721 np0000002030 devstack@g-api.service[102072]: DEBUG glance.api.middleware.version_negotiation [None req-a7decf79-aab8-47b7-a354-07ea6e0c9fe8 tempest-VolumesGetTest-1062697998 tempest-VolumesGetTest-1062697998-project-member] Using url versioning {{(pid=102072) process_request /opt/stack/glance/glance/api/middleware/version_negotiation.py:57}}
Jun 03 08:36:20.415864 np0000002030 devstack@g-api.service[102072]: DEBUG glance.api.middleware.version_negotiation [None req-a7decf79-aab8-47b7-a354-07ea6e0c9fe8 tempest-VolumesGetTest-1062697998 tempest-VolumesGetTest-1062697998-project-member] Matched version: v2 {{(pid=102072) process_request /opt/stack/glance/glance/api/middleware/version_negotiation.py:69}}
Jun 03 08:36:20.415984 np0000002030 devstack@g-api.service[102072]: DEBUG glance.api.middleware.version_negotiation [None req-a7decf79-aab8-47b7-a354-07ea6e0c9fe8 tempest-VolumesGetTest-1062697998 tempest-VolumesGetTest-1062697998-project-member] new path /v2/images/d324fe3f-371a-4e21-9a92-8156859d68ce {{(pid=102072) process_request /opt/stack/glance/glance/api/middleware/version_negotiation.py:70}}
Jun 03 08:36:20.427791 np0000002030 devstack@g-api.service[102072]: [pid: 102072|app: 0|req: 149/423] 127.0.0.1 () {44 vars in 1115 bytes} [Wed Jun 3 08:36:20 2026] GET /v2/images/d324fe3f-371a-4e21-9a92-8156859d68ce => generated 1044 bytes in 12 msecs (HTTP/1.1 200) 4 headers in 158 bytes (1 switches on core 0)
Jun 03 08:36:20.439523 np0000002030 devstack@g-api.service[102073]: DEBUG glance.api.middleware.version_negotiation [None req-a7decf79-aab8-47b7-a354-07ea6e0c9fe8 tempest-VolumesGetTest-1062697998 tempest-VolumesGetTest-1062697998-project-member] Determining version of request: GET /v2/schemas/image Accept: */* {{(pid=102073) process_request /opt/stack/glance/glance/api/middleware/version_negotiation.py:44}}
Jun 03 08:36:20.439523 np0000002030 devstack@g-api.service[102073]: DEBUG glance.api.middleware.version_negotiation [None req-a7decf79-aab8-47b7-a354-07ea6e0c9fe8 tempest-VolumesGetTest-1062697998 tempest-VolumesGetTest-1062697998-project-member] Using url versioning {{(pid=102073) process_request /opt/stack/glance/glance/api/middleware/version_negotiation.py:57}}
Jun 03 08:36:20.439824 np0000002030 devstack@g-api.service[102073]: DEBUG glance.api.middleware.version_negotiation [None req-a7decf79-aab8-47b7-a354-07ea6e0c9fe8 tempest-VolumesGetTest-1062697998 tempest-VolumesGetTest-1062697998-project-member] Matched version: v2 {{(pid=102073) process_request /opt/stack/glance/glance/api/middleware/version_negotiation.py:69}}
Jun 03 08:36:20.440091 np0000002030 devstack@g-api.service[102073]: DEBUG glance.api.middleware.version_negotiation [None req-a7decf79-aab8-47b7-a354-07ea6e0c9fe8 tempest-VolumesGetTest-1062697998 tempest-VolumesGetTest-1062697998-project-member] new path /v2/schemas/image {{(pid=102073) process_request /opt/stack/glance/glance/api/middleware/version_negotiation.py:70}}
Jun 03 08:36:20.442620 np0000002030 devstack@g-api.service[102073]: [pid: 102073|app: 0|req: 141/424] 127.0.0.1 () {44 vars in 1055 bytes} [Wed Jun 3 08:36:20 2026] GET /v2/schemas/image => generated 6083 bytes in 3 msecs (HTTP/1.1 200) 4 headers in 158 bytes (1 switches on core 0)
Jun 03 08:36:20.539852 np0000002030 devstack@g-api.service[102074]: DEBUG swiftclient [None req-8d481db3-ac36-4e4d-b74f-dabc57634de3 tempest-VolumesActionsTest-346943551 tempest-VolumesActionsTest-346943551-project-member] REQ: curl -i https://10.4.3.113:8080/v1/AUTH_4eb5653fb4f840bb8eaa01f7158bfbf5/glance/e1ad9b95-4e60-4ca7-af22-3242252a5499-00005 -X PUT -H "X-Auth-Token: gAAAAABqH-d5d2tr..." {{(pid=102074) http_log /opt/stack/data/venv/lib/python3.12/site-packages/swiftclient/client.py:160}}
Jun 03 08:36:20.540325 np0000002030 devstack@g-api.service[102074]: DEBUG swiftclient [None req-8d481db3-ac36-4e4d-b74f-dabc57634de3 tempest-VolumesActionsTest-346943551 tempest-VolumesActionsTest-346943551-project-member] RESP STATUS: 201 Created {{(pid=102074) http_log /opt/stack/data/venv/lib/python3.12/site-packages/swiftclient/client.py:161}}
Jun 03 08:36:20.540325 np0000002030 devstack@g-api.service[102074]: DEBUG swiftclient [None req-8d481db3-ac36-4e4d-b74f-dabc57634de3 tempest-VolumesActionsTest-346943551 tempest-VolumesActionsTest-346943551-project-member] RESP HEADERS: {'Date': 'Wed, 03 Jun 2026 08:36:20 GMT', 'Server': 'Apache/2.4.58 (Ubuntu)', 'Content-Type': 'text/html; charset=UTF-8', 'Content-Length': '0', 'Etag': 'eda9a9889837ac4bc81d6387d92c1bec', 'Last-Modified': 'Wed, 03 Jun 2026 08:36:19 GMT', 'X-Trans-Id': 'tx962297c8180346c7be2f6-006a1fe782', 'X-Openstack-Request-Id': 'tx962297c8180346c7be2f6-006a1fe782', 'Connection': 'close'} {{(pid=102074) http_log /opt/stack/data/venv/lib/python3.12/site-packages/swiftclient/client.py:162}}
Jun 03 08:36:20.540325 np0000002030 devstack@g-api.service[102074]: DEBUG glance_store._drivers.swift.store [None req-8d481db3-ac36-4e4d-b74f-dabc57634de3 tempest-VolumesActionsTest-346943551 tempest-VolumesActionsTest-346943551-project-member] Wrote chunk e1ad9b95-4e60-4ca7-af22-3242252a5499-00005 (5/?) of length 204800000 to Swift returning MD5 of content: eda9a9889837ac4bc81d6387d92c1bec {{(pid=102074) add /opt/stack/data/venv/lib/python3.12/site-packages/glance_store/_drivers/swift/store.py:1059}}
Jun 03 08:36:20.638403 np0000002030 devstack@g-api.service[102072]: DEBUG glance.api.middleware.version_negotiation [None req-a7decf79-aab8-47b7-a354-07ea6e0c9fe8 tempest-VolumesGetTest-1062697998 tempest-VolumesGetTest-1062697998-project-member] Determining version of request: GET /v2/images/e1ad9b95-4e60-4ca7-af22-3242252a5499 Accept: application/json {{(pid=102072) process_request /opt/stack/glance/glance/api/middleware/version_negotiation.py:44}}
Jun 03 08:36:20.639872 np0000002030 devstack@g-api.service[102072]: DEBUG glance.api.middleware.version_negotiation [None req-a7decf79-aab8-47b7-a354-07ea6e0c9fe8 tempest-VolumesGetTest-1062697998 tempest-VolumesGetTest-1062697998-project-member] Using url versioning {{(pid=102072) process_request /opt/stack/glance/glance/api/middleware/version_negotiation.py:57}}
Jun 03 08:36:20.639872 np0000002030 devstack@g-api.service[102072]: DEBUG glance.api.middleware.version_negotiation [None req-a7decf79-aab8-47b7-a354-07ea6e0c9fe8 tempest-VolumesGetTest-1062697998 tempest-VolumesGetTest-1062697998-project-member] Matched version: v2 {{(pid=102072) process_request /opt/stack/glance/glance/api/middleware/version_negotiation.py:69}}
Jun 03 08:36:20.639872 np0000002030 devstack@g-api.service[102072]: DEBUG glance.api.middleware.version_negotiation [None req-a7decf79-aab8-47b7-a354-07ea6e0c9fe8 tempest-VolumesGetTest-1062697998 tempest-VolumesGetTest-1062697998-project-member] new path /v2/images/e1ad9b95-4e60-4ca7-af22-3242252a5499 {{(pid=102072) process_request /opt/stack/glance/glance/api/middleware/version_negotiation.py:70}}
Jun 03 08:36:20.659708 np0000002030 devstack@g-api.service[102072]: [pid: 102072|app: 0|req: 150/425] 127.0.0.1 () {40 vars in 838 bytes} [Wed Jun 3 08:36:20 2026] GET /v2/images/e1ad9b95-4e60-4ca7-af22-3242252a5499 => generated 649 bytes in 20 msecs (HTTP/1.1 200) 4 headers in 157 bytes (1 switches on core 0)
Jun 03 08:36:20.893861 np0000002030 devstack@g-api.service[102073]: DEBUG glance.api.middleware.version_negotiation [None req-a7decf79-aab8-47b7-a354-07ea6e0c9fe8 tempest-VolumesGetTest-1062697998 tempest-VolumesGetTest-1062697998-project-member] Determining version of request: GET /versions Accept: */* {{(pid=102073) process_request /opt/stack/glance/glance/api/middleware/version_negotiation.py:44}}
Jun 03 08:36:20.894559 np0000002030 devstack@g-api.service[102073]: [pid: 102073|app: 0|req: 142/426] 127.0.0.1 () {44 vars in 1039 bytes} [Wed Jun 3 08:36:20 2026] GET /versions => generated 1407 bytes in 1 msecs (HTTP/1.1 200) 3 headers in 92 bytes (1 switches on core 0)
Jun 03 08:36:20.903517 np0000002030 devstack@g-api.service[102072]: DEBUG glance.api.middleware.version_negotiation [None req-48186770-ef2f-42f8-a4c6-1b5417989a82 tempest-VolumesActionsTest-346943551 tempest-VolumesActionsTest-346943551-project-member] Determining version of request: GET /v2/images/d324fe3f-371a-4e21-9a92-8156859d68ce/locations Accept: */* {{(pid=102072) process_request /opt/stack/glance/glance/api/middleware/version_negotiation.py:44}}
Jun 03 08:36:20.903517 np0000002030 devstack@g-api.service[102072]: DEBUG glance.api.middleware.version_negotiation [None req-48186770-ef2f-42f8-a4c6-1b5417989a82 tempest-VolumesActionsTest-346943551 tempest-VolumesActionsTest-346943551-project-member] Using url versioning {{(pid=102072) process_request /opt/stack/glance/glance/api/middleware/version_negotiation.py:57}}
Jun 03 08:36:20.903517 np0000002030 devstack@g-api.service[102072]: DEBUG glance.api.middleware.version_negotiation [None req-48186770-ef2f-42f8-a4c6-1b5417989a82 tempest-VolumesActionsTest-346943551 tempest-VolumesActionsTest-346943551-project-member] Matched version: v2 {{(pid=102072) process_request /opt/stack/glance/glance/api/middleware/version_negotiation.py:69}}
Jun 03 08:36:20.903517 np0000002030 devstack@g-api.service[102072]: DEBUG glance.api.middleware.version_negotiation [None req-48186770-ef2f-42f8-a4c6-1b5417989a82 tempest-VolumesActionsTest-346943551 tempest-VolumesActionsTest-346943551-project-member] new path /v2/images/d324fe3f-371a-4e21-9a92-8156859d68ce/locations {{(pid=102072) process_request /opt/stack/glance/glance/api/middleware/version_negotiation.py:70}}
Jun 03 08:36:20.948729 np0000002030 devstack@g-api.service[102072]: [pid: 102072|app: 0|req: 151/427] 127.0.0.1 () {44 vars in 1135 bytes} [Wed Jun 3 08:36:20 2026] GET /v2/images/d324fe3f-371a-4e21-9a92-8156859d68ce/locations => generated 92 bytes in 46 msecs (HTTP/1.1 200) 4 headers in 156 bytes (1 switches on core 0)
Jun 03 08:36:20.957587 np0000002030 devstack@g-api.service[102073]: DEBUG glance.api.middleware.version_negotiation [None req-a7decf79-aab8-47b7-a354-07ea6e0c9fe8 tempest-VolumesGetTest-1062697998 tempest-VolumesGetTest-1062697998-project-member] Determining version of request: GET /v2/images/d324fe3f-371a-4e21-9a92-8156859d68ce Accept: */* {{(pid=102073) process_request /opt/stack/glance/glance/api/middleware/version_negotiation.py:44}}
Jun 03 08:36:20.957807 np0000002030 devstack@g-api.service[102073]: DEBUG glance.api.middleware.version_negotiation [None req-a7decf79-aab8-47b7-a354-07ea6e0c9fe8 tempest-VolumesGetTest-1062697998 tempest-VolumesGetTest-1062697998-project-member] Using url versioning {{(pid=102073) process_request /opt/stack/glance/glance/api/middleware/version_negotiation.py:57}}
Jun 03 08:36:20.957988 np0000002030 devstack@g-api.service[102073]: DEBUG glance.api.middleware.version_negotiation [None req-a7decf79-aab8-47b7-a354-07ea6e0c9fe8 tempest-VolumesGetTest-1062697998 tempest-VolumesGetTest-1062697998-project-member] Matched version: v2 {{(pid=102073) process_request /opt/stack/glance/glance/api/middleware/version_negotiation.py:69}}
Jun 03 08:36:20.958135 np0000002030 devstack@g-api.service[102073]: DEBUG glance.api.middleware.version_negotiation [None req-a7decf79-aab8-47b7-a354-07ea6e0c9fe8 tempest-VolumesGetTest-1062697998 tempest-VolumesGetTest-1062697998-project-member] new path /v2/images/d324fe3f-371a-4e21-9a92-8156859d68ce {{(pid=102073) process_request /opt/stack/glance/glance/api/middleware/version_negotiation.py:70}}
Jun 03 08:36:20.972531 np0000002030 devstack@g-api.service[102073]: [pid: 102073|app: 0|req: 143/428] 127.0.0.1 () {44 vars in 1115 bytes} [Wed Jun 3 08:36:20 2026] GET /v2/images/d324fe3f-371a-4e21-9a92-8156859d68ce => generated 1044 bytes in 15 msecs (HTTP/1.1 200) 4 headers in 158 bytes (1 switches on core 0)
Jun 03 08:36:20.981108 np0000002030 devstack@g-api.service[102072]: DEBUG glance.api.middleware.version_negotiation [None req-a7decf79-aab8-47b7-a354-07ea6e0c9fe8 service glance] Determining version of request: GET /v2/schemas/image Accept: */* {{(pid=102072) process_request /opt/stack/glance/glance/api/middleware/version_negotiation.py:44}}
Jun 03 08:36:20.981301 np0000002030 devstack@g-api.service[102072]: DEBUG glance.api.middleware.version_negotiation [None req-a7decf79-aab8-47b7-a354-07ea6e0c9fe8 service glance] Using url versioning {{(pid=102072) process_request /opt/stack/glance/glance/api/middleware/version_negotiation.py:57}}
Jun 03 08:36:20.981446 np0000002030 devstack@g-api.service[102072]: DEBUG glance.api.middleware.version_negotiation [None req-a7decf79-aab8-47b7-a354-07ea6e0c9fe8 service glance] Matched version: v2 {{(pid=102072) process_request /opt/stack/glance/glance/api/middleware/version_negotiation.py:69}}
Jun 03 08:36:20.981537 np0000002030 devstack@g-api.service[102072]: DEBUG glance.api.middleware.version_negotiation [None req-a7decf79-aab8-47b7-a354-07ea6e0c9fe8 service glance] new path /v2/schemas/image {{(pid=102072) process_request /opt/stack/glance/glance/api/middleware/version_negotiation.py:70}}
Jun 03 08:36:20.983399 np0000002030 devstack@g-api.service[102072]: [pid: 102072|app: 0|req: 152/429] 127.0.0.1 () {44 vars in 1055 bytes} [Wed Jun 3 08:36:20 2026] GET /v2/schemas/image => generated 6083 bytes in 2 msecs (HTTP/1.1 200) 4 headers in 158 bytes (1 switches on core 0)
Jun 03 08:36:20.990156 np0000002030 devstack@g-api.service[102073]: DEBUG glance.api.middleware.version_negotiation [None req-a7decf79-aab8-47b7-a354-07ea6e0c9fe8 tempest-VolumesGetTest-1062697998 tempest-VolumesGetTest-1062697998-project-member] Determining version of request: GET /v2/schemas/image Accept: */* {{(pid=102073) process_request /opt/stack/glance/glance/api/middleware/version_negotiation.py:44}}
Jun 03 08:36:20.990314 np0000002030 devstack@g-api.service[102073]: DEBUG glance.api.middleware.version_negotiation [None req-a7decf79-aab8-47b7-a354-07ea6e0c9fe8 tempest-VolumesGetTest-1062697998 tempest-VolumesGetTest-1062697998-project-member] Using url versioning {{(pid=102073) process_request /opt/stack/glance/glance/api/middleware/version_negotiation.py:57}}
Jun 03 08:36:20.990486 np0000002030 devstack@g-api.service[102073]: DEBUG glance.api.middleware.version_negotiation [None req-a7decf79-aab8-47b7-a354-07ea6e0c9fe8 tempest-VolumesGetTest-1062697998 tempest-VolumesGetTest-1062697998-project-member] Matched version: v2 {{(pid=102073) process_request /opt/stack/glance/glance/api/middleware/version_negotiation.py:69}}
Jun 03 08:36:20.990600 np0000002030 devstack@g-api.service[102073]: DEBUG glance.api.middleware.version_negotiation [None req-a7decf79-aab8-47b7-a354-07ea6e0c9fe8 tempest-VolumesGetTest-1062697998 tempest-VolumesGetTest-1062697998-project-member] new path /v2/schemas/image {{(pid=102073) process_request /opt/stack/glance/glance/api/middleware/version_negotiation.py:70}}
Jun 03 08:36:20.992878 np0000002030 devstack@g-api.service[102073]: [pid: 102073|app: 0|req: 144/430] 127.0.0.1 () {44 vars in 1055 bytes} [Wed Jun 3 08:36:20 2026] GET /v2/schemas/image => generated 6083 bytes in 3 msecs (HTTP/1.1 200) 4 headers in 158 bytes (1 switches on core 0)
Jun 03 08:36:21.079161 np0000002030 devstack@g-api.service[102074]: DEBUG swiftclient [None req-8d481db3-ac36-4e4d-b74f-dabc57634de3 tempest-VolumesActionsTest-346943551 tempest-VolumesActionsTest-346943551-project-member] REQ: curl -i https://10.4.3.113:8080/v1/AUTH_4eb5653fb4f840bb8eaa01f7158bfbf5/glance/e1ad9b95-4e60-4ca7-af22-3242252a5499-00006 -X PUT -H "X-Auth-Token: gAAAAABqH-d5d2tr..." {{(pid=102074) http_log /opt/stack/data/venv/lib/python3.12/site-packages/swiftclient/client.py:160}}
Jun 03 08:36:21.079370 np0000002030 devstack@g-api.service[102074]: DEBUG swiftclient [None req-8d481db3-ac36-4e4d-b74f-dabc57634de3 tempest-VolumesActionsTest-346943551 tempest-VolumesActionsTest-346943551-project-member] RESP STATUS: 201 Created {{(pid=102074) http_log /opt/stack/data/venv/lib/python3.12/site-packages/swiftclient/client.py:161}}
Jun 03 08:36:21.081193 np0000002030 devstack@g-api.service[102074]: DEBUG swiftclient [None req-8d481db3-ac36-4e4d-b74f-dabc57634de3 tempest-VolumesActionsTest-346943551 tempest-VolumesActionsTest-346943551-project-member] RESP HEADERS: {'Date': 'Wed, 03 Jun 2026 08:36:21 GMT', 'Server': 'Apache/2.4.58 (Ubuntu)', 'Content-Type': 'text/html; charset=UTF-8', 'Content-Length': '0', 'Etag': '708761f3b8777ec77058e63da08eeeb6', 'Last-Modified': 'Wed, 03 Jun 2026 08:36:21 GMT', 'X-Trans-Id': 'txc5d8b39ac69a4c4587981-006a1fe784', 'X-Openstack-Request-Id': 'txc5d8b39ac69a4c4587981-006a1fe784', 'Connection': 'close'} {{(pid=102074) http_log /opt/stack/data/venv/lib/python3.12/site-packages/swiftclient/client.py:162}}
Jun 03 08:36:21.081193 np0000002030 devstack@g-api.service[102074]: DEBUG glance_store._drivers.swift.store [None req-8d481db3-ac36-4e4d-b74f-dabc57634de3 tempest-VolumesActionsTest-346943551 tempest-VolumesActionsTest-346943551-project-member] Wrote chunk e1ad9b95-4e60-4ca7-af22-3242252a5499-00006 (6/?) of length 49741824 to Swift returning MD5 of content: 708761f3b8777ec77058e63da08eeeb6 {{(pid=102074) add /opt/stack/data/venv/lib/python3.12/site-packages/glance_store/_drivers/swift/store.py:1059}}
Jun 03 08:36:21.081193 np0000002030 devstack@g-api.service[102074]: DEBUG glance_store._drivers.swift.store [None req-8d481db3-ac36-4e4d-b74f-dabc57634de3 tempest-VolumesActionsTest-346943551 tempest-VolumesActionsTest-346943551-project-member] Not writing zero-length chunk. {{(pid=102074) add /opt/stack/data/venv/lib/python3.12/site-packages/glance_store/_drivers/swift/store.py:1028}}
Jun 03 08:36:21.104137 np0000002030 devstack@g-api.service[102074]: DEBUG swiftclient [None req-8d481db3-ac36-4e4d-b74f-dabc57634de3 tempest-VolumesActionsTest-346943551 tempest-VolumesActionsTest-346943551-project-member] REQ: curl -i https://10.4.3.113:8080/v1/AUTH_4eb5653fb4f840bb8eaa01f7158bfbf5/glance/e1ad9b95-4e60-4ca7-af22-3242252a5499 -X PUT -H "X-Object-Manifest: glance/e1ad9b95-4e60-4ca7-af22-3242252a5499-" -H "X-Auth-Token: gAAAAABqH-d5d2tr..." -H "Content-Length: 0" {{(pid=102074) http_log /opt/stack/data/venv/lib/python3.12/site-packages/swiftclient/client.py:160}}
Jun 03 08:36:21.104275 np0000002030 devstack@g-api.service[102074]: DEBUG swiftclient [None req-8d481db3-ac36-4e4d-b74f-dabc57634de3 tempest-VolumesActionsTest-346943551 tempest-VolumesActionsTest-346943551-project-member] RESP STATUS: 201 Created {{(pid=102074) http_log /opt/stack/data/venv/lib/python3.12/site-packages/swiftclient/client.py:161}}
Jun 03 08:36:21.104434 np0000002030 devstack@g-api.service[102074]: DEBUG swiftclient [None req-8d481db3-ac36-4e4d-b74f-dabc57634de3 tempest-VolumesActionsTest-346943551 tempest-VolumesActionsTest-346943551-project-member] RESP HEADERS: {'Date': 'Wed, 03 Jun 2026 08:36:21 GMT', 'Server': 'Apache/2.4.58 (Ubuntu)', 'Content-Type': 'text/html; charset=UTF-8', 'Content-Length': '0', 'Etag': 'd41d8cd98f00b204e9800998ecf8427e', 'Last-Modified': 'Wed, 03 Jun 2026 08:36:22 GMT', 'X-Trans-Id': 'tx3943a4d3342a4a5abd7be-006a1fe785', 'X-Openstack-Request-Id': 'tx3943a4d3342a4a5abd7be-006a1fe785', 'Connection': 'close'} {{(pid=102074) http_log /opt/stack/data/venv/lib/python3.12/site-packages/swiftclient/client.py:162}}
Jun 03 08:36:21.105113 np0000002030 devstack@g-api.service[102074]: INFO glance.location [None req-8d481db3-ac36-4e4d-b74f-dabc57634de3 tempest-VolumesActionsTest-346943551 tempest-VolumesActionsTest-346943551-project-member] Image format matched and virtual size computed: 1073741824
Jun 03 08:36:21.132130 np0000002030 devstack@g-api.service[102074]: DEBUG glance_store.backend [None req-8d481db3-ac36-4e4d-b74f-dabc57634de3 tempest-VolumesActionsTest-346943551 tempest-VolumesActionsTest-346943551-project-member] Attempting to import store swift {{(pid=102074) _load_store /opt/stack/data/venv/lib/python3.12/site-packages/glance_store/backend.py:215}}
Jun 03 08:36:21.133738 np0000002030 devstack@g-api.service[102074]: DEBUG glance_store.capabilities [None req-8d481db3-ac36-4e4d-b74f-dabc57634de3 tempest-VolumesActionsTest-346943551 tempest-VolumesActionsTest-346943551-project-member] Store glance_store._drivers.swift.store.SingleTenantStore doesn't support updating dynamic storage capabilities. Please overwrite 'update_capabilities' method of the store to implement updating logics if needed. {{(pid=102074) update_capabilities /opt/stack/data/venv/lib/python3.12/site-packages/glance_store/capabilities.py:91}}
Jun 03 08:36:21.133845 np0000002030 devstack@g-api.service[102074]: DEBUG glance_store.driver [None req-8d481db3-ac36-4e4d-b74f-dabc57634de3 tempest-VolumesActionsTest-346943551 tempest-VolumesActionsTest-346943551-project-member] Late loading location class glance_store._drivers.swift.store.StoreLocation {{(pid=102074) get_store_location_class /opt/stack/data/venv/lib/python3.12/site-packages/glance_store/driver.py:134}}
Jun 03 08:36:21.133943 np0000002030 devstack@g-api.service[102074]: DEBUG glance_store.location [None req-8d481db3-ac36-4e4d-b74f-dabc57634de3 tempest-VolumesActionsTest-346943551 tempest-VolumesActionsTest-346943551-project-member] Registering scheme swift+https with {'store': , 'location_class': , 'store_entry': 'swift'} {{(pid=102074) register_scheme_map /opt/stack/data/venv/lib/python3.12/site-packages/glance_store/location.py:146}}
Jun 03 08:36:21.134081 np0000002030 devstack@g-api.service[102074]: DEBUG glance_store.location [None req-8d481db3-ac36-4e4d-b74f-dabc57634de3 tempest-VolumesActionsTest-346943551 tempest-VolumesActionsTest-346943551-project-member] Registering scheme swift+https with {'store': , 'location_class': , 'store_entry': 'swift'} {{(pid=102074) register_scheme_map /opt/stack/data/venv/lib/python3.12/site-packages/glance_store/location.py:146}}
Jun 03 08:36:21.134159 np0000002030 devstack@g-api.service[102074]: DEBUG glance_store.location [None req-8d481db3-ac36-4e4d-b74f-dabc57634de3 tempest-VolumesActionsTest-346943551 tempest-VolumesActionsTest-346943551-project-member] Registering scheme swift with {'store': , 'location_class': , 'store_entry': 'swift'} {{(pid=102074) register_scheme_map /opt/stack/data/venv/lib/python3.12/site-packages/glance_store/location.py:146}}
Jun 03 08:36:21.134285 np0000002030 devstack@g-api.service[102074]: DEBUG glance_store.location [None req-8d481db3-ac36-4e4d-b74f-dabc57634de3 tempest-VolumesActionsTest-346943551 tempest-VolumesActionsTest-346943551-project-member] Registering scheme swift+https with {'store': , 'location_class': , 'store_entry': 'swift'} {{(pid=102074) register_scheme_map /opt/stack/data/venv/lib/python3.12/site-packages/glance_store/location.py:146}}
Jun 03 08:36:21.134285 np0000002030 devstack@g-api.service[102074]: DEBUG glance_store.location [None req-8d481db3-ac36-4e4d-b74f-dabc57634de3 tempest-VolumesActionsTest-346943551 tempest-VolumesActionsTest-346943551-project-member] Registering scheme swift with {'store': , 'location_class': , 'store_entry': 'swift'} {{(pid=102074) register_scheme_map /opt/stack/data/venv/lib/python3.12/site-packages/glance_store/location.py:146}}
Jun 03 08:36:21.134453 np0000002030 devstack@g-api.service[102074]: DEBUG glance_store.location [None req-8d481db3-ac36-4e4d-b74f-dabc57634de3 tempest-VolumesActionsTest-346943551 tempest-VolumesActionsTest-346943551-project-member] Registering scheme swift+http with {'store': , 'location_class': , 'store_entry': 'swift'} {{(pid=102074) register_scheme_map /opt/stack/data/venv/lib/python3.12/site-packages/glance_store/location.py:146}}
Jun 03 08:36:21.134528 np0000002030 devstack@g-api.service[102074]: DEBUG glance_store.location [None req-8d481db3-ac36-4e4d-b74f-dabc57634de3 tempest-VolumesActionsTest-346943551 tempest-VolumesActionsTest-346943551-project-member] Registering scheme swift+https with {'store': , 'location_class': , 'store_entry': 'swift'} {{(pid=102074) register_scheme_map /opt/stack/data/venv/lib/python3.12/site-packages/glance_store/location.py:146}}
Jun 03 08:36:21.134587 np0000002030 devstack@g-api.service[102074]: DEBUG glance_store.location [None req-8d481db3-ac36-4e4d-b74f-dabc57634de3 tempest-VolumesActionsTest-346943551 tempest-VolumesActionsTest-346943551-project-member] Registering scheme swift with {'store': , 'location_class': , 'store_entry': 'swift'} {{(pid=102074) register_scheme_map /opt/stack/data/venv/lib/python3.12/site-packages/glance_store/location.py:146}}
Jun 03 08:36:21.134641 np0000002030 devstack@g-api.service[102074]: DEBUG glance_store.location [None req-8d481db3-ac36-4e4d-b74f-dabc57634de3 tempest-VolumesActionsTest-346943551 tempest-VolumesActionsTest-346943551-project-member] Registering scheme swift+http with {'store': , 'location_class': , 'store_entry': 'swift'} {{(pid=102074) register_scheme_map /opt/stack/data/venv/lib/python3.12/site-packages/glance_store/location.py:146}}
Jun 03 08:36:21.134759 np0000002030 devstack@g-api.service[102074]: DEBUG glance_store.location [None req-8d481db3-ac36-4e4d-b74f-dabc57634de3 tempest-VolumesActionsTest-346943551 tempest-VolumesActionsTest-346943551-project-member] Registering scheme swift+config with {'store': , 'location_class': , 'store_entry': 'swift'} {{(pid=102074) register_scheme_map /opt/stack/data/venv/lib/python3.12/site-packages/glance_store/location.py:146}}
Jun 03 08:36:21.134860 np0000002030 devstack@g-api.service[102074]: DEBUG glance_store.backend [None req-8d481db3-ac36-4e4d-b74f-dabc57634de3 tempest-VolumesActionsTest-346943551 tempest-VolumesActionsTest-346943551-project-member] Skipping store.set_acls... not implemented. {{(pid=102074) set_acls /opt/stack/data/venv/lib/python3.12/site-packages/glance_store/backend.py:507}}
Jun 03 08:36:21.136580 np0000002030 devstack@g-api.service[102074]: [pid: 102074|app: 0|req: 135/431] 127.0.0.1 () {46 vars in 1158 bytes} [Wed Jun 3 08:36:08 2026] PUT /v2/images/e1ad9b95-4e60-4ca7-af22-3242252a5499/file => generated 0 bytes in 12740 msecs (HTTP/1.1 204) 4 headers in 171 bytes (1 switches on core 0)
Jun 03 08:36:21.145617 np0000002030 devstack@g-api.service[102072]: DEBUG glance.api.middleware.version_negotiation [None req-a7decf79-aab8-47b7-a354-07ea6e0c9fe8 tempest-VolumesGetTest-1062697998 tempest-VolumesGetTest-1062697998-project-member] Determining version of request: GET /v2/images/e1ad9b95-4e60-4ca7-af22-3242252a5499 Accept: */* {{(pid=102072) process_request /opt/stack/glance/glance/api/middleware/version_negotiation.py:44}}
Jun 03 08:36:21.145790 np0000002030 devstack@g-api.service[102072]: DEBUG glance.api.middleware.version_negotiation [None req-a7decf79-aab8-47b7-a354-07ea6e0c9fe8 tempest-VolumesGetTest-1062697998 tempest-VolumesGetTest-1062697998-project-member] Using url versioning {{(pid=102072) process_request /opt/stack/glance/glance/api/middleware/version_negotiation.py:57}}
Jun 03 08:36:21.146136 np0000002030 devstack@g-api.service[102072]: DEBUG glance.api.middleware.version_negotiation [None req-a7decf79-aab8-47b7-a354-07ea6e0c9fe8 tempest-VolumesGetTest-1062697998 tempest-VolumesGetTest-1062697998-project-member] Matched version: v2 {{(pid=102072) process_request /opt/stack/glance/glance/api/middleware/version_negotiation.py:69}}
Jun 03 08:36:21.146136 np0000002030 devstack@g-api.service[102072]: DEBUG glance.api.middleware.version_negotiation [None req-a7decf79-aab8-47b7-a354-07ea6e0c9fe8 tempest-VolumesGetTest-1062697998 tempest-VolumesGetTest-1062697998-project-member] new path /v2/images/e1ad9b95-4e60-4ca7-af22-3242252a5499 {{(pid=102072) process_request /opt/stack/glance/glance/api/middleware/version_negotiation.py:70}}
Jun 03 08:36:21.155315 np0000002030 devstack@g-api.service[102072]: [pid: 102072|app: 0|req: 153/432] 127.0.0.1 () {44 vars in 1115 bytes} [Wed Jun 3 08:36:21 2026] GET /v2/images/e1ad9b95-4e60-4ca7-af22-3242252a5499 => generated 821 bytes in 10 msecs (HTTP/1.1 200) 4 headers in 157 bytes (1 switches on core 0)
Jun 03 08:36:21.162689 np0000002030 devstack@g-api.service[102073]: DEBUG glance.api.middleware.version_negotiation [None req-a7decf79-aab8-47b7-a354-07ea6e0c9fe8 tempest-VolumesGetTest-1062697998 tempest-VolumesGetTest-1062697998-project-member] Determining version of request: GET /v2/schemas/image Accept: */* {{(pid=102073) process_request /opt/stack/glance/glance/api/middleware/version_negotiation.py:44}}
Jun 03 08:36:21.162881 np0000002030 devstack@g-api.service[102073]: DEBUG glance.api.middleware.version_negotiation [None req-a7decf79-aab8-47b7-a354-07ea6e0c9fe8 tempest-VolumesGetTest-1062697998 tempest-VolumesGetTest-1062697998-project-member] Using url versioning {{(pid=102073) process_request /opt/stack/glance/glance/api/middleware/version_negotiation.py:57}}
Jun 03 08:36:21.163025 np0000002030 devstack@g-api.service[102073]: DEBUG glance.api.middleware.version_negotiation [None req-a7decf79-aab8-47b7-a354-07ea6e0c9fe8 tempest-VolumesGetTest-1062697998 tempest-VolumesGetTest-1062697998-project-member] Matched version: v2 {{(pid=102073) process_request /opt/stack/glance/glance/api/middleware/version_negotiation.py:69}}
