Jun 03 08:25:14.892701 np0000002030 nova-scheduler[95760]: DEBUG cotyledon.oslo_config_glue [-] oslo_limit.connect_retries = None {{(pid=95760) log_opt_values /opt/stack/data/venv/lib/python3.12/site-packages/oslo_config/cfg.py:3256}}
Jun 03 08:25:14.892701 np0000002030 nova-scheduler[95760]: DEBUG cotyledon.oslo_config_glue [-] oslo_limit.connect_retry_delay = None {{(pid=95760) log_opt_values /opt/stack/data/venv/lib/python3.12/site-packages/oslo_config/cfg.py:3256}}
Jun 03 08:25:14.892701 np0000002030 nova-scheduler[95760]: DEBUG cotyledon.oslo_config_glue [-] oslo_limit.endpoint_id = None {{(pid=95760) log_opt_values /opt/stack/data/venv/lib/python3.12/site-packages/oslo_config/cfg.py:3256}}
Jun 03 08:25:14.892701 np0000002030 nova-scheduler[95760]: DEBUG cotyledon.oslo_config_glue [-] oslo_limit.endpoint_interface = public {{(pid=95760) log_opt_values /opt/stack/data/venv/lib/python3.12/site-packages/oslo_config/cfg.py:3256}}
Jun 03 08:25:14.892701 np0000002030 nova-scheduler[95760]: DEBUG cotyledon.oslo_config_glue [-] oslo_limit.endpoint_override = None {{(pid=95760) log_opt_values /opt/stack/data/venv/lib/python3.12/site-packages/oslo_config/cfg.py:3256}}
Jun 03 08:25:14.892701 np0000002030 nova-scheduler[95760]: DEBUG cotyledon.oslo_config_glue [-] oslo_limit.endpoint_region_name = None {{(pid=95760) log_opt_values /opt/stack/data/venv/lib/python3.12/site-packages/oslo_config/cfg.py:3256}}
Jun 03 08:25:14.892701 np0000002030 nova-scheduler[95760]: DEBUG cotyledon.oslo_config_glue [-] oslo_limit.endpoint_service_name = None {{(pid=95760) log_opt_values /opt/stack/data/venv/lib/python3.12/site-packages/oslo_config/cfg.py:3256}}
Jun 03 08:25:14.892701 np0000002030 nova-scheduler[95760]: DEBUG cotyledon.oslo_config_glue [-] oslo_limit.endpoint_service_type = None {{(pid=95760) log_opt_values /opt/stack/data/venv/lib/python3.12/site-packages/oslo_config/cfg.py:3256}}
Jun 03 08:25:14.892701 np0000002030 nova-scheduler[95760]: DEBUG cotyledon.oslo_config_glue [-] oslo_limit.insecure = False {{(pid=95760) log_opt_values /opt/stack/data/venv/lib/python3.12/site-packages/oslo_config/cfg.py:3256}}
Jun 03 08:25:14.893012 np0000002030 nova-scheduler[95760]: DEBUG cotyledon.oslo_config_glue [-] oslo_limit.keyfile = None {{(pid=95760) log_opt_values /opt/stack/data/venv/lib/python3.12/site-packages/oslo_config/cfg.py:3256}}
Jun 03 08:25:14.893012 np0000002030 nova-scheduler[95760]: DEBUG cotyledon.oslo_config_glue [-] oslo_limit.max_version = None {{(pid=95760) log_opt_values /opt/stack/data/venv/lib/python3.12/site-packages/oslo_config/cfg.py:3256}}
Jun 03 08:25:14.893012 np0000002030 nova-scheduler[95760]: DEBUG cotyledon.oslo_config_glue [-] oslo_limit.min_version = None {{(pid=95760) log_opt_values /opt/stack/data/venv/lib/python3.12/site-packages/oslo_config/cfg.py:3256}}
Jun 03 08:25:14.893012 np0000002030 nova-scheduler[95760]: DEBUG cotyledon.oslo_config_glue [-] oslo_limit.region_name = None {{(pid=95760) log_opt_values /opt/stack/data/venv/lib/python3.12/site-packages/oslo_config/cfg.py:3256}}
Jun 03 08:25:14.893012 np0000002030 nova-scheduler[95760]: DEBUG cotyledon.oslo_config_glue [-] oslo_limit.retriable_status_codes = None {{(pid=95760) log_opt_values /opt/stack/data/venv/lib/python3.12/site-packages/oslo_config/cfg.py:3256}}
Jun 03 08:25:14.893012 np0000002030 nova-scheduler[95760]: DEBUG cotyledon.oslo_config_glue [-] oslo_limit.service_name = None {{(pid=95760) log_opt_values /opt/stack/data/venv/lib/python3.12/site-packages/oslo_config/cfg.py:3256}}
Jun 03 08:25:14.893012 np0000002030 nova-scheduler[95760]: DEBUG cotyledon.oslo_config_glue [-] oslo_limit.service_type = None {{(pid=95760) log_opt_values /opt/stack/data/venv/lib/python3.12/site-packages/oslo_config/cfg.py:3256}}
Jun 03 08:25:14.893012 np0000002030 nova-scheduler[95760]: DEBUG cotyledon.oslo_config_glue [-] oslo_limit.split_loggers = False {{(pid=95760) log_opt_values /opt/stack/data/venv/lib/python3.12/site-packages/oslo_config/cfg.py:3256}}
Jun 03 08:25:14.893012 np0000002030 nova-scheduler[95760]: DEBUG cotyledon.oslo_config_glue [-] oslo_limit.status_code_retries = None {{(pid=95760) log_opt_values /opt/stack/data/venv/lib/python3.12/site-packages/oslo_config/cfg.py:3256}}
Jun 03 08:25:14.893343 np0000002030 nova-scheduler[95760]: DEBUG cotyledon.oslo_config_glue [-] oslo_limit.status_code_retry_delay = None {{(pid=95760) log_opt_values /opt/stack/data/venv/lib/python3.12/site-packages/oslo_config/cfg.py:3256}}
Jun 03 08:25:14.893343 np0000002030 nova-scheduler[95760]: DEBUG cotyledon.oslo_config_glue [-] oslo_limit.timeout = None {{(pid=95760) log_opt_values /opt/stack/data/venv/lib/python3.12/site-packages/oslo_config/cfg.py:3256}}
Jun 03 08:25:14.893343 np0000002030 nova-scheduler[95760]: DEBUG cotyledon.oslo_config_glue [-] oslo_limit.valid_interfaces = None {{(pid=95760) log_opt_values /opt/stack/data/venv/lib/python3.12/site-packages/oslo_config/cfg.py:3256}}
Jun 03 08:25:14.893343 np0000002030 nova-scheduler[95760]: DEBUG cotyledon.oslo_config_glue [-] oslo_limit.version = None {{(pid=95760) log_opt_values /opt/stack/data/venv/lib/python3.12/site-packages/oslo_config/cfg.py:3256}}
Jun 03 08:25:14.893343 np0000002030 nova-scheduler[95760]: DEBUG cotyledon.oslo_config_glue [-] oslo_reports.file_event_handler = None {{(pid=95760) log_opt_values /opt/stack/data/venv/lib/python3.12/site-packages/oslo_config/cfg.py:3256}}
Jun 03 08:25:14.893343 np0000002030 nova-scheduler[95760]: DEBUG cotyledon.oslo_config_glue [-] oslo_reports.file_event_handler_interval = 1 {{(pid=95760) log_opt_values /opt/stack/data/venv/lib/python3.12/site-packages/oslo_config/cfg.py:3256}}
Jun 03 08:25:14.893343 np0000002030 nova-scheduler[95760]: DEBUG cotyledon.oslo_config_glue [-] oslo_reports.log_dir = None {{(pid=95760) log_opt_values /opt/stack/data/venv/lib/python3.12/site-packages/oslo_config/cfg.py:3256}}
Jun 03 08:25:14.893343 np0000002030 nova-scheduler[95760]: DEBUG cotyledon.oslo_config_glue [-] ******************************************************************************** {{(pid=95760) log_opt_values /opt/stack/data/venv/lib/python3.12/site-packages/oslo_config/cfg.py:3263}}
Jun 03 08:25:14.893343 np0000002030 nova-scheduler[95760]: DEBUG cotyledon._service_worker [-] Run service ServiceWrapper(1) [95760] {{(pid=95760) wait_forever /opt/stack/data/venv/lib/python3.12/site-packages/cotyledon/_service_worker.py:218}}
Jun 03 08:25:14.893664 np0000002030 nova-scheduler[95760]: INFO nova.service [-] Starting scheduler node (version 33.1.0)
Jun 03 08:25:14.893703 np0000002030 nova-scheduler[95765]: INFO dbcounter [None req-4168cb56-d7cd-4589-b3b4-0882bcd1da54 None None] Registered counter for database nova_cell0
Jun 03 08:25:14.893743 np0000002030 nova-scheduler[95760]: INFO dbcounter [None req-a273ccde-4c30-4eb8-8112-b3bd3053c980 None None] Registered counter for database nova_cell0
Jun 03 08:25:14.893787 np0000002030 nova-scheduler[95758]: DEBUG oslo_db.sqlalchemy.engines [None req-31c68fff-35ff-4a45-9f50-bcaa3193ef13 None None] MySQL server mode set to STRICT_TRANS_TABLES,STRICT_ALL_TABLES,NO_ZERO_IN_DATE,NO_ZERO_DATE,ERROR_FOR_DIVISION_BY_ZERO,TRADITIONAL,NO_ENGINE_SUBSTITUTION {{(pid=95758) _check_effective_sql_mode /opt/stack/data/venv/lib/python3.12/site-packages/oslo_db/sqlalchemy/engines.py:325}}
Jun 03 08:25:14.900392 np0000002030 nova-scheduler[95765]: DEBUG oslo_db.sqlalchemy.engines [None req-4168cb56-d7cd-4589-b3b4-0882bcd1da54 None None] MySQL server mode set to STRICT_TRANS_TABLES,STRICT_ALL_TABLES,NO_ZERO_IN_DATE,NO_ZERO_DATE,ERROR_FOR_DIVISION_BY_ZERO,TRADITIONAL,NO_ENGINE_SUBSTITUTION {{(pid=95765) _check_effective_sql_mode /opt/stack/data/venv/lib/python3.12/site-packages/oslo_db/sqlalchemy/engines.py:325}}
Jun 03 08:25:14.903462 np0000002030 nova-scheduler[95758]: DEBUG dbcounter [-] [95758] Writer thread running {{(pid=95758) stat_writer /opt/stack/data/venv/lib/python3.12/site-packages/dbcounter.py:102}}
Jun 03 08:25:14.909530 np0000002030 nova-scheduler[95760]: DEBUG oslo_db.sqlalchemy.engines [None req-a273ccde-4c30-4eb8-8112-b3bd3053c980 None None] MySQL server mode set to STRICT_TRANS_TABLES,STRICT_ALL_TABLES,NO_ZERO_IN_DATE,NO_ZERO_DATE,ERROR_FOR_DIVISION_BY_ZERO,TRADITIONAL,NO_ENGINE_SUBSTITUTION {{(pid=95760) _check_effective_sql_mode /opt/stack/data/venv/lib/python3.12/site-packages/oslo_db/sqlalchemy/engines.py:325}}
Jun 03 08:25:14.913189 np0000002030 nova-scheduler[95765]: DEBUG dbcounter [-] [95765] Writer thread running {{(pid=95765) stat_writer /opt/stack/data/venv/lib/python3.12/site-packages/dbcounter.py:102}}
Jun 03 08:25:14.918718 np0000002030 nova-scheduler[95760]: DEBUG dbcounter [-] [95760] Writer thread running {{(pid=95760) stat_writer /opt/stack/data/venv/lib/python3.12/site-packages/dbcounter.py:102}}
Jun 03 08:25:14.922917 np0000002030 nova-scheduler[95758]: DEBUG nova.service [None req-31c68fff-35ff-4a45-9f50-bcaa3193ef13 None None] Creating RPC server for service: nova-scheduler on topic: scheduler {{(pid=95758) start /opt/stack/nova/nova/service.py:195}}
Jun 03 08:25:14.933439 np0000002030 nova-scheduler[95765]: DEBUG nova.service [None req-4168cb56-d7cd-4589-b3b4-0882bcd1da54 None None] Creating RPC server for service: nova-scheduler on topic: scheduler {{(pid=95765) start /opt/stack/nova/nova/service.py:195}}
Jun 03 08:25:14.936190 np0000002030 nova-scheduler[95760]: DEBUG nova.service [None req-a273ccde-4c30-4eb8-8112-b3bd3053c980 None None] Creating RPC server for service: nova-scheduler on topic: scheduler {{(pid=95760) start /opt/stack/nova/nova/service.py:195}}
Jun 03 08:25:14.954221 np0000002030 nova-scheduler[95758]: DEBUG nova.service [None req-31c68fff-35ff-4a45-9f50-bcaa3193ef13 None None] Join ServiceGroup membership for this service scheduler {{(pid=95758) start /opt/stack/nova/nova/service.py:221}}
Jun 03 08:25:14.954456 np0000002030 nova-scheduler[95758]: DEBUG nova.servicegroup.drivers.db [None req-31c68fff-35ff-4a45-9f50-bcaa3193ef13 None None] DB_Driver: join new ServiceGroup member np0000002030 to the scheduler group, service = {{(pid=95758) join /opt/stack/nova/nova/servicegroup/drivers/db.py:44}}
Jun 03 08:25:14.956445 np0000002030 nova-scheduler[95760]: DEBUG nova.service [None req-a273ccde-4c30-4eb8-8112-b3bd3053c980 None None] Join ServiceGroup membership for this service scheduler {{(pid=95760) start /opt/stack/nova/nova/service.py:221}}
Jun 03 08:25:14.956649 np0000002030 nova-scheduler[95760]: DEBUG nova.servicegroup.drivers.db [None req-a273ccde-4c30-4eb8-8112-b3bd3053c980 None None] DB_Driver: join new ServiceGroup member np0000002030 to the scheduler group, service = {{(pid=95760) join /opt/stack/nova/nova/servicegroup/drivers/db.py:44}}
Jun 03 08:25:14.959537 np0000002030 nova-scheduler[95765]: DEBUG nova.service [None req-4168cb56-d7cd-4589-b3b4-0882bcd1da54 None None] Join ServiceGroup membership for this service scheduler {{(pid=95765) start /opt/stack/nova/nova/service.py:221}}
Jun 03 08:25:14.959787 np0000002030 nova-scheduler[95765]: DEBUG nova.servicegroup.drivers.db [None req-4168cb56-d7cd-4589-b3b4-0882bcd1da54 None None] DB_Driver: join new ServiceGroup member np0000002030 to the scheduler group, service = {{(pid=95765) join /opt/stack/nova/nova/servicegroup/drivers/db.py:44}}
Jun 03 08:25:17.961638 np0000002030 nova-scheduler[95765]: DEBUG oslo.service.backend._threading.loopingcall [None req-5172c5e1-d23c-43f1-85cf-c1c033413695 None None] Dynamic interval looping call 'nova.service.Service.periodic_tasks' sleeping for 60.00 seconds {{(pid=95765) _run_loop /opt/stack/data/venv/lib/python3.12/site-packages/oslo_service/backend/_threading/loopingcall.py:125}}
Jun 03 08:25:19.972351 np0000002030 nova-scheduler[95758]: DEBUG oslo.service.backend._threading.loopingcall [-] Fixed interval looping call 'nova.servicegroup.drivers.db.DbDriver._report_state' sleeping for 119.98 seconds {{(pid=95758) _run_loop /opt/stack/data/venv/lib/python3.12/site-packages/oslo_service/backend/_threading/loopingcall.py:125}}
Jun 03 08:25:19.974012 np0000002030 nova-scheduler[95760]: DEBUG oslo.service.backend._threading.loopingcall [-] Fixed interval looping call 'nova.servicegroup.drivers.db.DbDriver._report_state' sleeping for 119.99 seconds {{(pid=95760) _run_loop /opt/stack/data/venv/lib/python3.12/site-packages/oslo_service/backend/_threading/loopingcall.py:125}}
Jun 03 08:25:19.975854 np0000002030 nova-scheduler[95765]: DEBUG oslo.service.backend._threading.loopingcall [-] Fixed interval looping call 'nova.servicegroup.drivers.db.DbDriver._report_state' sleeping for 119.99 seconds {{(pid=95765) _run_loop /opt/stack/data/venv/lib/python3.12/site-packages/oslo_service/backend/_threading/loopingcall.py:125}}
Jun 03 08:25:23.505928 np0000002030 nova-scheduler[94564]: DEBUG dbcounter [-] [94564] Writing DB stats nova_api:SELECT=3 {{(pid=94564) stat_writer /opt/stack/data/venv/lib/python3.12/site-packages/dbcounter.py:115}}
Jun 03 08:25:23.643257 np0000002030 nova-scheduler[94564]: DEBUG dbcounter [-] [94564] Writing DB stats nova_cell0:SELECT=1 {{(pid=94564) stat_writer /opt/stack/data/venv/lib/python3.12/site-packages/dbcounter.py:115}}
Jun 03 08:25:23.647483 np0000002030 nova-scheduler[94564]: DEBUG dbcounter [-] [94564] Writing DB stats nova_cell1:SELECT=1 {{(pid=94564) stat_writer /opt/stack/data/venv/lib/python3.12/site-packages/dbcounter.py:115}}
Jun 03 08:25:24.956501 np0000002030 nova-scheduler[95758]: DEBUG oslo.service.backend._threading.loopingcall [None req-2e10f1d5-a5db-401b-bc81-c700d880efe7 None None] Dynamic interval looping call 'nova.service.Service.periodic_tasks' sleeping for 60.00 seconds {{(pid=95758) _run_loop /opt/stack/data/venv/lib/python3.12/site-packages/oslo_service/backend/_threading/loopingcall.py:125}}
Jun 03 08:25:29.964630 np0000002030 nova-scheduler[95760]: DEBUG dbcounter [-] [95760] Writing DB stats nova_cell0:SELECT=4,nova_cell0:INSERT=1,nova_cell0:UPDATE=1 {{(pid=95760) stat_writer /opt/stack/data/venv/lib/python3.12/site-packages/dbcounter.py:115}}
Jun 03 08:25:29.967440 np0000002030 nova-scheduler[95758]: DEBUG dbcounter [-] [95758] Writing DB stats nova_cell0:SELECT=4,nova_cell0:INSERT=1,nova_cell0:UPDATE=1 {{(pid=95758) stat_writer /opt/stack/data/venv/lib/python3.12/site-packages/dbcounter.py:115}}
Jun 03 08:25:29.971164 np0000002030 nova-scheduler[95765]: DEBUG dbcounter [-] [95765] Writing DB stats nova_cell0:SELECT=5,nova_cell0:INSERT=1,nova_cell0:UPDATE=1 {{(pid=95765) stat_writer /opt/stack/data/venv/lib/python3.12/site-packages/dbcounter.py:115}}
Jun 03 08:25:56.958800 np0000002030 nova-scheduler[95760]: DEBUG oslo.service.backend._threading.loopingcall [None req-80b55646-f65a-4485-9ebe-9b6efbc72793 None None] Dynamic interval looping call 'nova.service.Service.periodic_tasks' sleeping for 60.00 seconds {{(pid=95760) _run_loop /opt/stack/data/venv/lib/python3.12/site-packages/oslo_service/backend/_threading/loopingcall.py:125}}
Jun 03 08:26:17.962162 np0000002030 nova-scheduler[95765]: DEBUG oslo.service.backend._threading.loopingcall [None req-5172c5e1-d23c-43f1-85cf-c1c033413695 None None] Dynamic interval looping call 'nova.service.Service.periodic_tasks' sleeping for 60.00 seconds {{(pid=95765) _run_loop /opt/stack/data/venv/lib/python3.12/site-packages/oslo_service/backend/_threading/loopingcall.py:125}}
Jun 03 08:26:24.957020 np0000002030 nova-scheduler[95758]: DEBUG oslo.service.backend._threading.loopingcall [None req-2e10f1d5-a5db-401b-bc81-c700d880efe7 None None] Dynamic interval looping call 'nova.service.Service.periodic_tasks' sleeping for 60.00 seconds {{(pid=95758) _run_loop /opt/stack/data/venv/lib/python3.12/site-packages/oslo_service/backend/_threading/loopingcall.py:125}}
Jun 03 08:26:56.959398 np0000002030 nova-scheduler[95760]: DEBUG oslo.service.backend._threading.loopingcall [None req-80b55646-f65a-4485-9ebe-9b6efbc72793 None None] Dynamic interval looping call 'nova.service.Service.periodic_tasks' sleeping for 60.00 seconds {{(pid=95760) _run_loop /opt/stack/data/venv/lib/python3.12/site-packages/oslo_service/backend/_threading/loopingcall.py:125}}
Jun 03 08:27:17.962700 np0000002030 nova-scheduler[95765]: DEBUG oslo.service.backend._threading.loopingcall [None req-5172c5e1-d23c-43f1-85cf-c1c033413695 None None] Dynamic interval looping call 'nova.service.Service.periodic_tasks' sleeping for 60.00 seconds {{(pid=95765) _run_loop /opt/stack/data/venv/lib/python3.12/site-packages/oslo_service/backend/_threading/loopingcall.py:125}}
Jun 03 08:27:19.966316 np0000002030 nova-scheduler[95758]: DEBUG oslo.service.backend._threading.loopingcall [-] Fixed interval looping call 'nova.servicegroup.drivers.db.DbDriver._report_state' sleeping for 119.99 seconds {{(pid=95758) _run_loop /opt/stack/data/venv/lib/python3.12/site-packages/oslo_service/backend/_threading/loopingcall.py:125}}
Jun 03 08:27:19.967256 np0000002030 nova-scheduler[95760]: DEBUG oslo.service.backend._threading.loopingcall [-] Fixed interval looping call 'nova.servicegroup.drivers.db.DbDriver._report_state' sleeping for 120.00 seconds {{(pid=95760) _run_loop /opt/stack/data/venv/lib/python3.12/site-packages/oslo_service/backend/_threading/loopingcall.py:125}}
Jun 03 08:27:19.970137 np0000002030 nova-scheduler[95765]: DEBUG oslo.service.backend._threading.loopingcall [-] Fixed interval looping call 'nova.servicegroup.drivers.db.DbDriver._report_state' sleeping for 120.00 seconds {{(pid=95765) _run_loop /opt/stack/data/venv/lib/python3.12/site-packages/oslo_service/backend/_threading/loopingcall.py:125}}
Jun 03 08:27:24.957573 np0000002030 nova-scheduler[95758]: DEBUG oslo.service.backend._threading.loopingcall [None req-2e10f1d5-a5db-401b-bc81-c700d880efe7 None None] Dynamic interval looping call 'nova.service.Service.periodic_tasks' sleeping for 60.00 seconds {{(pid=95758) _run_loop /opt/stack/data/venv/lib/python3.12/site-packages/oslo_service/backend/_threading/loopingcall.py:125}}
Jun 03 08:27:29.955572 np0000002030 nova-scheduler[95758]: DEBUG dbcounter [-] [95758] Writing DB stats nova_cell0:SELECT=1,nova_cell0:UPDATE=1 {{(pid=95758) stat_writer /opt/stack/data/venv/lib/python3.12/site-packages/dbcounter.py:115}}
Jun 03 08:27:29.965407 np0000002030 nova-scheduler[95760]: DEBUG dbcounter [-] [95760] Writing DB stats nova_cell0:SELECT=1 {{(pid=95760) stat_writer /opt/stack/data/venv/lib/python3.12/site-packages/dbcounter.py:115}}
Jun 03 08:27:29.968317 np0000002030 nova-scheduler[95765]: DEBUG dbcounter [-] [95765] Writing DB stats nova_cell0:SELECT=1 {{(pid=95765) stat_writer /opt/stack/data/venv/lib/python3.12/site-packages/dbcounter.py:115}}
Jun 03 08:27:56.959842 np0000002030 nova-scheduler[95760]: DEBUG oslo.service.backend._threading.loopingcall [None req-80b55646-f65a-4485-9ebe-9b6efbc72793 None None] Dynamic interval looping call 'nova.service.Service.periodic_tasks' sleeping for 60.00 seconds {{(pid=95760) _run_loop /opt/stack/data/venv/lib/python3.12/site-packages/oslo_service/backend/_threading/loopingcall.py:125}}
Jun 03 08:28:01.152168 np0000002030 nova-scheduler[95758]: DEBUG nova.scheduler.manager [None req-5d6eb157-0402-4a15-bf90-2bec40343ba0 tempest-ServerRescueNegativeTestJSON-2056468934 tempest-ServerRescueNegativeTestJSON-2056468934-project-member] Starting to schedule for instances: ['2bc5ff6b-a307-42dc-a399-04228cbedca9'] {{(pid=95758) select_destinations /opt/stack/nova/nova/scheduler/manager.py:210}}
Jun 03 08:28:01.152561 np0000002030 nova-scheduler[95758]: DEBUG nova.scheduler.request_filter [None req-5d6eb157-0402-4a15-bf90-2bec40343ba0 tempest-ServerRescueNegativeTestJSON-2056468934 tempest-ServerRescueNegativeTestJSON-2056468934-project-member] compute_status_filter request filter added forbidden trait COMPUTE_STATUS_DISABLED {{(pid=95758) compute_status_filter /opt/stack/nova/nova/scheduler/request_filter.py:253}}
Jun 03 08:28:01.152623 np0000002030 nova-scheduler[95758]: DEBUG nova.scheduler.request_filter [None req-5d6eb157-0402-4a15-bf90-2bec40343ba0 tempest-ServerRescueNegativeTestJSON-2056468934 tempest-ServerRescueNegativeTestJSON-2056468934-project-member] Request filter 'compute_status_filter' took 0.0 seconds {{(pid=95758) wrapper /opt/stack/nova/nova/scheduler/request_filter.py:46}}
Jun 03 08:28:01.153439 np0000002030 nova-scheduler[95758]: DEBUG nova.scheduler.request_filter [None req-5d6eb157-0402-4a15-bf90-2bec40343ba0 tempest-ServerRescueNegativeTestJSON-2056468934 tempest-ServerRescueNegativeTestJSON-2056468934-project-member] Request filter 'accelerators_filter' took 0.0 seconds {{(pid=95758) wrapper /opt/stack/nova/nova/scheduler/request_filter.py:46}}
Jun 03 08:28:01.153439 np0000002030 nova-scheduler[95758]: DEBUG nova.scheduler.request_filter [None req-5d6eb157-0402-4a15-bf90-2bec40343ba0 tempest-ServerRescueNegativeTestJSON-2056468934 tempest-ServerRescueNegativeTestJSON-2056468934-project-member] Request filter 'packed_virtqueue_filter' took 0.0 seconds {{(pid=95758) wrapper /opt/stack/nova/nova/scheduler/request_filter.py:46}}
Jun 03 08:28:01.153750 np0000002030 nova-scheduler[95758]: DEBUG nova.scheduler.request_filter [None req-5d6eb157-0402-4a15-bf90-2bec40343ba0 tempest-ServerRescueNegativeTestJSON-2056468934 tempest-ServerRescueNegativeTestJSON-2056468934-project-member] Request filter 'remote_managed_ports_filter' took 0.0 seconds {{(pid=95758) wrapper /opt/stack/nova/nova/scheduler/request_filter.py:46}}
Jun 03 08:28:01.153930 np0000002030 nova-scheduler[95758]: DEBUG nova.scheduler.request_filter [None req-5d6eb157-0402-4a15-bf90-2bec40343ba0 tempest-ServerRescueNegativeTestJSON-2056468934 tempest-ServerRescueNegativeTestJSON-2056468934-project-member] ephemeral_encryption_filter skipped {{(pid=95758) ephemeral_encryption_filter /opt/stack/nova/nova/scheduler/request_filter.py:426}}
Jun 03 08:28:01.154088 np0000002030 nova-scheduler[95758]: DEBUG nova.scheduler.request_filter [None req-5d6eb157-0402-4a15-bf90-2bec40343ba0 tempest-ServerRescueNegativeTestJSON-2056468934 tempest-ServerRescueNegativeTestJSON-2056468934-project-member] virtio_sound_filter skipped {{(pid=95758) virtio_sound_filter /opt/stack/nova/nova/scheduler/request_filter.py:460}}
Jun 03 08:28:01.154242 np0000002030 nova-scheduler[95758]: DEBUG nova.scheduler.request_filter [None req-5d6eb157-0402-4a15-bf90-2bec40343ba0 tempest-ServerRescueNegativeTestJSON-2056468934 tempest-ServerRescueNegativeTestJSON-2056468934-project-member] tpm_secret_security_filter skipped {{(pid=95758) tpm_secret_security_filter /opt/stack/nova/nova/scheduler/request_filter.py:477}}
Jun 03 08:28:01.672694 np0000002030 nova-scheduler[95758]: INFO nova.utils [None req-5d6eb157-0402-4a15-bf90-2bec40343ba0 tempest-ServerRescueNegativeTestJSON-2056468934 tempest-ServerRescueNegativeTestJSON-2056468934-project-member] The cell worker thread pool ForkProcess-1.cell_worker is initialized
Jun 03 08:28:01.673030 np0000002030 nova-scheduler[95758]: DEBUG oslo_concurrency.lockutils [None req-5d6eb157-0402-4a15-bf90-2bec40343ba0 tempest-ServerRescueNegativeTestJSON-2056468934 tempest-ServerRescueNegativeTestJSON-2056468934-project-member] Acquiring lock "28656661-6ef3-4386-bcf5-cbd737647b39" by "nova.context.set_target_cell..get_or_set_cached_cell_and_set_connections" {{(pid=95758) inner /opt/stack/data/venv/lib/python3.12/site-packages/oslo_concurrency/lockutils.py:511}}
Jun 03 08:28:01.673224 np0000002030 nova-scheduler[95758]: DEBUG oslo_concurrency.lockutils [None req-5d6eb157-0402-4a15-bf90-2bec40343ba0 tempest-ServerRescueNegativeTestJSON-2056468934 tempest-ServerRescueNegativeTestJSON-2056468934-project-member] Lock "28656661-6ef3-4386-bcf5-cbd737647b39" acquired by "nova.context.set_target_cell..get_or_set_cached_cell_and_set_connections" :: waited 0.000s {{(pid=95758) inner /opt/stack/data/venv/lib/python3.12/site-packages/oslo_concurrency/lockutils.py:524}}
Jun 03 08:28:01.674503 np0000002030 nova-scheduler[95758]: DEBUG oslo_concurrency.lockutils [None req-5d6eb157-0402-4a15-bf90-2bec40343ba0 tempest-ServerRescueNegativeTestJSON-2056468934 tempest-ServerRescueNegativeTestJSON-2056468934-project-member] Lock "28656661-6ef3-4386-bcf5-cbd737647b39" "released" by "nova.context.set_target_cell..get_or_set_cached_cell_and_set_connections" :: held 0.001s {{(pid=95758) inner /opt/stack/data/venv/lib/python3.12/site-packages/oslo_concurrency/lockutils.py:543}}
Jun 03 08:28:01.675925 np0000002030 nova-scheduler[95758]: INFO dbcounter [None req-5d6eb157-0402-4a15-bf90-2bec40343ba0 tempest-ServerRescueNegativeTestJSON-2056468934 tempest-ServerRescueNegativeTestJSON-2056468934-project-member] Registered counter for database nova_cell1
Jun 03 08:28:01.709868 np0000002030 nova-scheduler[95758]: DEBUG oslo_db.sqlalchemy.engines [None req-5d6eb157-0402-4a15-bf90-2bec40343ba0 tempest-ServerRescueNegativeTestJSON-2056468934 tempest-ServerRescueNegativeTestJSON-2056468934-project-member] MySQL server mode set to STRICT_TRANS_TABLES,STRICT_ALL_TABLES,NO_ZERO_IN_DATE,NO_ZERO_DATE,ERROR_FOR_DIVISION_BY_ZERO,TRADITIONAL,NO_ENGINE_SUBSTITUTION {{(pid=95758) _check_effective_sql_mode /opt/stack/data/venv/lib/python3.12/site-packages/oslo_db/sqlalchemy/engines.py:325}}
Jun 03 08:28:01.714899 np0000002030 nova-scheduler[95758]: DEBUG dbcounter [-] [95758] Writer thread running {{(pid=95758) stat_writer /opt/stack/data/venv/lib/python3.12/site-packages/dbcounter.py:102}}
Jun 03 08:28:01.725174 np0000002030 nova-scheduler[95758]: DEBUG oslo_db.sqlalchemy.engines [None req-5d6eb157-0402-4a15-bf90-2bec40343ba0 tempest-ServerRescueNegativeTestJSON-2056468934 tempest-ServerRescueNegativeTestJSON-2056468934-project-member] Parent process 94564 forked (95758) with an open database connection, which is being discarded and recreated. {{(pid=95758) checkout /opt/stack/data/venv/lib/python3.12/site-packages/oslo_db/sqlalchemy/engines.py:402}}
Jun 03 08:28:01.761209 np0000002030 nova-scheduler[95758]: DEBUG dbcounter [-] [95758] Writer thread running {{(pid=95758) stat_writer /opt/stack/data/venv/lib/python3.12/site-packages/dbcounter.py:102}}
Jun 03 08:28:01.764327 np0000002030 nova-scheduler[95758]: DEBUG oslo_concurrency.lockutils [None req-5d6eb157-0402-4a15-bf90-2bec40343ba0 tempest-ServerRescueNegativeTestJSON-2056468934 tempest-ServerRescueNegativeTestJSON-2056468934-project-member] Acquiring lock "28656661-6ef3-4386-bcf5-cbd737647b39" by "nova.context.set_target_cell..get_or_set_cached_cell_and_set_connections" {{(pid=95758) inner /opt/stack/data/venv/lib/python3.12/site-packages/oslo_concurrency/lockutils.py:511}}
Jun 03 08:28:01.764524 np0000002030 nova-scheduler[95758]: DEBUG oslo_concurrency.lockutils [None req-5d6eb157-0402-4a15-bf90-2bec40343ba0 tempest-ServerRescueNegativeTestJSON-2056468934 tempest-ServerRescueNegativeTestJSON-2056468934-project-member] Lock "28656661-6ef3-4386-bcf5-cbd737647b39" acquired by "nova.context.set_target_cell..get_or_set_cached_cell_and_set_connections" :: waited 0.000s {{(pid=95758) inner /opt/stack/data/venv/lib/python3.12/site-packages/oslo_concurrency/lockutils.py:524}}
Jun 03 08:28:01.764703 np0000002030 nova-scheduler[95758]: DEBUG oslo_concurrency.lockutils [None req-5d6eb157-0402-4a15-bf90-2bec40343ba0 tempest-ServerRescueNegativeTestJSON-2056468934 tempest-ServerRescueNegativeTestJSON-2056468934-project-member] Lock "28656661-6ef3-4386-bcf5-cbd737647b39" "released" by "nova.context.set_target_cell..get_or_set_cached_cell_and_set_connections" :: held 0.000s {{(pid=95758) inner /opt/stack/data/venv/lib/python3.12/site-packages/oslo_concurrency/lockutils.py:543}}
Jun 03 08:28:01.767879 np0000002030 nova-scheduler[95758]: DEBUG oslo_concurrency.lockutils [None req-5d6eb157-0402-4a15-bf90-2bec40343ba0 tempest-ServerRescueNegativeTestJSON-2056468934 tempest-ServerRescueNegativeTestJSON-2056468934-project-member] Acquiring lock "('np0000002030', 'np0000002030')" by "nova.scheduler.host_manager.HostState.update.._locked_update" {{(pid=95758) inner /opt/stack/data/venv/lib/python3.12/site-packages/oslo_concurrency/lockutils.py:511}}
Jun 03 08:28:01.768026 np0000002030 nova-scheduler[95758]: DEBUG oslo_concurrency.lockutils [None req-5d6eb157-0402-4a15-bf90-2bec40343ba0 tempest-ServerRescueNegativeTestJSON-2056468934 tempest-ServerRescueNegativeTestJSON-2056468934-project-member] Lock "('np0000002030', 'np0000002030')" acquired by "nova.scheduler.host_manager.HostState.update.._locked_update" :: waited 0.000s {{(pid=95758) inner /opt/stack/data/venv/lib/python3.12/site-packages/oslo_concurrency/lockutils.py:524}}
Jun 03 08:28:01.769194 np0000002030 nova-scheduler[95758]: DEBUG nova.scheduler.host_manager [None req-5d6eb157-0402-4a15-bf90-2bec40343ba0 tempest-ServerRescueNegativeTestJSON-2056468934 tempest-ServerRescueNegativeTestJSON-2056468934-project-member] Update host state from compute node: ComputeNode(cpu_allocation_ratio=4.0,cpu_info='{"arch": "x86_64", "model": "EPYC-Milan", "vendor": "AMD", "topology": {"cells": 1, "sockets": 12, "cores": 1, "threads": 1}, "maxphysaddr": {"mode": "emulate", "bits": 40}, "features": ["sse2", "fsgsbase", "tsc_adjust", "perfctr_core", "mce", "vpclmulqdq", "clzero", "cmp_legacy", "abm", "fxsr_opt", "ssse3", "v-vmsave-vmload", "stibp-always-on", "amd-stibp", "avx2", "pschange-mc-no", "bmi2", "stibp", "pause-filter", "aes", "pni", "ibpb", "amd-ssbd", "umip", "spec-ctrl", "clflushopt", "smap", "cmov", "cx16", "invpcid", "svm", "cx8", "lfence-always-serializing", "pae", "topoext", "lahf_lm", "sse4a", "xsaves", "pcid", "xsave", "pfthreshold", "sse4.1", "osvw", "xsaveerptr", "svme-addr-chk", "clflush", "skip-l1dfl-vmentry", "syscall", "gds-no", "pdpe1gb", "clwb", "f16c", "lm", "pge", "erms", "movbe", "wbnoinvd", "x2apic", "fma", "mca", "pse", "3dnowprefetch", "mtrr", "smep", "arch-capabilities", "xgetbv1", "vgif", "amd-psfd", "mds-no", "mmxext", "bmi1", "null-sel-clr-base", "rdtscp", "arat", "mmx", "npt", "nx", "fsrm", "flushbyasid", "misalignsse", "vme", "pse36", "vmcb-clean", "fpu", "adx", "rdrand", "popcnt", "xsavec", "cr8legacy", "pclmuldq", "fxsr", "no-nested-data-bp", "rdseed", "ibrs", "sse", "apic", "sep", "avx", "hypervisor", "pku", "de", "ssbd", "sha-ni", "tsc-deadline", "msr", "pat", "rdctl-no", "tsc", "nrip-save", "virt-ssbd", "tsc-scale", "xsaveopt", "vaes", "sse4.2", "lbrv", "rdpid"]}',created_at=2026-06-03T08:25:40Z,current_workload=0,deleted=False,deleted_at=None,disk_allocation_ratio=1.0,disk_available_least=74,free_disk_gb=95,free_ram_mb=23518,host='np0000002030',host_ip=10.4.3.113,hypervisor_hostname='np0000002030',hypervisor_type='QEMU',hypervisor_version=8002002,id=1,local_gb=95,local_gb_used=0,mapped=1,memory_mb=24030,memory_mb_used=512,metrics='[]',numa_topology='{"nova_object.name": "NUMATopology", "nova_object.namespace": "nova", "nova_object.version": "1.2", "nova_object.data": {"cells": [{"nova_object.name": "NUMACell", "nova_object.namespace": "nova", "nova_object.version": "1.5", "nova_object.data": {"id": 0, "cpuset": [0, 1, 2, 3, 4, 5, 6, 7, 8, 9, 10, 11], "pcpuset": [0, 1, 2, 3, 4, 5, 6, 7, 8, 9, 10, 11], "memory": 24030, "cpu_usage": 0, "memory_usage": 0, "pinned_cpus": [], "siblings": [[6], [2], [5], [11], [8], [4], [1], [7], [10], [0], [3], [9]], "mempages": [{"nova_object.name": "NUMAPagesTopology", "nova_object.namespace": "nova", "nova_object.version": "1.1", "nova_object.data": {"size_kb": 4, "total": 6151797, "used": 0, "reserved": 0}, "nova_object.changes": ["total", "reserved", "used", "size_kb"]}, {"nova_object.name": "NUMAPagesTopology", "nova_object.namespace": "nova", "nova_object.version": "1.1", "nova_object.data": {"size_kb": 2048, "total": 0, "used": 0, "reserved": 0}, "nova_object.changes": ["total", "reserved", "used", "size_kb"]}, {"nova_object.name": "NUMAPagesTopology", "nova_object.namespace": "nova", "nova_object.version": "1.1", "nova_object.data": {"size_kb": 1048576, "total": 0, "used": 0, "reserved": 0}, "nova_object.changes": ["total", "reserved", "used", "size_kb"]}], "network_metadata": {"nova_object.name": "NetworkMetadata", "nova_object.namespace": "nova", "nova_object.version": "1.0", "nova_object.data": {"physnets": [], "tunneled": false}, "nova_object.changes": ["tunneled", "physnets"]}, "socket": null}, "nova_object.changes": ["socket", "pcpuset", "memory", "memory_usage", "cpuset", "network_metadata", "pinned_cpus", "mempages", "id", "cpu_usage", "siblings"]}]}, "nova_object.changes": ["cells"]}',pci_device_pools=PciDevicePoolList,ram_allocation_ratio=1.0,running_vms=0,service_id=3,stats={failed_builds='0',uptime=' 08:27:26 up 29 min, 2 users, load average: 1.64, 1.58, 0.90
Jun 03 08:28:01.769194 np0000002030 nova-scheduler[95758]: '},supported_hv_specs=[HVSpec,HVSpec,HVSpec,HVSpec,HVSpec,HVSpec,HVSpec,HVSpec,HVSpec,HVSpec,HVSpec,HVSpec,HVSpec,HVSpec,HVSpec,HVSpec,HVSpec,HVSpec,HVSpec,HVSpec,HVSpec,HVSpec,HVSpec,HVSpec,HVSpec],updated_at=2026-06-03T08:27:28Z,uuid=866d2202-b345-410b-b4bc-f619f9713a6c,vcpus=12,vcpus_used=0) {{(pid=95758) _locked_update /opt/stack/nova/nova/scheduler/host_manager.py:168}}
Jun 03 08:28:01.769854 np0000002030 nova-scheduler[95758]: DEBUG nova.scheduler.host_manager [None req-5d6eb157-0402-4a15-bf90-2bec40343ba0 tempest-ServerRescueNegativeTestJSON-2056468934 tempest-ServerRescueNegativeTestJSON-2056468934-project-member] Update host state with aggregates: [] {{(pid=95758) _locked_update /opt/stack/nova/nova/scheduler/host_manager.py:171}}
Jun 03 08:28:01.770055 np0000002030 nova-scheduler[95758]: DEBUG nova.scheduler.host_manager [None req-5d6eb157-0402-4a15-bf90-2bec40343ba0 tempest-ServerRescueNegativeTestJSON-2056468934 tempest-ServerRescueNegativeTestJSON-2056468934-project-member] Update host state with service dict: {'id': 3, 'uuid': '24ae443a-7c99-42ad-8860-bbed33d7c3d8', 'host': 'np0000002030', 'binary': 'nova-compute', 'topic': 'compute', 'report_count': 2, 'disabled': False, 'disabled_reason': None, 'last_seen_up': datetime.datetime(2026, 6, 3, 8, 27, 49, tzinfo=datetime.timezone.utc), 'forced_down': False, 'version': 72, 'created_at': datetime.datetime(2026, 6, 3, 8, 25, 38, tzinfo=datetime.timezone.utc), 'updated_at': datetime.datetime(2026, 6, 3, 8, 27, 49, tzinfo=datetime.timezone.utc), 'deleted_at': None, 'deleted': False} {{(pid=95758) _locked_update /opt/stack/nova/nova/scheduler/host_manager.py:174}}
Jun 03 08:28:01.770166 np0000002030 nova-scheduler[95758]: DEBUG nova.scheduler.host_manager [None req-5d6eb157-0402-4a15-bf90-2bec40343ba0 tempest-ServerRescueNegativeTestJSON-2056468934 tempest-ServerRescueNegativeTestJSON-2056468934-project-member] Update host state with instances: [] {{(pid=95758) _locked_update /opt/stack/nova/nova/scheduler/host_manager.py:177}}
Jun 03 08:28:01.770274 np0000002030 nova-scheduler[95758]: DEBUG oslo_concurrency.lockutils [None req-5d6eb157-0402-4a15-bf90-2bec40343ba0 tempest-ServerRescueNegativeTestJSON-2056468934 tempest-ServerRescueNegativeTestJSON-2056468934-project-member] Lock "('np0000002030', 'np0000002030')" "released" by "nova.scheduler.host_manager.HostState.update.._locked_update" :: held 0.002s {{(pid=95758) inner /opt/stack/data/venv/lib/python3.12/site-packages/oslo_concurrency/lockutils.py:543}}
Jun 03 08:28:01.770712 np0000002030 nova-scheduler[95758]: DEBUG nova.filters [None req-5d6eb157-0402-4a15-bf90-2bec40343ba0 tempest-ServerRescueNegativeTestJSON-2056468934 tempest-ServerRescueNegativeTestJSON-2056468934-project-member] Starting with 1 host(s) {{(pid=95758) get_filtered_objects /opt/stack/nova/nova/filters.py:70}}
Jun 03 08:28:01.770910 np0000002030 nova-scheduler[95758]: DEBUG nova.filters [None req-5d6eb157-0402-4a15-bf90-2bec40343ba0 tempest-ServerRescueNegativeTestJSON-2056468934 tempest-ServerRescueNegativeTestJSON-2056468934-project-member] Filter ComputeFilter returned 1 host(s) {{(pid=95758) get_filtered_objects /opt/stack/nova/nova/filters.py:102}}
Jun 03 08:28:01.771033 np0000002030 nova-scheduler[95758]: DEBUG nova.filters [None req-5d6eb157-0402-4a15-bf90-2bec40343ba0 tempest-ServerRescueNegativeTestJSON-2056468934 tempest-ServerRescueNegativeTestJSON-2056468934-project-member] Filter ComputeCapabilitiesFilter returned 1 host(s) {{(pid=95758) get_filtered_objects /opt/stack/nova/nova/filters.py:102}}
Jun 03 08:28:01.771199 np0000002030 nova-scheduler[95758]: DEBUG nova.filters [None req-5d6eb157-0402-4a15-bf90-2bec40343ba0 tempest-ServerRescueNegativeTestJSON-2056468934 tempest-ServerRescueNegativeTestJSON-2056468934-project-member] Filter ImagePropertiesFilter returned 1 host(s) {{(pid=95758) get_filtered_objects /opt/stack/nova/nova/filters.py:102}}
Jun 03 08:28:01.771339 np0000002030 nova-scheduler[95758]: DEBUG nova.filters [None req-5d6eb157-0402-4a15-bf90-2bec40343ba0 tempest-ServerRescueNegativeTestJSON-2056468934 tempest-ServerRescueNegativeTestJSON-2056468934-project-member] Filter ServerGroupAntiAffinityFilter returned 1 host(s) {{(pid=95758) get_filtered_objects /opt/stack/nova/nova/filters.py:102}}
Jun 03 08:28:01.771449 np0000002030 nova-scheduler[95758]: DEBUG nova.filters [None req-5d6eb157-0402-4a15-bf90-2bec40343ba0 tempest-ServerRescueNegativeTestJSON-2056468934 tempest-ServerRescueNegativeTestJSON-2056468934-project-member] Filter ServerGroupAffinityFilter returned 1 host(s) {{(pid=95758) get_filtered_objects /opt/stack/nova/nova/filters.py:102}}
Jun 03 08:28:01.771565 np0000002030 nova-scheduler[95758]: DEBUG nova.filters [None req-5d6eb157-0402-4a15-bf90-2bec40343ba0 tempest-ServerRescueNegativeTestJSON-2056468934 tempest-ServerRescueNegativeTestJSON-2056468934-project-member] Filter SameHostFilter returned 1 host(s) {{(pid=95758) get_filtered_objects /opt/stack/nova/nova/filters.py:102}}
Jun 03 08:28:01.771674 np0000002030 nova-scheduler[95758]: DEBUG nova.filters [None req-5d6eb157-0402-4a15-bf90-2bec40343ba0 tempest-ServerRescueNegativeTestJSON-2056468934 tempest-ServerRescueNegativeTestJSON-2056468934-project-member] Filter DifferentHostFilter returned 1 host(s) {{(pid=95758) get_filtered_objects /opt/stack/nova/nova/filters.py:102}}
Jun 03 08:28:01.771793 np0000002030 nova-scheduler[95758]: DEBUG nova.scheduler.manager [None req-5d6eb157-0402-4a15-bf90-2bec40343ba0 tempest-ServerRescueNegativeTestJSON-2056468934 tempest-ServerRescueNegativeTestJSON-2056468934-project-member] Filtered [(np0000002030, np0000002030) ram: 23518MB disk: 75776MB io_ops: 0 instances: 0, allocation_candidates: 1] {{(pid=95758) _get_sorted_hosts /opt/stack/nova/nova/scheduler/manager.py:743}}
Jun 03 08:28:01.771967 np0000002030 nova-scheduler[95758]: DEBUG nova.scheduler.manager [None req-5d6eb157-0402-4a15-bf90-2bec40343ba0 tempest-ServerRescueNegativeTestJSON-2056468934 tempest-ServerRescueNegativeTestJSON-2056468934-project-member] Weighed [WeighedHost [host: (np0000002030, np0000002030) ram: 23518MB disk: 75776MB io_ops: 0 instances: 0, allocation_candidates: 1, weight: 0.0]] {{(pid=95758) _get_sorted_hosts /opt/stack/nova/nova/scheduler/manager.py:765}}
Jun 03 08:28:01.772126 np0000002030 nova-scheduler[95758]: DEBUG nova.scheduler.utils [None req-5d6eb157-0402-4a15-bf90-2bec40343ba0 tempest-ServerRescueNegativeTestJSON-2056468934 tempest-ServerRescueNegativeTestJSON-2056468934-project-member] Attempting to claim resources in the placement API for instance 2bc5ff6b-a307-42dc-a399-04228cbedca9 {{(pid=95758) claim_resources /opt/stack/nova/nova/scheduler/utils.py:1345}}
Jun 03 08:28:01.950621 np0000002030 nova-scheduler[95758]: DEBUG nova.scheduler.manager [None req-5d6eb157-0402-4a15-bf90-2bec40343ba0 tempest-ServerRescueNegativeTestJSON-2056468934 tempest-ServerRescueNegativeTestJSON-2056468934-project-member] [instance: 2bc5ff6b-a307-42dc-a399-04228cbedca9] Selected host: (np0000002030, np0000002030) ram: 23518MB disk: 75776MB io_ops: 0 instances: 0, allocation_candidates: 1 {{(pid=95758) _consume_selected_host /opt/stack/nova/nova/scheduler/manager.py:625}}
Jun 03 08:28:01.950889 np0000002030 nova-scheduler[95758]: DEBUG oslo_concurrency.lockutils [None req-5d6eb157-0402-4a15-bf90-2bec40343ba0 tempest-ServerRescueNegativeTestJSON-2056468934 tempest-ServerRescueNegativeTestJSON-2056468934-project-member] Acquiring lock "('np0000002030', 'np0000002030')" by "nova.scheduler.host_manager.HostState.consume_from_request.._locked" {{(pid=95758) inner /opt/stack/data/venv/lib/python3.12/site-packages/oslo_concurrency/lockutils.py:511}}
Jun 03 08:28:01.951079 np0000002030 nova-scheduler[95758]: DEBUG oslo_concurrency.lockutils [None req-5d6eb157-0402-4a15-bf90-2bec40343ba0 tempest-ServerRescueNegativeTestJSON-2056468934 tempest-ServerRescueNegativeTestJSON-2056468934-project-member] Lock "('np0000002030', 'np0000002030')" acquired by "nova.scheduler.host_manager.HostState.consume_from_request.._locked" :: waited 0.000s {{(pid=95758) inner /opt/stack/data/venv/lib/python3.12/site-packages/oslo_concurrency/lockutils.py:524}}
Jun 03 08:28:01.951306 np0000002030 nova-scheduler[95758]: DEBUG oslo_concurrency.lockutils [None req-5d6eb157-0402-4a15-bf90-2bec40343ba0 tempest-ServerRescueNegativeTestJSON-2056468934 tempest-ServerRescueNegativeTestJSON-2056468934-project-member] Lock "('np0000002030', 'np0000002030')" "released" by "nova.scheduler.host_manager.HostState.consume_from_request.._locked" :: held 0.000s {{(pid=95758) inner /opt/stack/data/venv/lib/python3.12/site-packages/oslo_concurrency/lockutils.py:543}}
Jun 03 08:28:08.298187 np0000002030 nova-scheduler[95765]: DEBUG nova.scheduler.manager [None req-269f1469-adb7-4c61-b40b-48a82ca6c10f tempest-ServerActionsTestOtherB-1825109167 tempest-ServerActionsTestOtherB-1825109167-project-member] Starting to schedule for instances: ['32633063-b41d-49ed-91e3-518d71849bb6'] {{(pid=95765) select_destinations /opt/stack/nova/nova/scheduler/manager.py:210}}
Jun 03 08:28:08.301875 np0000002030 nova-scheduler[95765]: DEBUG nova.scheduler.request_filter [None req-269f1469-adb7-4c61-b40b-48a82ca6c10f tempest-ServerActionsTestOtherB-1825109167 tempest-ServerActionsTestOtherB-1825109167-project-member] compute_status_filter request filter added forbidden trait COMPUTE_STATUS_DISABLED {{(pid=95765) compute_status_filter /opt/stack/nova/nova/scheduler/request_filter.py:253}}
Jun 03 08:28:08.301875 np0000002030 nova-scheduler[95765]: DEBUG nova.scheduler.request_filter [None req-269f1469-adb7-4c61-b40b-48a82ca6c10f tempest-ServerActionsTestOtherB-1825109167 tempest-ServerActionsTestOtherB-1825109167-project-member] Request filter 'compute_status_filter' took 0.0 seconds {{(pid=95765) wrapper /opt/stack/nova/nova/scheduler/request_filter.py:46}}
Jun 03 08:28:08.301875 np0000002030 nova-scheduler[95765]: DEBUG nova.scheduler.request_filter [None req-269f1469-adb7-4c61-b40b-48a82ca6c10f tempest-ServerActionsTestOtherB-1825109167 tempest-ServerActionsTestOtherB-1825109167-project-member] Request filter 'accelerators_filter' took 0.0 seconds {{(pid=95765) wrapper /opt/stack/nova/nova/scheduler/request_filter.py:46}}
Jun 03 08:28:08.301875 np0000002030 nova-scheduler[95765]: DEBUG nova.scheduler.request_filter [None req-269f1469-adb7-4c61-b40b-48a82ca6c10f tempest-ServerActionsTestOtherB-1825109167 tempest-ServerActionsTestOtherB-1825109167-project-member] Request filter 'packed_virtqueue_filter' took 0.0 seconds {{(pid=95765) wrapper /opt/stack/nova/nova/scheduler/request_filter.py:46}}
Jun 03 08:28:08.302126 np0000002030 nova-scheduler[95760]: DEBUG nova.scheduler.manager [None req-745104ad-1c74-44e3-99eb-e81cd283cc2f tempest-ServerRescueNegativeTestJSON-2056468934 tempest-ServerRescueNegativeTestJSON-2056468934-project-member] Starting to schedule for instances: ['b98bbc33-5944-453a-b207-9afa7f476b1b'] {{(pid=95760) select_destinations /opt/stack/nova/nova/scheduler/manager.py:210}}
Jun 03 08:28:08.302550 np0000002030 nova-scheduler[95765]: DEBUG nova.scheduler.request_filter [None req-269f1469-adb7-4c61-b40b-48a82ca6c10f tempest-ServerActionsTestOtherB-1825109167 tempest-ServerActionsTestOtherB-1825109167-project-member] Request filter 'remote_managed_ports_filter' took 0.0 seconds {{(pid=95765) wrapper /opt/stack/nova/nova/scheduler/request_filter.py:46}}
Jun 03 08:28:08.302581 np0000002030 nova-scheduler[95760]: DEBUG nova.scheduler.request_filter [None req-745104ad-1c74-44e3-99eb-e81cd283cc2f tempest-ServerRescueNegativeTestJSON-2056468934 tempest-ServerRescueNegativeTestJSON-2056468934-project-member] compute_status_filter request filter added forbidden trait COMPUTE_STATUS_DISABLED {{(pid=95760) compute_status_filter /opt/stack/nova/nova/scheduler/request_filter.py:253}}
Jun 03 08:28:08.302581 np0000002030 nova-scheduler[95760]: DEBUG nova.scheduler.request_filter [None req-745104ad-1c74-44e3-99eb-e81cd283cc2f tempest-ServerRescueNegativeTestJSON-2056468934 tempest-ServerRescueNegativeTestJSON-2056468934-project-member] Request filter 'compute_status_filter' took 0.0 seconds {{(pid=95760) wrapper /opt/stack/nova/nova/scheduler/request_filter.py:46}}
Jun 03 08:28:08.302628 np0000002030 nova-scheduler[95765]: DEBUG nova.scheduler.request_filter [None req-269f1469-adb7-4c61-b40b-48a82ca6c10f tempest-ServerActionsTestOtherB-1825109167 tempest-ServerActionsTestOtherB-1825109167-project-member] ephemeral_encryption_filter skipped {{(pid=95765) ephemeral_encryption_filter /opt/stack/nova/nova/scheduler/request_filter.py:426}}
Jun 03 08:28:08.302668 np0000002030 nova-scheduler[95760]: DEBUG nova.scheduler.request_filter [None req-745104ad-1c74-44e3-99eb-e81cd283cc2f tempest-ServerRescueNegativeTestJSON-2056468934 tempest-ServerRescueNegativeTestJSON-2056468934-project-member] Request filter 'accelerators_filter' took 0.0 seconds {{(pid=95760) wrapper /opt/stack/nova/nova/scheduler/request_filter.py:46}}
Jun 03 08:28:08.302700 np0000002030 nova-scheduler[95765]: DEBUG nova.scheduler.request_filter [None req-269f1469-adb7-4c61-b40b-48a82ca6c10f tempest-ServerActionsTestOtherB-1825109167 tempest-ServerActionsTestOtherB-1825109167-project-member] virtio_sound_filter skipped {{(pid=95765) virtio_sound_filter /opt/stack/nova/nova/scheduler/request_filter.py:460}}
Jun 03 08:28:08.302700 np0000002030 nova-scheduler[95765]: DEBUG nova.scheduler.request_filter [None req-269f1469-adb7-4c61-b40b-48a82ca6c10f tempest-ServerActionsTestOtherB-1825109167 tempest-ServerActionsTestOtherB-1825109167-project-member] tpm_secret_security_filter skipped {{(pid=95765) tpm_secret_security_filter /opt/stack/nova/nova/scheduler/request_filter.py:477}}
Jun 03 08:28:08.302754 np0000002030 nova-scheduler[95760]: DEBUG nova.scheduler.request_filter [None req-745104ad-1c74-44e3-99eb-e81cd283cc2f tempest-ServerRescueNegativeTestJSON-2056468934 tempest-ServerRescueNegativeTestJSON-2056468934-project-member] Request filter 'packed_virtqueue_filter' took 0.0 seconds {{(pid=95760) wrapper /opt/stack/nova/nova/scheduler/request_filter.py:46}}
Jun 03 08:28:08.304409 np0000002030 nova-scheduler[95760]: DEBUG nova.scheduler.request_filter [None req-745104ad-1c74-44e3-99eb-e81cd283cc2f tempest-ServerRescueNegativeTestJSON-2056468934 tempest-ServerRescueNegativeTestJSON-2056468934-project-member] Request filter 'remote_managed_ports_filter' took 0.0 seconds {{(pid=95760) wrapper /opt/stack/nova/nova/scheduler/request_filter.py:46}}
Jun 03 08:28:08.304409 np0000002030 nova-scheduler[95760]: DEBUG nova.scheduler.request_filter [None req-745104ad-1c74-44e3-99eb-e81cd283cc2f tempest-ServerRescueNegativeTestJSON-2056468934 tempest-ServerRescueNegativeTestJSON-2056468934-project-member] ephemeral_encryption_filter skipped {{(pid=95760) ephemeral_encryption_filter /opt/stack/nova/nova/scheduler/request_filter.py:426}}
Jun 03 08:28:08.304409 np0000002030 nova-scheduler[95760]: DEBUG nova.scheduler.request_filter [None req-745104ad-1c74-44e3-99eb-e81cd283cc2f tempest-ServerRescueNegativeTestJSON-2056468934 tempest-ServerRescueNegativeTestJSON-2056468934-project-member] virtio_sound_filter skipped {{(pid=95760) virtio_sound_filter /opt/stack/nova/nova/scheduler/request_filter.py:460}}
Jun 03 08:28:08.304409 np0000002030 nova-scheduler[95760]: DEBUG nova.scheduler.request_filter [None req-745104ad-1c74-44e3-99eb-e81cd283cc2f tempest-ServerRescueNegativeTestJSON-2056468934 tempest-ServerRescueNegativeTestJSON-2056468934-project-member] tpm_secret_security_filter skipped {{(pid=95760) tpm_secret_security_filter /opt/stack/nova/nova/scheduler/request_filter.py:477}}
Jun 03 08:28:08.419771 np0000002030 nova-scheduler[95765]: INFO nova.utils [None req-269f1469-adb7-4c61-b40b-48a82ca6c10f tempest-ServerActionsTestOtherB-1825109167 tempest-ServerActionsTestOtherB-1825109167-project-member] The cell worker thread pool ForkProcess-3.cell_worker is initialized
Jun 03 08:28:08.421392 np0000002030 nova-scheduler[95765]: DEBUG oslo_concurrency.lockutils [None req-269f1469-adb7-4c61-b40b-48a82ca6c10f tempest-ServerActionsTestOtherB-1825109167 tempest-ServerActionsTestOtherB-1825109167-project-member] Acquiring lock "28656661-6ef3-4386-bcf5-cbd737647b39" by "nova.context.set_target_cell..get_or_set_cached_cell_and_set_connections" {{(pid=95765) inner /opt/stack/data/venv/lib/python3.12/site-packages/oslo_concurrency/lockutils.py:511}}
Jun 03 08:28:08.421392 np0000002030 nova-scheduler[95765]: DEBUG oslo_concurrency.lockutils [None req-269f1469-adb7-4c61-b40b-48a82ca6c10f tempest-ServerActionsTestOtherB-1825109167 tempest-ServerActionsTestOtherB-1825109167-project-member] Lock "28656661-6ef3-4386-bcf5-cbd737647b39" acquired by "nova.context.set_target_cell..get_or_set_cached_cell_and_set_connections" :: waited 0.000s {{(pid=95765) inner /opt/stack/data/venv/lib/python3.12/site-packages/oslo_concurrency/lockutils.py:524}}
Jun 03 08:28:08.422573 np0000002030 nova-scheduler[95765]: DEBUG oslo_concurrency.lockutils [None req-269f1469-adb7-4c61-b40b-48a82ca6c10f tempest-ServerActionsTestOtherB-1825109167 tempest-ServerActionsTestOtherB-1825109167-project-member] Lock "28656661-6ef3-4386-bcf5-cbd737647b39" "released" by "nova.context.set_target_cell..get_or_set_cached_cell_and_set_connections" :: held 0.002s {{(pid=95765) inner /opt/stack/data/venv/lib/python3.12/site-packages/oslo_concurrency/lockutils.py:543}}
