Aug 23 13:27:33.309804 np0000007937 devstack@g-api.service[103034]: DEBUG glance.api.middleware.version_negotiation [None req-a69b47bd-d5c0-4a34-b6f6-9842ab1f5876 tempest-VolumesAdminNegativeTest-1653847115 tempest-VolumesAdminNegativeTest-1653847115-project-member] new path /v2/schemas/image {{(pid=103034) process_request /opt/stack/glance/glance/api/middleware/version_negotiation.py:70}}
Aug 23 13:27:33.314985 np0000007937 devstack@g-api.service[103034]: [pid: 103034|app: 0|req: 16/72] 127.0.0.1 () {44 vars in 1051 bytes} [Sun Aug 23 13:27:33 2026] GET /v2/schemas/image => generated 6083 bytes in 6 msecs (HTTP/1.1 200) 4 headers in 158 bytes (1 switches on core 0)
Aug 23 13:27:41.896010 np0000007937 devstack@g-api.service[103033]: DEBUG glance.api.middleware.version_negotiation [None req-4c88d62d-bacc-47a5-b24c-7793161aaa51 tempest-DeleteServersTestJSON-1769317195 tempest-DeleteServersTestJSON-1769317195-project-member] Determining version of request: GET /v2/images/7fcc8d7f-2e89-4b26-8dd7-88c8ff2c7d31 Accept: */* {{(pid=103033) process_request /opt/stack/glance/glance/api/middleware/version_negotiation.py:44}}
Aug 23 13:27:41.896456 np0000007937 devstack@g-api.service[103033]: DEBUG glance.api.middleware.version_negotiation [None req-4c88d62d-bacc-47a5-b24c-7793161aaa51 tempest-DeleteServersTestJSON-1769317195 tempest-DeleteServersTestJSON-1769317195-project-member] Using url versioning {{(pid=103033) process_request /opt/stack/glance/glance/api/middleware/version_negotiation.py:57}}
Aug 23 13:27:41.896456 np0000007937 devstack@g-api.service[103033]: DEBUG glance.api.middleware.version_negotiation [None req-4c88d62d-bacc-47a5-b24c-7793161aaa51 tempest-DeleteServersTestJSON-1769317195 tempest-DeleteServersTestJSON-1769317195-project-member] Matched version: v2 {{(pid=103033) process_request /opt/stack/glance/glance/api/middleware/version_negotiation.py:69}}
Aug 23 13:27:41.896456 np0000007937 devstack@g-api.service[103033]: DEBUG glance.api.middleware.version_negotiation [None req-4c88d62d-bacc-47a5-b24c-7793161aaa51 tempest-DeleteServersTestJSON-1769317195 tempest-DeleteServersTestJSON-1769317195-project-member] new path /v2/images/7fcc8d7f-2e89-4b26-8dd7-88c8ff2c7d31 {{(pid=103033) process_request /opt/stack/glance/glance/api/middleware/version_negotiation.py:70}}
Aug 23 13:27:41.910817 np0000007937 devstack@g-api.service[103033]: [pid: 103033|app: 0|req: 17/73] 127.0.0.1 () {44 vars in 1111 bytes} [Sun Aug 23 13:27:41 2026] GET /v2/images/7fcc8d7f-2e89-4b26-8dd7-88c8ff2c7d31 => generated 1044 bytes in 15 msecs (HTTP/1.1 200) 4 headers in 158 bytes (1 switches on core 0)
Aug 23 13:27:41.957091 np0000007937 devstack@g-api.service[103035]: DEBUG glance.api.middleware.version_negotiation [None req-4c88d62d-bacc-47a5-b24c-7793161aaa51 tempest-DeleteServersTestJSON-1769317195 tempest-DeleteServersTestJSON-1769317195-project-member] Determining version of request: GET /v2/schemas/image Accept: */* {{(pid=103035) process_request /opt/stack/glance/glance/api/middleware/version_negotiation.py:44}}
Aug 23 13:27:41.957091 np0000007937 devstack@g-api.service[103035]: DEBUG glance.api.middleware.version_negotiation [None req-4c88d62d-bacc-47a5-b24c-7793161aaa51 tempest-DeleteServersTestJSON-1769317195 tempest-DeleteServersTestJSON-1769317195-project-member] Using url versioning {{(pid=103035) process_request /opt/stack/glance/glance/api/middleware/version_negotiation.py:57}}
Aug 23 13:27:41.957091 np0000007937 devstack@g-api.service[103035]: DEBUG glance.api.middleware.version_negotiation [None req-4c88d62d-bacc-47a5-b24c-7793161aaa51 tempest-DeleteServersTestJSON-1769317195 tempest-DeleteServersTestJSON-1769317195-project-member] Matched version: v2 {{(pid=103035) process_request /opt/stack/glance/glance/api/middleware/version_negotiation.py:69}}
Aug 23 13:27:41.957091 np0000007937 devstack@g-api.service[103035]: DEBUG glance.api.middleware.version_negotiation [None req-4c88d62d-bacc-47a5-b24c-7793161aaa51 tempest-DeleteServersTestJSON-1769317195 tempest-DeleteServersTestJSON-1769317195-project-member] new path /v2/schemas/image {{(pid=103035) process_request /opt/stack/glance/glance/api/middleware/version_negotiation.py:70}}
Aug 23 13:27:41.963083 np0000007937 devstack@g-api.service[103035]: [pid: 103035|app: 0|req: 21/74] 127.0.0.1 () {44 vars in 1051 bytes} [Sun Aug 23 13:27:41 2026] GET /v2/schemas/image => generated 6083 bytes in 6 msecs (HTTP/1.1 200) 4 headers in 158 bytes (1 switches on core 0)
Aug 23 13:27:43.249588 np0000007937 devstack@g-api.service[103036]: DEBUG dbcounter [-] [103036] Writing DB stats glance:SELECT=2 {{(pid=103036) stat_writer /opt/stack/data/venv/lib/python3.12/site-packages/dbcounter.py:115}}
Aug 23 13:27:51.908584 np0000007937 devstack@g-api.service[103033]: DEBUG dbcounter [-] [103033] Writing DB stats glance:SELECT=2 {{(pid=103033) stat_writer /opt/stack/data/venv/lib/python3.12/site-packages/dbcounter.py:115}}
Aug 23 13:27:54.144105 np0000007937 devstack@g-api.service[103036]: DEBUG glance.api.middleware.version_negotiation [None req-5825d149-4e7c-4aed-9c1e-ed59b4b77fba tempest-ServersNegativeTestJSON-986678698 tempest-ServersNegativeTestJSON-986678698-project-member] Determining version of request: GET /v2/images/7fcc8d7f-2e89-4b26-8dd7-88c8ff2c7d31 Accept: */* {{(pid=103036) process_request /opt/stack/glance/glance/api/middleware/version_negotiation.py:44}}
Aug 23 13:27:54.144722 np0000007937 devstack@g-api.service[103036]: DEBUG glance.api.middleware.version_negotiation [None req-5825d149-4e7c-4aed-9c1e-ed59b4b77fba tempest-ServersNegativeTestJSON-986678698 tempest-ServersNegativeTestJSON-986678698-project-member] Using url versioning {{(pid=103036) process_request /opt/stack/glance/glance/api/middleware/version_negotiation.py:57}}
Aug 23 13:27:54.144722 np0000007937 devstack@g-api.service[103036]: DEBUG glance.api.middleware.version_negotiation [None req-5825d149-4e7c-4aed-9c1e-ed59b4b77fba tempest-ServersNegativeTestJSON-986678698 tempest-ServersNegativeTestJSON-986678698-project-member] Matched version: v2 {{(pid=103036) process_request /opt/stack/glance/glance/api/middleware/version_negotiation.py:69}}
Aug 23 13:27:54.144722 np0000007937 devstack@g-api.service[103036]: DEBUG glance.api.middleware.version_negotiation [None req-5825d149-4e7c-4aed-9c1e-ed59b4b77fba tempest-ServersNegativeTestJSON-986678698 tempest-ServersNegativeTestJSON-986678698-project-member] new path /v2/images/7fcc8d7f-2e89-4b26-8dd7-88c8ff2c7d31 {{(pid=103036) process_request /opt/stack/glance/glance/api/middleware/version_negotiation.py:70}}
Aug 23 13:27:54.157626 np0000007937 devstack@g-api.service[103036]: [pid: 103036|app: 0|req: 21/75] 127.0.0.1 () {44 vars in 1111 bytes} [Sun Aug 23 13:27:54 2026] GET /v2/images/7fcc8d7f-2e89-4b26-8dd7-88c8ff2c7d31 => generated 1044 bytes in 14 msecs (HTTP/1.1 200) 4 headers in 158 bytes (1 switches on core 0)
Aug 23 13:27:54.209491 np0000007937 devstack@g-api.service[103034]: DEBUG glance.api.middleware.version_negotiation [None req-5825d149-4e7c-4aed-9c1e-ed59b4b77fba tempest-ServersNegativeTestJSON-986678698 tempest-ServersNegativeTestJSON-986678698-project-member] Determining version of request: GET /v2/schemas/image Accept: */* {{(pid=103034) process_request /opt/stack/glance/glance/api/middleware/version_negotiation.py:44}}
Aug 23 13:27:54.209978 np0000007937 devstack@g-api.service[103034]: DEBUG glance.api.middleware.version_negotiation [None req-5825d149-4e7c-4aed-9c1e-ed59b4b77fba tempest-ServersNegativeTestJSON-986678698 tempest-ServersNegativeTestJSON-986678698-project-member] Using url versioning {{(pid=103034) process_request /opt/stack/glance/glance/api/middleware/version_negotiation.py:57}}
Aug 23 13:27:54.209978 np0000007937 devstack@g-api.service[103034]: DEBUG glance.api.middleware.version_negotiation [None req-5825d149-4e7c-4aed-9c1e-ed59b4b77fba tempest-ServersNegativeTestJSON-986678698 tempest-ServersNegativeTestJSON-986678698-project-member] Matched version: v2 {{(pid=103034) process_request /opt/stack/glance/glance/api/middleware/version_negotiation.py:69}}
Aug 23 13:27:54.210088 np0000007937 devstack@g-api.service[103034]: DEBUG glance.api.middleware.version_negotiation [None req-5825d149-4e7c-4aed-9c1e-ed59b4b77fba tempest-ServersNegativeTestJSON-986678698 tempest-ServersNegativeTestJSON-986678698-project-member] new path /v2/schemas/image {{(pid=103034) process_request /opt/stack/glance/glance/api/middleware/version_negotiation.py:70}}
Aug 23 13:27:54.212737 np0000007937 devstack@g-api.service[103034]: [pid: 103034|app: 0|req: 17/76] 127.0.0.1 () {44 vars in 1051 bytes} [Sun Aug 23 13:27:54 2026] GET /v2/schemas/image => generated 6083 bytes in 3 msecs (HTTP/1.1 200) 4 headers in 158 bytes (1 switches on core 0)
Aug 23 13:27:55.193539 np0000007937 devstack@g-api.service[103033]: DEBUG glance.api.middleware.version_negotiation [None req-3580897f-e087-4c56-8c44-5c305d1db6b2 tempest-ServersNegativeTestJSON-986678698 tempest-ServersNegativeTestJSON-986678698-project-member] Determining version of request: GET /v2/images/d2cccbd3-9aae-4861-a077-694981dbf0f1 Accept: */* {{(pid=103033) process_request /opt/stack/glance/glance/api/middleware/version_negotiation.py:44}}
Aug 23 13:27:55.193539 np0000007937 devstack@g-api.service[103033]: DEBUG glance.api.middleware.version_negotiation [None req-3580897f-e087-4c56-8c44-5c305d1db6b2 tempest-ServersNegativeTestJSON-986678698 tempest-ServersNegativeTestJSON-986678698-project-member] Using url versioning {{(pid=103033) process_request /opt/stack/glance/glance/api/middleware/version_negotiation.py:57}}
Aug 23 13:27:55.194772 np0000007937 devstack@g-api.service[103033]: DEBUG glance.api.middleware.version_negotiation [None req-3580897f-e087-4c56-8c44-5c305d1db6b2 tempest-ServersNegativeTestJSON-986678698 tempest-ServersNegativeTestJSON-986678698-project-member] Matched version: v2 {{(pid=103033) process_request /opt/stack/glance/glance/api/middleware/version_negotiation.py:69}}
Aug 23 13:27:55.194772 np0000007937 devstack@g-api.service[103033]: DEBUG glance.api.middleware.version_negotiation [None req-3580897f-e087-4c56-8c44-5c305d1db6b2 tempest-ServersNegativeTestJSON-986678698 tempest-ServersNegativeTestJSON-986678698-project-member] new path /v2/images/d2cccbd3-9aae-4861-a077-694981dbf0f1 {{(pid=103033) process_request /opt/stack/glance/glance/api/middleware/version_negotiation.py:70}}
Aug 23 13:27:55.218250 np0000007937 devstack@g-api.service[103033]: [pid: 103033|app: 0|req: 18/77] 127.0.0.1 () {44 vars in 1111 bytes} [Sun Aug 23 13:27:55 2026] GET /v2/images/d2cccbd3-9aae-4861-a077-694981dbf0f1 => generated 1044 bytes in 24 msecs (HTTP/1.1 200) 4 headers in 158 bytes (1 switches on core 0)
Aug 23 13:27:55.272175 np0000007937 devstack@g-api.service[103036]: DEBUG glance.api.middleware.version_negotiation [None req-04f6b3cd-e0c7-45a3-a17e-39a6834e3cf9 tempest-AttachVolumeNegativeTest-50123960 tempest-AttachVolumeNegativeTest-50123960-project-member] Determining version of request: DELETE /v2/images/0238fc48-d3e4-42d3-965e-daf184fbd8c5 Accept: application/json {{(pid=103036) process_request /opt/stack/glance/glance/api/middleware/version_negotiation.py:44}}
Aug 23 13:27:55.272640 np0000007937 devstack@g-api.service[103035]: DEBUG glance.api.middleware.version_negotiation [None req-3580897f-e087-4c56-8c44-5c305d1db6b2 tempest-ServersNegativeTestJSON-986678698 tempest-ServersNegativeTestJSON-986678698-project-member] Determining version of request: GET /v2/schemas/image Accept: */* {{(pid=103035) process_request /opt/stack/glance/glance/api/middleware/version_negotiation.py:44}}
Aug 23 13:27:55.272640 np0000007937 devstack@g-api.service[103035]: DEBUG glance.api.middleware.version_negotiation [None req-3580897f-e087-4c56-8c44-5c305d1db6b2 tempest-ServersNegativeTestJSON-986678698 tempest-ServersNegativeTestJSON-986678698-project-member] Using url versioning {{(pid=103035) process_request /opt/stack/glance/glance/api/middleware/version_negotiation.py:57}}
Aug 23 13:27:55.273224 np0000007937 devstack@g-api.service[103036]: DEBUG glance.api.middleware.version_negotiation [None req-04f6b3cd-e0c7-45a3-a17e-39a6834e3cf9 tempest-AttachVolumeNegativeTest-50123960 tempest-AttachVolumeNegativeTest-50123960-project-member] Using url versioning {{(pid=103036) process_request /opt/stack/glance/glance/api/middleware/version_negotiation.py:57}}
Aug 23 13:27:55.273335 np0000007937 devstack@g-api.service[103035]: DEBUG glance.api.middleware.version_negotiation [None req-3580897f-e087-4c56-8c44-5c305d1db6b2 tempest-ServersNegativeTestJSON-986678698 tempest-ServersNegativeTestJSON-986678698-project-member] Matched version: v2 {{(pid=103035) process_request /opt/stack/glance/glance/api/middleware/version_negotiation.py:69}}
Aug 23 13:27:55.273335 np0000007937 devstack@g-api.service[103035]: DEBUG glance.api.middleware.version_negotiation [None req-3580897f-e087-4c56-8c44-5c305d1db6b2 tempest-ServersNegativeTestJSON-986678698 tempest-ServersNegativeTestJSON-986678698-project-member] new path /v2/schemas/image {{(pid=103035) process_request /opt/stack/glance/glance/api/middleware/version_negotiation.py:70}}
Aug 23 13:27:55.273416 np0000007937 devstack@g-api.service[103036]: DEBUG glance.api.middleware.version_negotiation [None req-04f6b3cd-e0c7-45a3-a17e-39a6834e3cf9 tempest-AttachVolumeNegativeTest-50123960 tempest-AttachVolumeNegativeTest-50123960-project-member] Matched version: v2 {{(pid=103036) process_request /opt/stack/glance/glance/api/middleware/version_negotiation.py:69}}
Aug 23 13:27:55.273416 np0000007937 devstack@g-api.service[103036]: DEBUG glance.api.middleware.version_negotiation [None req-04f6b3cd-e0c7-45a3-a17e-39a6834e3cf9 tempest-AttachVolumeNegativeTest-50123960 tempest-AttachVolumeNegativeTest-50123960-project-member] new path /v2/images/0238fc48-d3e4-42d3-965e-daf184fbd8c5 {{(pid=103036) process_request /opt/stack/glance/glance/api/middleware/version_negotiation.py:70}}
Aug 23 13:27:55.277187 np0000007937 devstack@g-api.service[103035]: [pid: 103035|app: 0|req: 22/78] 127.0.0.1 () {44 vars in 1051 bytes} [Sun Aug 23 13:27:55 2026] GET /v2/schemas/image => generated 6083 bytes in 5 msecs (HTTP/1.1 200) 4 headers in 158 bytes (1 switches on core 0)
Aug 23 13:27:55.289481 np0000007937 devstack@g-api.service[103036]: WARNING glance.api.v2.images [None req-0763249c-866e-49dd-b2e7-4084f4bd46c8 tempest-AttachSCSIVolumeTestJSON-681358428 tempest-AttachSCSIVolumeTestJSON-681358428-project-admin] After upload to backend, deletion of staged image data has failed because it cannot be found at /tmp/staging//0238fc48-d3e4-42d3-965e-daf184fbd8c5
Aug 23 13:27:55.293010 np0000007937 devstack@g-api.service[103036]: DEBUG glance_store.backend [None req-0763249c-866e-49dd-b2e7-4084f4bd46c8 tempest-AttachSCSIVolumeTestJSON-681358428 tempest-AttachSCSIVolumeTestJSON-681358428-project-admin] Attempting to import store swift {{(pid=103036) _load_store /opt/stack/data/venv/lib/python3.12/site-packages/glance_store/backend.py:215}}
Aug 23 13:27:55.293010 np0000007937 devstack@g-api.service[103036]: DEBUG glance_store.capabilities [None req-0763249c-866e-49dd-b2e7-4084f4bd46c8 tempest-AttachSCSIVolumeTestJSON-681358428 tempest-AttachSCSIVolumeTestJSON-681358428-project-admin] Store glance_store._drivers.swift.store.SingleTenantStore doesn't support updating dynamic storage capabilities. Please overwrite 'update_capabilities' method of the store to implement updating logics if needed. {{(pid=103036) update_capabilities /opt/stack/data/venv/lib/python3.12/site-packages/glance_store/capabilities.py:91}}
Aug 23 13:27:55.293010 np0000007937 devstack@g-api.service[103036]: DEBUG glance_store.driver [None req-0763249c-866e-49dd-b2e7-4084f4bd46c8 tempest-AttachSCSIVolumeTestJSON-681358428 tempest-AttachSCSIVolumeTestJSON-681358428-project-admin] Late loading location class glance_store._drivers.swift.store.StoreLocation {{(pid=103036) get_store_location_class /opt/stack/data/venv/lib/python3.12/site-packages/glance_store/driver.py:134}}
Aug 23 13:27:55.293010 np0000007937 devstack@g-api.service[103036]: DEBUG glance_store.location [None req-0763249c-866e-49dd-b2e7-4084f4bd46c8 tempest-AttachSCSIVolumeTestJSON-681358428 tempest-AttachSCSIVolumeTestJSON-681358428-project-admin] Registering scheme swift+https with {'store': , 'location_class': , 'store_entry': 'swift'} {{(pid=103036) register_scheme_map /opt/stack/data/venv/lib/python3.12/site-packages/glance_store/location.py:146}}
Aug 23 13:27:55.293375 np0000007937 devstack@g-api.service[103036]: DEBUG glance_store.location [None req-0763249c-866e-49dd-b2e7-4084f4bd46c8 tempest-AttachSCSIVolumeTestJSON-681358428 tempest-AttachSCSIVolumeTestJSON-681358428-project-admin] Registering scheme swift+https with {'store': , 'location_class': , 'store_entry': 'swift'} {{(pid=103036) register_scheme_map /opt/stack/data/venv/lib/python3.12/site-packages/glance_store/location.py:146}}
Aug 23 13:27:55.293375 np0000007937 devstack@g-api.service[103036]: DEBUG glance_store.location [None req-0763249c-866e-49dd-b2e7-4084f4bd46c8 tempest-AttachSCSIVolumeTestJSON-681358428 tempest-AttachSCSIVolumeTestJSON-681358428-project-admin] Registering scheme swift with {'store': , 'location_class': , 'store_entry': 'swift'} {{(pid=103036) register_scheme_map /opt/stack/data/venv/lib/python3.12/site-packages/glance_store/location.py:146}}
Aug 23 13:27:55.293375 np0000007937 devstack@g-api.service[103036]: DEBUG glance_store.location [None req-0763249c-866e-49dd-b2e7-4084f4bd46c8 tempest-AttachSCSIVolumeTestJSON-681358428 tempest-AttachSCSIVolumeTestJSON-681358428-project-admin] Registering scheme swift+https with {'store': , 'location_class': , 'store_entry': 'swift'} {{(pid=103036) register_scheme_map /opt/stack/data/venv/lib/python3.12/site-packages/glance_store/location.py:146}}
Aug 23 13:27:55.293529 np0000007937 devstack@g-api.service[103036]: DEBUG glance_store.location [None req-0763249c-866e-49dd-b2e7-4084f4bd46c8 tempest-AttachSCSIVolumeTestJSON-681358428 tempest-AttachSCSIVolumeTestJSON-681358428-project-admin] Registering scheme swift with {'store': , 'location_class': , 'store_entry': 'swift'} {{(pid=103036) register_scheme_map /opt/stack/data/venv/lib/python3.12/site-packages/glance_store/location.py:146}}
Aug 23 13:27:55.293529 np0000007937 devstack@g-api.service[103036]: DEBUG glance_store.location [None req-0763249c-866e-49dd-b2e7-4084f4bd46c8 tempest-AttachSCSIVolumeTestJSON-681358428 tempest-AttachSCSIVolumeTestJSON-681358428-project-admin] Registering scheme swift+http with {'store': , 'location_class': , 'store_entry': 'swift'} {{(pid=103036) register_scheme_map /opt/stack/data/venv/lib/python3.12/site-packages/glance_store/location.py:146}}
Aug 23 13:27:55.293627 np0000007937 devstack@g-api.service[103036]: DEBUG glance_store.location [None req-0763249c-866e-49dd-b2e7-4084f4bd46c8 tempest-AttachSCSIVolumeTestJSON-681358428 tempest-AttachSCSIVolumeTestJSON-681358428-project-admin] Registering scheme swift+https with {'store': , 'location_class': , 'store_entry': 'swift'} {{(pid=103036) register_scheme_map /opt/stack/data/venv/lib/python3.12/site-packages/glance_store/location.py:146}}
Aug 23 13:27:55.293928 np0000007937 devstack@g-api.service[103036]: DEBUG glance_store.location [None req-0763249c-866e-49dd-b2e7-4084f4bd46c8 tempest-AttachSCSIVolumeTestJSON-681358428 tempest-AttachSCSIVolumeTestJSON-681358428-project-admin] Registering scheme swift with {'store': , 'location_class': , 'store_entry': 'swift'} {{(pid=103036) register_scheme_map /opt/stack/data/venv/lib/python3.12/site-packages/glance_store/location.py:146}}
Aug 23 13:27:55.293928 np0000007937 devstack@g-api.service[103036]: DEBUG glance_store.location [None req-0763249c-866e-49dd-b2e7-4084f4bd46c8 tempest-AttachSCSIVolumeTestJSON-681358428 tempest-AttachSCSIVolumeTestJSON-681358428-project-admin] Registering scheme swift+http with {'store': , 'location_class': , 'store_entry': 'swift'} {{(pid=103036) register_scheme_map /opt/stack/data/venv/lib/python3.12/site-packages/glance_store/location.py:146}}
Aug 23 13:27:55.294112 np0000007937 devstack@g-api.service[103036]: DEBUG glance_store.location [None req-0763249c-866e-49dd-b2e7-4084f4bd46c8 tempest-AttachSCSIVolumeTestJSON-681358428 tempest-AttachSCSIVolumeTestJSON-681358428-project-admin] Registering scheme swift+config with {'store': , 'location_class': , 'store_entry': 'swift'} {{(pid=103036) register_scheme_map /opt/stack/data/venv/lib/python3.12/site-packages/glance_store/location.py:146}}
Aug 23 13:27:55.294945 np0000007937 devstack@g-api.service[103036]: DEBUG keystoneclient.auth.identity.v3.base [None req-0763249c-866e-49dd-b2e7-4084f4bd46c8 tempest-AttachSCSIVolumeTestJSON-681358428 tempest-AttachSCSIVolumeTestJSON-681358428-project-admin] Making authentication request to https://10.4.3.18/identity/v3/auth/tokens {{(pid=103036) get_auth_ref /opt/stack/data/venv/lib/python3.12/site-packages/keystoneclient/auth/identity/v3/base.py:185}}
Aug 23 13:27:55.515554 np0000007937 devstack@g-api.service[103036]: DEBUG keystoneclient.auth.identity.v3.base [None req-0763249c-866e-49dd-b2e7-4084f4bd46c8 tempest-AttachSCSIVolumeTestJSON-681358428 tempest-AttachSCSIVolumeTestJSON-681358428-project-admin] {"token": {"methods": ["password"], "user": {"domain": {"id": "default", "name": "Default"}, "id": "372fe8443a84451abdfe37d3e7ad7fec", "name": "glance-swift", "password_expires_at": null}, "audit_ids": ["J8cf4zXLSkWUdAeDPY2Vsg"], "expires_at": "2026-08-23T14:27:55.000000Z", "issued_at": "2026-08-23T13:27:55.000000Z", "project": {"domain": {"id": "default", "name": "Default"}, "id": "55f912809a8c4de792c0d9b9168f0d2c", "name": "service"}, "is_domain": false, "roles": [{"id": "ab84884c660e49d6ad0c67647791c4a0", "name": "ResellerAdmin"}, {"id": "00f8f74523af4551b56f5cbfc2f76e23", "name": "service"}], "catalog": [{"endpoints": [{"id": "21654994313c4e3d86ca91739ef6fb1d", "interface": "public", "region_id": "RegionOne", "url": "https://10.4.3.18/image", "region": "RegionOne"}], "id": "18fc8784a7ed44fa851e2969a382267e", "type": "image", "name": "glance"}, {"endpoints": [{"id": "ba5d53a9cbb54ad8b10887824bf8ff2e", "interface": "public", "region_id": "RegionOne", "url": "https://10.4.3.18/compute/v2/55f912809a8c4de792c0d9b9168f0d2c", "region": "RegionOne"}], "id": "36e4794bcd344210a1c110d8feed16ee", "type": "compute_legacy", "name": "nova_legacy"}, {"endpoints": [{"id": "df70461be5dd4e12b34392735b835299", "interface": "public", "region_id": "RegionOne", "url": "https://10.4.3.18/networking", "region": "RegionOne"}], "id": "4da582768a55414ea56dca2033636f5a", "type": "network", "name": "neutron"}, {"endpoints": [{"id": "3b1623ada7ef48c58c391ce9419f1039", "interface": "public", "region_id": "RegionOne", "url": "https://10.4.3.18/placement", "region": "RegionOne"}], "id": "6a0041508275444d8a66cbbb8dd50319", "type": "placement", "name": "placement"}, {"endpoints": [{"id": "ce6207bc974046ae9db33d21488b250a", "interface": "public", "region_id": "RegionOne", "url": "https://10.4.3.18/identity", "region": "RegionOne"}], "id": "921f745a42e14263a10d33e198ed43f3", "type": "identity", "name": "keystone"}, {"endpoints": [{"id": "7a691975a17d4f50a7e721d03bd6cd28", "interface": "public", "region_id": "RegionOne", "url": "https://10.4.3.18/compute/v2.1", "region": "RegionOne"}], "id": "aa3ac89a411446f99662a772428c9d64", "type": "compute", "name": "nova"}, {"endpoints": [{"id": "e390ea03b88b4d9db8245f14fdfabf09", "interface": "public", "region_id": "RegionOne", "url": "https://10.4.3.18/volume/v3", "region": "RegionOne"}], "id": "d1954b43e5c0489e9b3d158461d407d8", "type": "block-storage", "name": "cinder"}, {"endpoints": [{"id": "1f46a58a5d1a48bba471f877c01ca475", "interface": "public", "region_id": "RegionOne", "url": "https://10.4.3.18:8080/v1/AUTH_55f912809a8c4de792c0d9b9168f0d2c", "region": "RegionOne"}, {"id": "ea56f737d62f4901b4a746ab05bae3bb", "interface": "admin", "region_id": "RegionOne", "url": "https://10.4.3.18:8080", "region": "RegionOne"}], "id": "e56871f71cf543498d1602cd42745838", "type": "object-store", "name": "swift"}]}} {{(pid=103036) get_auth_ref /opt/stack/data/venv/lib/python3.12/site-packages/keystoneclient/auth/identity/v3/base.py:190}}
Aug 23 13:27:55.515554 np0000007937 devstack@g-api.service[103036]: DEBUG keystoneclient.httpclient [None req-0763249c-866e-49dd-b2e7-4084f4bd46c8 tempest-AttachSCSIVolumeTestJSON-681358428 tempest-AttachSCSIVolumeTestJSON-681358428-project-admin] Failed to find endpoint for management url admin endpoint for identity service not found {{(pid=103036) _process_management_url /opt/stack/data/venv/lib/python3.12/site-packages/keystoneclient/httpclient.py:670}}
Aug 23 13:27:55.764447 np0000007937 devstack@g-api.service[103034]: DEBUG glance.api.middleware.version_negotiation [None req-04f6b3cd-e0c7-45a3-a17e-39a6834e3cf9 tempest-AttachVolumeNegativeTest-50123960 tempest-AttachVolumeNegativeTest-50123960-project-member] Determining version of request: GET /v2/images/d2cccbd3-9aae-4861-a077-694981dbf0f1 Accept: */* {{(pid=103034) process_request /opt/stack/glance/glance/api/middleware/version_negotiation.py:44}}
Aug 23 13:27:55.764447 np0000007937 devstack@g-api.service[103034]: DEBUG glance.api.middleware.version_negotiation [None req-04f6b3cd-e0c7-45a3-a17e-39a6834e3cf9 tempest-AttachVolumeNegativeTest-50123960 tempest-AttachVolumeNegativeTest-50123960-project-member] Using url versioning {{(pid=103034) process_request /opt/stack/glance/glance/api/middleware/version_negotiation.py:57}}
Aug 23 13:27:55.764447 np0000007937 devstack@g-api.service[103034]: DEBUG glance.api.middleware.version_negotiation [None req-04f6b3cd-e0c7-45a3-a17e-39a6834e3cf9 tempest-AttachVolumeNegativeTest-50123960 tempest-AttachVolumeNegativeTest-50123960-project-member] Matched version: v2 {{(pid=103034) process_request /opt/stack/glance/glance/api/middleware/version_negotiation.py:69}}
Aug 23 13:27:55.765455 np0000007937 devstack@g-api.service[103034]: DEBUG glance.api.middleware.version_negotiation [None req-04f6b3cd-e0c7-45a3-a17e-39a6834e3cf9 tempest-AttachVolumeNegativeTest-50123960 tempest-AttachVolumeNegativeTest-50123960-project-member] new path /v2/images/d2cccbd3-9aae-4861-a077-694981dbf0f1 {{(pid=103034) process_request /opt/stack/glance/glance/api/middleware/version_negotiation.py:70}}
Aug 23 13:27:55.776560 np0000007937 devstack@g-api.service[103034]: [pid: 103034|app: 0|req: 18/79] 127.0.0.1 () {44 vars in 1111 bytes} [Sun Aug 23 13:27:55 2026] GET /v2/images/d2cccbd3-9aae-4861-a077-694981dbf0f1 => generated 1044 bytes in 12 msecs (HTTP/1.1 200) 4 headers in 158 bytes (1 switches on core 0)
Aug 23 13:27:55.832885 np0000007937 devstack@g-api.service[103033]: DEBUG glance.api.middleware.version_negotiation [None req-c18c59ce-4023-4827-a89d-6a70e7f095d2 tempest-ServerActionsV293TestJSON-2100111897 tempest-ServerActionsV293TestJSON-2100111897-project-member] Determining version of request: GET /v2/schemas/image Accept: */* {{(pid=103033) process_request /opt/stack/glance/glance/api/middleware/version_negotiation.py:44}}
Aug 23 13:27:55.833046 np0000007937 devstack@g-api.service[103033]: DEBUG glance.api.middleware.version_negotiation [None req-c18c59ce-4023-4827-a89d-6a70e7f095d2 tempest-ServerActionsV293TestJSON-2100111897 tempest-ServerActionsV293TestJSON-2100111897-project-member] Using url versioning {{(pid=103033) process_request /opt/stack/glance/glance/api/middleware/version_negotiation.py:57}}
Aug 23 13:27:55.833306 np0000007937 devstack@g-api.service[103033]: DEBUG glance.api.middleware.version_negotiation [None req-c18c59ce-4023-4827-a89d-6a70e7f095d2 tempest-ServerActionsV293TestJSON-2100111897 tempest-ServerActionsV293TestJSON-2100111897-project-member] Matched version: v2 {{(pid=103033) process_request /opt/stack/glance/glance/api/middleware/version_negotiation.py:69}}
Aug 23 13:27:55.833390 np0000007937 devstack@g-api.service[103033]: DEBUG glance.api.middleware.version_negotiation [None req-c18c59ce-4023-4827-a89d-6a70e7f095d2 tempest-ServerActionsV293TestJSON-2100111897 tempest-ServerActionsV293TestJSON-2100111897-project-member] new path /v2/schemas/image {{(pid=103033) process_request /opt/stack/glance/glance/api/middleware/version_negotiation.py:70}}
Aug 23 13:27:55.837806 np0000007937 devstack@g-api.service[103033]: [pid: 103033|app: 0|req: 19/80] 127.0.0.1 () {44 vars in 1051 bytes} [Sun Aug 23 13:27:55 2026] GET /v2/schemas/image => generated 6083 bytes in 5 msecs (HTTP/1.1 200) 4 headers in 158 bytes (1 switches on core 0)
Aug 23 13:27:55.908712 np0000007937 devstack@g-api.service[103036]: DEBUG swiftclient [None req-0763249c-866e-49dd-b2e7-4084f4bd46c8 tempest-AttachSCSIVolumeTestJSON-681358428 tempest-AttachSCSIVolumeTestJSON-681358428-project-admin] REQ: curl -i https://10.4.3.18:8080/v1/AUTH_55f912809a8c4de792c0d9b9168f0d2c/glance/0238fc48-d3e4-42d3-965e-daf184fbd8c5 -I -H "X-Auth-Token: gAAAAABqivVbBQRR..." {{(pid=103036) http_log /opt/stack/data/venv/lib/python3.12/site-packages/swiftclient/client.py:160}}
Aug 23 13:27:55.908984 np0000007937 devstack@g-api.service[103036]: DEBUG swiftclient [None req-0763249c-866e-49dd-b2e7-4084f4bd46c8 tempest-AttachSCSIVolumeTestJSON-681358428 tempest-AttachSCSIVolumeTestJSON-681358428-project-admin] RESP STATUS: 200 OK {{(pid=103036) http_log /opt/stack/data/venv/lib/python3.12/site-packages/swiftclient/client.py:161}}
Aug 23 13:27:55.909026 np0000007937 devstack@g-api.service[103036]: DEBUG swiftclient [None req-0763249c-866e-49dd-b2e7-4084f4bd46c8 tempest-AttachSCSIVolumeTestJSON-681358428 tempest-AttachSCSIVolumeTestJSON-681358428-project-admin] RESP HEADERS: {'Date': 'Sun, 23 Aug 2026 13:27:55 GMT', 'Server': 'Apache/2.4.58 (Ubuntu)', 'Content-Type': 'application/octet-stream', 'Content-Length': '21692416', 'X-Object-Manifest': 'glance/0238fc48-d3e4-42d3-965e-daf184fbd8c5-', 'Last-Modified': 'Sun, 23 Aug 2026 13:26:38 GMT', 'X-Timestamp': '1787491597.70088', 'Accept-Ranges': 'bytes', 'Etag': '"737c2a37dd3f91e374c48cad70137398"', 'X-Trans-Id': 'txdeafb9ab4d1645a4b9b25-006a8af55b', 'X-Openstack-Request-Id': 'txdeafb9ab4d1645a4b9b25-006a8af55b', 'Connection': 'close'} {{(pid=103036) http_log /opt/stack/data/venv/lib/python3.12/site-packages/swiftclient/client.py:162}}
Aug 23 13:27:55.943312 np0000007937 devstack@g-api.service[103036]: DEBUG swiftclient [None req-0763249c-866e-49dd-b2e7-4084f4bd46c8 tempest-AttachSCSIVolumeTestJSON-681358428 tempest-AttachSCSIVolumeTestJSON-681358428-project-admin] REQ: curl -i https://10.4.3.18:8080/v1/AUTH_55f912809a8c4de792c0d9b9168f0d2c/glance?format=json&prefix=0238fc48-d3e4-42d3-965e-daf184fbd8c5- -X GET -H "X-Auth-Token: gAAAAABqivVbBQRR..." -H "Accept-Encoding: gzip" {{(pid=103036) http_log /opt/stack/data/venv/lib/python3.12/site-packages/swiftclient/client.py:160}}
Aug 23 13:27:55.943491 np0000007937 devstack@g-api.service[103036]: DEBUG swiftclient [None req-0763249c-866e-49dd-b2e7-4084f4bd46c8 tempest-AttachSCSIVolumeTestJSON-681358428 tempest-AttachSCSIVolumeTestJSON-681358428-project-admin] RESP STATUS: 200 OK {{(pid=103036) http_log /opt/stack/data/venv/lib/python3.12/site-packages/swiftclient/client.py:161}}
Aug 23 13:27:55.943708 np0000007937 devstack@g-api.service[103036]: DEBUG swiftclient [None req-0763249c-866e-49dd-b2e7-4084f4bd46c8 tempest-AttachSCSIVolumeTestJSON-681358428 tempest-AttachSCSIVolumeTestJSON-681358428-project-admin] RESP HEADERS: {'Date': 'Sun, 23 Aug 2026 13:27:55 GMT', 'Server': 'Apache/2.4.58 (Ubuntu)', 'Content-Type': 'application/json; charset=utf-8', 'Content-Length': '210', 'X-Container-Object-Count': '5', 'X-Container-Bytes-Used': '86048768', 'X-Timestamp': '1787491468.49223', 'Last-Modified': 'Sun, 23 Aug 2026 13:24:29 GMT', 'Accept-Ranges': 'bytes', 'X-Storage-Policy': 'Policy-0', 'X-Container-Sharding': 'False', 'X-Trans-Id': 'tx24e3faab1bdb4c6fa34b5-006a8af55b', 'X-Openstack-Request-Id': 'tx24e3faab1bdb4c6fa34b5-006a8af55b', 'Connection': 'close'} {{(pid=103036) http_log /opt/stack/data/venv/lib/python3.12/site-packages/swiftclient/client.py:162}}
Aug 23 13:27:55.945113 np0000007937 devstack@g-api.service[103036]: DEBUG swiftclient [None req-0763249c-866e-49dd-b2e7-4084f4bd46c8 tempest-AttachSCSIVolumeTestJSON-681358428 tempest-AttachSCSIVolumeTestJSON-681358428-project-admin] RESP BODY: b'[{"bytes": 21692416, "hash": "87617e24a5e30cb3b87fda8c0764838f", "name": "0238fc48-d3e4-42d3-965e-daf184fbd8c5-00001", "content_type": "application/octet-stream", "last_modified": "2026-08-23T13:26:37.441770"}]' {{(pid=103036) http_log /opt/stack/data/venv/lib/python3.12/site-packages/swiftclient/client.py:166}}
Aug 23 13:27:55.981166 np0000007937 devstack@g-api.service[103036]: DEBUG swiftclient [None req-0763249c-866e-49dd-b2e7-4084f4bd46c8 tempest-AttachSCSIVolumeTestJSON-681358428 tempest-AttachSCSIVolumeTestJSON-681358428-project-admin] REQ: curl -i https://10.4.3.18:8080/v1/AUTH_55f912809a8c4de792c0d9b9168f0d2c/glance/0238fc48-d3e4-42d3-965e-daf184fbd8c5-00001 DELETE -H "X-Auth-Token: gAAAAABqivVbBQRR..." {{(pid=103036) http_log /opt/stack/data/venv/lib/python3.12/site-packages/swiftclient/client.py:160}}
Aug 23 13:27:55.981166 np0000007937 devstack@g-api.service[103036]: DEBUG swiftclient [None req-0763249c-866e-49dd-b2e7-4084f4bd46c8 tempest-AttachSCSIVolumeTestJSON-681358428 tempest-AttachSCSIVolumeTestJSON-681358428-project-admin] RESP STATUS: 204 No Content {{(pid=103036) http_log /opt/stack/data/venv/lib/python3.12/site-packages/swiftclient/client.py:161}}
Aug 23 13:27:55.981459 np0000007937 devstack@g-api.service[103036]: DEBUG swiftclient [None req-0763249c-866e-49dd-b2e7-4084f4bd46c8 tempest-AttachSCSIVolumeTestJSON-681358428 tempest-AttachSCSIVolumeTestJSON-681358428-project-admin] RESP HEADERS: {'Date': 'Sun, 23 Aug 2026 13:27:55 GMT', 'Server': 'Apache/2.4.58 (Ubuntu)', 'Content-Type': 'text/html; charset=UTF-8', 'X-Trans-Id': 'txb298706f9ee546a9b45b1-006a8af55b', 'X-Openstack-Request-Id': 'txb298706f9ee546a9b45b1-006a8af55b', 'Connection': 'close'} {{(pid=103036) http_log /opt/stack/data/venv/lib/python3.12/site-packages/swiftclient/client.py:162}}
Aug 23 13:27:56.017187 np0000007937 devstack@g-api.service[103036]: DEBUG swiftclient [None req-0763249c-866e-49dd-b2e7-4084f4bd46c8 tempest-AttachSCSIVolumeTestJSON-681358428 tempest-AttachSCSIVolumeTestJSON-681358428-project-admin] REQ: curl -i https://10.4.3.18:8080/v1/AUTH_55f912809a8c4de792c0d9b9168f0d2c/glance/0238fc48-d3e4-42d3-965e-daf184fbd8c5 DELETE -H "X-Auth-Token: gAAAAABqivVbBQRR..." {{(pid=103036) http_log /opt/stack/data/venv/lib/python3.12/site-packages/swiftclient/client.py:160}}
Aug 23 13:27:56.017286 np0000007937 devstack@g-api.service[103036]: DEBUG swiftclient [None req-0763249c-866e-49dd-b2e7-4084f4bd46c8 tempest-AttachSCSIVolumeTestJSON-681358428 tempest-AttachSCSIVolumeTestJSON-681358428-project-admin] RESP STATUS: 204 No Content {{(pid=103036) http_log /opt/stack/data/venv/lib/python3.12/site-packages/swiftclient/client.py:161}}
Aug 23 13:27:56.017421 np0000007937 devstack@g-api.service[103036]: DEBUG swiftclient [None req-0763249c-866e-49dd-b2e7-4084f4bd46c8 tempest-AttachSCSIVolumeTestJSON-681358428 tempest-AttachSCSIVolumeTestJSON-681358428-project-admin] RESP HEADERS: {'Date': 'Sun, 23 Aug 2026 13:27:56 GMT', 'Server': 'Apache/2.4.58 (Ubuntu)', 'Content-Type': 'text/html; charset=UTF-8', 'X-Trans-Id': 'txf27cf54aed494c4e836fb-006a8af55b', 'X-Openstack-Request-Id': 'txf27cf54aed494c4e836fb-006a8af55b', 'Connection': 'close'} {{(pid=103036) http_log /opt/stack/data/venv/lib/python3.12/site-packages/swiftclient/client.py:162}}
Aug 23 13:27:56.062195 np0000007937 devstack@g-api.service[103035]: DEBUG glance.api.middleware.version_negotiation [None req-c18c59ce-4023-4827-a89d-6a70e7f095d2 tempest-ServerActionsV293TestJSON-2100111897 tempest-ServerActionsV293TestJSON-2100111897-project-member] Determining version of request: GET /v2/images/d2cccbd3-9aae-4861-a077-694981dbf0f1 Accept: */* {{(pid=103035) process_request /opt/stack/glance/glance/api/middleware/version_negotiation.py:44}}
Aug 23 13:27:56.063630 np0000007937 devstack@g-api.service[103035]: DEBUG glance.api.middleware.version_negotiation [None req-c18c59ce-4023-4827-a89d-6a70e7f095d2 tempest-ServerActionsV293TestJSON-2100111897 tempest-ServerActionsV293TestJSON-2100111897-project-member] Using url versioning {{(pid=103035) process_request /opt/stack/glance/glance/api/middleware/version_negotiation.py:57}}
Aug 23 13:27:56.063860 np0000007937 devstack@g-api.service[103035]: DEBUG glance.api.middleware.version_negotiation [None req-c18c59ce-4023-4827-a89d-6a70e7f095d2 tempest-ServerActionsV293TestJSON-2100111897 tempest-ServerActionsV293TestJSON-2100111897-project-member] Matched version: v2 {{(pid=103035) process_request /opt/stack/glance/glance/api/middleware/version_negotiation.py:69}}
Aug 23 13:27:56.064055 np0000007937 devstack@g-api.service[103035]: DEBUG glance.api.middleware.version_negotiation [None req-c18c59ce-4023-4827-a89d-6a70e7f095d2 tempest-ServerActionsV293TestJSON-2100111897 tempest-ServerActionsV293TestJSON-2100111897-project-member] new path /v2/images/d2cccbd3-9aae-4861-a077-694981dbf0f1 {{(pid=103035) process_request /opt/stack/glance/glance/api/middleware/version_negotiation.py:70}}
Aug 23 13:27:56.084428 np0000007937 devstack@g-api.service[103035]: [pid: 103035|app: 0|req: 23/81] 127.0.0.1 () {44 vars in 1111 bytes} [Sun Aug 23 13:27:56 2026] GET /v2/images/d2cccbd3-9aae-4861-a077-694981dbf0f1 => generated 1044 bytes in 21 msecs (HTTP/1.1 200) 4 headers in 158 bytes (1 switches on core 0)
Aug 23 13:27:56.135978 np0000007937 devstack@g-api.service[103034]: DEBUG glance.api.middleware.version_negotiation [None req-c18c59ce-4023-4827-a89d-6a70e7f095d2 tempest-ServerActionsV293TestJSON-2100111897 tempest-ServerActionsV293TestJSON-2100111897-project-member] Determining version of request: GET /v2/schemas/image Accept: */* {{(pid=103034) process_request /opt/stack/glance/glance/api/middleware/version_negotiation.py:44}}
Aug 23 13:27:56.136094 np0000007937 devstack@g-api.service[103034]: DEBUG glance.api.middleware.version_negotiation [None req-c18c59ce-4023-4827-a89d-6a70e7f095d2 tempest-ServerActionsV293TestJSON-2100111897 tempest-ServerActionsV293TestJSON-2100111897-project-member] Using url versioning {{(pid=103034) process_request /opt/stack/glance/glance/api/middleware/version_negotiation.py:57}}
Aug 23 13:27:56.136304 np0000007937 devstack@g-api.service[103034]: DEBUG glance.api.middleware.version_negotiation [None req-c18c59ce-4023-4827-a89d-6a70e7f095d2 tempest-ServerActionsV293TestJSON-2100111897 tempest-ServerActionsV293TestJSON-2100111897-project-member] Matched version: v2 {{(pid=103034) process_request /opt/stack/glance/glance/api/middleware/version_negotiation.py:69}}
Aug 23 13:27:56.136663 np0000007937 devstack@g-api.service[103034]: DEBUG glance.api.middleware.version_negotiation [None req-c18c59ce-4023-4827-a89d-6a70e7f095d2 tempest-ServerActionsV293TestJSON-2100111897 tempest-ServerActionsV293TestJSON-2100111897-project-member] new path /v2/schemas/image {{(pid=103034) process_request /opt/stack/glance/glance/api/middleware/version_negotiation.py:70}}
Aug 23 13:27:56.147251 np0000007937 devstack@g-api.service[103034]: [pid: 103034|app: 0|req: 19/82] 127.0.0.1 () {44 vars in 1051 bytes} [Sun Aug 23 13:27:56 2026] GET /v2/schemas/image => generated 6083 bytes in 11 msecs (HTTP/1.1 200) 4 headers in 158 bytes (1 switches on core 0)
Aug 23 13:27:56.147866 np0000007937 devstack@g-api.service[103036]: DEBUG glance.api.middleware.cache [None req-0763249c-866e-49dd-b2e7-4084f4bd46c8 tempest-AttachSCSIVolumeTestJSON-681358428 tempest-AttachSCSIVolumeTestJSON-681358428-project-admin] Removing image 0238fc48-d3e4-42d3-965e-daf184fbd8c5 from cache {{(pid=103036) _process_DELETE_response /opt/stack/glance/glance/api/middleware/cache.py:264}}
Aug 23 13:27:56.147866 np0000007937 devstack@g-api.service[103036]: DEBUG glance.image_cache.drivers.centralized_db [None req-0763249c-866e-49dd-b2e7-4084f4bd46c8 tempest-AttachSCSIVolumeTestJSON-681358428 tempest-AttachSCSIVolumeTestJSON-681358428-project-admin] Deleting image cache file '/opt/stack/data/glance/cache/0238fc48-d3e4-42d3-965e-daf184fbd8c5' {{(pid=103036) delete_cached_file /opt/stack/glance/glance/image_cache/drivers/centralized_db.py:400}}
Aug 23 13:27:56.179168 np0000007937 devstack@g-api.service[103036]: [pid: 103036|app: 0|req: 22/83] 127.0.0.1 () {40 vars in 837 bytes} [Sun Aug 23 13:27:55 2026] DELETE /v2/images/0238fc48-d3e4-42d3-965e-daf184fbd8c5 => generated 0 bytes in 905 msecs (HTTP/1.1 204) 4 headers in 171 bytes (1 switches on core 0)
Aug 23 13:27:56.198407 np0000007937 devstack@g-api.service[103033]: DEBUG glance.api.middleware.version_negotiation [None req-c18c59ce-4023-4827-a89d-6a70e7f095d2 tempest-ServerActionsV293TestJSON-2100111897 tempest-ServerActionsV293TestJSON-2100111897-project-member] Determining version of request: GET /v2/images/0238fc48-d3e4-42d3-965e-daf184fbd8c5 Accept: application/json {{(pid=103033) process_request /opt/stack/glance/glance/api/middleware/version_negotiation.py:44}}
Aug 23 13:27:56.199162 np0000007937 devstack@g-api.service[103033]: DEBUG glance.api.middleware.version_negotiation [None req-c18c59ce-4023-4827-a89d-6a70e7f095d2 tempest-ServerActionsV293TestJSON-2100111897 tempest-ServerActionsV293TestJSON-2100111897-project-member] Using url versioning {{(pid=103033) process_request /opt/stack/glance/glance/api/middleware/version_negotiation.py:57}}
Aug 23 13:27:56.199162 np0000007937 devstack@g-api.service[103033]: DEBUG glance.api.middleware.version_negotiation [None req-c18c59ce-4023-4827-a89d-6a70e7f095d2 tempest-ServerActionsV293TestJSON-2100111897 tempest-ServerActionsV293TestJSON-2100111897-project-member] Matched version: v2 {{(pid=103033) process_request /opt/stack/glance/glance/api/middleware/version_negotiation.py:69}}
Aug 23 13:27:56.199162 np0000007937 devstack@g-api.service[103033]: DEBUG glance.api.middleware.version_negotiation [None req-c18c59ce-4023-4827-a89d-6a70e7f095d2 tempest-ServerActionsV293TestJSON-2100111897 tempest-ServerActionsV293TestJSON-2100111897-project-member] new path /v2/images/0238fc48-d3e4-42d3-965e-daf184fbd8c5 {{(pid=103033) process_request /opt/stack/glance/glance/api/middleware/version_negotiation.py:70}}
Aug 23 13:27:56.210847 np0000007937 devstack@g-api.service[103033]: DEBUG glance.db.sqlalchemy.api [None req-78ab216c-94e7-4a3c-aead-d9a1f5dedc42 tempest-AttachSCSIVolumeTestJSON-1573716720 tempest-AttachSCSIVolumeTestJSON-1573716720-project-reader] No image found with ID 0238fc48-d3e4-42d3-965e-daf184fbd8c5 {{(pid=103033) _image_get /opt/stack/glance/glance/db/sqlalchemy/api.py:301}}
Aug 23 13:27:56.213392 np0000007937 devstack@g-api.service[103033]: [pid: 103033|app: 0|req: 20/84] 127.0.0.1 () {40 vars in 834 bytes} [Sun Aug 23 13:27:56 2026] GET /v2/images/0238fc48-d3e4-42d3-965e-daf184fbd8c5 => generated 139 bytes in 15 msecs (HTTP/1.1 404) 4 headers in 164 bytes (1 switches on core 0)
Aug 23 13:27:59.430868 np0000007937 devstack@g-api.service[103035]: DEBUG glance.api.middleware.version_negotiation [None req-c18c59ce-4023-4827-a89d-6a70e7f095d2 tempest-ServerActionsV293TestJSON-2100111897 tempest-ServerActionsV293TestJSON-2100111897-project-member] Determining version of request: GET /v2/images/d2cccbd3-9aae-4861-a077-694981dbf0f1 Accept: */* {{(pid=103035) process_request /opt/stack/glance/glance/api/middleware/version_negotiation.py:44}}
Aug 23 13:27:59.430868 np0000007937 devstack@g-api.service[103035]: DEBUG glance.api.middleware.version_negotiation [None req-c18c59ce-4023-4827-a89d-6a70e7f095d2 tempest-ServerActionsV293TestJSON-2100111897 tempest-ServerActionsV293TestJSON-2100111897-project-member] Using url versioning {{(pid=103035) process_request /opt/stack/glance/glance/api/middleware/version_negotiation.py:57}}
Aug 23 13:27:59.430868 np0000007937 devstack@g-api.service[103035]: DEBUG glance.api.middleware.version_negotiation [None req-c18c59ce-4023-4827-a89d-6a70e7f095d2 tempest-ServerActionsV293TestJSON-2100111897 tempest-ServerActionsV293TestJSON-2100111897-project-member] Matched version: v2 {{(pid=103035) process_request /opt/stack/glance/glance/api/middleware/version_negotiation.py:69}}
Aug 23 13:27:59.430868 np0000007937 devstack@g-api.service[103035]: DEBUG glance.api.middleware.version_negotiation [None req-c18c59ce-4023-4827-a89d-6a70e7f095d2 tempest-ServerActionsV293TestJSON-2100111897 tempest-ServerActionsV293TestJSON-2100111897-project-member] new path /v2/images/d2cccbd3-9aae-4861-a077-694981dbf0f1 {{(pid=103035) process_request /opt/stack/glance/glance/api/middleware/version_negotiation.py:70}}
Aug 23 13:27:59.446153 np0000007937 devstack@g-api.service[103035]: [pid: 103035|app: 0|req: 24/85] 127.0.0.1 () {44 vars in 1111 bytes} [Sun Aug 23 13:27:59 2026] GET /v2/images/d2cccbd3-9aae-4861-a077-694981dbf0f1 => generated 1044 bytes in 16 msecs (HTTP/1.1 200) 4 headers in 158 bytes (1 switches on core 0)
Aug 23 13:27:59.489932 np0000007937 devstack@g-api.service[103034]: DEBUG glance.api.middleware.version_negotiation [None req-c18c59ce-4023-4827-a89d-6a70e7f095d2 tempest-ServerActionsV293TestJSON-2100111897 tempest-ServerActionsV293TestJSON-2100111897-project-member] Determining version of request: GET /v2/schemas/image Accept: */* {{(pid=103034) process_request /opt/stack/glance/glance/api/middleware/version_negotiation.py:44}}
Aug 23 13:27:59.490576 np0000007937 devstack@g-api.service[103034]: DEBUG glance.api.middleware.version_negotiation [None req-c18c59ce-4023-4827-a89d-6a70e7f095d2 tempest-ServerActionsV293TestJSON-2100111897 tempest-ServerActionsV293TestJSON-2100111897-project-member] Using url versioning {{(pid=103034) process_request /opt/stack/glance/glance/api/middleware/version_negotiation.py:57}}
Aug 23 13:27:59.490576 np0000007937 devstack@g-api.service[103034]: DEBUG glance.api.middleware.version_negotiation [None req-c18c59ce-4023-4827-a89d-6a70e7f095d2 tempest-ServerActionsV293TestJSON-2100111897 tempest-ServerActionsV293TestJSON-2100111897-project-member] Matched version: v2 {{(pid=103034) process_request /opt/stack/glance/glance/api/middleware/version_negotiation.py:69}}
Aug 23 13:27:59.490576 np0000007937 devstack@g-api.service[103034]: DEBUG glance.api.middleware.version_negotiation [None req-c18c59ce-4023-4827-a89d-6a70e7f095d2 tempest-ServerActionsV293TestJSON-2100111897 tempest-ServerActionsV293TestJSON-2100111897-project-member] new path /v2/schemas/image {{(pid=103034) process_request /opt/stack/glance/glance/api/middleware/version_negotiation.py:70}}
Aug 23 13:27:59.494047 np0000007937 devstack@g-api.service[103034]: [pid: 103034|app: 0|req: 20/86] 127.0.0.1 () {44 vars in 1051 bytes} [Sun Aug 23 13:27:59 2026] GET /v2/schemas/image => generated 6083 bytes in 4 msecs (HTTP/1.1 200) 4 headers in 158 bytes (1 switches on core 0)
Aug 23 13:27:59.554376 np0000007937 devstack@g-api.service[103036]: DEBUG glance.api.middleware.version_negotiation [None req-0763249c-866e-49dd-b2e7-4084f4bd46c8 tempest-AttachSCSIVolumeTestJSON-681358428 tempest-AttachSCSIVolumeTestJSON-681358428-project-admin] Determining version of request: GET /v2/images/d2cccbd3-9aae-4861-a077-694981dbf0f1 Accept: */* {{(pid=103036) process_request /opt/stack/glance/glance/api/middleware/version_negotiation.py:44}}
Aug 23 13:27:59.554833 np0000007937 devstack@g-api.service[103036]: DEBUG glance.api.middleware.version_negotiation [None req-0763249c-866e-49dd-b2e7-4084f4bd46c8 tempest-AttachSCSIVolumeTestJSON-681358428 tempest-AttachSCSIVolumeTestJSON-681358428-project-admin] Using url versioning {{(pid=103036) process_request /opt/stack/glance/glance/api/middleware/version_negotiation.py:57}}
Aug 23 13:27:59.554833 np0000007937 devstack@g-api.service[103036]: DEBUG glance.api.middleware.version_negotiation [None req-0763249c-866e-49dd-b2e7-4084f4bd46c8 tempest-AttachSCSIVolumeTestJSON-681358428 tempest-AttachSCSIVolumeTestJSON-681358428-project-admin] Matched version: v2 {{(pid=103036) process_request /opt/stack/glance/glance/api/middleware/version_negotiation.py:69}}
Aug 23 13:27:59.555142 np0000007937 devstack@g-api.service[103036]: DEBUG glance.api.middleware.version_negotiation [None req-0763249c-866e-49dd-b2e7-4084f4bd46c8 tempest-AttachSCSIVolumeTestJSON-681358428 tempest-AttachSCSIVolumeTestJSON-681358428-project-admin] new path /v2/images/d2cccbd3-9aae-4861-a077-694981dbf0f1 {{(pid=103036) process_request /opt/stack/glance/glance/api/middleware/version_negotiation.py:70}}
Aug 23 13:27:59.569314 np0000007937 devstack@g-api.service[103036]: [pid: 103036|app: 0|req: 23/87] 127.0.0.1 () {44 vars in 1111 bytes} [Sun Aug 23 13:27:59 2026] GET /v2/images/d2cccbd3-9aae-4861-a077-694981dbf0f1 => generated 1044 bytes in 15 msecs (HTTP/1.1 200) 4 headers in 158 bytes (1 switches on core 0)
Aug 23 13:27:59.578566 np0000007937 devstack@g-api.service[103033]: DEBUG glance.api.middleware.version_negotiation [None req-78ab216c-94e7-4a3c-aead-d9a1f5dedc42 tempest-AttachSCSIVolumeTestJSON-1573716720 tempest-AttachSCSIVolumeTestJSON-1573716720-project-reader] Determining version of request: GET /v2/schemas/image Accept: */* {{(pid=103033) process_request /opt/stack/glance/glance/api/middleware/version_negotiation.py:44}}
Aug 23 13:27:59.579091 np0000007937 devstack@g-api.service[103033]: DEBUG glance.api.middleware.version_negotiation [None req-78ab216c-94e7-4a3c-aead-d9a1f5dedc42 tempest-AttachSCSIVolumeTestJSON-1573716720 tempest-AttachSCSIVolumeTestJSON-1573716720-project-reader] Using url versioning {{(pid=103033) process_request /opt/stack/glance/glance/api/middleware/version_negotiation.py:57}}
