May 28 01:49:22.189282 np0000001583 devstack@g-api.service[101919]: DEBUG glance_store.backend [-] Registering store swift with schemes ('swift+https', 'swift', 'swift+http', 'swift+config') {{(pid=101919) create_stores /opt/stack/data/venv/lib/python3.12/site-packages/glance_store/backend.py:261}}
May 28 01:49:22.189342 np0000001583 devstack@g-api.service[101919]: DEBUG glance_store.driver [-] Late loading location class glance_store._drivers.swift.store.StoreLocation {{(pid=101919) get_store_location_class /opt/stack/data/venv/lib/python3.12/site-packages/glance_store/driver.py:134}}
May 28 01:49:22.189379 np0000001583 devstack@g-api.service[101917]: WARNING glance.common.wsgi_app [-] Import methods are enabled but staging directory /tmp/staging/ does not exist; Imports will fail!
May 28 01:49:22.189407 np0000001583 devstack@g-api.service[101919]: DEBUG glance_store.location [-] Registering scheme swift+https with {'store': , 'location_class': , 'store_entry': 'swift'} {{(pid=101919) register_scheme_map /opt/stack/data/venv/lib/python3.12/site-packages/glance_store/location.py:146}}
May 28 01:49:22.189437 np0000001583 devstack@g-api.service[101919]: DEBUG glance_store.location [-] Registering scheme swift with {'store': , 'location_class': , 'store_entry': 'swift'} {{(pid=101919) register_scheme_map /opt/stack/data/venv/lib/python3.12/site-packages/glance_store/location.py:146}}
May 28 01:49:22.189491 np0000001583 devstack@g-api.service[101919]: DEBUG glance_store.location [-] Registering scheme swift+http with {'store': , 'location_class': , 'store_entry': 'swift'} {{(pid=101919) register_scheme_map /opt/stack/data/venv/lib/python3.12/site-packages/glance_store/location.py:146}}
May 28 01:49:22.189538 np0000001583 devstack@g-api.service[101919]: DEBUG glance_store.location [-] Registering scheme swift+config with {'store': , 'location_class': , 'store_entry': 'swift'} {{(pid=101919) register_scheme_map /opt/stack/data/venv/lib/python3.12/site-packages/glance_store/location.py:146}}
May 28 01:49:22.189585 np0000001583 devstack@g-api.service[101919]: DEBUG glance_store.backend [-] Attempting to import store file {{(pid=101919) _load_store /opt/stack/data/venv/lib/python3.12/site-packages/glance_store/backend.py:215}}
May 28 01:49:22.189994 np0000001583 devstack@g-api.service[101919]: DEBUG glance_store.capabilities [-] Store glance_store._drivers.filesystem.Store doesn't support updating dynamic storage capabilities. Please overwrite 'update_capabilities' method of the store to implement updating logics if needed. {{(pid=101919) update_capabilities /opt/stack/data/venv/lib/python3.12/site-packages/glance_store/capabilities.py:91}}
May 28 01:49:22.190063 np0000001583 devstack@g-api.service[101919]: DEBUG glance_store.backend [-] Registering store file with schemes ('file', 'filesystem') {{(pid=101919) create_stores /opt/stack/data/venv/lib/python3.12/site-packages/glance_store/backend.py:261}}
May 28 01:49:22.190130 np0000001583 devstack@g-api.service[101919]: DEBUG glance_store.driver [-] Late loading location class glance_store._drivers.filesystem.StoreLocation {{(pid=101919) get_store_location_class /opt/stack/data/venv/lib/python3.12/site-packages/glance_store/driver.py:134}}
May 28 01:49:22.190199 np0000001583 devstack@g-api.service[101919]: DEBUG glance_store.location [-] Registering scheme file with {'store': , 'location_class': , 'store_entry': 'file'} {{(pid=101919) register_scheme_map /opt/stack/data/venv/lib/python3.12/site-packages/glance_store/location.py:146}}
May 28 01:49:22.190236 np0000001583 devstack@g-api.service[101919]: DEBUG glance_store.location [-] Registering scheme filesystem with {'store': , 'location_class': , 'store_entry': 'file'} {{(pid=101919) register_scheme_map /opt/stack/data/venv/lib/python3.12/site-packages/glance_store/location.py:146}}
May 28 01:49:22.190343 np0000001583 devstack@g-api.service[101919]: DEBUG glance_store.backend [-] Attempting to import store swift {{(pid=101919) _load_store /opt/stack/data/venv/lib/python3.12/site-packages/glance_store/backend.py:215}}
May 28 01:49:22.191324 np0000001583 devstack@g-api.service[101919]: DEBUG glance_store.capabilities [-] Store glance_store._drivers.swift.store.SingleTenantStore doesn't support updating dynamic storage capabilities. Please overwrite 'update_capabilities' method of the store to implement updating logics if needed. {{(pid=101919) update_capabilities /opt/stack/data/venv/lib/python3.12/site-packages/glance_store/capabilities.py:91}}
May 28 01:49:22.191376 np0000001583 devstack@g-api.service[101919]: DEBUG glance_store.driver [-] Late loading location class glance_store._drivers.swift.store.StoreLocation {{(pid=101919) get_store_location_class /opt/stack/data/venv/lib/python3.12/site-packages/glance_store/driver.py:134}}
May 28 01:49:22.191440 np0000001583 devstack@g-api.service[101919]: DEBUG glance_store.location [-] Registering scheme swift+https with {'store': , 'location_class': , 'store_entry': 'swift'} {{(pid=101919) register_scheme_map /opt/stack/data/venv/lib/python3.12/site-packages/glance_store/location.py:146}}
May 28 01:49:22.191480 np0000001583 devstack@g-api.service[101919]: DEBUG glance_store.location [-] Registering scheme swift+https with {'store': , 'location_class': , 'store_entry': 'swift'} {{(pid=101919) register_scheme_map /opt/stack/data/venv/lib/python3.12/site-packages/glance_store/location.py:146}}
May 28 01:49:22.191534 np0000001583 devstack@g-api.service[101919]: DEBUG glance_store.location [-] Registering scheme swift with {'store': , 'location_class': , 'store_entry': 'swift'} {{(pid=101919) register_scheme_map /opt/stack/data/venv/lib/python3.12/site-packages/glance_store/location.py:146}}
May 28 01:49:22.191583 np0000001583 devstack@g-api.service[101919]: DEBUG glance_store.location [-] Registering scheme swift+https with {'store': , 'location_class': , 'store_entry': 'swift'} {{(pid=101919) register_scheme_map /opt/stack/data/venv/lib/python3.12/site-packages/glance_store/location.py:146}}
May 28 01:49:22.191630 np0000001583 devstack@g-api.service[101919]: DEBUG glance_store.location [-] Registering scheme swift with {'store': , 'location_class': , 'store_entry': 'swift'} {{(pid=101919) register_scheme_map /opt/stack/data/venv/lib/python3.12/site-packages/glance_store/location.py:146}}
May 28 01:49:22.191675 np0000001583 devstack@g-api.service[101919]: DEBUG glance_store.location [-] Registering scheme swift+http with {'store': , 'location_class': , 'store_entry': 'swift'} {{(pid=101919) register_scheme_map /opt/stack/data/venv/lib/python3.12/site-packages/glance_store/location.py:146}}
May 28 01:49:22.191720 np0000001583 devstack@g-api.service[101919]: DEBUG glance_store.location [-] Registering scheme swift+https with {'store': , 'location_class': , 'store_entry': 'swift'} {{(pid=101919) register_scheme_map /opt/stack/data/venv/lib/python3.12/site-packages/glance_store/location.py:146}}
May 28 01:49:22.191764 np0000001583 devstack@g-api.service[101919]: DEBUG glance_store.location [-] Registering scheme swift with {'store': , 'location_class': , 'store_entry': 'swift'} {{(pid=101919) register_scheme_map /opt/stack/data/venv/lib/python3.12/site-packages/glance_store/location.py:146}}
May 28 01:49:22.191812 np0000001583 devstack@g-api.service[101919]: DEBUG glance_store.location [-] Registering scheme swift+http with {'store': , 'location_class': , 'store_entry': 'swift'} {{(pid=101919) register_scheme_map /opt/stack/data/venv/lib/python3.12/site-packages/glance_store/location.py:146}}
May 28 01:49:22.191858 np0000001583 devstack@g-api.service[101919]: DEBUG glance_store.location [-] Registering scheme swift+config with {'store': , 'location_class': , 'store_entry': 'swift'} {{(pid=101919) register_scheme_map /opt/stack/data/venv/lib/python3.12/site-packages/glance_store/location.py:146}}
May 28 01:49:22.192127 np0000001583 devstack@g-api.service[101919]: DEBUG glance.sqlite_migration [-] SQLite caching database not located, skipping migration {{(pid=101919) get_db_path /opt/stack/glance/glance/sqlite_migration.py:68}}
May 28 01:49:22.192300 np0000001583 devstack@g-api.service[101919]: WARNING glance.common.wsgi_app [-] Import methods are enabled but staging directory /tmp/staging/ does not exist; Imports will fail!
May 28 01:49:22.447263 np0000001583 devstack@g-api.service[101918]: DEBUG glance.common.config [None req-0bbf136e-c7dd-404e-844f-430ebb19350f None None] Loading glance-api-keystone+cachemanagement from /etc/glance/glance-api-paste.ini {{(pid=101918) load_paste_app /opt/stack/glance/glance/common/config.py:758}}
May 28 01:49:22.461411 np0000001583 devstack@g-api.service[101919]: DEBUG glance.common.config [None req-7a9f4cec-8f54-49ae-9b8e-3b8a67f8a3ca None None] Loading glance-api-keystone+cachemanagement from /etc/glance/glance-api-paste.ini {{(pid=101919) load_paste_app /opt/stack/glance/glance/common/config.py:758}}
May 28 01:49:22.498467 np0000001583 devstack@g-api.service[101917]: DEBUG glance.common.config [None req-cb8a484f-5ac8-4d0a-a837-6ebaf7cbdf4a None None] Loading glance-api-keystone+cachemanagement from /etc/glance/glance-api-paste.ini {{(pid=101917) load_paste_app /opt/stack/glance/glance/common/config.py:758}}
May 28 01:49:23.055914 np0000001583 devstack@g-api.service[101917]: INFO glance.image_cache [None req-cb8a484f-5ac8-4d0a-a837-6ebaf7cbdf4a None None] Image cache loaded driver 'centralized_db'.
May 28 01:49:23.080016 np0000001583 devstack@g-api.service[101919]: INFO glance.image_cache [None req-7a9f4cec-8f54-49ae-9b8e-3b8a67f8a3ca None None] Image cache loaded driver 'centralized_db'.
May 28 01:49:23.083025 np0000001583 devstack@g-api.service[101918]: INFO glance.image_cache [None req-0bbf136e-c7dd-404e-844f-430ebb19350f None None] Image cache loaded driver 'centralized_db'.
May 28 01:49:23.098959 np0000001583 devstack@g-api.service[101917]: INFO dbcounter [None req-cb8a484f-5ac8-4d0a-a837-6ebaf7cbdf4a None None] Registered counter for database glance
May 28 01:49:23.121719 np0000001583 devstack@g-api.service[101919]: INFO dbcounter [None req-7a9f4cec-8f54-49ae-9b8e-3b8a67f8a3ca None None] Registered counter for database glance
May 28 01:49:23.125107 np0000001583 devstack@g-api.service[101918]: INFO dbcounter [None req-0bbf136e-c7dd-404e-844f-430ebb19350f None None] Registered counter for database glance
May 28 01:49:23.139014 np0000001583 devstack@g-api.service[101917]: DEBUG oslo_db.sqlalchemy.engines [None req-cb8a484f-5ac8-4d0a-a837-6ebaf7cbdf4a None None] MySQL server mode set to STRICT_TRANS_TABLES,STRICT_ALL_TABLES,NO_ZERO_IN_DATE,NO_ZERO_DATE,ERROR_FOR_DIVISION_BY_ZERO,TRADITIONAL,NO_ENGINE_SUBSTITUTION {{(pid=101917) _check_effective_sql_mode /opt/stack/data/venv/lib/python3.12/site-packages/oslo_db/sqlalchemy/engines.py:325}}
May 28 01:49:23.158233 np0000001583 devstack@g-api.service[101917]: DEBUG dbcounter [-] [101917] Writer thread running {{(pid=101917) stat_writer /opt/stack/data/venv/lib/python3.12/site-packages/dbcounter.py:102}}
May 28 01:49:23.164446 np0000001583 devstack@g-api.service[101919]: DEBUG oslo_db.sqlalchemy.engines [None req-7a9f4cec-8f54-49ae-9b8e-3b8a67f8a3ca None None] MySQL server mode set to STRICT_TRANS_TABLES,STRICT_ALL_TABLES,NO_ZERO_IN_DATE,NO_ZERO_DATE,ERROR_FOR_DIVISION_BY_ZERO,TRADITIONAL,NO_ENGINE_SUBSTITUTION {{(pid=101919) _check_effective_sql_mode /opt/stack/data/venv/lib/python3.12/site-packages/oslo_db/sqlalchemy/engines.py:325}}
May 28 01:49:23.168488 np0000001583 devstack@g-api.service[101917]: INFO glance.image_cache [None req-cb8a484f-5ac8-4d0a-a837-6ebaf7cbdf4a None None] Image cache loaded driver 'centralized_db'.
May 28 01:49:23.168562 np0000001583 devstack@g-api.service[101918]: DEBUG oslo_db.sqlalchemy.engines [None req-0bbf136e-c7dd-404e-844f-430ebb19350f None None] MySQL server mode set to STRICT_TRANS_TABLES,STRICT_ALL_TABLES,NO_ZERO_IN_DATE,NO_ZERO_DATE,ERROR_FOR_DIVISION_BY_ZERO,TRADITIONAL,NO_ENGINE_SUBSTITUTION {{(pid=101918) _check_effective_sql_mode /opt/stack/data/venv/lib/python3.12/site-packages/oslo_db/sqlalchemy/engines.py:325}}
May 28 01:49:23.175085 np0000001583 devstack@g-api.service[101917]: DEBUG glance.image_cache.drivers.centralized_db [None req-cb8a484f-5ac8-4d0a-a837-6ebaf7cbdf4a None None] Node reference is already recorded, ignoring it {{(pid=101917) configure /opt/stack/glance/glance/image_cache/drivers/centralized_db.py:71}}
May 28 01:49:23.179256 np0000001583 devstack@g-api.service[101917]: DEBUG glance.api.v2.cached_images [None req-cb8a484f-5ac8-4d0a-a837-6ebaf7cbdf4a None None] Started cache worker thread {{(pid=101917) __init__ /opt/stack/glance/glance/api/v2/cached_images.py:69}}
May 28 01:49:23.179825 np0000001583 devstack@g-api.service[101917]: INFO glance.image_cache [None req-cb8a484f-5ac8-4d0a-a837-6ebaf7cbdf4a None None] Image cache loaded driver 'centralized_db'.
May 28 01:49:23.184487 np0000001583 devstack@g-api.service[101919]: DEBUG dbcounter [-] [101919] Writer thread running {{(pid=101919) stat_writer /opt/stack/data/venv/lib/python3.12/site-packages/dbcounter.py:102}}
May 28 01:49:23.187105 np0000001583 devstack@g-api.service[101917]: DEBUG glance.image_cache.drivers.centralized_db [None req-cb8a484f-5ac8-4d0a-a837-6ebaf7cbdf4a None None] Node reference is already recorded, ignoring it {{(pid=101917) configure /opt/stack/glance/glance/image_cache/drivers/centralized_db.py:71}}
May 28 01:49:23.187195 np0000001583 devstack@g-api.service[101919]: DEBUG glance.image_cache.drivers.centralized_db [None req-7a9f4cec-8f54-49ae-9b8e-3b8a67f8a3ca None None] Node reference is already recorded, ignoring it {{(pid=101919) configure /opt/stack/glance/glance/image_cache/drivers/centralized_db.py:71}}
May 28 01:49:23.189711 np0000001583 devstack@g-api.service[101918]: DEBUG dbcounter [-] [101918] Writer thread running {{(pid=101918) stat_writer /opt/stack/data/venv/lib/python3.12/site-packages/dbcounter.py:102}}
May 28 01:49:23.191297 np0000001583 devstack@g-api.service[101917]: INFO glance.api.middleware.cache_manage [None req-cb8a484f-5ac8-4d0a-a837-6ebaf7cbdf4a None None] Initialized image cache management middleware
May 28 01:49:23.191432 np0000001583 devstack@g-api.service[101917]: INFO glance.image_cache [None req-cb8a484f-5ac8-4d0a-a837-6ebaf7cbdf4a None None] Image cache loaded driver 'centralized_db'.
May 28 01:49:23.192397 np0000001583 devstack@g-api.service[101919]: INFO glance.image_cache [None req-7a9f4cec-8f54-49ae-9b8e-3b8a67f8a3ca None None] Image cache loaded driver 'centralized_db'.
May 28 01:49:23.193128 np0000001583 devstack@g-api.service[101918]: DEBUG glance.image_cache.drivers.centralized_db [None req-0bbf136e-c7dd-404e-844f-430ebb19350f None None] Node reference is already recorded, ignoring it {{(pid=101918) configure /opt/stack/glance/glance/image_cache/drivers/centralized_db.py:71}}
May 28 01:49:23.196911 np0000001583 devstack@g-api.service[101917]: DEBUG glance.image_cache.drivers.centralized_db [None req-cb8a484f-5ac8-4d0a-a837-6ebaf7cbdf4a None None] Node reference is already recorded, ignoring it {{(pid=101917) configure /opt/stack/glance/glance/image_cache/drivers/centralized_db.py:71}}
May 28 01:49:23.198151 np0000001583 devstack@g-api.service[101919]: DEBUG glance.image_cache.drivers.centralized_db [None req-7a9f4cec-8f54-49ae-9b8e-3b8a67f8a3ca None None] Node reference is already recorded, ignoring it {{(pid=101919) configure /opt/stack/glance/glance/image_cache/drivers/centralized_db.py:71}}
May 28 01:49:23.198328 np0000001583 devstack@g-api.service[101918]: INFO glance.image_cache [None req-0bbf136e-c7dd-404e-844f-430ebb19350f None None] Image cache loaded driver 'centralized_db'.
May 28 01:49:23.200240 np0000001583 devstack@g-api.service[101917]: INFO glance.api.middleware.cache [None req-cb8a484f-5ac8-4d0a-a837-6ebaf7cbdf4a None None] Initialized image cache middleware
May 28 01:49:23.202360 np0000001583 devstack@g-api.service[101919]: DEBUG glance.api.v2.cached_images [None req-7a9f4cec-8f54-49ae-9b8e-3b8a67f8a3ca None None] Started cache worker thread {{(pid=101919) __init__ /opt/stack/glance/glance/api/v2/cached_images.py:69}}
May 28 01:49:23.202849 np0000001583 devstack@g-api.service[101919]: INFO glance.image_cache [None req-7a9f4cec-8f54-49ae-9b8e-3b8a67f8a3ca None None] Image cache loaded driver 'centralized_db'.
May 28 01:49:23.204639 np0000001583 devstack@g-api.service[101918]: DEBUG glance.image_cache.drivers.centralized_db [None req-0bbf136e-c7dd-404e-844f-430ebb19350f None None] Node reference is already recorded, ignoring it {{(pid=101918) configure /opt/stack/glance/glance/image_cache/drivers/centralized_db.py:71}}
May 28 01:49:23.208962 np0000001583 devstack@g-api.service[101918]: DEBUG glance.api.v2.cached_images [None req-0bbf136e-c7dd-404e-844f-430ebb19350f None None] Started cache worker thread {{(pid=101918) __init__ /opt/stack/glance/glance/api/v2/cached_images.py:69}}
May 28 01:49:23.209516 np0000001583 devstack@g-api.service[101918]: INFO glance.image_cache [None req-0bbf136e-c7dd-404e-844f-430ebb19350f None None] Image cache loaded driver 'centralized_db'.
May 28 01:49:23.209929 np0000001583 devstack@g-api.service[101919]: DEBUG glance.image_cache.drivers.centralized_db [None req-7a9f4cec-8f54-49ae-9b8e-3b8a67f8a3ca None None] Node reference is already recorded, ignoring it {{(pid=101919) configure /opt/stack/glance/glance/image_cache/drivers/centralized_db.py:71}}
May 28 01:49:23.210677 np0000001583 devstack@g-api.service[101917]: DEBUG glance.common.config [None req-cb8a484f-5ac8-4d0a-a837-6ebaf7cbdf4a None None] ******************************************************************************** {{(pid=101917) log_opt_values /opt/stack/data/venv/lib/python3.12/site-packages/oslo_config/cfg.py:3229}}
May 28 01:49:23.210766 np0000001583 devstack@g-api.service[101917]: DEBUG glance.common.config [None req-cb8a484f-5ac8-4d0a-a837-6ebaf7cbdf4a None None] Configuration options gathered from: {{(pid=101917) log_opt_values /opt/stack/data/venv/lib/python3.12/site-packages/oslo_config/cfg.py:3230}}
May 28 01:49:23.211027 np0000001583 devstack@g-api.service[101917]: DEBUG glance.common.config [None req-cb8a484f-5ac8-4d0a-a837-6ebaf7cbdf4a None None] command line args: [] {{(pid=101917) log_opt_values /opt/stack/data/venv/lib/python3.12/site-packages/oslo_config/cfg.py:3231}}
May 28 01:49:23.211201 np0000001583 devstack@g-api.service[101917]: DEBUG glance.common.config [None req-cb8a484f-5ac8-4d0a-a837-6ebaf7cbdf4a None None] config files: ['/etc/glance/glance-image-import.conf', '/etc/glance/glance-api.conf'] {{(pid=101917) log_opt_values /opt/stack/data/venv/lib/python3.12/site-packages/oslo_config/cfg.py:3232}}
May 28 01:49:23.211273 np0000001583 devstack@g-api.service[101917]: DEBUG glance.common.config [None req-cb8a484f-5ac8-4d0a-a837-6ebaf7cbdf4a None None] ================================================================================ {{(pid=101917) log_opt_values /opt/stack/data/venv/lib/python3.12/site-packages/oslo_config/cfg.py:3237}}
May 28 01:49:23.211399 np0000001583 devstack@g-api.service[101917]: DEBUG glance.common.config [None req-cb8a484f-5ac8-4d0a-a837-6ebaf7cbdf4a None None] allow_anonymous_access = False {{(pid=101917) log_opt_values /opt/stack/data/venv/lib/python3.12/site-packages/oslo_config/cfg.py:3245}}
May 28 01:49:23.211500 np0000001583 devstack@g-api.service[101917]: DEBUG glance.common.config [None req-cb8a484f-5ac8-4d0a-a837-6ebaf7cbdf4a None None] api_limit_max = 1000 {{(pid=101917) log_opt_values /opt/stack/data/venv/lib/python3.12/site-packages/oslo_config/cfg.py:3245}}
May 28 01:49:23.211607 np0000001583 devstack@g-api.service[101917]: DEBUG glance.common.config [None req-cb8a484f-5ac8-4d0a-a837-6ebaf7cbdf4a None None] backlog = 4096 {{(pid=101917) log_opt_values /opt/stack/data/venv/lib/python3.12/site-packages/oslo_config/cfg.py:3245}}
May 28 01:49:23.211740 np0000001583 devstack@g-api.service[101917]: DEBUG glance.common.config [None req-cb8a484f-5ac8-4d0a-a837-6ebaf7cbdf4a None None] bind_host = 0.0.0.0 {{(pid=101917) log_opt_values /opt/stack/data/venv/lib/python3.12/site-packages/oslo_config/cfg.py:3245}}
May 28 01:49:23.211846 np0000001583 devstack@g-api.service[101917]: DEBUG glance.common.config [None req-cb8a484f-5ac8-4d0a-a837-6ebaf7cbdf4a None None] bind_port = 19292 {{(pid=101917) log_opt_values /opt/stack/data/venv/lib/python3.12/site-packages/oslo_config/cfg.py:3245}}
May 28 01:49:23.211943 np0000001583 devstack@g-api.service[101917]: DEBUG glance.common.config [None req-cb8a484f-5ac8-4d0a-a837-6ebaf7cbdf4a None None] client_socket_timeout = 900 {{(pid=101917) log_opt_values /opt/stack/data/venv/lib/python3.12/site-packages/oslo_config/cfg.py:3245}}
May 28 01:49:23.212049 np0000001583 devstack@g-api.service[101917]: DEBUG glance.common.config [None req-cb8a484f-5ac8-4d0a-a837-6ebaf7cbdf4a None None] config_dir = [] {{(pid=101917) log_opt_values /opt/stack/data/venv/lib/python3.12/site-packages/oslo_config/cfg.py:3245}}
May 28 01:49:23.212162 np0000001583 devstack@g-api.service[101917]: DEBUG glance.common.config [None req-cb8a484f-5ac8-4d0a-a837-6ebaf7cbdf4a None None] config_file = ['/etc/glance/glance-image-import.conf', '/etc/glance/glance-api.conf'] {{(pid=101917) log_opt_values /opt/stack/data/venv/lib/python3.12/site-packages/oslo_config/cfg.py:3245}}
May 28 01:49:23.212259 np0000001583 devstack@g-api.service[101917]: DEBUG glance.common.config [None req-cb8a484f-5ac8-4d0a-a837-6ebaf7cbdf4a None None] config_source = [] {{(pid=101917) log_opt_values /opt/stack/data/venv/lib/python3.12/site-packages/oslo_config/cfg.py:3245}}
May 28 01:49:23.212358 np0000001583 devstack@g-api.service[101917]: DEBUG glance.common.config [None req-cb8a484f-5ac8-4d0a-a837-6ebaf7cbdf4a None None] control_exchange = glance {{(pid=101917) log_opt_values /opt/stack/data/venv/lib/python3.12/site-packages/oslo_config/cfg.py:3245}}
May 28 01:49:23.212426 np0000001583 devstack@g-api.service[101917]: DEBUG glance.common.config [None req-cb8a484f-5ac8-4d0a-a837-6ebaf7cbdf4a None None] debug = True {{(pid=101917) log_opt_values /opt/stack/data/venv/lib/python3.12/site-packages/oslo_config/cfg.py:3245}}
May 28 01:49:23.212575 np0000001583 devstack@g-api.service[101917]: DEBUG glance.common.config [None req-cb8a484f-5ac8-4d0a-a837-6ebaf7cbdf4a None None] default_log_levels = ['amqp=WARN', 'boto=WARN', 'sqlalchemy=WARN', 'suds=INFO', 'oslo.messaging=INFO', 'oslo_messaging=INFO', 'iso8601=WARN', 'requests.packages.urllib3.connectionpool=WARN', 'urllib3.connectionpool=WARN', 'websocket=WARN', 'requests.packages.urllib3.util.retry=WARN', 'urllib3.util.retry=WARN', 'keystonemiddleware=WARN', 'routes.middleware=WARN', 'stevedore=WARN', 'taskflow=WARN', 'keystoneauth=WARN', 'oslo.cache=INFO', 'oslo_policy=INFO', 'dogpile.core.dogpile=INFO'] {{(pid=101917) log_opt_values /opt/stack/data/venv/lib/python3.12/site-packages/oslo_config/cfg.py:3245}}
May 28 01:49:23.212689 np0000001583 devstack@g-api.service[101917]: DEBUG glance.common.config [None req-cb8a484f-5ac8-4d0a-a837-6ebaf7cbdf4a None None] default_publisher_id = image.localhost {{(pid=101917) log_opt_values /opt/stack/data/venv/lib/python3.12/site-packages/oslo_config/cfg.py:3245}}
May 28 01:49:23.212781 np0000001583 devstack@g-api.service[101917]: DEBUG glance.common.config [None req-cb8a484f-5ac8-4d0a-a837-6ebaf7cbdf4a None None] delayed_delete = False {{(pid=101917) log_opt_values /opt/stack/data/venv/lib/python3.12/site-packages/oslo_config/cfg.py:3245}}
May 28 01:49:23.212873 np0000001583 devstack@g-api.service[101917]: DEBUG glance.common.config [None req-cb8a484f-5ac8-4d0a-a837-6ebaf7cbdf4a None None] digest_algorithm = sha256 {{(pid=101917) log_opt_values /opt/stack/data/venv/lib/python3.12/site-packages/oslo_config/cfg.py:3245}}
May 28 01:49:23.212963 np0000001583 devstack@g-api.service[101917]: DEBUG glance.common.config [None req-cb8a484f-5ac8-4d0a-a837-6ebaf7cbdf4a None None] disabled_notifications = [] {{(pid=101917) log_opt_values /opt/stack/data/venv/lib/python3.12/site-packages/oslo_config/cfg.py:3245}}
May 28 01:49:23.213063 np0000001583 devstack@g-api.service[101917]: DEBUG glance.common.config [None req-cb8a484f-5ac8-4d0a-a837-6ebaf7cbdf4a None None] do_secure_hash = True {{(pid=101917) log_opt_values /opt/stack/data/venv/lib/python3.12/site-packages/oslo_config/cfg.py:3245}}
May 28 01:49:23.213180 np0000001583 devstack@g-api.service[101917]: DEBUG glance.common.config [None req-cb8a484f-5ac8-4d0a-a837-6ebaf7cbdf4a None None] enabled_backends = None {{(pid=101917) log_opt_values /opt/stack/data/venv/lib/python3.12/site-packages/oslo_config/cfg.py:3245}}
May 28 01:49:23.213289 np0000001583 devstack@g-api.service[101917]: DEBUG glance.common.config [None req-cb8a484f-5ac8-4d0a-a837-6ebaf7cbdf4a None None] enabled_import_methods = ['glance-direct', 'web-download', 'copy-image'] {{(pid=101917) log_opt_values /opt/stack/data/venv/lib/python3.12/site-packages/oslo_config/cfg.py:3245}}
May 28 01:49:23.213379 np0000001583 devstack@g-api.service[101917]: DEBUG glance.common.config [None req-cb8a484f-5ac8-4d0a-a837-6ebaf7cbdf4a None None] fatal_deprecations = False {{(pid=101917) log_opt_values /opt/stack/data/venv/lib/python3.12/site-packages/oslo_config/cfg.py:3245}}
May 28 01:49:23.213471 np0000001583 devstack@g-api.service[101917]: DEBUG glance.common.config [None req-cb8a484f-5ac8-4d0a-a837-6ebaf7cbdf4a None None] hashing_algorithm = sha512 {{(pid=101917) log_opt_values /opt/stack/data/venv/lib/python3.12/site-packages/oslo_config/cfg.py:3245}}
May 28 01:49:23.213558 np0000001583 devstack@g-api.service[101917]: DEBUG glance.common.config [None req-cb8a484f-5ac8-4d0a-a837-6ebaf7cbdf4a None None] http_keepalive = True {{(pid=101917) log_opt_values /opt/stack/data/venv/lib/python3.12/site-packages/oslo_config/cfg.py:3245}}
May 28 01:49:23.213664 np0000001583 devstack@g-api.service[101917]: DEBUG glance.common.config [None req-cb8a484f-5ac8-4d0a-a837-6ebaf7cbdf4a None None] http_retries = 3 {{(pid=101917) log_opt_values /opt/stack/data/venv/lib/python3.12/site-packages/oslo_config/cfg.py:3245}}
May 28 01:49:23.213763 np0000001583 devstack@g-api.service[101917]: DEBUG glance.common.config [None req-cb8a484f-5ac8-4d0a-a837-6ebaf7cbdf4a None None] image_cache_dir = /opt/stack/data/glance/cache/ {{(pid=101917) log_opt_values /opt/stack/data/venv/lib/python3.12/site-packages/oslo_config/cfg.py:3245}}
May 28 01:49:23.213820 np0000001583 devstack@g-api.service[101919]: INFO glance.api.middleware.cache_manage [None req-7a9f4cec-8f54-49ae-9b8e-3b8a67f8a3ca None None] Initialized image cache management middleware
May 28 01:49:23.213854 np0000001583 devstack@g-api.service[101917]: DEBUG glance.common.config [None req-cb8a484f-5ac8-4d0a-a837-6ebaf7cbdf4a None None] image_cache_driver = centralized_db {{(pid=101917) log_opt_values /opt/stack/data/venv/lib/python3.12/site-packages/oslo_config/cfg.py:3245}}
May 28 01:49:23.213943 np0000001583 devstack@g-api.service[101917]: DEBUG glance.common.config [None req-cb8a484f-5ac8-4d0a-a837-6ebaf7cbdf4a None None] image_cache_max_size = 10737418240 {{(pid=101917) log_opt_values /opt/stack/data/venv/lib/python3.12/site-packages/oslo_config/cfg.py:3245}}
May 28 01:49:23.213976 np0000001583 devstack@g-api.service[101919]: INFO glance.image_cache [None req-7a9f4cec-8f54-49ae-9b8e-3b8a67f8a3ca None None] Image cache loaded driver 'centralized_db'.
May 28 01:49:23.214036 np0000001583 devstack@g-api.service[101917]: DEBUG glance.common.config [None req-cb8a484f-5ac8-4d0a-a837-6ebaf7cbdf4a None None] image_cache_sqlite_db = cache.db {{(pid=101917) log_opt_values /opt/stack/data/venv/lib/python3.12/site-packages/oslo_config/cfg.py:3245}}
May 28 01:49:23.214182 np0000001583 devstack@g-api.service[101917]: DEBUG glance.common.config [None req-cb8a484f-5ac8-4d0a-a837-6ebaf7cbdf4a None None] image_cache_stall_time = 86400 {{(pid=101917) log_opt_values /opt/stack/data/venv/lib/python3.12/site-packages/oslo_config/cfg.py:3245}}
May 28 01:49:23.214274 np0000001583 devstack@g-api.service[101917]: DEBUG glance.common.config [None req-cb8a484f-5ac8-4d0a-a837-6ebaf7cbdf4a None None] image_location_quota = 10 {{(pid=101917) log_opt_values /opt/stack/data/venv/lib/python3.12/site-packages/oslo_config/cfg.py:3245}}
May 28 01:49:23.214365 np0000001583 devstack@g-api.service[101917]: DEBUG glance.common.config [None req-cb8a484f-5ac8-4d0a-a837-6ebaf7cbdf4a None None] image_member_quota = 128 {{(pid=101917) log_opt_values /opt/stack/data/venv/lib/python3.12/site-packages/oslo_config/cfg.py:3245}}
May 28 01:49:23.214459 np0000001583 devstack@g-api.service[101917]: DEBUG glance.common.config [None req-cb8a484f-5ac8-4d0a-a837-6ebaf7cbdf4a None None] image_property_quota = 128 {{(pid=101917) log_opt_values /opt/stack/data/venv/lib/python3.12/site-packages/oslo_config/cfg.py:3245}}
May 28 01:49:23.214549 np0000001583 devstack@g-api.service[101917]: DEBUG glance.common.config [None req-cb8a484f-5ac8-4d0a-a837-6ebaf7cbdf4a None None] image_size_cap = 1099511627776 {{(pid=101917) log_opt_values /opt/stack/data/venv/lib/python3.12/site-packages/oslo_config/cfg.py:3245}}
May 28 01:49:23.214647 np0000001583 devstack@g-api.service[101917]: DEBUG glance.common.config [None req-cb8a484f-5ac8-4d0a-a837-6ebaf7cbdf4a None None] image_tag_quota = 128 {{(pid=101917) log_opt_values /opt/stack/data/venv/lib/python3.12/site-packages/oslo_config/cfg.py:3245}}
May 28 01:49:23.214756 np0000001583 devstack@g-api.service[101917]: DEBUG glance.common.config [None req-cb8a484f-5ac8-4d0a-a837-6ebaf7cbdf4a None None] instance_format = [instance: %(uuid)s] {{(pid=101917) log_opt_values /opt/stack/data/venv/lib/python3.12/site-packages/oslo_config/cfg.py:3245}}
May 28 01:49:23.214851 np0000001583 devstack@g-api.service[101917]: DEBUG glance.common.config [None req-cb8a484f-5ac8-4d0a-a837-6ebaf7cbdf4a None None] instance_uuid_format = [instance: %(uuid)s] {{(pid=101917) log_opt_values /opt/stack/data/venv/lib/python3.12/site-packages/oslo_config/cfg.py:3245}}
May 28 01:49:23.214939 np0000001583 devstack@g-api.service[101917]: DEBUG glance.common.config [None req-cb8a484f-5ac8-4d0a-a837-6ebaf7cbdf4a None None] limit_param_default = 25 {{(pid=101917) log_opt_values /opt/stack/data/venv/lib/python3.12/site-packages/oslo_config/cfg.py:3245}}
May 28 01:49:23.215037 np0000001583 devstack@g-api.service[101917]: DEBUG glance.common.config [None req-cb8a484f-5ac8-4d0a-a837-6ebaf7cbdf4a None None] log_color = False {{(pid=101917) log_opt_values /opt/stack/data/venv/lib/python3.12/site-packages/oslo_config/cfg.py:3245}}
May 28 01:49:23.215164 np0000001583 devstack@g-api.service[101917]: DEBUG glance.common.config [None req-cb8a484f-5ac8-4d0a-a837-6ebaf7cbdf4a None None] log_config_append = None {{(pid=101917) log_opt_values /opt/stack/data/venv/lib/python3.12/site-packages/oslo_config/cfg.py:3245}}
May 28 01:49:23.215259 np0000001583 devstack@g-api.service[101917]: DEBUG glance.common.config [None req-cb8a484f-5ac8-4d0a-a837-6ebaf7cbdf4a None None] log_date_format = %Y-%m-%d %H:%M:%S {{(pid=101917) log_opt_values /opt/stack/data/venv/lib/python3.12/site-packages/oslo_config/cfg.py:3245}}
May 28 01:49:23.215350 np0000001583 devstack@g-api.service[101917]: DEBUG glance.common.config [None req-cb8a484f-5ac8-4d0a-a837-6ebaf7cbdf4a None None] log_dir = None {{(pid=101917) log_opt_values /opt/stack/data/venv/lib/python3.12/site-packages/oslo_config/cfg.py:3245}}
May 28 01:49:23.215438 np0000001583 devstack@g-api.service[101917]: DEBUG glance.common.config [None req-cb8a484f-5ac8-4d0a-a837-6ebaf7cbdf4a None None] log_file = None {{(pid=101917) log_opt_values /opt/stack/data/venv/lib/python3.12/site-packages/oslo_config/cfg.py:3245}}
May 28 01:49:23.215523 np0000001583 devstack@g-api.service[101917]: DEBUG glance.common.config [None req-cb8a484f-5ac8-4d0a-a837-6ebaf7cbdf4a None None] log_rotate_interval = 1 {{(pid=101917) log_opt_values /opt/stack/data/venv/lib/python3.12/site-packages/oslo_config/cfg.py:3245}}
May 28 01:49:23.215617 np0000001583 devstack@g-api.service[101917]: DEBUG glance.common.config [None req-cb8a484f-5ac8-4d0a-a837-6ebaf7cbdf4a None None] log_rotate_interval_type = days {{(pid=101917) log_opt_values /opt/stack/data/venv/lib/python3.12/site-packages/oslo_config/cfg.py:3245}}
May 28 01:49:23.215727 np0000001583 devstack@g-api.service[101917]: DEBUG glance.common.config [None req-cb8a484f-5ac8-4d0a-a837-6ebaf7cbdf4a None None] log_rotation_type = none {{(pid=101917) log_opt_values /opt/stack/data/venv/lib/python3.12/site-packages/oslo_config/cfg.py:3245}}
May 28 01:49:23.215798 np0000001583 devstack@g-api.service[101917]: DEBUG glance.common.config [None req-cb8a484f-5ac8-4d0a-a837-6ebaf7cbdf4a None None] logging_context_format_string = %(color)s%(levelname)s %(name)s [%(global_request_id)s %(request_id)s %(project_name)s %(user_name)s%(color)s] %(instance)s%(color)s%(message)s {{(pid=101917) log_opt_values /opt/stack/data/venv/lib/python3.12/site-packages/oslo_config/cfg.py:3245}}
May 28 01:49:23.215864 np0000001583 devstack@g-api.service[101917]: DEBUG glance.common.config [None req-cb8a484f-5ac8-4d0a-a837-6ebaf7cbdf4a None None] logging_debug_format_suffix = {{(pid=%(process)d) %(funcName)s %(pathname)s:%(lineno)d}} {{(pid=101917) log_opt_values /opt/stack/data/venv/lib/python3.12/site-packages/oslo_config/cfg.py:3245}}
May 28 01:49:23.215958 np0000001583 devstack@g-api.service[101917]: DEBUG glance.common.config [None req-cb8a484f-5ac8-4d0a-a837-6ebaf7cbdf4a None None] logging_default_format_string = %(color)s%(levelname)s %(name)s [-%(color)s] %(instance)s%(color)s%(message)s {{(pid=101917) log_opt_values /opt/stack/data/venv/lib/python3.12/site-packages/oslo_config/cfg.py:3245}}
May 28 01:49:23.216062 np0000001583 devstack@g-api.service[101917]: DEBUG glance.common.config [None req-cb8a484f-5ac8-4d0a-a837-6ebaf7cbdf4a None None] logging_exception_prefix = ERROR %(name)s %(instance)s {{(pid=101917) log_opt_values /opt/stack/data/venv/lib/python3.12/site-packages/oslo_config/cfg.py:3245}}
May 28 01:49:23.216249 np0000001583 devstack@g-api.service[101917]: DEBUG glance.common.config [None req-cb8a484f-5ac8-4d0a-a837-6ebaf7cbdf4a None None] logging_user_identity_format = %(user)s %(project)s %(domain)s %(system_scope)s %(user_domain)s %(project_domain)s {{(pid=101917) log_opt_values /opt/stack/data/venv/lib/python3.12/site-packages/oslo_config/cfg.py:3245}}
May 28 01:49:23.216249 np0000001583 devstack@g-api.service[101917]: DEBUG glance.common.config [None req-cb8a484f-5ac8-4d0a-a837-6ebaf7cbdf4a None None] max_header_line = 16384 {{(pid=101917) log_opt_values /opt/stack/data/venv/lib/python3.12/site-packages/oslo_config/cfg.py:3245}}
May 28 01:49:23.216321 np0000001583 devstack@g-api.service[101917]: DEBUG glance.common.config [None req-cb8a484f-5ac8-4d0a-a837-6ebaf7cbdf4a None None] max_logfile_count = 30 {{(pid=101917) log_opt_values /opt/stack/data/venv/lib/python3.12/site-packages/oslo_config/cfg.py:3245}}
May 28 01:49:23.216399 np0000001583 devstack@g-api.service[101917]: DEBUG glance.common.config [None req-cb8a484f-5ac8-4d0a-a837-6ebaf7cbdf4a None None] max_logfile_size_mb = 200 {{(pid=101917) log_opt_values /opt/stack/data/venv/lib/python3.12/site-packages/oslo_config/cfg.py:3245}}
May 28 01:49:23.216487 np0000001583 devstack@g-api.service[101917]: DEBUG glance.common.config [None req-cb8a484f-5ac8-4d0a-a837-6ebaf7cbdf4a None None] max_request_id_length = 64 {{(pid=101917) log_opt_values /opt/stack/data/venv/lib/python3.12/site-packages/oslo_config/cfg.py:3245}}
May 28 01:49:23.216575 np0000001583 devstack@g-api.service[101917]: DEBUG glance.common.config [None req-cb8a484f-5ac8-4d0a-a837-6ebaf7cbdf4a None None] metadata_encryption_key = **** {{(pid=101917) log_opt_values /opt/stack/data/venv/lib/python3.12/site-packages/oslo_config/cfg.py:3245}}
May 28 01:49:23.216671 np0000001583 devstack@g-api.service[101917]: DEBUG glance.common.config [None req-cb8a484f-5ac8-4d0a-a837-6ebaf7cbdf4a None None] node_staging_uri = file:///tmp/staging/ {{(pid=101917) log_opt_values /opt/stack/data/venv/lib/python3.12/site-packages/oslo_config/cfg.py:3245}}
May 28 01:49:23.216773 np0000001583 devstack@g-api.service[101917]: DEBUG glance.common.config [None req-cb8a484f-5ac8-4d0a-a837-6ebaf7cbdf4a None None] property_protection_file = None {{(pid=101917) log_opt_values /opt/stack/data/venv/lib/python3.12/site-packages/oslo_config/cfg.py:3245}}
May 28 01:49:23.216868 np0000001583 devstack@g-api.service[101917]: DEBUG glance.common.config [None req-cb8a484f-5ac8-4d0a-a837-6ebaf7cbdf4a None None] property_protection_rule_format = roles {{(pid=101917) log_opt_values /opt/stack/data/venv/lib/python3.12/site-packages/oslo_config/cfg.py:3245}}
May 28 01:49:23.216963 np0000001583 devstack@g-api.service[101917]: DEBUG glance.common.config [None req-cb8a484f-5ac8-4d0a-a837-6ebaf7cbdf4a None None] public_endpoint = https://10.4.3.170/image {{(pid=101917) log_opt_values /opt/stack/data/venv/lib/python3.12/site-packages/oslo_config/cfg.py:3245}}
May 28 01:49:23.217058 np0000001583 devstack@g-api.service[101917]: DEBUG glance.common.config [None req-cb8a484f-5ac8-4d0a-a837-6ebaf7cbdf4a None None] publish_errors = False {{(pid=101917) log_opt_values /opt/stack/data/venv/lib/python3.12/site-packages/oslo_config/cfg.py:3245}}
May 28 01:49:23.217167 np0000001583 devstack@g-api.service[101917]: DEBUG glance.common.config [None req-cb8a484f-5ac8-4d0a-a837-6ebaf7cbdf4a None None] pydev_worker_debug_host = None {{(pid=101917) log_opt_values /opt/stack/data/venv/lib/python3.12/site-packages/oslo_config/cfg.py:3245}}
May 28 01:49:23.217260 np0000001583 devstack@g-api.service[101917]: DEBUG glance.common.config [None req-cb8a484f-5ac8-4d0a-a837-6ebaf7cbdf4a None None] pydev_worker_debug_port = 5678 {{(pid=101917) log_opt_values /opt/stack/data/venv/lib/python3.12/site-packages/oslo_config/cfg.py:3245}}
May 28 01:49:23.217291 np0000001583 devstack@g-api.service[101918]: DEBUG glance.image_cache.drivers.centralized_db [None req-0bbf136e-c7dd-404e-844f-430ebb19350f None None] Node reference is already recorded, ignoring it {{(pid=101918) configure /opt/stack/glance/glance/image_cache/drivers/centralized_db.py:71}}
May 28 01:49:23.217366 np0000001583 devstack@g-api.service[101917]: DEBUG glance.common.config [None req-cb8a484f-5ac8-4d0a-a837-6ebaf7cbdf4a None None] rate_limit_burst = 0 {{(pid=101917) log_opt_values /opt/stack/data/venv/lib/python3.12/site-packages/oslo_config/cfg.py:3245}}
May 28 01:49:23.217462 np0000001583 devstack@g-api.service[101917]: DEBUG glance.common.config [None req-cb8a484f-5ac8-4d0a-a837-6ebaf7cbdf4a None None] rate_limit_except_level = CRITICAL {{(pid=101917) log_opt_values /opt/stack/data/venv/lib/python3.12/site-packages/oslo_config/cfg.py:3245}}
May 28 01:49:23.217547 np0000001583 devstack@g-api.service[101917]: DEBUG glance.common.config [None req-cb8a484f-5ac8-4d0a-a837-6ebaf7cbdf4a None None] rate_limit_interval = 0 {{(pid=101917) log_opt_values /opt/stack/data/venv/lib/python3.12/site-packages/oslo_config/cfg.py:3245}}
May 28 01:49:23.217633 np0000001583 devstack@g-api.service[101917]: DEBUG glance.common.config [None req-cb8a484f-5ac8-4d0a-a837-6ebaf7cbdf4a None None] scrub_pool_size = 1 {{(pid=101917) log_opt_values /opt/stack/data/venv/lib/python3.12/site-packages/oslo_config/cfg.py:3245}}
May 28 01:49:23.217736 np0000001583 devstack@g-api.service[101917]: DEBUG glance.common.config [None req-cb8a484f-5ac8-4d0a-a837-6ebaf7cbdf4a None None] scrub_time = 0 {{(pid=101917) log_opt_values /opt/stack/data/venv/lib/python3.12/site-packages/oslo_config/cfg.py:3245}}
May 28 01:49:23.217825 np0000001583 devstack@g-api.service[101917]: DEBUG glance.common.config [None req-cb8a484f-5ac8-4d0a-a837-6ebaf7cbdf4a None None] shell_completion = None {{(pid=101917) log_opt_values /opt/stack/data/venv/lib/python3.12/site-packages/oslo_config/cfg.py:3245}}
May 28 01:49:23.217921 np0000001583 devstack@g-api.service[101917]: DEBUG glance.common.config [None req-cb8a484f-5ac8-4d0a-a837-6ebaf7cbdf4a None None] show_image_direct_url = False {{(pid=101917) log_opt_values /opt/stack/data/venv/lib/python3.12/site-packages/oslo_config/cfg.py:3245}}
May 28 01:49:23.218180 np0000001583 devstack@g-api.service[101917]: WARNING oslo_config.cfg [None req-cb8a484f-5ac8-4d0a-a837-6ebaf7cbdf4a None None] Deprecated: Option "show_multiple_locations" from group "DEFAULT" is deprecated for removal (Use of this option, deprecated since Newton, is a security risk and will be removed once we figure out a way to satisfy those use cases that currently require it. An earlier announcement that the same functionality can be achieved with greater granularity by using policies is incorrect. You cannot work around this option via policy configuration at the present time, though that is the direction we believe the fix will take. Please keep an eye on the Glance release notes to stay up to date on progress in addressing this issue.). Its value may be silently ignored in the future.
May 28 01:49:23.218288 np0000001583 devstack@g-api.service[101917]: DEBUG glance.common.config [None req-cb8a484f-5ac8-4d0a-a837-6ebaf7cbdf4a None None] show_multiple_locations = False {{(pid=101917) log_opt_values /opt/stack/data/venv/lib/python3.12/site-packages/oslo_config/cfg.py:3245}}
May 28 01:49:23.218389 np0000001583 devstack@g-api.service[101917]: DEBUG glance.common.config [None req-cb8a484f-5ac8-4d0a-a837-6ebaf7cbdf4a None None] syslog_log_facility = LOG_USER {{(pid=101917) log_opt_values /opt/stack/data/venv/lib/python3.12/site-packages/oslo_config/cfg.py:3245}}
May 28 01:49:23.218479 np0000001583 devstack@g-api.service[101917]: DEBUG glance.common.config [None req-cb8a484f-5ac8-4d0a-a837-6ebaf7cbdf4a None None] tcp_keepidle = 600 {{(pid=101917) log_opt_values /opt/stack/data/venv/lib/python3.12/site-packages/oslo_config/cfg.py:3245}}
May 28 01:49:23.218567 np0000001583 devstack@g-api.service[101917]: DEBUG glance.common.config [None req-cb8a484f-5ac8-4d0a-a837-6ebaf7cbdf4a None None] transport_url = **** {{(pid=101917) log_opt_values /opt/stack/data/venv/lib/python3.12/site-packages/oslo_config/cfg.py:3245}}
May 28 01:49:23.218661 np0000001583 devstack@g-api.service[101917]: DEBUG glance.common.config [None req-cb8a484f-5ac8-4d0a-a837-6ebaf7cbdf4a None None] use_journal = False {{(pid=101917) log_opt_values /opt/stack/data/venv/lib/python3.12/site-packages/oslo_config/cfg.py:3245}}
May 28 01:49:23.218761 np0000001583 devstack@g-api.service[101917]: DEBUG glance.common.config [None req-cb8a484f-5ac8-4d0a-a837-6ebaf7cbdf4a None None] use_json = False {{(pid=101917) log_opt_values /opt/stack/data/venv/lib/python3.12/site-packages/oslo_config/cfg.py:3245}}
May 28 01:49:23.218860 np0000001583 devstack@g-api.service[101917]: DEBUG glance.common.config [None req-cb8a484f-5ac8-4d0a-a837-6ebaf7cbdf4a None None] use_keystone_limits = True {{(pid=101917) log_opt_values /opt/stack/data/venv/lib/python3.12/site-packages/oslo_config/cfg.py:3245}}
May 28 01:49:23.218947 np0000001583 devstack@g-api.service[101917]: DEBUG glance.common.config [None req-cb8a484f-5ac8-4d0a-a837-6ebaf7cbdf4a None None] use_stderr = False {{(pid=101917) log_opt_values /opt/stack/data/venv/lib/python3.12/site-packages/oslo_config/cfg.py:3245}}
May 28 01:49:23.219041 np0000001583 devstack@g-api.service[101917]: DEBUG glance.common.config [None req-cb8a484f-5ac8-4d0a-a837-6ebaf7cbdf4a None None] use_syslog = False {{(pid=101917) log_opt_values /opt/stack/data/venv/lib/python3.12/site-packages/oslo_config/cfg.py:3245}}
May 28 01:49:23.219170 np0000001583 devstack@g-api.service[101917]: DEBUG glance.common.config [None req-cb8a484f-5ac8-4d0a-a837-6ebaf7cbdf4a None None] user_storage_quota = 0 {{(pid=101917) log_opt_values /opt/stack/data/venv/lib/python3.12/site-packages/oslo_config/cfg.py:3245}}
May 28 01:49:23.219263 np0000001583 devstack@g-api.service[101917]: DEBUG glance.common.config [None req-cb8a484f-5ac8-4d0a-a837-6ebaf7cbdf4a None None] worker_self_reference_url = http://127.0.0.1:60999 {{(pid=101917) log_opt_values /opt/stack/data/venv/lib/python3.12/site-packages/oslo_config/cfg.py:3245}}
May 28 01:49:23.219349 np0000001583 devstack@g-api.service[101917]: DEBUG glance.common.config [None req-cb8a484f-5ac8-4d0a-a837-6ebaf7cbdf4a None None] workers = None {{(pid=101917) log_opt_values /opt/stack/data/venv/lib/python3.12/site-packages/oslo_config/cfg.py:3245}}
May 28 01:49:23.219470 np0000001583 devstack@g-api.service[101917]: DEBUG glance.common.config [None req-cb8a484f-5ac8-4d0a-a837-6ebaf7cbdf4a None None] oslo_concurrency.disable_process_locking = False {{(pid=101917) log_opt_values /opt/stack/data/venv/lib/python3.12/site-packages/oslo_config/cfg.py:3256}}
May 28 01:49:23.219575 np0000001583 devstack@g-api.service[101917]: DEBUG glance.common.config [None req-cb8a484f-5ac8-4d0a-a837-6ebaf7cbdf4a None None] oslo_concurrency.lock_path = /opt/stack/data/glance/locks {{(pid=101917) log_opt_values /opt/stack/data/venv/lib/python3.12/site-packages/oslo_config/cfg.py:3256}}
May 28 01:49:23.219674 np0000001583 devstack@g-api.service[101917]: DEBUG glance.common.config [None req-cb8a484f-5ac8-4d0a-a837-6ebaf7cbdf4a None None] oslo_middleware.enable_proxy_headers_parsing = False {{(pid=101917) log_opt_values /opt/stack/data/venv/lib/python3.12/site-packages/oslo_config/cfg.py:3256}}
May 28 01:49:23.219784 np0000001583 devstack@g-api.service[101917]: DEBUG glance.common.config [None req-cb8a484f-5ac8-4d0a-a837-6ebaf7cbdf4a None None] oslo_middleware.http_basic_auth_user_file = /etc/htpasswd {{(pid=101917) log_opt_values /opt/stack/data/venv/lib/python3.12/site-packages/oslo_config/cfg.py:3256}}
May 28 01:49:23.219892 np0000001583 devstack@g-api.service[101917]: DEBUG glance.common.config [None req-cb8a484f-5ac8-4d0a-a837-6ebaf7cbdf4a None None] paste_deploy.config_file = None {{(pid=101917) log_opt_values /opt/stack/data/venv/lib/python3.12/site-packages/oslo_config/cfg.py:3256}}
May 28 01:49:23.219991 np0000001583 devstack@g-api.service[101917]: DEBUG glance.common.config [None req-cb8a484f-5ac8-4d0a-a837-6ebaf7cbdf4a None None] paste_deploy.flavor = keystone+cachemanagement {{(pid=101917) log_opt_values /opt/stack/data/venv/lib/python3.12/site-packages/oslo_config/cfg.py:3256}}
May 28 01:49:23.220045 np0000001583 devstack@g-api.service[101919]: DEBUG glance.image_cache.drivers.centralized_db [None req-7a9f4cec-8f54-49ae-9b8e-3b8a67f8a3ca None None] Node reference is already recorded, ignoring it {{(pid=101919) configure /opt/stack/glance/glance/image_cache/drivers/centralized_db.py:71}}
May 28 01:49:23.220150 np0000001583 devstack@g-api.service[101917]: DEBUG glance.common.config [None req-cb8a484f-5ac8-4d0a-a837-6ebaf7cbdf4a None None] image_format.container_formats = ['ami', 'ari', 'aki', 'bare', 'ovf', 'ova', 'docker', 'compressed'] {{(pid=101917) log_opt_values /opt/stack/data/venv/lib/python3.12/site-packages/oslo_config/cfg.py:3256}}
May 28 01:49:23.220285 np0000001583 devstack@g-api.service[101917]: DEBUG glance.common.config [None req-cb8a484f-5ac8-4d0a-a837-6ebaf7cbdf4a None None] image_format.disk_formats = ['ami', 'ari', 'aki', 'vhd', 'vhdx', 'vmdk', 'raw', 'qcow2', 'vdi', 'iso', 'ploop'] {{(pid=101917) log_opt_values /opt/stack/data/venv/lib/python3.12/site-packages/oslo_config/cfg.py:3256}}
May 28 01:49:23.220369 np0000001583 devstack@g-api.service[101917]: DEBUG glance.common.config [None req-cb8a484f-5ac8-4d0a-a837-6ebaf7cbdf4a None None] image_format.gpt_safety_checks_nonfatal = [] {{(pid=101917) log_opt_values /opt/stack/data/venv/lib/python3.12/site-packages/oslo_config/cfg.py:3256}}
May 28 01:49:23.220479 np0000001583 devstack@g-api.service[101917]: DEBUG glance.common.config [None req-cb8a484f-5ac8-4d0a-a837-6ebaf7cbdf4a None None] image_format.require_image_format_match = True {{(pid=101917) log_opt_values /opt/stack/data/venv/lib/python3.12/site-packages/oslo_config/cfg.py:3256}}
May 28 01:49:23.220582 np0000001583 devstack@g-api.service[101917]: DEBUG glance.common.config [None req-cb8a484f-5ac8-4d0a-a837-6ebaf7cbdf4a None None] image_format.vmdk_allowed_types = ['streamOptimized', 'monolithicSparse'] {{(pid=101917) log_opt_values /opt/stack/data/venv/lib/python3.12/site-packages/oslo_config/cfg.py:3256}}
May 28 01:49:23.220692 np0000001583 devstack@g-api.service[101917]: DEBUG glance.common.config [None req-cb8a484f-5ac8-4d0a-a837-6ebaf7cbdf4a None None] task.task_executor = taskflow {{(pid=101917) log_opt_values /opt/stack/data/venv/lib/python3.12/site-packages/oslo_config/cfg.py:3256}}
May 28 01:49:23.220792 np0000001583 devstack@g-api.service[101917]: DEBUG glance.common.config [None req-cb8a484f-5ac8-4d0a-a837-6ebaf7cbdf4a None None] task.task_time_to_live = 48 {{(pid=101917) log_opt_values /opt/stack/data/venv/lib/python3.12/site-packages/oslo_config/cfg.py:3256}}
May 28 01:49:23.220881 np0000001583 devstack@g-api.service[101917]: DEBUG glance.common.config [None req-cb8a484f-5ac8-4d0a-a837-6ebaf7cbdf4a None None] task.work_dir = None {{(pid=101917) log_opt_values /opt/stack/data/venv/lib/python3.12/site-packages/oslo_config/cfg.py:3256}}
May 28 01:49:23.220981 np0000001583 devstack@g-api.service[101917]: DEBUG glance.common.config [None req-cb8a484f-5ac8-4d0a-a837-6ebaf7cbdf4a None None] wsgi.python_interpreter = /opt/stack/data/venv/bin/python3 {{(pid=101917) log_opt_values /opt/stack/data/venv/lib/python3.12/site-packages/oslo_config/cfg.py:3256}}
May 28 01:49:23.221087 np0000001583 devstack@g-api.service[101917]: DEBUG glance.common.config [None req-cb8a484f-5ac8-4d0a-a837-6ebaf7cbdf4a None None] wsgi.task_pool_threads = 16 {{(pid=101917) log_opt_values /opt/stack/data/venv/lib/python3.12/site-packages/oslo_config/cfg.py:3256}}
May 28 01:49:23.221202 np0000001583 devstack@g-api.service[101917]: DEBUG glance.common.config [None req-cb8a484f-5ac8-4d0a-a837-6ebaf7cbdf4a None None] profiler.connection_string = messaging:// {{(pid=101917) log_opt_values /opt/stack/data/venv/lib/python3.12/site-packages/oslo_config/cfg.py:3256}}
