May 28 01:49:00.687812 np0000001583 nova-scheduler[95681]: DEBUG cotyledon.oslo_config_glue [-] oslo_limit.connect_retries = None {{(pid=95681) log_opt_values /opt/stack/data/venv/lib/python3.12/site-packages/oslo_config/cfg.py:3256}}
May 28 01:49:00.687812 np0000001583 nova-scheduler[95681]: DEBUG cotyledon.oslo_config_glue [-] oslo_limit.connect_retry_delay = None {{(pid=95681) log_opt_values /opt/stack/data/venv/lib/python3.12/site-packages/oslo_config/cfg.py:3256}}
May 28 01:49:00.687812 np0000001583 nova-scheduler[95681]: DEBUG cotyledon.oslo_config_glue [-] oslo_limit.endpoint_id = None {{(pid=95681) log_opt_values /opt/stack/data/venv/lib/python3.12/site-packages/oslo_config/cfg.py:3256}}
May 28 01:49:00.687812 np0000001583 nova-scheduler[95681]: DEBUG cotyledon.oslo_config_glue [-] oslo_limit.endpoint_interface = public {{(pid=95681) log_opt_values /opt/stack/data/venv/lib/python3.12/site-packages/oslo_config/cfg.py:3256}}
May 28 01:49:00.687812 np0000001583 nova-scheduler[95681]: DEBUG cotyledon.oslo_config_glue [-] oslo_limit.endpoint_override = None {{(pid=95681) log_opt_values /opt/stack/data/venv/lib/python3.12/site-packages/oslo_config/cfg.py:3256}}
May 28 01:49:00.687812 np0000001583 nova-scheduler[95681]: DEBUG cotyledon.oslo_config_glue [-] oslo_limit.endpoint_region_name = None {{(pid=95681) log_opt_values /opt/stack/data/venv/lib/python3.12/site-packages/oslo_config/cfg.py:3256}}
May 28 01:49:00.687812 np0000001583 nova-scheduler[95681]: DEBUG cotyledon.oslo_config_glue [-] oslo_limit.endpoint_service_name = None {{(pid=95681) log_opt_values /opt/stack/data/venv/lib/python3.12/site-packages/oslo_config/cfg.py:3256}}
May 28 01:49:00.688052 np0000001583 nova-scheduler[95681]: DEBUG cotyledon.oslo_config_glue [-] oslo_limit.endpoint_service_type = None {{(pid=95681) log_opt_values /opt/stack/data/venv/lib/python3.12/site-packages/oslo_config/cfg.py:3256}}
May 28 01:49:00.688052 np0000001583 nova-scheduler[95681]: DEBUG cotyledon.oslo_config_glue [-] oslo_limit.insecure = False {{(pid=95681) log_opt_values /opt/stack/data/venv/lib/python3.12/site-packages/oslo_config/cfg.py:3256}}
May 28 01:49:00.688052 np0000001583 nova-scheduler[95681]: DEBUG cotyledon.oslo_config_glue [-] oslo_limit.keyfile = None {{(pid=95681) log_opt_values /opt/stack/data/venv/lib/python3.12/site-packages/oslo_config/cfg.py:3256}}
May 28 01:49:00.688052 np0000001583 nova-scheduler[95681]: DEBUG cotyledon.oslo_config_glue [-] oslo_limit.max_version = None {{(pid=95681) log_opt_values /opt/stack/data/venv/lib/python3.12/site-packages/oslo_config/cfg.py:3256}}
May 28 01:49:00.688052 np0000001583 nova-scheduler[95681]: DEBUG cotyledon.oslo_config_glue [-] oslo_limit.min_version = None {{(pid=95681) log_opt_values /opt/stack/data/venv/lib/python3.12/site-packages/oslo_config/cfg.py:3256}}
May 28 01:49:00.688052 np0000001583 nova-scheduler[95681]: DEBUG cotyledon.oslo_config_glue [-] oslo_limit.region_name = None {{(pid=95681) log_opt_values /opt/stack/data/venv/lib/python3.12/site-packages/oslo_config/cfg.py:3256}}
May 28 01:49:00.688052 np0000001583 nova-scheduler[95681]: DEBUG cotyledon.oslo_config_glue [-] oslo_limit.retriable_status_codes = None {{(pid=95681) log_opt_values /opt/stack/data/venv/lib/python3.12/site-packages/oslo_config/cfg.py:3256}}
May 28 01:49:00.688052 np0000001583 nova-scheduler[95681]: DEBUG cotyledon.oslo_config_glue [-] oslo_limit.service_name = None {{(pid=95681) log_opt_values /opt/stack/data/venv/lib/python3.12/site-packages/oslo_config/cfg.py:3256}}
May 28 01:49:00.688052 np0000001583 nova-scheduler[95681]: DEBUG cotyledon.oslo_config_glue [-] oslo_limit.service_type = None {{(pid=95681) log_opt_values /opt/stack/data/venv/lib/python3.12/site-packages/oslo_config/cfg.py:3256}}
May 28 01:49:00.688263 np0000001583 nova-scheduler[95681]: DEBUG cotyledon.oslo_config_glue [-] oslo_limit.split_loggers = False {{(pid=95681) log_opt_values /opt/stack/data/venv/lib/python3.12/site-packages/oslo_config/cfg.py:3256}}
May 28 01:49:00.688263 np0000001583 nova-scheduler[95681]: DEBUG cotyledon.oslo_config_glue [-] oslo_limit.status_code_retries = None {{(pid=95681) log_opt_values /opt/stack/data/venv/lib/python3.12/site-packages/oslo_config/cfg.py:3256}}
May 28 01:49:00.688263 np0000001583 nova-scheduler[95681]: DEBUG cotyledon.oslo_config_glue [-] oslo_limit.status_code_retry_delay = None {{(pid=95681) log_opt_values /opt/stack/data/venv/lib/python3.12/site-packages/oslo_config/cfg.py:3256}}
May 28 01:49:00.688263 np0000001583 nova-scheduler[95681]: DEBUG cotyledon.oslo_config_glue [-] oslo_limit.timeout = None {{(pid=95681) log_opt_values /opt/stack/data/venv/lib/python3.12/site-packages/oslo_config/cfg.py:3256}}
May 28 01:49:00.688263 np0000001583 nova-scheduler[95681]: DEBUG cotyledon.oslo_config_glue [-] oslo_limit.valid_interfaces = None {{(pid=95681) log_opt_values /opt/stack/data/venv/lib/python3.12/site-packages/oslo_config/cfg.py:3256}}
May 28 01:49:00.688263 np0000001583 nova-scheduler[95681]: DEBUG cotyledon.oslo_config_glue [-] oslo_limit.version = None {{(pid=95681) log_opt_values /opt/stack/data/venv/lib/python3.12/site-packages/oslo_config/cfg.py:3256}}
May 28 01:49:00.688263 np0000001583 nova-scheduler[95681]: DEBUG cotyledon.oslo_config_glue [-] oslo_reports.file_event_handler = None {{(pid=95681) log_opt_values /opt/stack/data/venv/lib/python3.12/site-packages/oslo_config/cfg.py:3256}}
May 28 01:49:00.688263 np0000001583 nova-scheduler[95681]: DEBUG cotyledon.oslo_config_glue [-] oslo_reports.file_event_handler_interval = 1 {{(pid=95681) log_opt_values /opt/stack/data/venv/lib/python3.12/site-packages/oslo_config/cfg.py:3256}}
May 28 01:49:00.688263 np0000001583 nova-scheduler[95681]: DEBUG cotyledon.oslo_config_glue [-] oslo_reports.log_dir = None {{(pid=95681) log_opt_values /opt/stack/data/venv/lib/python3.12/site-packages/oslo_config/cfg.py:3256}}
May 28 01:49:00.688508 np0000001583 nova-scheduler[95681]: DEBUG cotyledon.oslo_config_glue [-] ******************************************************************************** {{(pid=95681) log_opt_values /opt/stack/data/venv/lib/python3.12/site-packages/oslo_config/cfg.py:3263}}
May 28 01:49:00.688508 np0000001583 nova-scheduler[95681]: DEBUG cotyledon._service_worker [-] Run service ServiceWrapper(2) [95681] {{(pid=95681) wait_forever /opt/stack/data/venv/lib/python3.12/site-packages/cotyledon/_service_worker.py:218}}
May 28 01:49:00.688508 np0000001583 nova-scheduler[95681]: INFO nova.service [-] Starting scheduler node (version 33.1.0)
May 28 01:49:00.688580 np0000001583 nova-scheduler[95677]: DEBUG oslo_db.sqlalchemy.engines [None req-2484d7b0-c372-42f4-88a1-7d335e77d754 None None] MySQL server mode set to STRICT_TRANS_TABLES,STRICT_ALL_TABLES,NO_ZERO_IN_DATE,NO_ZERO_DATE,ERROR_FOR_DIVISION_BY_ZERO,TRADITIONAL,NO_ENGINE_SUBSTITUTION {{(pid=95677) _check_effective_sql_mode /opt/stack/data/venv/lib/python3.12/site-packages/oslo_db/sqlalchemy/engines.py:325}}
May 28 01:49:00.688612 np0000001583 nova-scheduler[95681]: INFO dbcounter [None req-fadb7991-5840-4dec-a0ab-43bda6f4d6e8 None None] Registered counter for database nova_cell0
May 28 01:49:00.688647 np0000001583 nova-scheduler[95677]: DEBUG dbcounter [-] [95677] Writer thread running {{(pid=95677) stat_writer /opt/stack/data/venv/lib/python3.12/site-packages/dbcounter.py:102}}
May 28 01:49:00.707914 np0000001583 nova-scheduler[95677]: DEBUG nova.service [None req-2484d7b0-c372-42f4-88a1-7d335e77d754 None None] Creating RPC server for service: nova-scheduler on topic: scheduler {{(pid=95677) start /opt/stack/nova/nova/service.py:195}}
May 28 01:49:00.710172 np0000001583 nova-scheduler[95679]: DEBUG oslo_db.sqlalchemy.engines [None req-30ac0d3c-6d75-46c1-bc10-5a0a01b5c5e8 None None] MySQL server mode set to STRICT_TRANS_TABLES,STRICT_ALL_TABLES,NO_ZERO_IN_DATE,NO_ZERO_DATE,ERROR_FOR_DIVISION_BY_ZERO,TRADITIONAL,NO_ENGINE_SUBSTITUTION {{(pid=95679) _check_effective_sql_mode /opt/stack/data/venv/lib/python3.12/site-packages/oslo_db/sqlalchemy/engines.py:325}}
May 28 01:49:00.722199 np0000001583 nova-scheduler[95679]: DEBUG dbcounter [-] [95679] Writer thread running {{(pid=95679) stat_writer /opt/stack/data/venv/lib/python3.12/site-packages/dbcounter.py:102}}
May 28 01:49:00.725014 np0000001583 nova-scheduler[95679]: DEBUG nova.service [None req-30ac0d3c-6d75-46c1-bc10-5a0a01b5c5e8 None None] Creating RPC server for service: nova-scheduler on topic: scheduler {{(pid=95679) start /opt/stack/nova/nova/service.py:195}}
May 28 01:49:00.725860 np0000001583 nova-scheduler[95681]: DEBUG oslo_db.sqlalchemy.engines [None req-fadb7991-5840-4dec-a0ab-43bda6f4d6e8 None None] MySQL server mode set to STRICT_TRANS_TABLES,STRICT_ALL_TABLES,NO_ZERO_IN_DATE,NO_ZERO_DATE,ERROR_FOR_DIVISION_BY_ZERO,TRADITIONAL,NO_ENGINE_SUBSTITUTION {{(pid=95681) _check_effective_sql_mode /opt/stack/data/venv/lib/python3.12/site-packages/oslo_db/sqlalchemy/engines.py:325}}
May 28 01:49:00.735655 np0000001583 nova-scheduler[95681]: DEBUG dbcounter [-] [95681] Writer thread running {{(pid=95681) stat_writer /opt/stack/data/venv/lib/python3.12/site-packages/dbcounter.py:102}}
May 28 01:49:00.738501 np0000001583 nova-scheduler[95681]: DEBUG nova.service [None req-fadb7991-5840-4dec-a0ab-43bda6f4d6e8 None None] Creating RPC server for service: nova-scheduler on topic: scheduler {{(pid=95681) start /opt/stack/nova/nova/service.py:195}}
May 28 01:49:00.752842 np0000001583 nova-scheduler[95677]: DEBUG nova.service [None req-2484d7b0-c372-42f4-88a1-7d335e77d754 None None] Join ServiceGroup membership for this service scheduler {{(pid=95677) start /opt/stack/nova/nova/service.py:221}}
May 28 01:49:00.753871 np0000001583 nova-scheduler[95677]: DEBUG nova.servicegroup.drivers.db [None req-2484d7b0-c372-42f4-88a1-7d335e77d754 None None] DB_Driver: join new ServiceGroup member np0000001583 to the scheduler group, service = {{(pid=95677) join /opt/stack/nova/nova/servicegroup/drivers/db.py:44}}
May 28 01:49:00.758557 np0000001583 nova-scheduler[95679]: DEBUG nova.service [None req-30ac0d3c-6d75-46c1-bc10-5a0a01b5c5e8 None None] Join ServiceGroup membership for this service scheduler {{(pid=95679) start /opt/stack/nova/nova/service.py:221}}
May 28 01:49:00.758770 np0000001583 nova-scheduler[95679]: DEBUG nova.servicegroup.drivers.db [None req-30ac0d3c-6d75-46c1-bc10-5a0a01b5c5e8 None None] DB_Driver: join new ServiceGroup member np0000001583 to the scheduler group, service = {{(pid=95679) join /opt/stack/nova/nova/servicegroup/drivers/db.py:44}}
May 28 01:49:00.760009 np0000001583 nova-scheduler[95681]: DEBUG nova.service [None req-fadb7991-5840-4dec-a0ab-43bda6f4d6e8 None None] Join ServiceGroup membership for this service scheduler {{(pid=95681) start /opt/stack/nova/nova/service.py:221}}
May 28 01:49:00.760009 np0000001583 nova-scheduler[95681]: DEBUG nova.servicegroup.drivers.db [None req-fadb7991-5840-4dec-a0ab-43bda6f4d6e8 None None] DB_Driver: join new ServiceGroup member np0000001583 to the scheduler group, service = {{(pid=95681) join /opt/stack/nova/nova/servicegroup/drivers/db.py:44}}
May 28 01:49:05.768152 np0000001583 nova-scheduler[95677]: DEBUG oslo.service.backend._threading.loopingcall [-] Fixed interval looping call 'nova.servicegroup.drivers.db.DbDriver._report_state' sleeping for 119.99 seconds {{(pid=95677) _run_loop /opt/stack/data/venv/lib/python3.12/site-packages/oslo_service/backend/_threading/loopingcall.py:125}}
May 28 01:49:05.770886 np0000001583 nova-scheduler[95679]: DEBUG oslo.service.backend._threading.loopingcall [-] Fixed interval looping call 'nova.servicegroup.drivers.db.DbDriver._report_state' sleeping for 119.99 seconds {{(pid=95679) _run_loop /opt/stack/data/venv/lib/python3.12/site-packages/oslo_service/backend/_threading/loopingcall.py:125}}
May 28 01:49:05.773952 np0000001583 nova-scheduler[95681]: DEBUG oslo.service.backend._threading.loopingcall [-] Fixed interval looping call 'nova.servicegroup.drivers.db.DbDriver._report_state' sleeping for 119.99 seconds {{(pid=95681) _run_loop /opt/stack/data/venv/lib/python3.12/site-packages/oslo_service/backend/_threading/loopingcall.py:125}}
May 28 01:49:09.232660 np0000001583 nova-scheduler[94393]: DEBUG dbcounter [-] [94393] Writing DB stats nova_api:SELECT=3 {{(pid=94393) stat_writer /opt/stack/data/venv/lib/python3.12/site-packages/dbcounter.py:115}}
May 28 01:49:09.397532 np0000001583 nova-scheduler[94393]: DEBUG dbcounter [-] [94393] Writing DB stats nova_cell1:SELECT=1 {{(pid=94393) stat_writer /opt/stack/data/venv/lib/python3.12/site-packages/dbcounter.py:115}}
May 28 01:49:09.402827 np0000001583 nova-scheduler[94393]: DEBUG dbcounter [-] [94393] Writing DB stats nova_cell0:SELECT=1 {{(pid=94393) stat_writer /opt/stack/data/venv/lib/python3.12/site-packages/dbcounter.py:115}}
May 28 01:49:15.763271 np0000001583 nova-scheduler[95679]: DEBUG oslo.service.backend._threading.loopingcall [None req-ea48aa0f-e53c-4fc1-9817-6257c1646917 None None] Dynamic interval looping call 'nova.service.Service.periodic_tasks' sleeping for 60.00 seconds {{(pid=95679) _run_loop /opt/stack/data/venv/lib/python3.12/site-packages/oslo_service/backend/_threading/loopingcall.py:125}}
May 28 01:49:15.763838 np0000001583 nova-scheduler[95677]: DEBUG dbcounter [-] [95677] Writing DB stats nova_cell0:SELECT=4,nova_cell0:INSERT=1,nova_cell0:UPDATE=1 {{(pid=95677) stat_writer /opt/stack/data/venv/lib/python3.12/site-packages/dbcounter.py:115}}
May 28 01:49:15.768465 np0000001583 nova-scheduler[95679]: DEBUG dbcounter [-] [95679] Writing DB stats nova_cell0:SELECT=3 {{(pid=95679) stat_writer /opt/stack/data/venv/lib/python3.12/site-packages/dbcounter.py:115}}
May 28 01:49:15.771098 np0000001583 nova-scheduler[95681]: DEBUG dbcounter [-] [95681] Writing DB stats nova_cell0:SELECT=3 {{(pid=95681) stat_writer /opt/stack/data/venv/lib/python3.12/site-packages/dbcounter.py:115}}
May 28 01:49:19.756168 np0000001583 nova-scheduler[95677]: DEBUG oslo.service.backend._threading.loopingcall [None req-88076c9c-1f60-4e5e-9779-73569ae09326 None None] Dynamic interval looping call 'nova.service.Service.periodic_tasks' sleeping for 60.00 seconds {{(pid=95677) _run_loop /opt/stack/data/venv/lib/python3.12/site-packages/oslo_service/backend/_threading/loopingcall.py:125}}
May 28 01:49:36.763756 np0000001583 nova-scheduler[95681]: DEBUG oslo.service.backend._threading.loopingcall [None req-dcc6df40-5076-47bb-954b-f517ee9b7060 None None] Dynamic interval looping call 'nova.service.Service.periodic_tasks' sleeping for 60.00 seconds {{(pid=95681) _run_loop /opt/stack/data/venv/lib/python3.12/site-packages/oslo_service/backend/_threading/loopingcall.py:125}}
May 28 01:50:15.763811 np0000001583 nova-scheduler[95679]: DEBUG oslo.service.backend._threading.loopingcall [None req-ea48aa0f-e53c-4fc1-9817-6257c1646917 None None] Dynamic interval looping call 'nova.service.Service.periodic_tasks' sleeping for 60.00 seconds {{(pid=95679) _run_loop /opt/stack/data/venv/lib/python3.12/site-packages/oslo_service/backend/_threading/loopingcall.py:125}}
May 28 01:50:19.756826 np0000001583 nova-scheduler[95677]: DEBUG oslo.service.backend._threading.loopingcall [None req-88076c9c-1f60-4e5e-9779-73569ae09326 None None] Dynamic interval looping call 'nova.service.Service.periodic_tasks' sleeping for 60.00 seconds {{(pid=95677) _run_loop /opt/stack/data/venv/lib/python3.12/site-packages/oslo_service/backend/_threading/loopingcall.py:125}}
May 28 01:50:36.764683 np0000001583 nova-scheduler[95681]: DEBUG oslo.service.backend._threading.loopingcall [None req-dcc6df40-5076-47bb-954b-f517ee9b7060 None None] Dynamic interval looping call 'nova.service.Service.periodic_tasks' sleeping for 60.00 seconds {{(pid=95681) _run_loop /opt/stack/data/venv/lib/python3.12/site-packages/oslo_service/backend/_threading/loopingcall.py:125}}
May 28 01:51:05.764651 np0000001583 nova-scheduler[95677]: DEBUG oslo.service.backend._threading.loopingcall [-] Fixed interval looping call 'nova.servicegroup.drivers.db.DbDriver._report_state' sleeping for 119.99 seconds {{(pid=95677) _run_loop /opt/stack/data/venv/lib/python3.12/site-packages/oslo_service/backend/_threading/loopingcall.py:125}}
May 28 01:51:05.766582 np0000001583 nova-scheduler[95679]: DEBUG oslo.service.backend._threading.loopingcall [-] Fixed interval looping call 'nova.servicegroup.drivers.db.DbDriver._report_state' sleeping for 119.99 seconds {{(pid=95679) _run_loop /opt/stack/data/venv/lib/python3.12/site-packages/oslo_service/backend/_threading/loopingcall.py:125}}
May 28 01:51:05.767832 np0000001583 nova-scheduler[95681]: DEBUG oslo.service.backend._threading.loopingcall [-] Fixed interval looping call 'nova.servicegroup.drivers.db.DbDriver._report_state' sleeping for 120.00 seconds {{(pid=95681) _run_loop /opt/stack/data/venv/lib/python3.12/site-packages/oslo_service/backend/_threading/loopingcall.py:125}}
May 28 01:51:15.761644 np0000001583 nova-scheduler[95677]: DEBUG dbcounter [-] [95677] Writing DB stats nova_cell0:SELECT=1,nova_cell0:UPDATE=1 {{(pid=95677) stat_writer /opt/stack/data/venv/lib/python3.12/site-packages/dbcounter.py:115}}
May 28 01:51:15.764459 np0000001583 nova-scheduler[95679]: DEBUG oslo.service.backend._threading.loopingcall [None req-ea48aa0f-e53c-4fc1-9817-6257c1646917 None None] Dynamic interval looping call 'nova.service.Service.periodic_tasks' sleeping for 60.00 seconds {{(pid=95679) _run_loop /opt/stack/data/venv/lib/python3.12/site-packages/oslo_service/backend/_threading/loopingcall.py:125}}
May 28 01:51:15.765358 np0000001583 nova-scheduler[95679]: DEBUG dbcounter [-] [95679] Writing DB stats nova_cell0:SELECT=1,nova_cell0:UPDATE=1 {{(pid=95679) stat_writer /opt/stack/data/venv/lib/python3.12/site-packages/dbcounter.py:115}}
May 28 01:51:15.766470 np0000001583 nova-scheduler[95681]: DEBUG dbcounter [-] [95681] Writing DB stats nova_cell0:SELECT=1 {{(pid=95681) stat_writer /opt/stack/data/venv/lib/python3.12/site-packages/dbcounter.py:115}}
May 28 01:51:19.757261 np0000001583 nova-scheduler[95677]: DEBUG oslo.service.backend._threading.loopingcall [None req-88076c9c-1f60-4e5e-9779-73569ae09326 None None] Dynamic interval looping call 'nova.service.Service.periodic_tasks' sleeping for 60.00 seconds {{(pid=95677) _run_loop /opt/stack/data/venv/lib/python3.12/site-packages/oslo_service/backend/_threading/loopingcall.py:125}}
May 28 01:51:36.765378 np0000001583 nova-scheduler[95681]: DEBUG oslo.service.backend._threading.loopingcall [None req-dcc6df40-5076-47bb-954b-f517ee9b7060 None None] Dynamic interval looping call 'nova.service.Service.periodic_tasks' sleeping for 60.00 seconds {{(pid=95681) _run_loop /opt/stack/data/venv/lib/python3.12/site-packages/oslo_service/backend/_threading/loopingcall.py:125}}
May 28 01:51:42.317321 np0000001583 nova-scheduler[95677]: DEBUG nova.scheduler.manager [None req-66bb3073-9e0b-418b-bda3-9e1a1065a638 tempest-DeleteServersTestJSON-1865350861 tempest-DeleteServersTestJSON-1865350861-project-member] Starting to schedule for instances: ['bfb723e1-a6b7-460b-b115-62d1f2922066'] {{(pid=95677) select_destinations /opt/stack/nova/nova/scheduler/manager.py:210}}
May 28 01:51:42.317806 np0000001583 nova-scheduler[95677]: DEBUG nova.scheduler.request_filter [None req-66bb3073-9e0b-418b-bda3-9e1a1065a638 tempest-DeleteServersTestJSON-1865350861 tempest-DeleteServersTestJSON-1865350861-project-member] compute_status_filter request filter added forbidden trait COMPUTE_STATUS_DISABLED {{(pid=95677) compute_status_filter /opt/stack/nova/nova/scheduler/request_filter.py:253}}
May 28 01:51:42.318040 np0000001583 nova-scheduler[95677]: DEBUG nova.scheduler.request_filter [None req-66bb3073-9e0b-418b-bda3-9e1a1065a638 tempest-DeleteServersTestJSON-1865350861 tempest-DeleteServersTestJSON-1865350861-project-member] Request filter 'compute_status_filter' took 0.0 seconds {{(pid=95677) wrapper /opt/stack/nova/nova/scheduler/request_filter.py:46}}
May 28 01:51:42.318212 np0000001583 nova-scheduler[95677]: DEBUG nova.scheduler.request_filter [None req-66bb3073-9e0b-418b-bda3-9e1a1065a638 tempest-DeleteServersTestJSON-1865350861 tempest-DeleteServersTestJSON-1865350861-project-member] Request filter 'accelerators_filter' took 0.0 seconds {{(pid=95677) wrapper /opt/stack/nova/nova/scheduler/request_filter.py:46}}
May 28 01:51:42.318402 np0000001583 nova-scheduler[95677]: DEBUG nova.scheduler.request_filter [None req-66bb3073-9e0b-418b-bda3-9e1a1065a638 tempest-DeleteServersTestJSON-1865350861 tempest-DeleteServersTestJSON-1865350861-project-member] Request filter 'packed_virtqueue_filter' took 0.0 seconds {{(pid=95677) wrapper /opt/stack/nova/nova/scheduler/request_filter.py:46}}
May 28 01:51:42.318657 np0000001583 nova-scheduler[95677]: DEBUG nova.scheduler.request_filter [None req-66bb3073-9e0b-418b-bda3-9e1a1065a638 tempest-DeleteServersTestJSON-1865350861 tempest-DeleteServersTestJSON-1865350861-project-member] Request filter 'remote_managed_ports_filter' took 0.0 seconds {{(pid=95677) wrapper /opt/stack/nova/nova/scheduler/request_filter.py:46}}
May 28 01:51:42.318804 np0000001583 nova-scheduler[95677]: DEBUG nova.scheduler.request_filter [None req-66bb3073-9e0b-418b-bda3-9e1a1065a638 tempest-DeleteServersTestJSON-1865350861 tempest-DeleteServersTestJSON-1865350861-project-member] ephemeral_encryption_filter skipped {{(pid=95677) ephemeral_encryption_filter /opt/stack/nova/nova/scheduler/request_filter.py:426}}
May 28 01:51:42.318963 np0000001583 nova-scheduler[95677]: DEBUG nova.scheduler.request_filter [None req-66bb3073-9e0b-418b-bda3-9e1a1065a638 tempest-DeleteServersTestJSON-1865350861 tempest-DeleteServersTestJSON-1865350861-project-member] virtio_sound_filter skipped {{(pid=95677) virtio_sound_filter /opt/stack/nova/nova/scheduler/request_filter.py:460}}
May 28 01:51:42.319142 np0000001583 nova-scheduler[95677]: DEBUG nova.scheduler.request_filter [None req-66bb3073-9e0b-418b-bda3-9e1a1065a638 tempest-DeleteServersTestJSON-1865350861 tempest-DeleteServersTestJSON-1865350861-project-member] tpm_secret_security_filter skipped {{(pid=95677) tpm_secret_security_filter /opt/stack/nova/nova/scheduler/request_filter.py:477}}
May 28 01:51:43.220063 np0000001583 nova-scheduler[95677]: INFO nova.utils [None req-66bb3073-9e0b-418b-bda3-9e1a1065a638 tempest-DeleteServersTestJSON-1865350861 tempest-DeleteServersTestJSON-1865350861-project-member] The cell worker thread pool ForkProcess-1.cell_worker is initialized
May 28 01:51:43.220433 np0000001583 nova-scheduler[95677]: DEBUG oslo_concurrency.lockutils [None req-66bb3073-9e0b-418b-bda3-9e1a1065a638 tempest-DeleteServersTestJSON-1865350861 tempest-DeleteServersTestJSON-1865350861-project-member] Acquiring lock "b79309d6-e4a9-4db7-9a71-7fe8f9a73824" by "nova.context.set_target_cell..get_or_set_cached_cell_and_set_connections" {{(pid=95677) inner /opt/stack/data/venv/lib/python3.12/site-packages/oslo_concurrency/lockutils.py:511}}
May 28 01:51:43.220673 np0000001583 nova-scheduler[95677]: DEBUG oslo_concurrency.lockutils [None req-66bb3073-9e0b-418b-bda3-9e1a1065a638 tempest-DeleteServersTestJSON-1865350861 tempest-DeleteServersTestJSON-1865350861-project-member] Lock "b79309d6-e4a9-4db7-9a71-7fe8f9a73824" acquired by "nova.context.set_target_cell..get_or_set_cached_cell_and_set_connections" :: waited 0.000s {{(pid=95677) inner /opt/stack/data/venv/lib/python3.12/site-packages/oslo_concurrency/lockutils.py:524}}
May 28 01:51:43.222379 np0000001583 nova-scheduler[95677]: DEBUG oslo_concurrency.lockutils [None req-66bb3073-9e0b-418b-bda3-9e1a1065a638 tempest-DeleteServersTestJSON-1865350861 tempest-DeleteServersTestJSON-1865350861-project-member] Lock "b79309d6-e4a9-4db7-9a71-7fe8f9a73824" "released" by "nova.context.set_target_cell..get_or_set_cached_cell_and_set_connections" :: held 0.002s {{(pid=95677) inner /opt/stack/data/venv/lib/python3.12/site-packages/oslo_concurrency/lockutils.py:543}}
May 28 01:51:43.224572 np0000001583 nova-scheduler[95677]: INFO dbcounter [None req-66bb3073-9e0b-418b-bda3-9e1a1065a638 tempest-DeleteServersTestJSON-1865350861 tempest-DeleteServersTestJSON-1865350861-project-member] Registered counter for database nova_cell1
May 28 01:51:43.267547 np0000001583 nova-scheduler[95677]: DEBUG oslo_db.sqlalchemy.engines [None req-66bb3073-9e0b-418b-bda3-9e1a1065a638 tempest-DeleteServersTestJSON-1865350861 tempest-DeleteServersTestJSON-1865350861-project-member] MySQL server mode set to STRICT_TRANS_TABLES,STRICT_ALL_TABLES,NO_ZERO_IN_DATE,NO_ZERO_DATE,ERROR_FOR_DIVISION_BY_ZERO,TRADITIONAL,NO_ENGINE_SUBSTITUTION {{(pid=95677) _check_effective_sql_mode /opt/stack/data/venv/lib/python3.12/site-packages/oslo_db/sqlalchemy/engines.py:325}}
May 28 01:51:43.272628 np0000001583 nova-scheduler[95677]: DEBUG dbcounter [-] [95677] Writer thread running {{(pid=95677) stat_writer /opt/stack/data/venv/lib/python3.12/site-packages/dbcounter.py:102}}
May 28 01:51:43.282479 np0000001583 nova-scheduler[95677]: DEBUG oslo_db.sqlalchemy.engines [None req-66bb3073-9e0b-418b-bda3-9e1a1065a638 tempest-DeleteServersTestJSON-1865350861 tempest-DeleteServersTestJSON-1865350861-project-member] Parent process 94393 forked (95677) with an open database connection, which is being discarded and recreated. {{(pid=95677) checkout /opt/stack/data/venv/lib/python3.12/site-packages/oslo_db/sqlalchemy/engines.py:402}}
May 28 01:51:43.324360 np0000001583 nova-scheduler[95677]: DEBUG dbcounter [-] [95677] Writer thread running {{(pid=95677) stat_writer /opt/stack/data/venv/lib/python3.12/site-packages/dbcounter.py:102}}
May 28 01:51:43.327541 np0000001583 nova-scheduler[95677]: DEBUG oslo_concurrency.lockutils [None req-66bb3073-9e0b-418b-bda3-9e1a1065a638 tempest-DeleteServersTestJSON-1865350861 tempest-DeleteServersTestJSON-1865350861-project-member] Acquiring lock "b79309d6-e4a9-4db7-9a71-7fe8f9a73824" by "nova.context.set_target_cell..get_or_set_cached_cell_and_set_connections" {{(pid=95677) inner /opt/stack/data/venv/lib/python3.12/site-packages/oslo_concurrency/lockutils.py:511}}
May 28 01:51:43.327729 np0000001583 nova-scheduler[95677]: DEBUG oslo_concurrency.lockutils [None req-66bb3073-9e0b-418b-bda3-9e1a1065a638 tempest-DeleteServersTestJSON-1865350861 tempest-DeleteServersTestJSON-1865350861-project-member] Lock "b79309d6-e4a9-4db7-9a71-7fe8f9a73824" acquired by "nova.context.set_target_cell..get_or_set_cached_cell_and_set_connections" :: waited 0.000s {{(pid=95677) inner /opt/stack/data/venv/lib/python3.12/site-packages/oslo_concurrency/lockutils.py:524}}
May 28 01:51:43.327841 np0000001583 nova-scheduler[95677]: DEBUG oslo_concurrency.lockutils [None req-66bb3073-9e0b-418b-bda3-9e1a1065a638 tempest-DeleteServersTestJSON-1865350861 tempest-DeleteServersTestJSON-1865350861-project-member] Lock "b79309d6-e4a9-4db7-9a71-7fe8f9a73824" "released" by "nova.context.set_target_cell..get_or_set_cached_cell_and_set_connections" :: held 0.000s {{(pid=95677) inner /opt/stack/data/venv/lib/python3.12/site-packages/oslo_concurrency/lockutils.py:543}}
May 28 01:51:43.331189 np0000001583 nova-scheduler[95677]: DEBUG oslo_concurrency.lockutils [None req-66bb3073-9e0b-418b-bda3-9e1a1065a638 tempest-DeleteServersTestJSON-1865350861 tempest-DeleteServersTestJSON-1865350861-project-member] Acquiring lock "('np0000001583', 'np0000001583')" by "nova.scheduler.host_manager.HostState.update.._locked_update" {{(pid=95677) inner /opt/stack/data/venv/lib/python3.12/site-packages/oslo_concurrency/lockutils.py:511}}
May 28 01:51:43.331421 np0000001583 nova-scheduler[95677]: DEBUG oslo_concurrency.lockutils [None req-66bb3073-9e0b-418b-bda3-9e1a1065a638 tempest-DeleteServersTestJSON-1865350861 tempest-DeleteServersTestJSON-1865350861-project-member] Lock "('np0000001583', 'np0000001583')" acquired by "nova.scheduler.host_manager.HostState.update.._locked_update" :: waited 0.000s {{(pid=95677) inner /opt/stack/data/venv/lib/python3.12/site-packages/oslo_concurrency/lockutils.py:524}}
May 28 01:51:43.332499 np0000001583 nova-scheduler[95677]: DEBUG nova.scheduler.host_manager [None req-66bb3073-9e0b-418b-bda3-9e1a1065a638 tempest-DeleteServersTestJSON-1865350861 tempest-DeleteServersTestJSON-1865350861-project-member] Update host state from compute node: ComputeNode(cpu_allocation_ratio=4.0,cpu_info='{"arch": "x86_64", "model": "EPYC-Milan", "vendor": "AMD", "topology": {"cells": 1, "sockets": 12, "cores": 1, "threads": 1}, "maxphysaddr": {"mode": "emulate", "bits": 40}, "features": ["mmx", "movbe", "sse", "cmov", "ibpb", "aes", "topoext", "fxsr", "lfence-always-serializing", "nx", "sse2", "wbnoinvd", "3dnowprefetch", "pause-filter", "xsaves", "rdctl-no", "ssbd", "vme", "perfctr_core", "sha-ni", "skip-l1dfl-vmentry", "fsgsbase", "spec-ctrl", "ibrs", "fma", "osvw", "avx", "rdrand", "svme-addr-chk", "amd-ssbd", "mds-no", "pse", "lbrv", "mmxext", "mca", "hypervisor", "xsaveerptr", "fpu", "fxsr_opt", "pge", "bmi2", "popcnt", "bmi1", "tsc_adjust", "x2apic", "clwb", "avx2", "arch-capabilities", "clflush", "pku", "fsrm", "rdpid", "amd-stibp", "clzero", "vmcb-clean", "sse4a", "cx8", "v-vmsave-vmload", "amd-psfd", "pni", "vpclmulqdq", "gds-no", "pdpe1gb", "pse36", "ssse3", "arat", "vgif", "f16c", "pat", "smep", "stibp-always-on", "xsave", "tsc", "nrip-save", "syscall", "no-nested-data-bp", "rdtscp", "null-sel-clr-base", "apic", "cr8legacy", "tsc-scale", "umip", "mtrr", "sse4.1", "pschange-mc-no", "xgetbv1", "rdseed", "pfthreshold", "mce", "xsavec", "smap", "de", "adx", "npt", "pclmuldq", "pae", "lm", "pcid", "erms", "tsc-deadline", "vaes", "misalignsse", "lahf_lm", "svm", "cx16", "clflushopt", "flushbyasid", "sse4.2", "xsaveopt", "msr", "cmp_legacy", "invpcid", "stibp", "abm", "sep", "virt-ssbd"]}',created_at=2026-05-28T01:49:25Z,current_workload=0,deleted=False,deleted_at=None,disk_allocation_ratio=1.0,disk_available_least=74,free_disk_gb=95,free_ram_mb=23518,host='np0000001583',host_ip=10.4.3.170,hypervisor_hostname='np0000001583',hypervisor_type='QEMU',hypervisor_version=8002002,id=1,local_gb=95,local_gb_used=0,mapped=1,memory_mb=24030,memory_mb_used=512,metrics='[]',numa_topology='{"nova_object.name": "NUMATopology", "nova_object.namespace": "nova", "nova_object.version": "1.2", "nova_object.data": {"cells": [{"nova_object.name": "NUMACell", "nova_object.namespace": "nova", "nova_object.version": "1.5", "nova_object.data": {"id": 0, "cpuset": [0, 1, 2, 3, 4, 5, 6, 7, 8, 9, 10, 11], "pcpuset": [0, 1, 2, 3, 4, 5, 6, 7, 8, 9, 10, 11], "memory": 24030, "cpu_usage": 0, "memory_usage": 0, "pinned_cpus": [], "siblings": [[6], [2], [5], [11], [8], [4], [1], [7], [10], [0], [3], [9]], "mempages": [{"nova_object.name": "NUMAPagesTopology", "nova_object.namespace": "nova", "nova_object.version": "1.1", "nova_object.data": {"size_kb": 4, "total": 6151798, "used": 0, "reserved": 0}, "nova_object.changes": ["used", "size_kb", "total", "reserved"]}, {"nova_object.name": "NUMAPagesTopology", "nova_object.namespace": "nova", "nova_object.version": "1.1", "nova_object.data": {"size_kb": 2048, "total": 0, "used": 0, "reserved": 0}, "nova_object.changes": ["used", "size_kb", "total", "reserved"]}, {"nova_object.name": "NUMAPagesTopology", "nova_object.namespace": "nova", "nova_object.version": "1.1", "nova_object.data": {"size_kb": 1048576, "total": 0, "used": 0, "reserved": 0}, "nova_object.changes": ["used", "size_kb", "total", "reserved"]}], "network_metadata": {"nova_object.name": "NetworkMetadata", "nova_object.namespace": "nova", "nova_object.version": "1.0", "nova_object.data": {"physnets": [], "tunneled": false}, "nova_object.changes": ["tunneled", "physnets"]}, "socket": null}, "nova_object.changes": ["cpu_usage", "socket", "network_metadata", "mempages", "pinned_cpus", "pcpuset", "memory", "siblings", "cpuset", "id", "memory_usage"]}]}, "nova_object.changes": ["cells"]}',pci_device_pools=PciDevicePoolList,ram_allocation_ratio=1.0,running_vms=0,service_id=4,stats={failed_builds='0',uptime=' 01:51:11 up 27 min, 2 users, load average: 1.35, 1.48, 0.86
May 28 01:51:43.332499 np0000001583 nova-scheduler[95677]: '},supported_hv_specs=[HVSpec,HVSpec,HVSpec,HVSpec,HVSpec,HVSpec,HVSpec,HVSpec,HVSpec,HVSpec,HVSpec,HVSpec,HVSpec,HVSpec,HVSpec,HVSpec,HVSpec,HVSpec,HVSpec,HVSpec,HVSpec,HVSpec,HVSpec,HVSpec,HVSpec],updated_at=2026-05-28T01:51:13Z,uuid=cfa1af79-477d-460a-869d-84a19fa91765,vcpus=12,vcpus_used=0) {{(pid=95677) _locked_update /opt/stack/nova/nova/scheduler/host_manager.py:168}}
May 28 01:51:43.333505 np0000001583 nova-scheduler[95677]: DEBUG nova.scheduler.host_manager [None req-66bb3073-9e0b-418b-bda3-9e1a1065a638 tempest-DeleteServersTestJSON-1865350861 tempest-DeleteServersTestJSON-1865350861-project-member] Update host state with aggregates: [] {{(pid=95677) _locked_update /opt/stack/nova/nova/scheduler/host_manager.py:171}}
May 28 01:51:43.333938 np0000001583 nova-scheduler[95677]: DEBUG nova.scheduler.host_manager [None req-66bb3073-9e0b-418b-bda3-9e1a1065a638 tempest-DeleteServersTestJSON-1865350861 tempest-DeleteServersTestJSON-1865350861-project-member] Update host state with service dict: {'id': 4, 'uuid': '1f9e692c-b9c6-4083-88ff-d0bcd509f002', 'host': 'np0000001583', 'binary': 'nova-compute', 'topic': 'compute', 'report_count': 2, 'disabled': False, 'disabled_reason': None, 'last_seen_up': datetime.datetime(2026, 5, 28, 1, 51, 34, tzinfo=datetime.timezone.utc), 'forced_down': False, 'version': 72, 'created_at': datetime.datetime(2026, 5, 28, 1, 49, 23, tzinfo=datetime.timezone.utc), 'updated_at': datetime.datetime(2026, 5, 28, 1, 51, 34, tzinfo=datetime.timezone.utc), 'deleted_at': None, 'deleted': False} {{(pid=95677) _locked_update /opt/stack/nova/nova/scheduler/host_manager.py:174}}
May 28 01:51:43.333938 np0000001583 nova-scheduler[95677]: DEBUG nova.scheduler.host_manager [None req-66bb3073-9e0b-418b-bda3-9e1a1065a638 tempest-DeleteServersTestJSON-1865350861 tempest-DeleteServersTestJSON-1865350861-project-member] Update host state with instances: [] {{(pid=95677) _locked_update /opt/stack/nova/nova/scheduler/host_manager.py:177}}
May 28 01:51:43.334095 np0000001583 nova-scheduler[95677]: DEBUG oslo_concurrency.lockutils [None req-66bb3073-9e0b-418b-bda3-9e1a1065a638 tempest-DeleteServersTestJSON-1865350861 tempest-DeleteServersTestJSON-1865350861-project-member] Lock "('np0000001583', 'np0000001583')" "released" by "nova.scheduler.host_manager.HostState.update.._locked_update" :: held 0.003s {{(pid=95677) inner /opt/stack/data/venv/lib/python3.12/site-packages/oslo_concurrency/lockutils.py:543}}
May 28 01:51:43.334675 np0000001583 nova-scheduler[95677]: DEBUG nova.filters [None req-66bb3073-9e0b-418b-bda3-9e1a1065a638 tempest-DeleteServersTestJSON-1865350861 tempest-DeleteServersTestJSON-1865350861-project-member] Starting with 1 host(s) {{(pid=95677) get_filtered_objects /opt/stack/nova/nova/filters.py:70}}
May 28 01:51:43.335164 np0000001583 nova-scheduler[95677]: DEBUG nova.filters [None req-66bb3073-9e0b-418b-bda3-9e1a1065a638 tempest-DeleteServersTestJSON-1865350861 tempest-DeleteServersTestJSON-1865350861-project-member] Filter ComputeFilter returned 1 host(s) {{(pid=95677) get_filtered_objects /opt/stack/nova/nova/filters.py:102}}
May 28 01:51:43.335389 np0000001583 nova-scheduler[95677]: DEBUG nova.filters [None req-66bb3073-9e0b-418b-bda3-9e1a1065a638 tempest-DeleteServersTestJSON-1865350861 tempest-DeleteServersTestJSON-1865350861-project-member] Filter ComputeCapabilitiesFilter returned 1 host(s) {{(pid=95677) get_filtered_objects /opt/stack/nova/nova/filters.py:102}}
May 28 01:51:43.335651 np0000001583 nova-scheduler[95677]: DEBUG nova.filters [None req-66bb3073-9e0b-418b-bda3-9e1a1065a638 tempest-DeleteServersTestJSON-1865350861 tempest-DeleteServersTestJSON-1865350861-project-member] Filter ImagePropertiesFilter returned 1 host(s) {{(pid=95677) get_filtered_objects /opt/stack/nova/nova/filters.py:102}}
May 28 01:51:43.335869 np0000001583 nova-scheduler[95677]: DEBUG nova.filters [None req-66bb3073-9e0b-418b-bda3-9e1a1065a638 tempest-DeleteServersTestJSON-1865350861 tempest-DeleteServersTestJSON-1865350861-project-member] Filter ServerGroupAntiAffinityFilter returned 1 host(s) {{(pid=95677) get_filtered_objects /opt/stack/nova/nova/filters.py:102}}
May 28 01:51:43.336066 np0000001583 nova-scheduler[95677]: DEBUG nova.filters [None req-66bb3073-9e0b-418b-bda3-9e1a1065a638 tempest-DeleteServersTestJSON-1865350861 tempest-DeleteServersTestJSON-1865350861-project-member] Filter ServerGroupAffinityFilter returned 1 host(s) {{(pid=95677) get_filtered_objects /opt/stack/nova/nova/filters.py:102}}
May 28 01:51:43.336679 np0000001583 nova-scheduler[95677]: DEBUG nova.filters [None req-66bb3073-9e0b-418b-bda3-9e1a1065a638 tempest-DeleteServersTestJSON-1865350861 tempest-DeleteServersTestJSON-1865350861-project-member] Filter SameHostFilter returned 1 host(s) {{(pid=95677) get_filtered_objects /opt/stack/nova/nova/filters.py:102}}
May 28 01:51:43.336898 np0000001583 nova-scheduler[95677]: DEBUG nova.filters [None req-66bb3073-9e0b-418b-bda3-9e1a1065a638 tempest-DeleteServersTestJSON-1865350861 tempest-DeleteServersTestJSON-1865350861-project-member] Filter DifferentHostFilter returned 1 host(s) {{(pid=95677) get_filtered_objects /opt/stack/nova/nova/filters.py:102}}
May 28 01:51:43.337131 np0000001583 nova-scheduler[95677]: DEBUG nova.scheduler.manager [None req-66bb3073-9e0b-418b-bda3-9e1a1065a638 tempest-DeleteServersTestJSON-1865350861 tempest-DeleteServersTestJSON-1865350861-project-member] Filtered [(np0000001583, np0000001583) ram: 23518MB disk: 75776MB io_ops: 0 instances: 0, allocation_candidates: 1] {{(pid=95677) _get_sorted_hosts /opt/stack/nova/nova/scheduler/manager.py:743}}
May 28 01:51:43.337592 np0000001583 nova-scheduler[95677]: DEBUG nova.scheduler.manager [None req-66bb3073-9e0b-418b-bda3-9e1a1065a638 tempest-DeleteServersTestJSON-1865350861 tempest-DeleteServersTestJSON-1865350861-project-member] Weighed [WeighedHost [host: (np0000001583, np0000001583) ram: 23518MB disk: 75776MB io_ops: 0 instances: 0, allocation_candidates: 1, weight: 0.0]] {{(pid=95677) _get_sorted_hosts /opt/stack/nova/nova/scheduler/manager.py:765}}
May 28 01:51:43.337834 np0000001583 nova-scheduler[95677]: DEBUG nova.scheduler.utils [None req-66bb3073-9e0b-418b-bda3-9e1a1065a638 tempest-DeleteServersTestJSON-1865350861 tempest-DeleteServersTestJSON-1865350861-project-member] Attempting to claim resources in the placement API for instance bfb723e1-a6b7-460b-b115-62d1f2922066 {{(pid=95677) claim_resources /opt/stack/nova/nova/scheduler/utils.py:1304}}
May 28 01:51:43.532031 np0000001583 nova-scheduler[95677]: DEBUG nova.scheduler.manager [None req-66bb3073-9e0b-418b-bda3-9e1a1065a638 tempest-DeleteServersTestJSON-1865350861 tempest-DeleteServersTestJSON-1865350861-project-member] [instance: bfb723e1-a6b7-460b-b115-62d1f2922066] Selected host: (np0000001583, np0000001583) ram: 23518MB disk: 75776MB io_ops: 0 instances: 0, allocation_candidates: 1 {{(pid=95677) _consume_selected_host /opt/stack/nova/nova/scheduler/manager.py:625}}
May 28 01:51:43.532326 np0000001583 nova-scheduler[95677]: DEBUG oslo_concurrency.lockutils [None req-66bb3073-9e0b-418b-bda3-9e1a1065a638 tempest-DeleteServersTestJSON-1865350861 tempest-DeleteServersTestJSON-1865350861-project-member] Acquiring lock "('np0000001583', 'np0000001583')" by "nova.scheduler.host_manager.HostState.consume_from_request.._locked" {{(pid=95677) inner /opt/stack/data/venv/lib/python3.12/site-packages/oslo_concurrency/lockutils.py:511}}
May 28 01:51:43.532478 np0000001583 nova-scheduler[95677]: DEBUG oslo_concurrency.lockutils [None req-66bb3073-9e0b-418b-bda3-9e1a1065a638 tempest-DeleteServersTestJSON-1865350861 tempest-DeleteServersTestJSON-1865350861-project-member] Lock "('np0000001583', 'np0000001583')" acquired by "nova.scheduler.host_manager.HostState.consume_from_request.._locked" :: waited 0.000s {{(pid=95677) inner /opt/stack/data/venv/lib/python3.12/site-packages/oslo_concurrency/lockutils.py:524}}
May 28 01:51:43.532748 np0000001583 nova-scheduler[95677]: DEBUG oslo_concurrency.lockutils [None req-66bb3073-9e0b-418b-bda3-9e1a1065a638 tempest-DeleteServersTestJSON-1865350861 tempest-DeleteServersTestJSON-1865350861-project-member] Lock "('np0000001583', 'np0000001583')" "released" by "nova.scheduler.host_manager.HostState.consume_from_request.._locked" :: held 0.000s {{(pid=95677) inner /opt/stack/data/venv/lib/python3.12/site-packages/oslo_concurrency/lockutils.py:543}}
May 28 01:51:51.275310 np0000001583 nova-scheduler[95679]: DEBUG nova.scheduler.manager [None req-0046ead9-3219-4c17-89a5-64ed49bf129f tempest-AttachSCSIVolumeTestJSON-2104948228 tempest-AttachSCSIVolumeTestJSON-2104948228-project-member] Starting to schedule for instances: ['a4e5fc7a-978f-407f-9faf-7ec539b55e0e'] {{(pid=95679) select_destinations /opt/stack/nova/nova/scheduler/manager.py:210}}
May 28 01:51:51.278364 np0000001583 nova-scheduler[95679]: DEBUG nova.scheduler.request_filter [None req-0046ead9-3219-4c17-89a5-64ed49bf129f tempest-AttachSCSIVolumeTestJSON-2104948228 tempest-AttachSCSIVolumeTestJSON-2104948228-project-member] compute_status_filter request filter added forbidden trait COMPUTE_STATUS_DISABLED {{(pid=95679) compute_status_filter /opt/stack/nova/nova/scheduler/request_filter.py:253}}
May 28 01:51:51.278364 np0000001583 nova-scheduler[95679]: DEBUG nova.scheduler.request_filter [None req-0046ead9-3219-4c17-89a5-64ed49bf129f tempest-AttachSCSIVolumeTestJSON-2104948228 tempest-AttachSCSIVolumeTestJSON-2104948228-project-member] Request filter 'compute_status_filter' took 0.0 seconds {{(pid=95679) wrapper /opt/stack/nova/nova/scheduler/request_filter.py:46}}
May 28 01:51:51.278364 np0000001583 nova-scheduler[95679]: DEBUG nova.scheduler.request_filter [None req-0046ead9-3219-4c17-89a5-64ed49bf129f tempest-AttachSCSIVolumeTestJSON-2104948228 tempest-AttachSCSIVolumeTestJSON-2104948228-project-member] Request filter 'accelerators_filter' took 0.0 seconds {{(pid=95679) wrapper /opt/stack/nova/nova/scheduler/request_filter.py:46}}
May 28 01:51:51.278364 np0000001583 nova-scheduler[95679]: DEBUG nova.scheduler.request_filter [None req-0046ead9-3219-4c17-89a5-64ed49bf129f tempest-AttachSCSIVolumeTestJSON-2104948228 tempest-AttachSCSIVolumeTestJSON-2104948228-project-member] Request filter 'packed_virtqueue_filter' took 0.0 seconds {{(pid=95679) wrapper /opt/stack/nova/nova/scheduler/request_filter.py:46}}
May 28 01:51:51.278364 np0000001583 nova-scheduler[95679]: DEBUG nova.scheduler.request_filter [None req-0046ead9-3219-4c17-89a5-64ed49bf129f tempest-AttachSCSIVolumeTestJSON-2104948228 tempest-AttachSCSIVolumeTestJSON-2104948228-project-member] Request filter 'remote_managed_ports_filter' took 0.0 seconds {{(pid=95679) wrapper /opt/stack/nova/nova/scheduler/request_filter.py:46}}
May 28 01:51:51.278364 np0000001583 nova-scheduler[95679]: DEBUG nova.scheduler.request_filter [None req-0046ead9-3219-4c17-89a5-64ed49bf129f tempest-AttachSCSIVolumeTestJSON-2104948228 tempest-AttachSCSIVolumeTestJSON-2104948228-project-member] ephemeral_encryption_filter skipped {{(pid=95679) ephemeral_encryption_filter /opt/stack/nova/nova/scheduler/request_filter.py:426}}
May 28 01:51:51.278364 np0000001583 nova-scheduler[95679]: DEBUG nova.scheduler.request_filter [None req-0046ead9-3219-4c17-89a5-64ed49bf129f tempest-AttachSCSIVolumeTestJSON-2104948228 tempest-AttachSCSIVolumeTestJSON-2104948228-project-member] virtio_sound_filter skipped {{(pid=95679) virtio_sound_filter /opt/stack/nova/nova/scheduler/request_filter.py:460}}
May 28 01:51:51.278364 np0000001583 nova-scheduler[95679]: DEBUG nova.scheduler.request_filter [None req-0046ead9-3219-4c17-89a5-64ed49bf129f tempest-AttachSCSIVolumeTestJSON-2104948228 tempest-AttachSCSIVolumeTestJSON-2104948228-project-member] tpm_secret_security_filter skipped {{(pid=95679) tpm_secret_security_filter /opt/stack/nova/nova/scheduler/request_filter.py:477}}
May 28 01:51:51.385066 np0000001583 nova-scheduler[95679]: INFO nova.utils [None req-0046ead9-3219-4c17-89a5-64ed49bf129f tempest-AttachSCSIVolumeTestJSON-2104948228 tempest-AttachSCSIVolumeTestJSON-2104948228-project-member] The cell worker thread pool ForkProcess-2.cell_worker is initialized
May 28 01:51:51.385424 np0000001583 nova-scheduler[95679]: DEBUG oslo_concurrency.lockutils [None req-0046ead9-3219-4c17-89a5-64ed49bf129f tempest-AttachSCSIVolumeTestJSON-2104948228 tempest-AttachSCSIVolumeTestJSON-2104948228-project-member] Acquiring lock "b79309d6-e4a9-4db7-9a71-7fe8f9a73824" by "nova.context.set_target_cell..get_or_set_cached_cell_and_set_connections" {{(pid=95679) inner /opt/stack/data/venv/lib/python3.12/site-packages/oslo_concurrency/lockutils.py:511}}
May 28 01:51:51.385689 np0000001583 nova-scheduler[95679]: DEBUG oslo_concurrency.lockutils [None req-0046ead9-3219-4c17-89a5-64ed49bf129f tempest-AttachSCSIVolumeTestJSON-2104948228 tempest-AttachSCSIVolumeTestJSON-2104948228-project-member] Lock "b79309d6-e4a9-4db7-9a71-7fe8f9a73824" acquired by "nova.context.set_target_cell..get_or_set_cached_cell_and_set_connections" :: waited 0.000s {{(pid=95679) inner /opt/stack/data/venv/lib/python3.12/site-packages/oslo_concurrency/lockutils.py:524}}
May 28 01:51:51.387441 np0000001583 nova-scheduler[95679]: DEBUG oslo_concurrency.lockutils [None req-0046ead9-3219-4c17-89a5-64ed49bf129f tempest-AttachSCSIVolumeTestJSON-2104948228 tempest-AttachSCSIVolumeTestJSON-2104948228-project-member] Lock "b79309d6-e4a9-4db7-9a71-7fe8f9a73824" "released" by "nova.context.set_target_cell..get_or_set_cached_cell_and_set_connections" :: held 0.002s {{(pid=95679) inner /opt/stack/data/venv/lib/python3.12/site-packages/oslo_concurrency/lockutils.py:543}}
May 28 01:51:51.389412 np0000001583 nova-scheduler[95679]: INFO dbcounter [None req-0046ead9-3219-4c17-89a5-64ed49bf129f tempest-AttachSCSIVolumeTestJSON-2104948228 tempest-AttachSCSIVolumeTestJSON-2104948228-project-member] Registered counter for database nova_cell1
May 28 01:51:51.436034 np0000001583 nova-scheduler[95679]: DEBUG oslo_db.sqlalchemy.engines [None req-0046ead9-3219-4c17-89a5-64ed49bf129f tempest-AttachSCSIVolumeTestJSON-2104948228 tempest-AttachSCSIVolumeTestJSON-2104948228-project-member] MySQL server mode set to STRICT_TRANS_TABLES,STRICT_ALL_TABLES,NO_ZERO_IN_DATE,NO_ZERO_DATE,ERROR_FOR_DIVISION_BY_ZERO,TRADITIONAL,NO_ENGINE_SUBSTITUTION {{(pid=95679) _check_effective_sql_mode /opt/stack/data/venv/lib/python3.12/site-packages/oslo_db/sqlalchemy/engines.py:325}}
May 28 01:51:51.440960 np0000001583 nova-scheduler[95679]: DEBUG dbcounter [-] [95679] Writer thread running {{(pid=95679) stat_writer /opt/stack/data/venv/lib/python3.12/site-packages/dbcounter.py:102}}
May 28 01:51:51.494959 np0000001583 nova-scheduler[95679]: DEBUG dbcounter [-] [95679] Writer thread running {{(pid=95679) stat_writer /opt/stack/data/venv/lib/python3.12/site-packages/dbcounter.py:102}}
May 28 01:51:51.497802 np0000001583 nova-scheduler[95679]: DEBUG oslo_concurrency.lockutils [None req-0046ead9-3219-4c17-89a5-64ed49bf129f tempest-AttachSCSIVolumeTestJSON-2104948228 tempest-AttachSCSIVolumeTestJSON-2104948228-project-member] Acquiring lock "b79309d6-e4a9-4db7-9a71-7fe8f9a73824" by "nova.context.set_target_cell..get_or_set_cached_cell_and_set_connections" {{(pid=95679) inner /opt/stack/data/venv/lib/python3.12/site-packages/oslo_concurrency/lockutils.py:511}}
May 28 01:51:51.497964 np0000001583 nova-scheduler[95679]: DEBUG oslo_concurrency.lockutils [None req-0046ead9-3219-4c17-89a5-64ed49bf129f tempest-AttachSCSIVolumeTestJSON-2104948228 tempest-AttachSCSIVolumeTestJSON-2104948228-project-member] Lock "b79309d6-e4a9-4db7-9a71-7fe8f9a73824" acquired by "nova.context.set_target_cell..get_or_set_cached_cell_and_set_connections" :: waited 0.000s {{(pid=95679) inner /opt/stack/data/venv/lib/python3.12/site-packages/oslo_concurrency/lockutils.py:524}}
May 28 01:51:51.498136 np0000001583 nova-scheduler[95679]: DEBUG oslo_concurrency.lockutils [None req-0046ead9-3219-4c17-89a5-64ed49bf129f tempest-AttachSCSIVolumeTestJSON-2104948228 tempest-AttachSCSIVolumeTestJSON-2104948228-project-member] Lock "b79309d6-e4a9-4db7-9a71-7fe8f9a73824" "released" by "nova.context.set_target_cell..get_or_set_cached_cell_and_set_connections" :: held 0.000s {{(pid=95679) inner /opt/stack/data/venv/lib/python3.12/site-packages/oslo_concurrency/lockutils.py:543}}
May 28 01:51:51.501677 np0000001583 nova-scheduler[95679]: DEBUG oslo_concurrency.lockutils [None req-0046ead9-3219-4c17-89a5-64ed49bf129f tempest-AttachSCSIVolumeTestJSON-2104948228 tempest-AttachSCSIVolumeTestJSON-2104948228-project-member] Acquiring lock "('np0000001583', 'np0000001583')" by "nova.scheduler.host_manager.HostState.update.._locked_update" {{(pid=95679) inner /opt/stack/data/venv/lib/python3.12/site-packages/oslo_concurrency/lockutils.py:511}}
May 28 01:51:51.501946 np0000001583 nova-scheduler[95679]: DEBUG oslo_concurrency.lockutils [None req-0046ead9-3219-4c17-89a5-64ed49bf129f tempest-AttachSCSIVolumeTestJSON-2104948228 tempest-AttachSCSIVolumeTestJSON-2104948228-project-member] Lock "('np0000001583', 'np0000001583')" acquired by "nova.scheduler.host_manager.HostState.update.._locked_update" :: waited 0.000s {{(pid=95679) inner /opt/stack/data/venv/lib/python3.12/site-packages/oslo_concurrency/lockutils.py:524}}
