May 28 01:51:19.369913 np0000001583 devstack@neutron-api.service[89863]: DEBUG neutron.plugins.ml2.drivers.ovn.mech_driver.ovsdb.ovsdb_monitor [None req-548347de-7687-4b1a-a5fb-9c7e4cffedd2 None None] Hash Ring: Node e61e969b749a5eee8e17922353f344de (host: np0000001583) handling event "create" for row 4524b467-4e05-4f3e-8b60-9d1df8eeab06 (table: Logical_Switch) {{(pid=89863) notify /opt/stack/neutron/neutron/plugins/ml2/drivers/ovn/mech_driver/ovsdb/ovsdb_monitor.py:986}}
May 28 01:51:19.371441 np0000001583 devstack@neutron-api.service[89865]: DEBUG neutron.plugins.ml2.drivers.ovn.mech_driver.ovsdb.ovsdb_monitor [None req-c1c8bba8-02b3-4ec3-9e60-b662153269f1 None None] Hash Ring: Node d438588810b250b8b834ec2e82b7d2a8 (host: np0000001583) handling event "create" for row 21733115-a7c6-47d9-86a5-3da115085870 (table: Datapath_Binding) {{(pid=89865) notify /opt/stack/neutron/neutron/plugins/ml2/drivers/ovn/mech_driver/ovsdb/ovsdb_monitor.py:986}}
May 28 01:51:19.377351 np0000001583 devstack@neutron-api.service[89863]: INFO neutron.db.ovn_revision_numbers_db [None req-59f45c48-5f09-45e0-9b03-a390a138f003 admin admin] Successfully bumped revision number for resource 40f24eb6-50cf-40bf-9327-f874f4d07133 (type: security_groups) to 1
May 28 01:51:19.388945 np0000001583 devstack@neutron-api.service[89865]: INFO neutron.db.ovn_revision_numbers_db [None req-d3833e84-a2fd-4397-b96b-d9f6bd312143 admin admin] Successfully bumped revision number for resource 4524b467-4e05-4f3e-8b60-9d1df8eeab06 (type: networks) to 1
May 28 01:51:19.389165 np0000001583 devstack@neutron-api.service[89863]: INFO neutron.db.ovn_revision_numbers_db [None req-59f45c48-5f09-45e0-9b03-a390a138f003 admin admin] Successfully bumped revision number for resource 3930fca5-e800-476a-bb94-ae199b6774ae (type: security_group_rules) to 0
May 28 01:51:19.398489 np0000001583 devstack@neutron-api.service[89863]: INFO neutron.db.ovn_revision_numbers_db [None req-59f45c48-5f09-45e0-9b03-a390a138f003 admin admin] Successfully bumped revision number for resource a1839caa-e1c1-4b93-a9db-e1ad2ab2306a (type: security_group_rules) to 0
May 28 01:51:19.403715 np0000001583 devstack@neutron-api.service[89864]: INFO neutron.db.ovn_revision_numbers_db [None req-b66455c1-d348-4798-a186-de5e923feb92 admin admin] Successfully bumped revision number for resource 97cac8a5-6324-4473-8bd9-e847bd5f1744 (type: ports) to 1
May 28 01:51:19.404660 np0000001583 devstack@neutron-api.service[89864]: DEBUG neutron.db.provisioning_blocks [None req-fec5d83b-5d74-4c16-8900-0e98af45b267 None None] Transition to ACTIVE for port object 97cac8a5-6324-4473-8bd9-e847bd5f1744 will not be triggered until provisioned by entity L2. {{(pid=89864) add_provisioning_component /opt/stack/neutron/neutron/db/provisioning_blocks.py:74}}
May 28 01:51:19.408442 np0000001583 devstack@neutron-api.service[89863]: INFO neutron.db.ovn_revision_numbers_db [None req-59f45c48-5f09-45e0-9b03-a390a138f003 admin admin] Successfully bumped revision number for resource b5f4c63b-b84d-4a90-814b-6da59e5e367c (type: security_group_rules) to 0
May 28 01:51:19.412405 np0000001583 devstack@neutron-api.service[89864]: DEBUG neutron.pecan_wsgi.hooks.policy_enforcement [None req-b66455c1-d348-4798-a186-de5e923feb92 admin admin] Attributes excluded by policy engine: ['standard_attr_id'] {{(pid=89864) _exclude_attributes_by_policy /opt/stack/neutron/neutron/pecan_wsgi/hooks/policy_enforcement.py:256}}
May 28 01:51:19.412767 np0000001583 devstack@neutron-api.service[89864]: DEBUG neutron_lib.callbacks.manager [None req-b66455c1-d348-4798-a186-de5e923feb92 admin admin] Publish callbacks [] for network (None), before_response {{(pid=89864) _notify_loop /opt/stack/data/venv/lib/python3.12/site-packages/neutron_lib/callbacks/manager.py:184}}
May 28 01:51:19.419092 np0000001583 devstack@neutron-api.service[89863]: INFO neutron.db.ovn_revision_numbers_db [None req-59f45c48-5f09-45e0-9b03-a390a138f003 admin admin] Successfully bumped revision number for resource d7a2ad8d-bd4e-481c-8c73-04d759b0cc01 (type: security_group_rules) to 0
May 28 01:51:19.430850 np0000001583 devstack@neutron-api.service[89864]: [pid: 89864|app: 0|req: 16/44] 10.4.3.170 () {68 vars in 1277 bytes} [Thu May 28 01:51:18 2026] POST /networking/v2.0/networks => generated 729 bytes in 875 msecs (HTTP/1.1 201) 4 headers in 162 bytes (1 switches on core 0)
May 28 01:51:19.439101 np0000001583 devstack@neutron-api.service[89864]: DEBUG neutron.plugins.ml2.plugin [None req-fec5d83b-5d74-4c16-8900-0e98af45b267 None None] Current status of the port 97cac8a5-6324-4473-8bd9-e847bd5f1744 is: DOWN; New status is: DOWN {{(pid=89864) _update_individual_port_db_status /opt/stack/neutron/neutron/plugins/ml2/plugin.py:2469}}
May 28 01:51:19.440025 np0000001583 devstack@neutron-api.service[89864]: DEBUG ovsdbapp.backend.ovs_idl.transaction [None req-5c01dcec-f5c5-4680-965d-099e61eedd96 None None] Running txn n=1 command(idx=0): DbRemoveCommand(_result=None, table=Logical_Switch_Port, record=97cac8a5-6324-4473-8bd9-e847bd5f1744, column=external_ids, values=('neutron:host_id',), keyvalues={}, if_exists=True) {{(pid=89864) do_commit /opt/stack/data/venv/lib/python3.12/site-packages/ovsdbapp/backend/ovs_idl/transaction.py:89}}
May 28 01:51:19.440135 np0000001583 devstack@neutron-api.service[89865]: DEBUG neutron_lib.callbacks.manager [None req-d3833e84-a2fd-4397-b96b-d9f6bd312143 admin admin] Publish callbacks ['neutron.plugins.ml2.plugin.SecurityGroupDbMixin._ensure_default_security_group_handler-453553'] for port (None), before_create {{(pid=89865) _notify_loop /opt/stack/data/venv/lib/python3.12/site-packages/neutron_lib/callbacks/manager.py:184}}
May 28 01:51:19.444184 np0000001583 devstack@neutron-api.service[89863]: DEBUG neutron.api.rpc.handlers.resources_rpc [None req-59f45c48-5f09-45e0-9b03-a390a138f003 admin admin] Pushing event updated for resources: {'SecurityGroup': ['ID=40f24eb6-50cf-40bf-9327-f874f4d07133,revision_number=1']} {{(pid=89863) push /opt/stack/neutron/neutron/api/rpc/handlers/resources_rpc.py:237}}
May 28 01:51:19.448094 np0000001583 devstack@neutron-api.service[89863]: DEBUG neutron.api.rpc.callbacks.version_manager [None req-59f45c48-5f09-45e0-9b03-a390a138f003 admin admin] Tracked resource versions report:
May 28 01:51:19.448094 np0000001583 devstack@neutron-api.service[89863]: pushed versions:
May 28 01:51:19.448094 np0000001583 devstack@neutron-api.service[89863]: { 'AddressGroup': {'1.2'},
May 28 01:51:19.448094 np0000001583 devstack@neutron-api.service[89863]: 'Agent': {'1.1'},
May 28 01:51:19.448094 np0000001583 devstack@neutron-api.service[89863]: 'ConntrackHelper': {'1.0'},
May 28 01:51:19.448094 np0000001583 devstack@neutron-api.service[89863]: 'LocalIPAssociation': {'1.0'},
May 28 01:51:19.448094 np0000001583 devstack@neutron-api.service[89863]: 'Log': {'1.0'},
May 28 01:51:19.448094 np0000001583 devstack@neutron-api.service[89863]: 'NDPProxy': {'1.0'},
May 28 01:51:19.448094 np0000001583 devstack@neutron-api.service[89863]: 'Network': {'1.3'},
May 28 01:51:19.448094 np0000001583 devstack@neutron-api.service[89863]: 'Port': {'1.11'},
May 28 01:51:19.448094 np0000001583 devstack@neutron-api.service[89863]: 'PortForwarding': {'1.3'},
May 28 01:51:19.448094 np0000001583 devstack@neutron-api.service[89863]: 'QosPolicy': {'1.10'},
May 28 01:51:19.448094 np0000001583 devstack@neutron-api.service[89863]: 'SecurityGroup': {'1.6'},
May 28 01:51:19.448094 np0000001583 devstack@neutron-api.service[89863]: 'SecurityGroupRule': {'1.3'},
May 28 01:51:19.448094 np0000001583 devstack@neutron-api.service[89863]: 'SubPort': {'1.0'},
May 28 01:51:19.448094 np0000001583 devstack@neutron-api.service[89863]: 'Subnet': {'1.2'},
May 28 01:51:19.448094 np0000001583 devstack@neutron-api.service[89863]: 'Trunk': {'1.1'}}
May 28 01:51:19.448094 np0000001583 devstack@neutron-api.service[89863]: consumer versions:
May 28 01:51:19.448094 np0000001583 devstack@neutron-api.service[89863]: { OVN Controller Gateway agent@np0000001583: {},
May 28 01:51:19.448094 np0000001583 devstack@neutron-api.service[89863]: OVN Neutron agent@np0000001583: {}}
May 28 01:51:19.448094 np0000001583 devstack@neutron-api.service[89863]: {{(pid=89863) report /opt/stack/neutron/neutron/api/rpc/callbacks/version_manager.py:183}}
May 28 01:51:19.494046 np0000001583 devstack@neutron-api.service[89863]: DEBUG neutron.plugins.ml2.drivers.helpers [None req-59f45c48-5f09-45e0-9b03-a390a138f003 admin admin] geneve segment allocate from pool success with {'geneve_vni': 31254} {{(pid=89863) allocate_partially_specified_segment /opt/stack/neutron/neutron/plugins/ml2/drivers/helpers.py:142}}
May 28 01:51:19.501217 np0000001583 devstack@neutron-api.service[89863]: DEBUG neutron_lib.callbacks.manager [None req-59f45c48-5f09-45e0-9b03-a390a138f003 admin admin] Publish callbacks ['neutron.plugins.ml2.plugin.Ml2Plugin._handle_segment_change-989203'] for segment (fe420b38-e61e-4f69-85bf-c64e7509fd40), precommit_create {{(pid=89863) _notify_loop /opt/stack/data/venv/lib/python3.12/site-packages/neutron_lib/callbacks/manager.py:184}}
May 28 01:51:19.501366 np0000001583 devstack@neutron-api.service[89863]: INFO neutron.db.segments_db [None req-59f45c48-5f09-45e0-9b03-a390a138f003 admin admin] Added segment fe420b38-e61e-4f69-85bf-c64e7509fd40 of type geneve for network f48f059f-2a4c-46cc-9281-c2a228bf4514
May 28 01:51:19.514009 np0000001583 devstack@neutron-api.service[89863]: DEBUG neutron_lib.callbacks.manager [None req-59f45c48-5f09-45e0-9b03-a390a138f003 admin admin] Publish callbacks ['neutron.services.auto_allocate.db._ensure_external_network_default_value_callback-7721613828990'] for network (f48f059f-2a4c-46cc-9281-c2a228bf4514), precommit_create {{(pid=89863) _notify_loop /opt/stack/data/venv/lib/python3.12/site-packages/neutron_lib/callbacks/manager.py:184}}
May 28 01:51:19.524203 np0000001583 devstack@neutron-api.service[89863]: DEBUG neutron.plugins.ml2.drivers.ovn.mech_driver.mech_driver [None req-59f45c48-5f09-45e0-9b03-a390a138f003 admin admin] Validating network segment with type geneve, segmentation ID 31254, physical network None {{(pid=89863) _validate_network_segments /opt/stack/neutron/neutron/plugins/ml2/drivers/ovn/mech_driver/mech_driver.py:643}}
May 28 01:51:19.524340 np0000001583 devstack@neutron-api.service[89863]: DEBUG neutron.db.ovn_revision_numbers_db [None req-59f45c48-5f09-45e0-9b03-a390a138f003 admin admin] create_initial_revision uuid=f48f059f-2a4c-46cc-9281-c2a228bf4514, type=networks, rev=-1 {{(pid=89863) create_initial_revision /opt/stack/neutron/neutron/db/ovn_revision_numbers_db.py:98}}
May 28 01:51:19.530665 np0000001583 devstack@neutron-api.service[89863]: DEBUG neutron_lib.callbacks.manager [None req-59f45c48-5f09-45e0-9b03-a390a138f003 admin admin] Publish callbacks ['neutron.plugins.ml2.ovo_rpc._ObjectChangeHandler.handle_event-2555015'] for network (f48f059f-2a4c-46cc-9281-c2a228bf4514), after_create {{(pid=89863) _notify_loop /opt/stack/data/venv/lib/python3.12/site-packages/neutron_lib/callbacks/manager.py:184}}
May 28 01:51:19.543291 np0000001583 devstack@neutron-api.service[89863]: DEBUG neutron.api.rpc.handlers.resources_rpc [None req-59f45c48-5f09-45e0-9b03-a390a138f003 admin admin] Pushing event updated for resources: {'Network': ['ID=f48f059f-2a4c-46cc-9281-c2a228bf4514,revision_number=1']} {{(pid=89863) push /opt/stack/neutron/neutron/api/rpc/handlers/resources_rpc.py:237}}
May 28 01:51:19.545529 np0000001583 devstack@neutron-api.service[89865]: DEBUG neutron_lib.callbacks.manager [None req-d3833e84-a2fd-4397-b96b-d9f6bd312143 admin admin] Publish callbacks ['neutron.plugins.ml2.drivers.ovn.mech_driver.mech_driver.OVNMechanismDriver._validate_allowed_address_pairs-204571'] for allowed_address_pair (166baff4-5afd-46f4-b1ae-85422f539fbd), before_create {{(pid=89865) _notify_loop /opt/stack/data/venv/lib/python3.12/site-packages/neutron_lib/callbacks/manager.py:184}}
May 28 01:51:19.546239 np0000001583 devstack@neutron-api.service[89865]: DEBUG neutron_lib.callbacks.manager [None req-d3833e84-a2fd-4397-b96b-d9f6bd312143 admin admin] Publish callbacks [] for port (166baff4-5afd-46f4-b1ae-85422f539fbd), precommit_create {{(pid=89865) _notify_loop /opt/stack/data/venv/lib/python3.12/site-packages/neutron_lib/callbacks/manager.py:184}}
May 28 01:51:19.546468 np0000001583 devstack@neutron-api.service[89865]: DEBUG neutron.plugins.ml2.drivers.ovn.mech_driver.mech_driver [None req-d3833e84-a2fd-4397-b96b-d9f6bd312143 admin admin] No provisioning block for port 166baff4-5afd-46f4-b1ae-85422f539fbd since it does not have a host {{(pid=89865) _is_port_provisioning_required /opt/stack/neutron/neutron/plugins/ml2/drivers/ovn/mech_driver/mech_driver.py:896}}
May 28 01:51:19.546599 np0000001583 devstack@neutron-api.service[89865]: DEBUG neutron.db.ovn_revision_numbers_db [None req-d3833e84-a2fd-4397-b96b-d9f6bd312143 admin admin] create_initial_revision uuid=166baff4-5afd-46f4-b1ae-85422f539fbd, type=ports, rev=-1 {{(pid=89865) create_initial_revision /opt/stack/neutron/neutron/db/ovn_revision_numbers_db.py:98}}
May 28 01:51:19.549568 np0000001583 devstack@neutron-api.service[89863]: DEBUG ovsdbapp.backend.ovs_idl.transaction [None req-548347de-7687-4b1a-a5fb-9c7e4cffedd2 None None] Running txn n=1 command(idx=0): AddNetworkCommand(_result=None, network_uuid=f48f059f-2a4c-46cc-9281-c2a228bf4514, may_exist=True, columns={'external_ids': {'neutron:network_name': 'tempest-TaggedBootDevicesTest-256433360-network', 'neutron:mtu': '1372', 'neutron:revision_number': '1', 'neutron:availability_zone_hints': '', 'neutron:provnet-network-type': 'geneve'}, 'other_config': {'mcast_snoop': 'false', 'mcast_flood_unregistered': 'false', 'vlan-passthru': 'false'}}) {{(pid=89863) do_commit /opt/stack/data/venv/lib/python3.12/site-packages/ovsdbapp/backend/ovs_idl/transaction.py:89}}
May 28 01:51:19.552856 np0000001583 devstack@neutron-api.service[89864]: DEBUG neutron.plugins.ml2.drivers.ovn.mech_driver.ovsdb.ovsdb_monitor [None req-5c01dcec-f5c5-4680-965d-099e61eedd96 None None] Hash Ring: Node e8cc64794e3352d39d62717bb4e0c480 (host: np0000001583) handling event "create" for row f48f059f-2a4c-46cc-9281-c2a228bf4514 (table: Logical_Switch) {{(pid=89864) notify /opt/stack/neutron/neutron/plugins/ml2/drivers/ovn/mech_driver/ovsdb/ovsdb_monitor.py:986}}
May 28 01:51:19.554843 np0000001583 devstack@neutron-api.service[89864]: DEBUG neutron.plugins.ml2.drivers.ovn.mech_driver.ovsdb.ovsdb_monitor [None req-96d94c88-82c1-49f7-9285-265ce721c25c None None] Hash Ring: Node e8cc64794e3352d39d62717bb4e0c480 (host: np0000001583) handling event "create" for row cf0731d0-885a-4df4-83df-7013d1badd7d (table: Datapath_Binding) {{(pid=89864) notify /opt/stack/neutron/neutron/plugins/ml2/drivers/ovn/mech_driver/ovsdb/ovsdb_monitor.py:986}}
May 28 01:51:19.570840 np0000001583 devstack@neutron-api.service[89863]: INFO neutron.db.ovn_revision_numbers_db [None req-59f45c48-5f09-45e0-9b03-a390a138f003 admin admin] Successfully bumped revision number for resource f48f059f-2a4c-46cc-9281-c2a228bf4514 (type: networks) to 1
May 28 01:51:19.581413 np0000001583 devstack@neutron-api.service[89863]: DEBUG neutron_lib.callbacks.manager [None req-59f45c48-5f09-45e0-9b03-a390a138f003 admin admin] Publish callbacks ['neutron.plugins.ml2.plugin.SecurityGroupDbMixin._ensure_default_security_group_handler-230321'] for port (None), before_create {{(pid=89863) _notify_loop /opt/stack/data/venv/lib/python3.12/site-packages/neutron_lib/callbacks/manager.py:184}}
May 28 01:51:19.598758 np0000001583 devstack@neutron-api.service[89865]: DEBUG neutron_lib.callbacks.manager [None req-d3833e84-a2fd-4397-b96b-d9f6bd312143 admin admin] Publish callbacks ['neutron.plugins.ml2.ovo_rpc._ObjectChangeHandler.handle_event-2519711'] for port (166baff4-5afd-46f4-b1ae-85422f539fbd), after_create {{(pid=89865) _notify_loop /opt/stack/data/venv/lib/python3.12/site-packages/neutron_lib/callbacks/manager.py:184}}
May 28 01:51:19.599527 np0000001583 devstack@neutron-api.service[89864]: DEBUG neutron.api.v2.base [None req-f427b2ed-51ab-4145-9681-b284cba71756 admin admin] Request body: {'network': {'name': 'tempest-TestMultiAttachVolumeSwap-582528653-network', 'project_id': '947f6e33004d49cdb05fe27674f9eea8'}} {{(pid=89864) prepare_request_body /opt/stack/neutron/neutron/api/v2/base.py:727}}
May 28 01:51:19.611498 np0000001583 devstack@neutron-api.service[89864]: DEBUG neutron.pecan_wsgi.hooks.quota_enforcement [None req-f427b2ed-51ab-4145-9681-b284cba71756 admin admin] Made reservation on behalf of 947f6e33004d49cdb05fe27674f9eea8 for: {'network': 1} {{(pid=89864) before /opt/stack/neutron/neutron/pecan_wsgi/hooks/quota_enforcement.py:66}}
May 28 01:51:19.615903 np0000001583 devstack@neutron-api.service[89864]: DEBUG neutron_lib.callbacks.manager [None req-f427b2ed-51ab-4145-9681-b284cba71756 admin admin] Publish callbacks ['neutron.plugins.ml2.plugin.SecurityGroupDbMixin._ensure_default_security_group_handler-477746'] for network (None), before_create {{(pid=89864) _notify_loop /opt/stack/data/venv/lib/python3.12/site-packages/neutron_lib/callbacks/manager.py:184}}
May 28 01:51:19.618204 np0000001583 devstack@neutron-api.service[89864]: DEBUG neutron_lib.callbacks.manager [None req-f427b2ed-51ab-4145-9681-b284cba71756 admin admin] Publish callbacks [] for security_group (None), before_create {{(pid=89864) _notify_loop /opt/stack/data/venv/lib/python3.12/site-packages/neutron_lib/callbacks/manager.py:184}}
May 28 01:51:19.662101 np0000001583 devstack@neutron-api.service[89865]: DEBUG neutron.api.rpc.handlers.resources_rpc [None req-d3833e84-a2fd-4397-b96b-d9f6bd312143 admin admin] Pushing event updated for resources: {'Port': ['ID=166baff4-5afd-46f4-b1ae-85422f539fbd,revision_number=1']} {{(pid=89865) push /opt/stack/neutron/neutron/api/rpc/handlers/resources_rpc.py:237}}
May 28 01:51:19.677862 np0000001583 devstack@neutron-api.service[89864]: DEBUG neutron_lib.callbacks.manager [None req-f427b2ed-51ab-4145-9681-b284cba71756 admin admin] Publish callbacks ['neutron.plugins.ml2.drivers.ovn.mech_driver.mech_driver.OVNMechanismDriver._create_security_group_precommit-225179'] for security_group (8b57eb55-8c51-4934-ad16-d6a4f108cca4), precommit_create {{(pid=89864) _notify_loop /opt/stack/data/venv/lib/python3.12/site-packages/neutron_lib/callbacks/manager.py:184}}
May 28 01:51:19.677862 np0000001583 devstack@neutron-api.service[89864]: DEBUG neutron.db.ovn_revision_numbers_db [None req-f427b2ed-51ab-4145-9681-b284cba71756 admin admin] create_initial_revision uuid=8b57eb55-8c51-4934-ad16-d6a4f108cca4, type=security_groups, rev=-1 {{(pid=89864) create_initial_revision /opt/stack/neutron/neutron/db/ovn_revision_numbers_db.py:98}}
May 28 01:51:19.678835 np0000001583 devstack@neutron-api.service[89864]: DEBUG neutron.db.ovn_revision_numbers_db [None req-f427b2ed-51ab-4145-9681-b284cba71756 admin admin] create_initial_revision uuid=55f21dc8-2df8-4caa-8655-c724f7060735, type=security_group_rules, rev=-1 {{(pid=89864) create_initial_revision /opt/stack/neutron/neutron/db/ovn_revision_numbers_db.py:98}}
May 28 01:51:19.679880 np0000001583 devstack@neutron-api.service[89864]: DEBUG neutron.db.ovn_revision_numbers_db [None req-f427b2ed-51ab-4145-9681-b284cba71756 admin admin] create_initial_revision uuid=86f25a58-f2b8-458e-b968-4bbb2464cc2a, type=security_group_rules, rev=-1 {{(pid=89864) create_initial_revision /opt/stack/neutron/neutron/db/ovn_revision_numbers_db.py:98}}
May 28 01:51:19.682088 np0000001583 devstack@neutron-api.service[89864]: DEBUG neutron.db.ovn_revision_numbers_db [None req-f427b2ed-51ab-4145-9681-b284cba71756 admin admin] create_initial_revision uuid=ecec3ce6-67a8-432f-9f53-74530df8978d, type=security_group_rules, rev=-1 {{(pid=89864) create_initial_revision /opt/stack/neutron/neutron/db/ovn_revision_numbers_db.py:98}}
May 28 01:51:19.683924 np0000001583 devstack@neutron-api.service[89864]: DEBUG neutron.db.ovn_revision_numbers_db [None req-f427b2ed-51ab-4145-9681-b284cba71756 admin admin] create_initial_revision uuid=f7ff168a-39a3-48c0-9304-d716d04a10a6, type=security_group_rules, rev=-1 {{(pid=89864) create_initial_revision /opt/stack/neutron/neutron/db/ovn_revision_numbers_db.py:98}}
May 28 01:51:19.689622 np0000001583 devstack@neutron-api.service[89864]: DEBUG neutron_lib.callbacks.manager [None req-f427b2ed-51ab-4145-9681-b284cba71756 admin admin] Publish callbacks ['neutron.plugins.ml2.drivers.ovn.mech_driver.mech_driver.OVNMechanismDriver._create_security_group-225153', 'neutron.plugins.ml2.ovo_rpc._ObjectChangeHandler.handle_event-3281127'] for security_group (8b57eb55-8c51-4934-ad16-d6a4f108cca4), after_create {{(pid=89864) _notify_loop /opt/stack/data/venv/lib/python3.12/site-packages/neutron_lib/callbacks/manager.py:184}}
May 28 01:51:19.690984 np0000001583 devstack@neutron-api.service[89864]: DEBUG ovsdbapp.backend.ovs_idl.transaction [None req-5c01dcec-f5c5-4680-965d-099e61eedd96 None None] Running txn n=1 command(idx=0): PgAddCommand(_result=None, name=pg_8b57eb55_8c51_4934_ad16_d6a4f108cca4, may_exist=False, columns={'acls': [], 'external_ids': {'neutron:security_group_id': '8b57eb55-8c51-4934-ad16-d6a4f108cca4'}}) {{(pid=89864) do_commit /opt/stack/data/venv/lib/python3.12/site-packages/ovsdbapp/backend/ovs_idl/transaction.py:89}}
May 28 01:51:19.690984 np0000001583 devstack@neutron-api.service[89864]: DEBUG ovsdbapp.backend.ovs_idl.transaction [None req-5c01dcec-f5c5-4680-965d-099e61eedd96 None None] Running txn n=1 command(idx=1): PgAclAddCommand(_result=None, entity=pg_8b57eb55_8c51_4934_ad16_d6a4f108cca4, direction=to-lport, priority=1002, match=outport == @pg_8b57eb55_8c51_4934_ad16_d6a4f108cca4 && ip4 && ip4.src == $pg_8b57eb55_8c51_4934_ad16_d6a4f108cca4_ip4, action=allow-related, log=False, may_exist=True, severity=[], name=[], meter=[], external_ids={'neutron:security_group_rule_id': '55f21dc8-2df8-4caa-8655-c724f7060735'}) {{(pid=89864) do_commit /opt/stack/data/venv/lib/python3.12/site-packages/ovsdbapp/backend/ovs_idl/transaction.py:89}}
May 28 01:51:19.690984 np0000001583 devstack@neutron-api.service[89864]: DEBUG ovsdbapp.backend.ovs_idl.transaction [None req-5c01dcec-f5c5-4680-965d-099e61eedd96 None None] Running txn n=1 command(idx=2): PgAclAddCommand(_result=None, entity=pg_8b57eb55_8c51_4934_ad16_d6a4f108cca4, direction=from-lport, priority=1002, match=inport == @pg_8b57eb55_8c51_4934_ad16_d6a4f108cca4 && ip6, action=allow-related, log=False, may_exist=True, severity=[], name=[], meter=[], external_ids={'neutron:security_group_rule_id': '86f25a58-f2b8-458e-b968-4bbb2464cc2a'}) {{(pid=89864) do_commit /opt/stack/data/venv/lib/python3.12/site-packages/ovsdbapp/backend/ovs_idl/transaction.py:89}}
May 28 01:51:19.691290 np0000001583 devstack@neutron-api.service[89864]: DEBUG ovsdbapp.backend.ovs_idl.transaction [None req-5c01dcec-f5c5-4680-965d-099e61eedd96 None None] Running txn n=1 command(idx=3): PgAclAddCommand(_result=None, entity=pg_8b57eb55_8c51_4934_ad16_d6a4f108cca4, direction=from-lport, priority=1002, match=inport == @pg_8b57eb55_8c51_4934_ad16_d6a4f108cca4 && ip4, action=allow-related, log=False, may_exist=True, severity=[], name=[], meter=[], external_ids={'neutron:security_group_rule_id': 'ecec3ce6-67a8-432f-9f53-74530df8978d'}) {{(pid=89864) do_commit /opt/stack/data/venv/lib/python3.12/site-packages/ovsdbapp/backend/ovs_idl/transaction.py:89}}
May 28 01:51:19.691520 np0000001583 devstack@neutron-api.service[89864]: DEBUG ovsdbapp.backend.ovs_idl.transaction [None req-5c01dcec-f5c5-4680-965d-099e61eedd96 None None] Running txn n=1 command(idx=4): PgAclAddCommand(_result=None, entity=pg_8b57eb55_8c51_4934_ad16_d6a4f108cca4, direction=to-lport, priority=1002, match=outport == @pg_8b57eb55_8c51_4934_ad16_d6a4f108cca4 && ip6 && ip6.src == $pg_8b57eb55_8c51_4934_ad16_d6a4f108cca4_ip6, action=allow-related, log=False, may_exist=True, severity=[], name=[], meter=[], external_ids={'neutron:security_group_rule_id': 'f7ff168a-39a3-48c0-9304-d716d04a10a6'}) {{(pid=89864) do_commit /opt/stack/data/venv/lib/python3.12/site-packages/ovsdbapp/backend/ovs_idl/transaction.py:89}}
May 28 01:51:19.696218 np0000001583 devstack@neutron-api.service[89864]: DEBUG neutron.plugins.ml2.drivers.ovn.mech_driver.ovsdb.ovsdb_monitor [None req-5c01dcec-f5c5-4680-965d-099e61eedd96 None None] Hash Ring: Node e8cc64794e3352d39d62717bb4e0c480 (host: np0000001583) handling event "create" for row 2d99f94e-def5-4199-a0e5-88339161c68b (table: ACL) {{(pid=89864) notify /opt/stack/neutron/neutron/plugins/ml2/drivers/ovn/mech_driver/ovsdb/ovsdb_monitor.py:986}}
May 28 01:51:19.696218 np0000001583 devstack@neutron-api.service[89864]: DEBUG neutron.plugins.ml2.drivers.ovn.mech_driver.ovsdb.ovsdb_monitor [None req-5c01dcec-f5c5-4680-965d-099e61eedd96 None None] Hash Ring: Node e8cc64794e3352d39d62717bb4e0c480 (host: np0000001583) handling event "create" for row 3254066c-f70f-4cdd-9884-305f139b25aa (table: ACL) {{(pid=89864) notify /opt/stack/neutron/neutron/plugins/ml2/drivers/ovn/mech_driver/ovsdb/ovsdb_monitor.py:986}}
May 28 01:51:19.696218 np0000001583 devstack@neutron-api.service[89864]: DEBUG neutron.plugins.ml2.drivers.ovn.mech_driver.ovsdb.ovsdb_monitor [None req-5c01dcec-f5c5-4680-965d-099e61eedd96 None None] Hash Ring: Node e8cc64794e3352d39d62717bb4e0c480 (host: np0000001583) handling event "create" for row 93c13991-1d13-4b93-b127-6a0f5e3dae59 (table: ACL) {{(pid=89864) notify /opt/stack/neutron/neutron/plugins/ml2/drivers/ovn/mech_driver/ovsdb/ovsdb_monitor.py:986}}
May 28 01:51:19.704496 np0000001583 devstack@neutron-api.service[89865]: DEBUG neutron.plugins.ml2.drivers.ovn.mech_driver.ovsdb.ovsdb_monitor [None req-2e3ed114-27cb-4bd0-a0f0-79dc042c3ab9 None None] Hash Ring: Node d438588810b250b8b834ec2e82b7d2a8 (host: np0000001583) handling event "create" for row defbf53e-9eb1-4c75-9499-466f4fc73155 (table: ACL) {{(pid=89865) notify /opt/stack/neutron/neutron/plugins/ml2/drivers/ovn/mech_driver/ovsdb/ovsdb_monitor.py:986}}
May 28 01:51:19.705773 np0000001583 devstack@neutron-api.service[89865]: DEBUG ovsdbapp.backend.ovs_idl.transaction [None req-2e3ed114-27cb-4bd0-a0f0-79dc042c3ab9 None None] Running txn n=1 command(idx=0): AddLSwitchPortCommand(_result=None, lport=166baff4-5afd-46f4-b1ae-85422f539fbd, lswitch=neutron-4524b467-4e05-4f3e-8b60-9d1df8eeab06, may_exist=True, network_uuid=4524b467-4e05-4f3e-8b60-9d1df8eeab06, columns={'addresses': ['fa:16:3e:b7:11:44'], 'external_ids': {'neutron:port_name': '', 'neutron:device_id': 'ovnmeta-4524b467-4e05-4f3e-8b60-9d1df8eeab06', 'neutron:project_id': 'b525e2c2d9a9421da5a3eeb5af5958f7', 'neutron:cidrs': '', 'neutron:device_owner': 'network:distributed', 'neutron:subnet_pool_addr_scope4': '', 'neutron:subnet_pool_addr_scope6': '', 'neutron:network_name': 'neutron-4524b467-4e05-4f3e-8b60-9d1df8eeab06', 'neutron:security_group_ids': '', 'neutron:revision_number': '1', 'neutron:vnic_type': 'normal', 'neutron:port_capabilities': '', 'neutron:mtu': '1372'}, 'parent_name': [], 'tag': [], 'enabled': True, 'options': {}, 'type': 'localport', 'port_security': [], 'dhcpv4_options': [], 'dhcpv6_options': []}) {{(pid=89865) do_commit /opt/stack/data/venv/lib/python3.12/site-packages/ovsdbapp/backend/ovs_idl/transaction.py:89}}
May 28 01:51:19.708234 np0000001583 devstack@neutron-api.service[89865]: DEBUG ovsdbapp.backend.ovs_idl.transaction [None req-2e3ed114-27cb-4bd0-a0f0-79dc042c3ab9 None None] Running txn n=1 command(idx=1): QoSDelCommand(_result=None, switch=neutron-4524b467-4e05-4f3e-8b60-9d1df8eeab06, conditions=[('direction', '=', 'to-lport'), ('priority', '=', 2002), ('match', '=', 'outport == "166baff4-5afd-46f4-b1ae-85422f539fbd"')], if_exists=True) {{(pid=89865) do_commit /opt/stack/data/venv/lib/python3.12/site-packages/ovsdbapp/backend/ovs_idl/transaction.py:89}}
May 28 01:51:19.708429 np0000001583 devstack@neutron-api.service[89865]: DEBUG ovsdbapp.backend.ovs_idl.transaction [None req-2e3ed114-27cb-4bd0-a0f0-79dc042c3ab9 None None] Running txn n=1 command(idx=2): QoSDelCommand(_result=None, switch=neutron-4524b467-4e05-4f3e-8b60-9d1df8eeab06, conditions=[('direction', '=', 'from-lport'), ('priority', '=', 2002), ('match', '=', 'inport == "166baff4-5afd-46f4-b1ae-85422f539fbd"')], if_exists=True) {{(pid=89865) do_commit /opt/stack/data/venv/lib/python3.12/site-packages/ovsdbapp/backend/ovs_idl/transaction.py:89}}
May 28 01:51:19.711330 np0000001583 devstack@neutron-api.service[89864]: DEBUG neutron.plugins.ml2.drivers.ovn.mech_driver.ovsdb.ovsdb_monitor [None req-5c01dcec-f5c5-4680-965d-099e61eedd96 None None] Hash Ring: Node e8cc64794e3352d39d62717bb4e0c480 (host: np0000001583) handling event "create" for row c4285289-f5a8-4168-9616-08052f30c54c (table: Logical_Switch_Port) {{(pid=89864) notify /opt/stack/neutron/neutron/plugins/ml2/drivers/ovn/mech_driver/ovsdb/ovsdb_monitor.py:986}}
May 28 01:51:19.715466 np0000001583 devstack@neutron-api.service[89864]: DEBUG ovsdbapp.backend.ovs_idl.event [None req-5c01dcec-f5c5-4680-965d-099e61eedd96 None None] Matched CREATE: LogicalSwitchPortCreateEvent(events=('create',), table='Logical_Switch_Port', conditions=[], old_conditions=None), priority=20 to row=Logical_Switch_Port(uuid=c4285289-f5a8-4168-9616-08052f30c54c, addresses=['fa:16:3e:b7:11:44'], dhcpv4_options=[], dhcpv6_options=[], dynamic_addresses=[], enabled=True, external_ids={'neutron:cidrs': '', 'neutron:device_id': 'ovnmeta-4524b467-4e05-4f3e-8b60-9d1df8eeab06', 'neutron:device_owner': 'network:distributed', 'neutron:mtu': '1372', 'neutron:network_name': 'neutron-4524b467-4e05-4f3e-8b60-9d1df8eeab06', 'neutron:port_capabilities': '', 'neutron:port_name': '', 'neutron:project_id': 'b525e2c2d9a9421da5a3eeb5af5958f7', 'neutron:revision_number': '1', 'neutron:security_group_ids': '', 'neutron:subnet_pool_addr_scope4': '', 'neutron:subnet_pool_addr_scope6': '', 'neutron:vnic_type': 'normal'}, ha_chassis_group=[], mirror_rules=[], name='166baff4-5afd-46f4-b1ae-85422f539fbd', options={}, parent_name=[], port_security=[], tag=[], tag_request=[], type='localport', up=[]) old= {{(pid=89864) matches /opt/stack/data/venv/lib/python3.12/site-packages/ovsdbapp/backend/ovs_idl/event.py:55}}
May 28 01:51:19.715466 np0000001583 devstack@neutron-api.service[89864]: INFO neutron.plugins.ml2.drivers.ovn.mech_driver.mech_driver [None req-fec5d83b-5d74-4c16-8900-0e98af45b267 None None] OVN reports status down for port: 166baff4-5afd-46f4-b1ae-85422f539fbd
May 28 01:51:19.716586 np0000001583 devstack@neutron-api.service[89864]: DEBUG neutron.plugins.ml2.drivers.ovn.mech_driver.ovsdb.ovsdb_monitor [None req-5c01dcec-f5c5-4680-965d-099e61eedd96 None None] Hash Ring: Node e8cc64794e3352d39d62717bb4e0c480 (host: np0000001583) handling event "update" for row c4285289-f5a8-4168-9616-08052f30c54c (table: Logical_Switch_Port) {{(pid=89864) notify /opt/stack/neutron/neutron/plugins/ml2/drivers/ovn/mech_driver/ovsdb/ovsdb_monitor.py:986}}
May 28 01:51:19.717468 np0000001583 devstack@neutron-api.service[89864]: INFO neutron.db.ovn_revision_numbers_db [None req-f427b2ed-51ab-4145-9681-b284cba71756 admin admin] Successfully bumped revision number for resource 8b57eb55-8c51-4934-ad16-d6a4f108cca4 (type: security_groups) to 1
May 28 01:51:19.738989 np0000001583 devstack@neutron-api.service[89864]: INFO neutron.db.ovn_revision_numbers_db [None req-f427b2ed-51ab-4145-9681-b284cba71756 admin admin] Successfully bumped revision number for resource 55f21dc8-2df8-4caa-8655-c724f7060735 (type: security_group_rules) to 0
May 28 01:51:19.753412 np0000001583 devstack@neutron-api.service[89864]: INFO neutron.db.ovn_revision_numbers_db [None req-f427b2ed-51ab-4145-9681-b284cba71756 admin admin] Successfully bumped revision number for resource 86f25a58-f2b8-458e-b968-4bbb2464cc2a (type: security_group_rules) to 0
May 28 01:51:19.762219 np0000001583 devstack@neutron-api.service[89864]: DEBUG neutron.db.provisioning_blocks [None req-fec5d83b-5d74-4c16-8900-0e98af45b267 None None] Transition to ACTIVE for port object 166baff4-5afd-46f4-b1ae-85422f539fbd will not be triggered until provisioned by entity L2. {{(pid=89864) add_provisioning_component /opt/stack/neutron/neutron/db/provisioning_blocks.py:74}}
May 28 01:51:19.762960 np0000001583 devstack@neutron-api.service[89865]: INFO neutron.db.ovn_revision_numbers_db [None req-d3833e84-a2fd-4397-b96b-d9f6bd312143 admin admin] Successfully bumped revision number for resource 166baff4-5afd-46f4-b1ae-85422f539fbd (type: ports) to 1
May 28 01:51:19.768538 np0000001583 devstack@neutron-api.service[89864]: INFO neutron.db.ovn_revision_numbers_db [None req-f427b2ed-51ab-4145-9681-b284cba71756 admin admin] Successfully bumped revision number for resource ecec3ce6-67a8-432f-9f53-74530df8978d (type: security_group_rules) to 0
May 28 01:51:19.771431 np0000001583 devstack@neutron-api.service[89865]: DEBUG neutron.pecan_wsgi.hooks.policy_enforcement [None req-d3833e84-a2fd-4397-b96b-d9f6bd312143 admin admin] Attributes excluded by policy engine: ['standard_attr_id'] {{(pid=89865) _exclude_attributes_by_policy /opt/stack/neutron/neutron/pecan_wsgi/hooks/policy_enforcement.py:256}}
May 28 01:51:19.771774 np0000001583 devstack@neutron-api.service[89865]: DEBUG neutron_lib.callbacks.manager [None req-d3833e84-a2fd-4397-b96b-d9f6bd312143 admin admin] Publish callbacks [] for network (None), before_response {{(pid=89865) _notify_loop /opt/stack/data/venv/lib/python3.12/site-packages/neutron_lib/callbacks/manager.py:184}}
May 28 01:51:19.781862 np0000001583 devstack@neutron-api.service[89865]: [pid: 89865|app: 0|req: 15/45] 10.4.3.170 () {68 vars in 1277 bytes} [Thu May 28 01:51:18 2026] POST /networking/v2.0/networks => generated 725 bytes in 1037 msecs (HTTP/1.1 201) 4 headers in 162 bytes (1 switches on core 0)
May 28 01:51:19.787411 np0000001583 devstack@neutron-api.service[89864]: DEBUG futurist.periodics [-] Submitting periodic callback 'neutron.plugins.ml2.drivers.ovn.mech_driver.ovsdb.maintenance.HashRingHealthCheckPeriodics.touch_hash_ring_node' {{(pid=89864) _process_scheduled /opt/stack/data/venv/lib/python3.12/site-packages/futurist/periodics.py:784}}
May 28 01:51:19.787411 np0000001583 devstack@neutron-api.service[89864]: DEBUG neutron.plugins.ml2.drivers.ovn.mech_driver.ovsdb.maintenance [-] Touching Hash Ring node "e8cc64794e3352d39d62717bb4e0c480" from periodic health check thread {{(pid=89864) touch_hash_ring_node /opt/stack/neutron/neutron/plugins/ml2/drivers/ovn/mech_driver/ovsdb/maintenance.py:1466}}
May 28 01:51:19.794145 np0000001583 devstack@neutron-api.service[89864]: INFO neutron.db.ovn_revision_numbers_db [None req-f427b2ed-51ab-4145-9681-b284cba71756 admin admin] Successfully bumped revision number for resource f7ff168a-39a3-48c0-9304-d716d04a10a6 (type: security_group_rules) to 0
May 28 01:51:19.829737 np0000001583 devstack@neutron-api.service[89864]: DEBUG neutron.plugins.ml2.plugin [None req-fec5d83b-5d74-4c16-8900-0e98af45b267 None None] Current status of the port 166baff4-5afd-46f4-b1ae-85422f539fbd is: DOWN; New status is: DOWN {{(pid=89864) _update_individual_port_db_status /opt/stack/neutron/neutron/plugins/ml2/plugin.py:2469}}
May 28 01:51:19.831313 np0000001583 devstack@neutron-api.service[89864]: DEBUG ovsdbapp.backend.ovs_idl.transaction [None req-5c01dcec-f5c5-4680-965d-099e61eedd96 None None] Running txn n=1 command(idx=0): DbRemoveCommand(_result=None, table=Logical_Switch_Port, record=166baff4-5afd-46f4-b1ae-85422f539fbd, column=external_ids, values=('neutron:host_id',), keyvalues={}, if_exists=True) {{(pid=89864) do_commit /opt/stack/data/venv/lib/python3.12/site-packages/ovsdbapp/backend/ovs_idl/transaction.py:89}}
May 28 01:51:19.835507 np0000001583 devstack@neutron-api.service[89864]: DEBUG neutron.api.rpc.handlers.resources_rpc [None req-f427b2ed-51ab-4145-9681-b284cba71756 admin admin] Pushing event updated for resources: {'SecurityGroup': ['ID=8b57eb55-8c51-4934-ad16-d6a4f108cca4,revision_number=1']} {{(pid=89864) push /opt/stack/neutron/neutron/api/rpc/handlers/resources_rpc.py:237}}
May 28 01:51:19.879397 np0000001583 devstack@neutron-api.service[89864]: DEBUG neutron.plugins.ml2.drivers.helpers [None req-f427b2ed-51ab-4145-9681-b284cba71756 admin admin] geneve segment allocate from pool success with {'geneve_vni': 58776} {{(pid=89864) allocate_partially_specified_segment /opt/stack/neutron/neutron/plugins/ml2/drivers/helpers.py:142}}
May 28 01:51:19.884850 np0000001583 devstack@neutron-api.service[89864]: DEBUG neutron_lib.callbacks.manager [None req-f427b2ed-51ab-4145-9681-b284cba71756 admin admin] Publish callbacks ['neutron.services.segments.db._add_segment_host_mapping_for_segment-7721615788036', 'neutron.plugins.ml2.plugin.Ml2Plugin._handle_segment_change-824920'] for segment (03cf2026-90fd-412a-9a21-5c08de68ded0), precommit_create {{(pid=89864) _notify_loop /opt/stack/data/venv/lib/python3.12/site-packages/neutron_lib/callbacks/manager.py:184}}
May 28 01:51:19.884977 np0000001583 devstack@neutron-api.service[89864]: INFO neutron.db.segments_db [None req-f427b2ed-51ab-4145-9681-b284cba71756 admin admin] Added segment 03cf2026-90fd-412a-9a21-5c08de68ded0 of type geneve for network 1a3cc53e-d09d-45ba-a64b-48bf74dd1680
May 28 01:51:19.895936 np0000001583 devstack@neutron-api.service[89864]: DEBUG neutron_lib.callbacks.manager [None req-f427b2ed-51ab-4145-9681-b284cba71756 admin admin] Publish callbacks ['neutron.services.auto_allocate.db._ensure_external_network_default_value_callback-7721614094830'] for network (1a3cc53e-d09d-45ba-a64b-48bf74dd1680), precommit_create {{(pid=89864) _notify_loop /opt/stack/data/venv/lib/python3.12/site-packages/neutron_lib/callbacks/manager.py:184}}
May 28 01:51:19.905387 np0000001583 devstack@neutron-api.service[89864]: DEBUG neutron.plugins.ml2.drivers.ovn.mech_driver.mech_driver [None req-f427b2ed-51ab-4145-9681-b284cba71756 admin admin] Validating network segment with type geneve, segmentation ID 58776, physical network None {{(pid=89864) _validate_network_segments /opt/stack/neutron/neutron/plugins/ml2/drivers/ovn/mech_driver/mech_driver.py:643}}
May 28 01:51:19.905502 np0000001583 devstack@neutron-api.service[89864]: DEBUG neutron.db.ovn_revision_numbers_db [None req-f427b2ed-51ab-4145-9681-b284cba71756 admin admin] create_initial_revision uuid=1a3cc53e-d09d-45ba-a64b-48bf74dd1680, type=networks, rev=-1 {{(pid=89864) create_initial_revision /opt/stack/neutron/neutron/db/ovn_revision_numbers_db.py:98}}
May 28 01:51:19.912941 np0000001583 devstack@neutron-api.service[89864]: DEBUG neutron_lib.callbacks.manager [None req-f427b2ed-51ab-4145-9681-b284cba71756 admin admin] Publish callbacks ['neutron.plugins.ml2.ovo_rpc._ObjectChangeHandler.handle_event-3281139'] for network (1a3cc53e-d09d-45ba-a64b-48bf74dd1680), after_create {{(pid=89864) _notify_loop /opt/stack/data/venv/lib/python3.12/site-packages/neutron_lib/callbacks/manager.py:184}}
May 28 01:51:19.928843 np0000001583 devstack@neutron-api.service[89863]: DEBUG neutron.plugins.ml2.drivers.ovn.mech_driver.ovsdb.ovsdb_monitor [None req-fb360f5e-dac9-495d-800c-f54b980b1b43 None None] Hash Ring: Node e61e969b749a5eee8e17922353f344de (host: np0000001583) handling event "create" for row cfd1b77a-bf8a-4ae5-97a4-72aad25cb58e (table: Port_Binding) {{(pid=89863) notify /opt/stack/neutron/neutron/plugins/ml2/drivers/ovn/mech_driver/ovsdb/ovsdb_monitor.py:986}}
May 28 01:51:19.930627 np0000001583 devstack@neutron-api.service[89864]: DEBUG neutron.api.rpc.handlers.resources_rpc [None req-f427b2ed-51ab-4145-9681-b284cba71756 admin admin] Pushing event updated for resources: {'Network': ['ID=1a3cc53e-d09d-45ba-a64b-48bf74dd1680,revision_number=1']} {{(pid=89864) push /opt/stack/neutron/neutron/api/rpc/handlers/resources_rpc.py:237}}
May 28 01:51:19.930738 np0000001583 devstack@neutron-api.service[89863]: DEBUG neutron.plugins.ml2.drivers.ovn.mech_driver.ovsdb.ovsdb_monitor [None req-548347de-7687-4b1a-a5fb-9c7e4cffedd2 None None] Hash Ring: Node e61e969b749a5eee8e17922353f344de (host: np0000001583) handling event "create" for row e8d18416-8be1-4887-8aea-65d130e5b825 (table: Port_Group) {{(pid=89863) notify /opt/stack/neutron/neutron/plugins/ml2/drivers/ovn/mech_driver/ovsdb/ovsdb_monitor.py:986}}
May 28 01:51:19.932367 np0000001583 devstack@neutron-api.service[89863]: DEBUG neutron.plugins.ml2.drivers.ovn.mech_driver.ovsdb.ovsdb_monitor [None req-548347de-7687-4b1a-a5fb-9c7e4cffedd2 None None] Hash Ring: Node e61e969b749a5eee8e17922353f344de (host: np0000001583) handling event "update" for row 4524b467-4e05-4f3e-8b60-9d1df8eeab06 (table: Logical_Switch) {{(pid=89863) notify /opt/stack/neutron/neutron/plugins/ml2/drivers/ovn/mech_driver/ovsdb/ovsdb_monitor.py:986}}
May 28 01:51:19.937459 np0000001583 devstack@neutron-api.service[89864]: DEBUG ovsdbapp.backend.ovs_idl.transaction [None req-5c01dcec-f5c5-4680-965d-099e61eedd96 None None] Running txn n=1 command(idx=0): AddNetworkCommand(_result=None, network_uuid=1a3cc53e-d09d-45ba-a64b-48bf74dd1680, may_exist=True, columns={'external_ids': {'neutron:network_name': 'tempest-TestMultiAttachVolumeSwap-582528653-network', 'neutron:mtu': '1372', 'neutron:revision_number': '1', 'neutron:availability_zone_hints': '', 'neutron:provnet-network-type': 'geneve'}, 'other_config': {'mcast_snoop': 'false', 'mcast_flood_unregistered': 'false', 'vlan-passthru': 'false'}}) {{(pid=89864) do_commit /opt/stack/data/venv/lib/python3.12/site-packages/ovsdbapp/backend/ovs_idl/transaction.py:89}}
May 28 01:51:19.942255 np0000001583 devstack@neutron-api.service[89865]: DEBUG neutron.plugins.ml2.drivers.ovn.mech_driver.ovsdb.ovsdb_monitor [None req-2e3ed114-27cb-4bd0-a0f0-79dc042c3ab9 None None] Hash Ring: Node d438588810b250b8b834ec2e82b7d2a8 (host: np0000001583) handling event "create" for row 1a3cc53e-d09d-45ba-a64b-48bf74dd1680 (table: Logical_Switch) {{(pid=89865) notify /opt/stack/neutron/neutron/plugins/ml2/drivers/ovn/mech_driver/ovsdb/ovsdb_monitor.py:986}}
May 28 01:51:19.945152 np0000001583 devstack@neutron-api.service[89863]: DEBUG neutron.plugins.ml2.drivers.ovn.mech_driver.ovsdb.ovsdb_monitor [None req-fb360f5e-dac9-495d-800c-f54b980b1b43 None None] Hash Ring: Node e61e969b749a5eee8e17922353f344de (host: np0000001583) handling event "create" for row 1949a37a-2988-4618-ab47-1965fe5d5cf4 (table: Datapath_Binding) {{(pid=89863) notify /opt/stack/neutron/neutron/plugins/ml2/drivers/ovn/mech_driver/ovsdb/ovsdb_monitor.py:986}}
May 28 01:51:19.957875 np0000001583 devstack@neutron-api.service[89864]: INFO neutron.db.ovn_revision_numbers_db [None req-f427b2ed-51ab-4145-9681-b284cba71756 admin admin] Successfully bumped revision number for resource 1a3cc53e-d09d-45ba-a64b-48bf74dd1680 (type: networks) to 1
May 28 01:51:19.959681 np0000001583 devstack@neutron-api.service[89863]: DEBUG neutron_lib.callbacks.manager [None req-59f45c48-5f09-45e0-9b03-a390a138f003 admin admin] Publish callbacks ['neutron.plugins.ml2.drivers.ovn.mech_driver.mech_driver.OVNMechanismDriver._validate_allowed_address_pairs-247615'] for allowed_address_pair (059a04a3-8883-4555-ae64-b43aafb2e6a6), before_create {{(pid=89863) _notify_loop /opt/stack/data/venv/lib/python3.12/site-packages/neutron_lib/callbacks/manager.py:184}}
May 28 01:51:19.960211 np0000001583 devstack@neutron-api.service[89863]: DEBUG neutron_lib.callbacks.manager [None req-59f45c48-5f09-45e0-9b03-a390a138f003 admin admin] Publish callbacks [] for port (059a04a3-8883-4555-ae64-b43aafb2e6a6), precommit_create {{(pid=89863) _notify_loop /opt/stack/data/venv/lib/python3.12/site-packages/neutron_lib/callbacks/manager.py:184}}
May 28 01:51:19.960421 np0000001583 devstack@neutron-api.service[89863]: DEBUG neutron.plugins.ml2.drivers.ovn.mech_driver.mech_driver [None req-59f45c48-5f09-45e0-9b03-a390a138f003 admin admin] No provisioning block for port 059a04a3-8883-4555-ae64-b43aafb2e6a6 since it does not have a host {{(pid=89863) _is_port_provisioning_required /opt/stack/neutron/neutron/plugins/ml2/drivers/ovn/mech_driver/mech_driver.py:896}}
May 28 01:51:19.960603 np0000001583 devstack@neutron-api.service[89863]: DEBUG neutron.db.ovn_revision_numbers_db [None req-59f45c48-5f09-45e0-9b03-a390a138f003 admin admin] create_initial_revision uuid=059a04a3-8883-4555-ae64-b43aafb2e6a6, type=ports, rev=-1 {{(pid=89863) create_initial_revision /opt/stack/neutron/neutron/db/ovn_revision_numbers_db.py:98}}
May 28 01:51:19.967965 np0000001583 devstack@neutron-api.service[89864]: DEBUG neutron_lib.callbacks.manager [None req-f427b2ed-51ab-4145-9681-b284cba71756 admin admin] Publish callbacks ['neutron.plugins.ml2.plugin.SecurityGroupDbMixin._ensure_default_security_group_handler-477746'] for port (None), before_create {{(pid=89864) _notify_loop /opt/stack/data/venv/lib/python3.12/site-packages/neutron_lib/callbacks/manager.py:184}}
May 28 01:51:19.991034 np0000001583 devstack@neutron-api.service[89863]: DEBUG neutron_lib.callbacks.manager [None req-59f45c48-5f09-45e0-9b03-a390a138f003 admin admin] Publish callbacks ['neutron.plugins.ml2.ovo_rpc._ObjectChangeHandler.handle_event-2555263'] for port (059a04a3-8883-4555-ae64-b43aafb2e6a6), after_create {{(pid=89863) _notify_loop /opt/stack/data/venv/lib/python3.12/site-packages/neutron_lib/callbacks/manager.py:184}}
May 28 01:51:19.998808 np0000001583 devstack@neutron-api.service[89865]: DEBUG neutron.api.v2.base [None req-abfe7ec7-0c52-4878-a2b0-6fbe9c42b4b4 admin admin] Request body: {'network': {'name': 'tempest-UpdateMultiattachVolumeNegativeTest-1466775928-network', 'project_id': '839a6acd336147b68cc2fe738beedd15'}} {{(pid=89865) prepare_request_body /opt/stack/neutron/neutron/api/v2/base.py:727}}
May 28 01:51:20.010428 np0000001583 devstack@neutron-api.service[89865]: DEBUG neutron.pecan_wsgi.hooks.quota_enforcement [None req-abfe7ec7-0c52-4878-a2b0-6fbe9c42b4b4 admin admin] Made reservation on behalf of 839a6acd336147b68cc2fe738beedd15 for: {'network': 1} {{(pid=89865) before /opt/stack/neutron/neutron/pecan_wsgi/hooks/quota_enforcement.py:66}}
May 28 01:51:20.012975 np0000001583 devstack@neutron-api.service[89865]: DEBUG neutron_lib.callbacks.manager [None req-abfe7ec7-0c52-4878-a2b0-6fbe9c42b4b4 admin admin] Publish callbacks ['neutron.plugins.ml2.plugin.SecurityGroupDbMixin._ensure_default_security_group_handler-453553'] for network (None), before_create {{(pid=89865) _notify_loop /opt/stack/data/venv/lib/python3.12/site-packages/neutron_lib/callbacks/manager.py:184}}
May 28 01:51:20.017305 np0000001583 devstack@neutron-api.service[89865]: DEBUG neutron_lib.callbacks.manager [None req-abfe7ec7-0c52-4878-a2b0-6fbe9c42b4b4 admin admin] Publish callbacks [] for security_group (None), before_create {{(pid=89865) _notify_loop /opt/stack/data/venv/lib/python3.12/site-packages/neutron_lib/callbacks/manager.py:184}}
May 28 01:51:20.025470 np0000001583 devstack@neutron-api.service[89864]: DEBUG neutron_lib.callbacks.manager [None req-f427b2ed-51ab-4145-9681-b284cba71756 admin admin] Publish callbacks ['neutron.plugins.ml2.drivers.ovn.mech_driver.mech_driver.OVNMechanismDriver._validate_allowed_address_pairs-224787'] for allowed_address_pair (627aa5d9-c4ef-4b3f-b14e-4439220c1815), before_create {{(pid=89864) _notify_loop /opt/stack/data/venv/lib/python3.12/site-packages/neutron_lib/callbacks/manager.py:184}}
May 28 01:51:20.025992 np0000001583 devstack@neutron-api.service[89864]: DEBUG neutron_lib.callbacks.manager [None req-f427b2ed-51ab-4145-9681-b284cba71756 admin admin] Publish callbacks [] for port (627aa5d9-c4ef-4b3f-b14e-4439220c1815), precommit_create {{(pid=89864) _notify_loop /opt/stack/data/venv/lib/python3.12/site-packages/neutron_lib/callbacks/manager.py:184}}
May 28 01:51:20.026322 np0000001583 devstack@neutron-api.service[89864]: DEBUG neutron.plugins.ml2.drivers.ovn.mech_driver.mech_driver [None req-f427b2ed-51ab-4145-9681-b284cba71756 admin admin] No provisioning block for port 627aa5d9-c4ef-4b3f-b14e-4439220c1815 since it does not have a host {{(pid=89864) _is_port_provisioning_required /opt/stack/neutron/neutron/plugins/ml2/drivers/ovn/mech_driver/mech_driver.py:896}}
May 28 01:51:20.026435 np0000001583 devstack@neutron-api.service[89864]: DEBUG neutron.db.ovn_revision_numbers_db [None req-f427b2ed-51ab-4145-9681-b284cba71756 admin admin] create_initial_revision uuid=627aa5d9-c4ef-4b3f-b14e-4439220c1815, type=ports, rev=-1 {{(pid=89864) create_initial_revision /opt/stack/neutron/neutron/db/ovn_revision_numbers_db.py:98}}
May 28 01:51:20.027036 np0000001583 devstack@neutron-api.service[89863]: DEBUG neutron.api.rpc.handlers.resources_rpc [None req-59f45c48-5f09-45e0-9b03-a390a138f003 admin admin] Pushing event updated for resources: {'Port': ['ID=059a04a3-8883-4555-ae64-b43aafb2e6a6,revision_number=1']} {{(pid=89863) push /opt/stack/neutron/neutron/api/rpc/handlers/resources_rpc.py:237}}
