May 18 20:31:39.712638 np0000000992 devstack@neutron-api.service[86698]: DEBUG neutron.plugins.ml2.drivers.ovn.mech_driver.ovsdb.maintenance [-] Touching Hash Ring node "4c76f0fe8ce25b7d8df6d94c2946b6a9" from periodic health check thread {{(pid=86698) touch_hash_ring_node /opt/stack/neutron/neutron/plugins/ml2/drivers/ovn/mech_driver/ovsdb/maintenance.py:1466}}
May 18 20:31:40.452779 np0000000992 devstack@neutron-api.service[86697]: DEBUG futurist.periodics [-] Submitting periodic callback 'neutron.plugins.ml2.drivers.ovn.mech_driver.ovsdb.maintenance.HashRingHealthCheckPeriodics.touch_hash_ring_node' {{(pid=86697) _process_scheduled /opt/stack/data/venv/lib/python3.12/site-packages/futurist/periodics.py:784}}
May 18 20:31:40.453269 np0000000992 devstack@neutron-api.service[86697]: DEBUG neutron.plugins.ml2.drivers.ovn.mech_driver.ovsdb.maintenance [-] Touching Hash Ring node "a9976f26475a5f3ca2e42d0280ab8a7a" from periodic health check thread {{(pid=86697) touch_hash_ring_node /opt/stack/neutron/neutron/plugins/ml2/drivers/ovn/mech_driver/ovsdb/maintenance.py:1466}}
May 18 20:31:49.717840 np0000000992 devstack@neutron-api.service[86698]: DEBUG dbcounter [-] [86698] Writing DB stats neutron:UPDATE=1,neutron:SELECT=1 {{(pid=86698) stat_writer /opt/stack/data/venv/lib/python3.12/site-packages/dbcounter.py:115}}
May 18 20:31:50.458620 np0000000992 devstack@neutron-api.service[86697]: DEBUG dbcounter [-] [86697] Writing DB stats neutron:UPDATE=1,neutron:SELECT=1 {{(pid=86697) stat_writer /opt/stack/data/venv/lib/python3.12/site-packages/dbcounter.py:115}}
May 18 20:31:54.713227 np0000000992 devstack@neutron-api.service[86698]: DEBUG futurist.periodics [-] Submitting periodic callback 'neutron.plugins.ml2.drivers.ovn.mech_driver.ovsdb.maintenance.HashRingHealthCheckPeriodics.touch_hash_ring_node' {{(pid=86698) _process_scheduled /opt/stack/data/venv/lib/python3.12/site-packages/futurist/periodics.py:784}}
May 18 20:31:54.713227 np0000000992 devstack@neutron-api.service[86698]: DEBUG neutron.plugins.ml2.drivers.ovn.mech_driver.ovsdb.maintenance [-] Touching Hash Ring node "4c76f0fe8ce25b7d8df6d94c2946b6a9" from periodic health check thread {{(pid=86698) touch_hash_ring_node /opt/stack/neutron/neutron/plugins/ml2/drivers/ovn/mech_driver/ovsdb/maintenance.py:1466}}
May 18 20:31:55.453311 np0000000992 devstack@neutron-api.service[86697]: DEBUG futurist.periodics [-] Submitting periodic callback 'neutron.plugins.ml2.drivers.ovn.mech_driver.ovsdb.maintenance.HashRingHealthCheckPeriodics.touch_hash_ring_node' {{(pid=86697) _process_scheduled /opt/stack/data/venv/lib/python3.12/site-packages/futurist/periodics.py:784}}
May 18 20:31:55.453770 np0000000992 devstack@neutron-api.service[86697]: DEBUG neutron.plugins.ml2.drivers.ovn.mech_driver.ovsdb.maintenance [-] Touching Hash Ring node "a9976f26475a5f3ca2e42d0280ab8a7a" from periodic health check thread {{(pid=86697) touch_hash_ring_node /opt/stack/neutron/neutron/plugins/ml2/drivers/ovn/mech_driver/ovsdb/maintenance.py:1466}}
May 18 20:32:04.721716 np0000000992 devstack@neutron-api.service[86698]: DEBUG dbcounter [-] [86698] Writing DB stats neutron:UPDATE=1,neutron:SELECT=1 {{(pid=86698) stat_writer /opt/stack/data/venv/lib/python3.12/site-packages/dbcounter.py:115}}
May 18 20:32:05.459516 np0000000992 devstack@neutron-api.service[86697]: DEBUG dbcounter [-] [86697] Writing DB stats neutron:UPDATE=1,neutron:SELECT=1 {{(pid=86697) stat_writer /opt/stack/data/venv/lib/python3.12/site-packages/dbcounter.py:115}}
May 18 20:32:06.340439 np0000000992 devstack@neutron-api.service[86697]: DEBUG neutron.api.wsgi [None req-5e3ddd0e-8f37-4165-927a-6a7f9c1abe0c tempest-verify_tempest_config-1701546920 tempest-verify_tempest_config-1701546920-project-member] https://10.4.3.232/networking/v2.0/extensions returned with HTTP 200 {{(pid=86697) __call__ /opt/stack/neutron/neutron/api/wsgi.py:540}}
May 18 20:32:06.340819 np0000000992 devstack@neutron-api.service[86697]: [pid: 86697|app: 0|req: 20/41] 10.4.3.232 () {66 vars in 1261 bytes} [Mon May 18 20:32:06 2026] GET /networking/v2.0/extensions => generated 15209 bytes in 3 msecs (HTTP/1.1 200) 4 headers in 159 bytes (1 switches on core 0)
May 18 20:32:06.835647 np0000000992 devstack@neutron-api.service[86698]: DEBUG neutron_lib.callbacks.manager [None req-65907d48-5872-4f00-941b-c13d8b63d101 admin admin] Publish callbacks [] for security_group (None), before_create {{(pid=86698) _notify_loop /opt/stack/data/venv/lib/python3.12/site-packages/neutron_lib/callbacks/manager.py:184}}
May 18 20:32:06.921533 np0000000992 devstack@neutron-api.service[86698]: DEBUG neutron_lib.callbacks.manager [None req-65907d48-5872-4f00-941b-c13d8b63d101 admin admin] Publish callbacks ['neutron.plugins.ml2.drivers.ovn.mech_driver.mech_driver.OVNMechanismDriver._create_security_group_precommit-832475'] for security_group (904a79da-55bc-4022-a153-9b3b5219559c), precommit_create {{(pid=86698) _notify_loop /opt/stack/data/venv/lib/python3.12/site-packages/neutron_lib/callbacks/manager.py:184}}
May 18 20:32:06.921660 np0000000992 devstack@neutron-api.service[86698]: DEBUG neutron.db.ovn_revision_numbers_db [None req-65907d48-5872-4f00-941b-c13d8b63d101 admin admin] create_initial_revision uuid=904a79da-55bc-4022-a153-9b3b5219559c, type=security_groups, rev=-1 {{(pid=86698) create_initial_revision /opt/stack/neutron/neutron/db/ovn_revision_numbers_db.py:98}}
May 18 20:32:06.922605 np0000000992 devstack@neutron-api.service[86698]: DEBUG neutron.db.ovn_revision_numbers_db [None req-65907d48-5872-4f00-941b-c13d8b63d101 admin admin] create_initial_revision uuid=3bfe25ad-9252-43b3-ae52-2a3352521f92, type=security_group_rules, rev=-1 {{(pid=86698) create_initial_revision /opt/stack/neutron/neutron/db/ovn_revision_numbers_db.py:98}}
May 18 20:32:06.923384 np0000000992 devstack@neutron-api.service[86698]: DEBUG neutron.db.ovn_revision_numbers_db [None req-65907d48-5872-4f00-941b-c13d8b63d101 admin admin] create_initial_revision uuid=6b588b23-08cd-4e63-86e5-b8ba3451c432, type=security_group_rules, rev=-1 {{(pid=86698) create_initial_revision /opt/stack/neutron/neutron/db/ovn_revision_numbers_db.py:98}}
May 18 20:32:06.924186 np0000000992 devstack@neutron-api.service[86698]: DEBUG neutron.db.ovn_revision_numbers_db [None req-65907d48-5872-4f00-941b-c13d8b63d101 admin admin] create_initial_revision uuid=90826337-c856-4609-b681-0cf28a5fe871, type=security_group_rules, rev=-1 {{(pid=86698) create_initial_revision /opt/stack/neutron/neutron/db/ovn_revision_numbers_db.py:98}}
May 18 20:32:06.924881 np0000000992 devstack@neutron-api.service[86698]: DEBUG neutron.db.ovn_revision_numbers_db [None req-65907d48-5872-4f00-941b-c13d8b63d101 admin admin] create_initial_revision uuid=e1cee8c7-ebb3-4b77-94a9-9b5958f329a5, type=security_group_rules, rev=-1 {{(pid=86698) create_initial_revision /opt/stack/neutron/neutron/db/ovn_revision_numbers_db.py:98}}
May 18 20:32:06.927560 np0000000992 devstack@neutron-api.service[86698]: DEBUG neutron_lib.callbacks.manager [None req-65907d48-5872-4f00-941b-c13d8b63d101 admin admin] Publish callbacks ['neutron.plugins.ml2.drivers.ovn.mech_driver.mech_driver.OVNMechanismDriver._create_security_group-832465', 'neutron.plugins.ml2.ovo_rpc._ObjectChangeHandler.handle_event-1160101'] for security_group (904a79da-55bc-4022-a153-9b3b5219559c), after_create {{(pid=86698) _notify_loop /opt/stack/data/venv/lib/python3.12/site-packages/neutron_lib/callbacks/manager.py:184}}
May 18 20:32:06.928097 np0000000992 devstack@neutron-api.service[86698]: DEBUG ovsdbapp.backend.ovs_idl.transaction [None req-628bf017-7826-418b-9bba-55cdbbe950e5 None None] Running txn n=1 command(idx=0): PgAddCommand(_result=None, name=pg_904a79da_55bc_4022_a153_9b3b5219559c, may_exist=False, columns={'acls': [], 'external_ids': {'neutron:security_group_id': '904a79da-55bc-4022-a153-9b3b5219559c'}}) {{(pid=86698) do_commit /opt/stack/data/venv/lib/python3.12/site-packages/ovsdbapp/backend/ovs_idl/transaction.py:89}}
May 18 20:32:06.928417 np0000000992 devstack@neutron-api.service[86698]: DEBUG ovsdbapp.backend.ovs_idl.transaction [None req-628bf017-7826-418b-9bba-55cdbbe950e5 None None] Running txn n=1 command(idx=1): PgAclAddCommand(_result=None, entity=pg_904a79da_55bc_4022_a153_9b3b5219559c, direction=from-lport, priority=1002, match=inport == @pg_904a79da_55bc_4022_a153_9b3b5219559c && ip4, action=allow-related, log=False, may_exist=True, severity=[], name=[], meter=[], external_ids={'neutron:security_group_rule_id': '3bfe25ad-9252-43b3-ae52-2a3352521f92'}) {{(pid=86698) do_commit /opt/stack/data/venv/lib/python3.12/site-packages/ovsdbapp/backend/ovs_idl/transaction.py:89}}
May 18 20:32:06.928707 np0000000992 devstack@neutron-api.service[86698]: DEBUG ovsdbapp.backend.ovs_idl.transaction [None req-628bf017-7826-418b-9bba-55cdbbe950e5 None None] Running txn n=1 command(idx=2): PgAclAddCommand(_result=None, entity=pg_904a79da_55bc_4022_a153_9b3b5219559c, direction=to-lport, priority=1002, match=outport == @pg_904a79da_55bc_4022_a153_9b3b5219559c && ip6 && ip6.src == $pg_904a79da_55bc_4022_a153_9b3b5219559c_ip6, action=allow-related, log=False, may_exist=True, severity=[], name=[], meter=[], external_ids={'neutron:security_group_rule_id': '6b588b23-08cd-4e63-86e5-b8ba3451c432'}) {{(pid=86698) do_commit /opt/stack/data/venv/lib/python3.12/site-packages/ovsdbapp/backend/ovs_idl/transaction.py:89}}
May 18 20:32:06.928985 np0000000992 devstack@neutron-api.service[86698]: DEBUG ovsdbapp.backend.ovs_idl.transaction [None req-628bf017-7826-418b-9bba-55cdbbe950e5 None None] Running txn n=1 command(idx=3): PgAclAddCommand(_result=None, entity=pg_904a79da_55bc_4022_a153_9b3b5219559c, direction=from-lport, priority=1002, match=inport == @pg_904a79da_55bc_4022_a153_9b3b5219559c && ip6, action=allow-related, log=False, may_exist=True, severity=[], name=[], meter=[], external_ids={'neutron:security_group_rule_id': '90826337-c856-4609-b681-0cf28a5fe871'}) {{(pid=86698) do_commit /opt/stack/data/venv/lib/python3.12/site-packages/ovsdbapp/backend/ovs_idl/transaction.py:89}}
May 18 20:32:06.929244 np0000000992 devstack@neutron-api.service[86698]: DEBUG ovsdbapp.backend.ovs_idl.transaction [None req-628bf017-7826-418b-9bba-55cdbbe950e5 None None] Running txn n=1 command(idx=4): PgAclAddCommand(_result=None, entity=pg_904a79da_55bc_4022_a153_9b3b5219559c, direction=to-lport, priority=1002, match=outport == @pg_904a79da_55bc_4022_a153_9b3b5219559c && ip4 && ip4.src == $pg_904a79da_55bc_4022_a153_9b3b5219559c_ip4, action=allow-related, log=False, may_exist=True, severity=[], name=[], meter=[], external_ids={'neutron:security_group_rule_id': 'e1cee8c7-ebb3-4b77-94a9-9b5958f329a5'}) {{(pid=86698) do_commit /opt/stack/data/venv/lib/python3.12/site-packages/ovsdbapp/backend/ovs_idl/transaction.py:89}}
May 18 20:32:06.935161 np0000000992 devstack@neutron-api.service[86698]: DEBUG neutron.plugins.ml2.drivers.ovn.mech_driver.ovsdb.ovsdb_monitor [None req-628bf017-7826-418b-9bba-55cdbbe950e5 None None] Touching Hash Ring node "4c76f0fe8ce25b7d8df6d94c2946b6a9" from IDL notify handler {{(pid=86698) notify /opt/stack/neutron/neutron/plugins/ml2/drivers/ovn/mech_driver/ovsdb/ovsdb_monitor.py:934}}
May 18 20:32:06.936852 np0000000992 devstack@neutron-api.service[86697]: DEBUG neutron.plugins.ml2.drivers.ovn.mech_driver.ovsdb.ovsdb_monitor [None req-85e58642-3d91-4d60-9a0b-d3b7ed52e6d9 None None] Touching Hash Ring node "a9976f26475a5f3ca2e42d0280ab8a7a" from IDL notify handler {{(pid=86697) notify /opt/stack/neutron/neutron/plugins/ml2/drivers/ovn/mech_driver/ovsdb/ovsdb_monitor.py:934}}
May 18 20:32:06.940010 np0000000992 devstack@neutron-api.service[86698]: DEBUG neutron.plugins.ml2.drivers.ovn.mech_driver.ovsdb.ovsdb_monitor [None req-628bf017-7826-418b-9bba-55cdbbe950e5 None None] Hash Ring: Node 4c76f0fe8ce25b7d8df6d94c2946b6a9 (host: np0000000992) handling event "create" for row 43f97054-927d-4f4c-9fc3-8530a6307403 (table: ACL) {{(pid=86698) notify /opt/stack/neutron/neutron/plugins/ml2/drivers/ovn/mech_driver/ovsdb/ovsdb_monitor.py:942}}
May 18 20:32:06.940314 np0000000992 devstack@neutron-api.service[86698]: DEBUG neutron.plugins.ml2.drivers.ovn.mech_driver.ovsdb.ovsdb_monitor [None req-628bf017-7826-418b-9bba-55cdbbe950e5 None None] Touching Hash Ring node "4c76f0fe8ce25b7d8df6d94c2946b6a9" from IDL notify handler {{(pid=86698) notify /opt/stack/neutron/neutron/plugins/ml2/drivers/ovn/mech_driver/ovsdb/ovsdb_monitor.py:934}}
May 18 20:32:06.940354 np0000000992 devstack@neutron-api.service[86697]: DEBUG neutron.plugins.ml2.drivers.ovn.mech_driver.ovsdb.ovsdb_monitor [None req-85e58642-3d91-4d60-9a0b-d3b7ed52e6d9 None None] Hash Ring: Node a9976f26475a5f3ca2e42d0280ab8a7a (host: np0000000992) handling event "create" for row 428e4144-4bbe-4487-99b2-8b605407cad7 (table: ACL) {{(pid=86697) notify /opt/stack/neutron/neutron/plugins/ml2/drivers/ovn/mech_driver/ovsdb/ovsdb_monitor.py:942}}
May 18 20:32:06.942095 np0000000992 devstack@neutron-api.service[86698]: DEBUG neutron.plugins.ml2.drivers.ovn.mech_driver.ovsdb.ovsdb_monitor [None req-628bf017-7826-418b-9bba-55cdbbe950e5 None None] Hash Ring: Node 4c76f0fe8ce25b7d8df6d94c2946b6a9 (host: np0000000992) handling event "create" for row e79fb173-5ecf-4c47-be85-caba11612fa6 (table: ACL) {{(pid=86698) notify /opt/stack/neutron/neutron/plugins/ml2/drivers/ovn/mech_driver/ovsdb/ovsdb_monitor.py:942}}
May 18 20:32:06.942751 np0000000992 devstack@neutron-api.service[86698]: DEBUG neutron.plugins.ml2.drivers.ovn.mech_driver.ovsdb.ovsdb_monitor [None req-628bf017-7826-418b-9bba-55cdbbe950e5 None None] Touching Hash Ring node "4c76f0fe8ce25b7d8df6d94c2946b6a9" from IDL notify handler {{(pid=86698) notify /opt/stack/neutron/neutron/plugins/ml2/drivers/ovn/mech_driver/ovsdb/ovsdb_monitor.py:934}}
May 18 20:32:06.944378 np0000000992 devstack@neutron-api.service[86698]: DEBUG neutron.plugins.ml2.drivers.ovn.mech_driver.ovsdb.ovsdb_monitor [None req-628bf017-7826-418b-9bba-55cdbbe950e5 None None] Hash Ring: Node 4c76f0fe8ce25b7d8df6d94c2946b6a9 (host: np0000000992) handling event "create" for row ed62fc2b-0586-47bf-9081-b0c077c99f87 (table: ACL) {{(pid=86698) notify /opt/stack/neutron/neutron/plugins/ml2/drivers/ovn/mech_driver/ovsdb/ovsdb_monitor.py:942}}
May 18 20:32:06.945023 np0000000992 devstack@neutron-api.service[86698]: DEBUG neutron.plugins.ml2.drivers.ovn.mech_driver.ovsdb.ovsdb_monitor [None req-628bf017-7826-418b-9bba-55cdbbe950e5 None None] Touching Hash Ring node "4c76f0fe8ce25b7d8df6d94c2946b6a9" from IDL notify handler {{(pid=86698) notify /opt/stack/neutron/neutron/plugins/ml2/drivers/ovn/mech_driver/ovsdb/ovsdb_monitor.py:934}}
May 18 20:32:06.946491 np0000000992 devstack@neutron-api.service[86698]: DEBUG neutron.plugins.ml2.drivers.ovn.mech_driver.ovsdb.ovsdb_monitor [None req-628bf017-7826-418b-9bba-55cdbbe950e5 None None] Hash Ring: Node 4c76f0fe8ce25b7d8df6d94c2946b6a9 (host: np0000000992) handling event "create" for row 68937979-1356-4d24-a464-1d64ebd354cb (table: Port_Group) {{(pid=86698) notify /opt/stack/neutron/neutron/plugins/ml2/drivers/ovn/mech_driver/ovsdb/ovsdb_monitor.py:942}}
May 18 20:32:06.967748 np0000000992 devstack@neutron-api.service[86698]: INFO neutron.db.ovn_revision_numbers_db [None req-65907d48-5872-4f00-941b-c13d8b63d101 admin admin] Successfully bumped revision number for resource 904a79da-55bc-4022-a153-9b3b5219559c (type: security_groups) to 1
May 18 20:32:06.979254 np0000000992 devstack@neutron-api.service[86698]: INFO neutron.db.ovn_revision_numbers_db [None req-65907d48-5872-4f00-941b-c13d8b63d101 admin admin] Successfully bumped revision number for resource 3bfe25ad-9252-43b3-ae52-2a3352521f92 (type: security_group_rules) to 0
May 18 20:32:06.987602 np0000000992 devstack@neutron-api.service[86698]: INFO neutron.db.ovn_revision_numbers_db [None req-65907d48-5872-4f00-941b-c13d8b63d101 admin admin] Successfully bumped revision number for resource 6b588b23-08cd-4e63-86e5-b8ba3451c432 (type: security_group_rules) to 0
May 18 20:32:06.995640 np0000000992 devstack@neutron-api.service[86698]: INFO neutron.db.ovn_revision_numbers_db [None req-65907d48-5872-4f00-941b-c13d8b63d101 admin admin] Successfully bumped revision number for resource 90826337-c856-4609-b681-0cf28a5fe871 (type: security_group_rules) to 0
May 18 20:32:07.004149 np0000000992 devstack@neutron-api.service[86698]: INFO neutron.db.ovn_revision_numbers_db [None req-65907d48-5872-4f00-941b-c13d8b63d101 admin admin] Successfully bumped revision number for resource e1cee8c7-ebb3-4b77-94a9-9b5958f329a5 (type: security_group_rules) to 0
May 18 20:32:07.019460 np0000000992 devstack@neutron-api.service[86698]: DEBUG neutron.api.rpc.handlers.resources_rpc [None req-65907d48-5872-4f00-941b-c13d8b63d101 admin admin] Pushing event updated for resources: {'SecurityGroup': ['ID=904a79da-55bc-4022-a153-9b3b5219559c,revision_number=1']} {{(pid=86698) push /opt/stack/neutron/neutron/api/rpc/handlers/resources_rpc.py:237}}
May 18 20:32:07.034967 np0000000992 devstack@neutron-api.service[86698]: [pid: 86698|app: 0|req: 22/42] 10.4.3.232 () {66 vars in 1389 bytes} [Mon May 18 20:32:06 2026] GET /networking/v2.0/security-groups?project_id=2c77061506ab4b6f911d89f8462dc3c8&name=default => generated 2921 bytes in 371 msecs (HTTP/1.1 200) 4 headers in 158 bytes (1 switches on core 0)
May 18 20:32:07.063979 np0000000992 devstack@neutron-api.service[86697]: DEBUG neutron_lib.callbacks.manager [None req-36a816d3-e2d4-4058-9eb0-9c55553bacb4 admin admin] Publish callbacks [] for security_group (904a79da-55bc-4022-a153-9b3b5219559c), before_delete {{(pid=86697) _notify_loop /opt/stack/data/venv/lib/python3.12/site-packages/neutron_lib/callbacks/manager.py:184}}
May 18 20:32:07.077895 np0000000992 devstack@neutron-api.service[86697]: DEBUG neutron_lib.callbacks.manager [None req-36a816d3-e2d4-4058-9eb0-9c55553bacb4 admin admin] Publish callbacks ['neutron.plugins.ml2.drivers.ovn.mech_driver.mech_driver.OVNMechanismDriver._delete_security_group_precommit-831203'] for security_group (904a79da-55bc-4022-a153-9b3b5219559c), precommit_delete {{(pid=86697) _notify_loop /opt/stack/data/venv/lib/python3.12/site-packages/neutron_lib/callbacks/manager.py:184}}
May 18 20:32:07.102027 np0000000992 devstack@neutron-api.service[86697]: DEBUG neutron.db.ovn_revision_numbers_db [None req-36a816d3-e2d4-4058-9eb0-9c55553bacb4 admin admin] delete_revision(6b588b23-08cd-4e63-86e5-b8ba3451c432) {{(pid=86697) delete_revision /opt/stack/neutron/neutron/db/ovn_revision_numbers_db.py:112}}
May 18 20:32:07.105440 np0000000992 devstack@neutron-api.service[86697]: DEBUG neutron.db.ovn_revision_numbers_db [None req-36a816d3-e2d4-4058-9eb0-9c55553bacb4 admin admin] delete_revision(e1cee8c7-ebb3-4b77-94a9-9b5958f329a5) {{(pid=86697) delete_revision /opt/stack/neutron/neutron/db/ovn_revision_numbers_db.py:112}}
May 18 20:32:07.107296 np0000000992 devstack@neutron-api.service[86697]: DEBUG ovsdbapp.backend.ovs_idl.transaction [None req-85e58642-3d91-4d60-9a0b-d3b7ed52e6d9 None None] Running txn n=1 command(idx=0): PgAclDelCommand(_result=None, entity=pg_904a79da_55bc_4022_a153_9b3b5219559c, if_exists=False, conditions=[('direction', '=', 'to-lport'), ('priority', '=', 1002), ('match', '=', 'outport == @pg_904a79da_55bc_4022_a153_9b3b5219559c && ip6 && ip6.src == $pg_904a79da_55bc_4022_a153_9b3b5219559c_ip6')]) {{(pid=86697) do_commit /opt/stack/data/venv/lib/python3.12/site-packages/ovsdbapp/backend/ovs_idl/transaction.py:89}}
May 18 20:32:07.107668 np0000000992 devstack@neutron-api.service[86697]: DEBUG ovsdbapp.backend.ovs_idl.transaction [None req-85e58642-3d91-4d60-9a0b-d3b7ed52e6d9 None None] Running txn n=1 command(idx=1): PgAclDelCommand(_result=None, entity=pg_904a79da_55bc_4022_a153_9b3b5219559c, if_exists=False, conditions=[('direction', '=', 'to-lport'), ('priority', '=', 1002), ('match', '=', 'outport == @pg_904a79da_55bc_4022_a153_9b3b5219559c && ip4 && ip4.src == $pg_904a79da_55bc_4022_a153_9b3b5219559c_ip4')]) {{(pid=86697) do_commit /opt/stack/data/venv/lib/python3.12/site-packages/ovsdbapp/backend/ovs_idl/transaction.py:89}}
May 18 20:32:07.110465 np0000000992 devstack@neutron-api.service[86697]: DEBUG neutron.plugins.ml2.drivers.ovn.mech_driver.ovsdb.ovsdb_monitor [None req-85e58642-3d91-4d60-9a0b-d3b7ed52e6d9 None None] Touching Hash Ring node "a9976f26475a5f3ca2e42d0280ab8a7a" from IDL notify handler {{(pid=86697) notify /opt/stack/neutron/neutron/plugins/ml2/drivers/ovn/mech_driver/ovsdb/ovsdb_monitor.py:934}}
May 18 20:32:07.110517 np0000000992 devstack@neutron-api.service[86698]: DEBUG neutron.plugins.ml2.drivers.ovn.mech_driver.ovsdb.ovsdb_monitor [None req-628bf017-7826-418b-9bba-55cdbbe950e5 None None] Touching Hash Ring node "4c76f0fe8ce25b7d8df6d94c2946b6a9" from IDL notify handler {{(pid=86698) notify /opt/stack/neutron/neutron/plugins/ml2/drivers/ovn/mech_driver/ovsdb/ovsdb_monitor.py:934}}
May 18 20:32:07.112778 np0000000992 devstack@neutron-api.service[86698]: DEBUG neutron.plugins.ml2.drivers.ovn.mech_driver.ovsdb.ovsdb_monitor [None req-628bf017-7826-418b-9bba-55cdbbe950e5 None None] Hash Ring: Node 4c76f0fe8ce25b7d8df6d94c2946b6a9 (host: np0000000992) handling event "delete" for row ed62fc2b-0586-47bf-9081-b0c077c99f87 (table: ACL) {{(pid=86698) notify /opt/stack/neutron/neutron/plugins/ml2/drivers/ovn/mech_driver/ovsdb/ovsdb_monitor.py:942}}
May 18 20:32:07.113603 np0000000992 devstack@neutron-api.service[86698]: DEBUG neutron.plugins.ml2.drivers.ovn.mech_driver.ovsdb.ovsdb_monitor [None req-628bf017-7826-418b-9bba-55cdbbe950e5 None None] Touching Hash Ring node "4c76f0fe8ce25b7d8df6d94c2946b6a9" from IDL notify handler {{(pid=86698) notify /opt/stack/neutron/neutron/plugins/ml2/drivers/ovn/mech_driver/ovsdb/ovsdb_monitor.py:934}}
May 18 20:32:07.113658 np0000000992 devstack@neutron-api.service[86697]: DEBUG neutron.plugins.ml2.drivers.ovn.mech_driver.ovsdb.ovsdb_monitor [None req-85e58642-3d91-4d60-9a0b-d3b7ed52e6d9 None None] Hash Ring: Node a9976f26475a5f3ca2e42d0280ab8a7a (host: np0000000992) handling event "delete" for row 428e4144-4bbe-4487-99b2-8b605407cad7 (table: ACL) {{(pid=86697) notify /opt/stack/neutron/neutron/plugins/ml2/drivers/ovn/mech_driver/ovsdb/ovsdb_monitor.py:942}}
May 18 20:32:07.115969 np0000000992 devstack@neutron-api.service[86698]: DEBUG neutron.plugins.ml2.drivers.ovn.mech_driver.ovsdb.ovsdb_monitor [None req-628bf017-7826-418b-9bba-55cdbbe950e5 None None] Hash Ring: Node 4c76f0fe8ce25b7d8df6d94c2946b6a9 (host: np0000000992) handling event "update" for row 68937979-1356-4d24-a464-1d64ebd354cb (table: Port_Group) {{(pid=86698) notify /opt/stack/neutron/neutron/plugins/ml2/drivers/ovn/mech_driver/ovsdb/ovsdb_monitor.py:942}}
May 18 20:32:07.142679 np0000000992 devstack@neutron-api.service[86697]: DEBUG neutron_lib.callbacks.manager [None req-36a816d3-e2d4-4058-9eb0-9c55553bacb4 admin admin] Publish callbacks ['neutron.plugins.ml2.drivers.ovn.mech_driver.mech_driver.OVNMechanismDriver._delete_security_group-831221', 'neutron.plugins.ml2.ovo_rpc._ObjectChangeHandler.handle_event-1726434'] for security_group (904a79da-55bc-4022-a153-9b3b5219559c), after_delete {{(pid=86697) _notify_loop /opt/stack/data/venv/lib/python3.12/site-packages/neutron_lib/callbacks/manager.py:184}}
May 18 20:32:07.143392 np0000000992 devstack@neutron-api.service[86697]: DEBUG ovsdbapp.backend.ovs_idl.transaction [None req-85e58642-3d91-4d60-9a0b-d3b7ed52e6d9 None None] Running txn n=1 command(idx=0): PgDelCommand(_result=None, name=pg_904a79da_55bc_4022_a153_9b3b5219559c, if_exists=True) {{(pid=86697) do_commit /opt/stack/data/venv/lib/python3.12/site-packages/ovsdbapp/backend/ovs_idl/transaction.py:89}}
May 18 20:32:07.146569 np0000000992 devstack@neutron-api.service[86698]: DEBUG neutron.plugins.ml2.drivers.ovn.mech_driver.ovsdb.ovsdb_monitor [None req-628bf017-7826-418b-9bba-55cdbbe950e5 None None] Touching Hash Ring node "4c76f0fe8ce25b7d8df6d94c2946b6a9" from IDL notify handler {{(pid=86698) notify /opt/stack/neutron/neutron/plugins/ml2/drivers/ovn/mech_driver/ovsdb/ovsdb_monitor.py:934}}
May 18 20:32:07.147848 np0000000992 devstack@neutron-api.service[86697]: DEBUG neutron.db.ovn_revision_numbers_db [None req-36a816d3-e2d4-4058-9eb0-9c55553bacb4 admin admin] delete_revision(904a79da-55bc-4022-a153-9b3b5219559c) {{(pid=86697) delete_revision /opt/stack/neutron/neutron/db/ovn_revision_numbers_db.py:112}}
May 18 20:32:07.148938 np0000000992 devstack@neutron-api.service[86698]: DEBUG neutron.plugins.ml2.drivers.ovn.mech_driver.ovsdb.ovsdb_monitor [None req-628bf017-7826-418b-9bba-55cdbbe950e5 None None] Hash Ring: Node 4c76f0fe8ce25b7d8df6d94c2946b6a9 (host: np0000000992) handling event "delete" for row 43f97054-927d-4f4c-9fc3-8530a6307403 (table: ACL) {{(pid=86698) notify /opt/stack/neutron/neutron/plugins/ml2/drivers/ovn/mech_driver/ovsdb/ovsdb_monitor.py:942}}
May 18 20:32:07.149754 np0000000992 devstack@neutron-api.service[86698]: DEBUG neutron.plugins.ml2.drivers.ovn.mech_driver.ovsdb.ovsdb_monitor [None req-628bf017-7826-418b-9bba-55cdbbe950e5 None None] Touching Hash Ring node "4c76f0fe8ce25b7d8df6d94c2946b6a9" from IDL notify handler {{(pid=86698) notify /opt/stack/neutron/neutron/plugins/ml2/drivers/ovn/mech_driver/ovsdb/ovsdb_monitor.py:934}}
May 18 20:32:07.151632 np0000000992 devstack@neutron-api.service[86698]: DEBUG neutron.plugins.ml2.drivers.ovn.mech_driver.ovsdb.ovsdb_monitor [None req-628bf017-7826-418b-9bba-55cdbbe950e5 None None] Hash Ring: Node 4c76f0fe8ce25b7d8df6d94c2946b6a9 (host: np0000000992) handling event "delete" for row e79fb173-5ecf-4c47-be85-caba11612fa6 (table: ACL) {{(pid=86698) notify /opt/stack/neutron/neutron/plugins/ml2/drivers/ovn/mech_driver/ovsdb/ovsdb_monitor.py:942}}
May 18 20:32:07.152537 np0000000992 devstack@neutron-api.service[86698]: DEBUG neutron.plugins.ml2.drivers.ovn.mech_driver.ovsdb.ovsdb_monitor [None req-628bf017-7826-418b-9bba-55cdbbe950e5 None None] Touching Hash Ring node "4c76f0fe8ce25b7d8df6d94c2946b6a9" from IDL notify handler {{(pid=86698) notify /opt/stack/neutron/neutron/plugins/ml2/drivers/ovn/mech_driver/ovsdb/ovsdb_monitor.py:934}}
May 18 20:32:07.153760 np0000000992 devstack@neutron-api.service[86697]: DEBUG neutron.db.ovn_revision_numbers_db [None req-36a816d3-e2d4-4058-9eb0-9c55553bacb4 admin admin] delete_revisions(['3bfe25ad-9252-43b3-ae52-2a3352521f92', '90826337-c856-4609-b681-0cf28a5fe871']) {{(pid=86697) delete_revisions /opt/stack/neutron/neutron/db/ovn_revision_numbers_db.py:127}}
May 18 20:32:07.154453 np0000000992 devstack@neutron-api.service[86698]: DEBUG neutron.plugins.ml2.drivers.ovn.mech_driver.ovsdb.ovsdb_monitor [None req-628bf017-7826-418b-9bba-55cdbbe950e5 None None] Hash Ring: Node 4c76f0fe8ce25b7d8df6d94c2946b6a9 (host: np0000000992) handling event "delete" for row 68937979-1356-4d24-a464-1d64ebd354cb (table: Port_Group) {{(pid=86698) notify /opt/stack/neutron/neutron/plugins/ml2/drivers/ovn/mech_driver/ovsdb/ovsdb_monitor.py:942}}
May 18 20:32:07.162222 np0000000992 devstack@neutron-api.service[86697]: DEBUG neutron.api.rpc.handlers.resources_rpc [None req-36a816d3-e2d4-4058-9eb0-9c55553bacb4 admin admin] Pushing event deleted for resources: {'SecurityGroup': ['ID=904a79da-55bc-4022-a153-9b3b5219559c,revision_number=None']} {{(pid=86697) push /opt/stack/neutron/neutron/api/rpc/handlers/resources_rpc.py:237}}
May 18 20:32:07.165634 np0000000992 devstack@neutron-api.service[86697]: DEBUG neutron_lib.callbacks.manager [None req-36a816d3-e2d4-4058-9eb0-9c55553bacb4 admin admin] Publish callbacks [] for security_group (None), before_response {{(pid=86697) _notify_loop /opt/stack/data/venv/lib/python3.12/site-packages/neutron_lib/callbacks/manager.py:184}}
May 18 20:32:07.166039 np0000000992 devstack@neutron-api.service[86697]: [pid: 86697|app: 0|req: 21/43] 10.4.3.232 () {66 vars in 1390 bytes} [Mon May 18 20:32:07 2026] DELETE /networking/v2.0/security-groups/904a79da-55bc-4022-a153-9b3b5219559c => generated 0 bytes in 125 msecs (HTTP/1.1 204) 2 headers in 112 bytes (2 switches on core 0)
May 18 20:32:09.713537 np0000000992 devstack@neutron-api.service[86698]: DEBUG futurist.periodics [-] Submitting periodic callback 'neutron.plugins.ml2.drivers.ovn.mech_driver.ovsdb.maintenance.HashRingHealthCheckPeriodics.touch_hash_ring_node' {{(pid=86698) _process_scheduled /opt/stack/data/venv/lib/python3.12/site-packages/futurist/periodics.py:784}}
May 18 20:32:09.715133 np0000000992 devstack@neutron-api.service[86698]: DEBUG neutron.plugins.ml2.drivers.ovn.mech_driver.ovsdb.maintenance [-] Touching Hash Ring node "4c76f0fe8ce25b7d8df6d94c2946b6a9" from periodic health check thread {{(pid=86698) touch_hash_ring_node /opt/stack/neutron/neutron/plugins/ml2/drivers/ovn/mech_driver/ovsdb/maintenance.py:1466}}
May 18 20:32:10.453806 np0000000992 devstack@neutron-api.service[86697]: DEBUG futurist.periodics [-] Submitting periodic callback 'neutron.plugins.ml2.drivers.ovn.mech_driver.ovsdb.maintenance.HashRingHealthCheckPeriodics.touch_hash_ring_node' {{(pid=86697) _process_scheduled /opt/stack/data/venv/lib/python3.12/site-packages/futurist/periodics.py:784}}
May 18 20:32:10.454253 np0000000992 devstack@neutron-api.service[86697]: DEBUG neutron.plugins.ml2.drivers.ovn.mech_driver.ovsdb.maintenance [-] Touching Hash Ring node "a9976f26475a5f3ca2e42d0280ab8a7a" from periodic health check thread {{(pid=86697) touch_hash_ring_node /opt/stack/neutron/neutron/plugins/ml2/drivers/ovn/mech_driver/ovsdb/maintenance.py:1466}}
May 18 20:32:19.721133 np0000000992 devstack@neutron-api.service[86698]: DEBUG dbcounter [-] [86698] Writing DB stats neutron:SELECT=58,neutron:INSERT=16,neutron:UPDATE=16 {{(pid=86698) stat_writer /opt/stack/data/venv/lib/python3.12/site-packages/dbcounter.py:115}}
May 18 20:32:20.461009 np0000000992 devstack@neutron-api.service[86697]: DEBUG dbcounter [-] [86697] Writing DB stats neutron:UPDATE=3,neutron:SELECT=42,neutron:DELETE=8 {{(pid=86697) stat_writer /opt/stack/data/venv/lib/python3.12/site-packages/dbcounter.py:115}}
May 18 20:32:24.714504 np0000000992 devstack@neutron-api.service[86698]: DEBUG futurist.periodics [-] Submitting periodic callback 'neutron.plugins.ml2.drivers.ovn.mech_driver.ovsdb.maintenance.HashRingHealthCheckPeriodics.touch_hash_ring_node' {{(pid=86698) _process_scheduled /opt/stack/data/venv/lib/python3.12/site-packages/futurist/periodics.py:784}}
May 18 20:32:24.714979 np0000000992 devstack@neutron-api.service[86698]: DEBUG neutron.plugins.ml2.drivers.ovn.mech_driver.ovsdb.maintenance [-] Touching Hash Ring node "4c76f0fe8ce25b7d8df6d94c2946b6a9" from periodic health check thread {{(pid=86698) touch_hash_ring_node /opt/stack/neutron/neutron/plugins/ml2/drivers/ovn/mech_driver/ovsdb/maintenance.py:1466}}
May 18 20:32:25.454275 np0000000992 devstack@neutron-api.service[86697]: DEBUG futurist.periodics [-] Submitting periodic callback 'neutron.plugins.ml2.drivers.ovn.mech_driver.ovsdb.maintenance.HashRingHealthCheckPeriodics.touch_hash_ring_node' {{(pid=86697) _process_scheduled /opt/stack/data/venv/lib/python3.12/site-packages/futurist/periodics.py:784}}
May 18 20:32:25.454716 np0000000992 devstack@neutron-api.service[86697]: DEBUG neutron.plugins.ml2.drivers.ovn.mech_driver.ovsdb.maintenance [-] Touching Hash Ring node "a9976f26475a5f3ca2e42d0280ab8a7a" from periodic health check thread {{(pid=86697) touch_hash_ring_node /opt/stack/neutron/neutron/plugins/ml2/drivers/ovn/mech_driver/ovsdb/maintenance.py:1466}}
May 18 20:32:34.720103 np0000000992 devstack@neutron-api.service[86698]: DEBUG dbcounter [-] [86698] Writing DB stats neutron:UPDATE=1,neutron:SELECT=1 {{(pid=86698) stat_writer /opt/stack/data/venv/lib/python3.12/site-packages/dbcounter.py:115}}
May 18 20:32:35.460113 np0000000992 devstack@neutron-api.service[86697]: DEBUG dbcounter [-] [86697] Writing DB stats neutron:UPDATE=1,neutron:SELECT=1 {{(pid=86697) stat_writer /opt/stack/data/venv/lib/python3.12/site-packages/dbcounter.py:115}}
May 18 20:32:39.714879 np0000000992 devstack@neutron-api.service[86698]: DEBUG futurist.periodics [-] Submitting periodic callback 'neutron.plugins.ml2.drivers.ovn.mech_driver.ovsdb.maintenance.HashRingHealthCheckPeriodics.touch_hash_ring_node' {{(pid=86698) _process_scheduled /opt/stack/data/venv/lib/python3.12/site-packages/futurist/periodics.py:784}}
May 18 20:32:39.715242 np0000000992 devstack@neutron-api.service[86698]: DEBUG neutron.plugins.ml2.drivers.ovn.mech_driver.ovsdb.maintenance [-] Touching Hash Ring node "4c76f0fe8ce25b7d8df6d94c2946b6a9" from periodic health check thread {{(pid=86698) touch_hash_ring_node /opt/stack/neutron/neutron/plugins/ml2/drivers/ovn/mech_driver/ovsdb/maintenance.py:1466}}
May 18 20:32:40.454724 np0000000992 devstack@neutron-api.service[86697]: DEBUG futurist.periodics [-] Submitting periodic callback 'neutron.plugins.ml2.drivers.ovn.mech_driver.ovsdb.maintenance.HashRingHealthCheckPeriodics.touch_hash_ring_node' {{(pid=86697) _process_scheduled /opt/stack/data/venv/lib/python3.12/site-packages/futurist/periodics.py:784}}
May 18 20:32:40.455144 np0000000992 devstack@neutron-api.service[86697]: DEBUG neutron.plugins.ml2.drivers.ovn.mech_driver.ovsdb.maintenance [-] Touching Hash Ring node "a9976f26475a5f3ca2e42d0280ab8a7a" from periodic health check thread {{(pid=86697) touch_hash_ring_node /opt/stack/neutron/neutron/plugins/ml2/drivers/ovn/mech_driver/ovsdb/maintenance.py:1466}}
May 18 20:32:42.204079 np0000000992 devstack@neutron-api.service[86698]: DEBUG neutron.api.v2.base [None req-69e9974a-0428-4d77-baeb-d89ba2afd62f admin admin] Request body: {'network': {'name': 'tempest-TaggedAttachmentsTest-327356394-network', 'project_id': 'b0e3de4fc5cd460fabf28d987b0109d1'}} {{(pid=86698) prepare_request_body /opt/stack/neutron/neutron/api/v2/base.py:727}}
May 18 20:32:42.214833 np0000000992 devstack@neutron-api.service[86698]: DEBUG neutron.pecan_wsgi.hooks.quota_enforcement [None req-69e9974a-0428-4d77-baeb-d89ba2afd62f admin admin] Made reservation on behalf of b0e3de4fc5cd460fabf28d987b0109d1 for: {'network': 1} {{(pid=86698) before /opt/stack/neutron/neutron/pecan_wsgi/hooks/quota_enforcement.py:66}}
May 18 20:32:42.217017 np0000000992 devstack@neutron-api.service[86698]: DEBUG neutron_lib.callbacks.manager [None req-69e9974a-0428-4d77-baeb-d89ba2afd62f admin admin] Publish callbacks ['neutron.plugins.ml2.plugin.SecurityGroupDbMixin._ensure_default_security_group_handler-470742'] for network (None), before_create {{(pid=86698) _notify_loop /opt/stack/data/venv/lib/python3.12/site-packages/neutron_lib/callbacks/manager.py:184}}
May 18 20:32:42.220338 np0000000992 devstack@neutron-api.service[86698]: DEBUG neutron_lib.callbacks.manager [None req-69e9974a-0428-4d77-baeb-d89ba2afd62f admin admin] Publish callbacks [] for security_group (None), before_create {{(pid=86698) _notify_loop /opt/stack/data/venv/lib/python3.12/site-packages/neutron_lib/callbacks/manager.py:184}}
May 18 20:32:42.269207 np0000000992 devstack@neutron-api.service[86698]: DEBUG neutron_lib.callbacks.manager [None req-69e9974a-0428-4d77-baeb-d89ba2afd62f admin admin] Publish callbacks ['neutron.plugins.ml2.drivers.ovn.mech_driver.mech_driver.OVNMechanismDriver._create_security_group_precommit-832475'] for security_group (5fa3f843-e980-4db4-a270-230c86a9d3b8), precommit_create {{(pid=86698) _notify_loop /opt/stack/data/venv/lib/python3.12/site-packages/neutron_lib/callbacks/manager.py:184}}
May 18 20:32:42.269371 np0000000992 devstack@neutron-api.service[86698]: DEBUG neutron.db.ovn_revision_numbers_db [None req-69e9974a-0428-4d77-baeb-d89ba2afd62f admin admin] create_initial_revision uuid=5fa3f843-e980-4db4-a270-230c86a9d3b8, type=security_groups, rev=-1 {{(pid=86698) create_initial_revision /opt/stack/neutron/neutron/db/ovn_revision_numbers_db.py:98}}
May 18 20:32:42.270414 np0000000992 devstack@neutron-api.service[86698]: DEBUG neutron.db.ovn_revision_numbers_db [None req-69e9974a-0428-4d77-baeb-d89ba2afd62f admin admin] create_initial_revision uuid=08d01f62-6d2e-434e-bc84-b63c9e3c5123, type=security_group_rules, rev=-1 {{(pid=86698) create_initial_revision /opt/stack/neutron/neutron/db/ovn_revision_numbers_db.py:98}}
May 18 20:32:42.271186 np0000000992 devstack@neutron-api.service[86698]: DEBUG neutron.db.ovn_revision_numbers_db [None req-69e9974a-0428-4d77-baeb-d89ba2afd62f admin admin] create_initial_revision uuid=43b08baf-3965-4036-9dbd-ff910a1fa6a2, type=security_group_rules, rev=-1 {{(pid=86698) create_initial_revision /opt/stack/neutron/neutron/db/ovn_revision_numbers_db.py:98}}
May 18 20:32:42.272013 np0000000992 devstack@neutron-api.service[86698]: DEBUG neutron.db.ovn_revision_numbers_db [None req-69e9974a-0428-4d77-baeb-d89ba2afd62f admin admin] create_initial_revision uuid=6f26366e-5187-48b5-b032-9a69b42dc1ef, type=security_group_rules, rev=-1 {{(pid=86698) create_initial_revision /opt/stack/neutron/neutron/db/ovn_revision_numbers_db.py:98}}
May 18 20:32:42.272792 np0000000992 devstack@neutron-api.service[86698]: DEBUG neutron.db.ovn_revision_numbers_db [None req-69e9974a-0428-4d77-baeb-d89ba2afd62f admin admin] create_initial_revision uuid=a7ea38cf-2264-437d-908a-3e56500f33fd, type=security_group_rules, rev=-1 {{(pid=86698) create_initial_revision /opt/stack/neutron/neutron/db/ovn_revision_numbers_db.py:98}}
May 18 20:32:42.275352 np0000000992 devstack@neutron-api.service[86698]: DEBUG neutron_lib.callbacks.manager [None req-69e9974a-0428-4d77-baeb-d89ba2afd62f admin admin] Publish callbacks ['neutron.plugins.ml2.drivers.ovn.mech_driver.mech_driver.OVNMechanismDriver._create_security_group-832465', 'neutron.plugins.ml2.ovo_rpc._ObjectChangeHandler.handle_event-1160101'] for security_group (5fa3f843-e980-4db4-a270-230c86a9d3b8), after_create {{(pid=86698) _notify_loop /opt/stack/data/venv/lib/python3.12/site-packages/neutron_lib/callbacks/manager.py:184}}
May 18 20:32:42.276023 np0000000992 devstack@neutron-api.service[86698]: DEBUG ovsdbapp.backend.ovs_idl.transaction [None req-628bf017-7826-418b-9bba-55cdbbe950e5 None None] Running txn n=1 command(idx=0): PgAddCommand(_result=None, name=pg_5fa3f843_e980_4db4_a270_230c86a9d3b8, may_exist=False, columns={'acls': [], 'external_ids': {'neutron:security_group_id': '5fa3f843-e980-4db4-a270-230c86a9d3b8'}}) {{(pid=86698) do_commit /opt/stack/data/venv/lib/python3.12/site-packages/ovsdbapp/backend/ovs_idl/transaction.py:89}}
May 18 20:32:42.276392 np0000000992 devstack@neutron-api.service[86698]: DEBUG ovsdbapp.backend.ovs_idl.transaction [None req-628bf017-7826-418b-9bba-55cdbbe950e5 None None] Running txn n=1 command(idx=1): PgAclAddCommand(_result=None, entity=pg_5fa3f843_e980_4db4_a270_230c86a9d3b8, direction=to-lport, priority=1002, match=outport == @pg_5fa3f843_e980_4db4_a270_230c86a9d3b8 && ip4 && ip4.src == $pg_5fa3f843_e980_4db4_a270_230c86a9d3b8_ip4, action=allow-related, log=False, may_exist=True, severity=[], name=[], meter=[], external_ids={'neutron:security_group_rule_id': '08d01f62-6d2e-434e-bc84-b63c9e3c5123'}) {{(pid=86698) do_commit /opt/stack/data/venv/lib/python3.12/site-packages/ovsdbapp/backend/ovs_idl/transaction.py:89}}
May 18 20:32:42.277249 np0000000992 devstack@neutron-api.service[86698]: DEBUG ovsdbapp.backend.ovs_idl.transaction [None req-628bf017-7826-418b-9bba-55cdbbe950e5 None None] Running txn n=1 command(idx=2): PgAclAddCommand(_result=None, entity=pg_5fa3f843_e980_4db4_a270_230c86a9d3b8, direction=to-lport, priority=1002, match=outport == @pg_5fa3f843_e980_4db4_a270_230c86a9d3b8 && ip6 && ip6.src == $pg_5fa3f843_e980_4db4_a270_230c86a9d3b8_ip6, action=allow-related, log=False, may_exist=True, severity=[], name=[], meter=[], external_ids={'neutron:security_group_rule_id': '43b08baf-3965-4036-9dbd-ff910a1fa6a2'}) {{(pid=86698) do_commit /opt/stack/data/venv/lib/python3.12/site-packages/ovsdbapp/backend/ovs_idl/transaction.py:89}}
May 18 20:32:42.277566 np0000000992 devstack@neutron-api.service[86698]: DEBUG ovsdbapp.backend.ovs_idl.transaction [None req-628bf017-7826-418b-9bba-55cdbbe950e5 None None] Running txn n=1 command(idx=3): PgAclAddCommand(_result=None, entity=pg_5fa3f843_e980_4db4_a270_230c86a9d3b8, direction=from-lport, priority=1002, match=inport == @pg_5fa3f843_e980_4db4_a270_230c86a9d3b8 && ip4, action=allow-related, log=False, may_exist=True, severity=[], name=[], meter=[], external_ids={'neutron:security_group_rule_id': '6f26366e-5187-48b5-b032-9a69b42dc1ef'}) {{(pid=86698) do_commit /opt/stack/data/venv/lib/python3.12/site-packages/ovsdbapp/backend/ovs_idl/transaction.py:89}}
May 18 20:32:42.277888 np0000000992 devstack@neutron-api.service[86698]: DEBUG ovsdbapp.backend.ovs_idl.transaction [None req-628bf017-7826-418b-9bba-55cdbbe950e5 None None] Running txn n=1 command(idx=4): PgAclAddCommand(_result=None, entity=pg_5fa3f843_e980_4db4_a270_230c86a9d3b8, direction=from-lport, priority=1002, match=inport == @pg_5fa3f843_e980_4db4_a270_230c86a9d3b8 && ip6, action=allow-related, log=False, may_exist=True, severity=[], name=[], meter=[], external_ids={'neutron:security_group_rule_id': 'a7ea38cf-2264-437d-908a-3e56500f33fd'}) {{(pid=86698) do_commit /opt/stack/data/venv/lib/python3.12/site-packages/ovsdbapp/backend/ovs_idl/transaction.py:89}}
May 18 20:32:42.289622 np0000000992 devstack@neutron-api.service[86697]: DEBUG neutron.common.ovn.hash_ring_manager [None req-85e58642-3d91-4d60-9a0b-d3b7ed52e6d9 None None] Hash Ring loaded. 2 active nodes. 0 offline nodes {{(pid=86697) _load_hash_ring /opt/stack/neutron/neutron/common/ovn/hash_ring_manager.py:102}}
May 18 20:32:42.289863 np0000000992 devstack@neutron-api.service[86698]: DEBUG neutron.common.ovn.hash_ring_manager [None req-628bf017-7826-418b-9bba-55cdbbe950e5 None None] Hash Ring loaded. 2 active nodes. 0 offline nodes {{(pid=86698) _load_hash_ring /opt/stack/neutron/neutron/common/ovn/hash_ring_manager.py:102}}
May 18 20:32:42.289896 np0000000992 devstack@neutron-api.service[86697]: DEBUG neutron.plugins.ml2.drivers.ovn.mech_driver.ovsdb.ovsdb_monitor [None req-85e58642-3d91-4d60-9a0b-d3b7ed52e6d9 None None] Hash Ring: Node a9976f26475a5f3ca2e42d0280ab8a7a (host: np0000000992) handling event "create" for row 2fd4a03f-a777-4b52-812d-dc59fc21aa46 (table: ACL) {{(pid=86697) notify /opt/stack/neutron/neutron/plugins/ml2/drivers/ovn/mech_driver/ovsdb/ovsdb_monitor.py:942}}
May 18 20:32:42.289968 np0000000992 devstack@neutron-api.service[86697]: DEBUG neutron.plugins.ml2.drivers.ovn.mech_driver.ovsdb.ovsdb_monitor [None req-85e58642-3d91-4d60-9a0b-d3b7ed52e6d9 None None] Hash Ring: Node a9976f26475a5f3ca2e42d0280ab8a7a (host: np0000000992) handling event "create" for row 3b30d201-035c-4f87-a2ff-24f66d50ed12 (table: ACL) {{(pid=86697) notify /opt/stack/neutron/neutron/plugins/ml2/drivers/ovn/mech_driver/ovsdb/ovsdb_monitor.py:942}}
May 18 20:32:42.290001 np0000000992 devstack@neutron-api.service[86698]: DEBUG neutron.plugins.ml2.drivers.ovn.mech_driver.ovsdb.ovsdb_monitor [None req-628bf017-7826-418b-9bba-55cdbbe950e5 None None] Hash Ring: Node 4c76f0fe8ce25b7d8df6d94c2946b6a9 (host: np0000000992) handling event "create" for row de371ee5-b826-4635-a8cb-43f4f6579d96 (table: ACL) {{(pid=86698) notify /opt/stack/neutron/neutron/plugins/ml2/drivers/ovn/mech_driver/ovsdb/ovsdb_monitor.py:942}}
May 18 20:32:42.290129 np0000000992 devstack@neutron-api.service[86697]: DEBUG neutron.plugins.ml2.drivers.ovn.mech_driver.ovsdb.ovsdb_monitor [None req-85e58642-3d91-4d60-9a0b-d3b7ed52e6d9 None None] Hash Ring: Node a9976f26475a5f3ca2e42d0280ab8a7a (host: np0000000992) handling event "create" for row 3ce4d52e-62e8-49c9-b558-a172346a90cf (table: ACL) {{(pid=86697) notify /opt/stack/neutron/neutron/plugins/ml2/drivers/ovn/mech_driver/ovsdb/ovsdb_monitor.py:942}}
May 18 20:32:42.290291 np0000000992 devstack@neutron-api.service[86697]: DEBUG neutron.plugins.ml2.drivers.ovn.mech_driver.ovsdb.ovsdb_monitor [None req-85e58642-3d91-4d60-9a0b-d3b7ed52e6d9 None None] Hash Ring: Node a9976f26475a5f3ca2e42d0280ab8a7a (host: np0000000992) handling event "create" for row 18de2f21-f9d6-486e-a5d6-803e4d973ae4 (table: Port_Group) {{(pid=86697) notify /opt/stack/neutron/neutron/plugins/ml2/drivers/ovn/mech_driver/ovsdb/ovsdb_monitor.py:942}}
May 18 20:32:42.303182 np0000000992 devstack@neutron-api.service[86698]: INFO neutron.db.ovn_revision_numbers_db [None req-69e9974a-0428-4d77-baeb-d89ba2afd62f admin admin] Successfully bumped revision number for resource 5fa3f843-e980-4db4-a270-230c86a9d3b8 (type: security_groups) to 1
May 18 20:32:42.311584 np0000000992 devstack@neutron-api.service[86698]: INFO neutron.db.ovn_revision_numbers_db [None req-69e9974a-0428-4d77-baeb-d89ba2afd62f admin admin] Successfully bumped revision number for resource 08d01f62-6d2e-434e-bc84-b63c9e3c5123 (type: security_group_rules) to 0
May 18 20:32:42.320318 np0000000992 devstack@neutron-api.service[86698]: INFO neutron.db.ovn_revision_numbers_db [None req-69e9974a-0428-4d77-baeb-d89ba2afd62f admin admin] Successfully bumped revision number for resource 43b08baf-3965-4036-9dbd-ff910a1fa6a2 (type: security_group_rules) to 0
May 18 20:32:42.329559 np0000000992 devstack@neutron-api.service[86698]: INFO neutron.db.ovn_revision_numbers_db [None req-69e9974a-0428-4d77-baeb-d89ba2afd62f admin admin] Successfully bumped revision number for resource 6f26366e-5187-48b5-b032-9a69b42dc1ef (type: security_group_rules) to 0
May 18 20:32:42.337386 np0000000992 devstack@neutron-api.service[86698]: INFO neutron.db.ovn_revision_numbers_db [None req-69e9974a-0428-4d77-baeb-d89ba2afd62f admin admin] Successfully bumped revision number for resource a7ea38cf-2264-437d-908a-3e56500f33fd (type: security_group_rules) to 0
May 18 20:32:42.354548 np0000000992 devstack@neutron-api.service[86698]: DEBUG neutron.api.rpc.handlers.resources_rpc [None req-69e9974a-0428-4d77-baeb-d89ba2afd62f admin admin] Pushing event updated for resources: {'SecurityGroup': ['ID=5fa3f843-e980-4db4-a270-230c86a9d3b8,revision_number=1']} {{(pid=86698) push /opt/stack/neutron/neutron/api/rpc/handlers/resources_rpc.py:237}}
May 18 20:32:42.357998 np0000000992 devstack@neutron-api.service[86698]: DEBUG ovsdbapp.backend.ovs_idl.transaction [None req-628bf017-7826-418b-9bba-55cdbbe950e5 None None] Running txn n=1 command(idx=0): CheckLivenessCommand(_result=None) {{(pid=86698) do_commit /opt/stack/data/venv/lib/python3.12/site-packages/ovsdbapp/backend/ovs_idl/transaction.py:89}}
May 18 20:32:42.359546 np0000000992 devstack@neutron-api.service[86698]: DEBUG neutron.plugins.ml2.drivers.ovn.mech_driver.ovsdb.ovsdb_monitor [None req-628bf017-7826-418b-9bba-55cdbbe950e5 None None] Hash Ring: Node 4c76f0fe8ce25b7d8df6d94c2946b6a9 (host: np0000000992) handling event "update" for row 330ba47d-def4-4a5a-9162-274e1997bac8 (table: NB_Global) {{(pid=86698) notify /opt/stack/neutron/neutron/plugins/ml2/drivers/ovn/mech_driver/ovsdb/ovsdb_monitor.py:942}}
May 18 20:32:42.361210 np0000000992 devstack@neutron-api.service[86698]: DEBUG neutron.api.rpc.callbacks.version_manager [None req-69e9974a-0428-4d77-baeb-d89ba2afd62f admin admin] Tracked resource versions report:
May 18 20:32:42.361210 np0000000992 devstack@neutron-api.service[86698]: pushed versions:
May 18 20:32:42.361210 np0000000992 devstack@neutron-api.service[86698]: { 'AddressGroup': {'1.2'},
May 18 20:32:42.361210 np0000000992 devstack@neutron-api.service[86698]: 'Agent': {'1.1'},
May 18 20:32:42.361210 np0000000992 devstack@neutron-api.service[86698]: 'ConntrackHelper': {'1.0'},
May 18 20:32:42.361210 np0000000992 devstack@neutron-api.service[86698]: 'LocalIPAssociation': {'1.0'},
May 18 20:32:42.361210 np0000000992 devstack@neutron-api.service[86698]: 'Log': {'1.0'},
May 18 20:32:42.361210 np0000000992 devstack@neutron-api.service[86698]: 'NDPProxy': {'1.0'},
May 18 20:32:42.361210 np0000000992 devstack@neutron-api.service[86698]: 'Network': {'1.2'},
May 18 20:32:42.361210 np0000000992 devstack@neutron-api.service[86698]: 'Port': {'1.10'},
May 18 20:32:42.361210 np0000000992 devstack@neutron-api.service[86698]: 'PortForwarding': {'1.3'},
May 18 20:32:42.361210 np0000000992 devstack@neutron-api.service[86698]: 'QosPolicy': {'1.10'},
May 18 20:32:42.361210 np0000000992 devstack@neutron-api.service[86698]: 'SecurityGroup': {'1.6'},
May 18 20:32:42.361210 np0000000992 devstack@neutron-api.service[86698]: 'SecurityGroupRule': {'1.3'},
May 18 20:32:42.361210 np0000000992 devstack@neutron-api.service[86698]: 'SubPort': {'1.0'},
May 18 20:32:42.361210 np0000000992 devstack@neutron-api.service[86698]: 'Subnet': {'1.2'},
May 18 20:32:42.361210 np0000000992 devstack@neutron-api.service[86698]: 'Trunk': {'1.1'}}
May 18 20:32:42.361210 np0000000992 devstack@neutron-api.service[86698]: consumer versions:
May 18 20:32:42.361210 np0000000992 devstack@neutron-api.service[86698]: { OVN Controller Gateway agent@np0000000992: {},
May 18 20:32:42.361210 np0000000992 devstack@neutron-api.service[86698]: OVN Neutron agent@np0000000992: {}}
May 18 20:32:42.361210 np0000000992 devstack@neutron-api.service[86698]: {{(pid=86698) report /opt/stack/neutron/neutron/api/rpc/callbacks/version_manager.py:183}}
May 18 20:32:42.365305 np0000000992 devstack@neutron-api.service[86698]: DEBUG neutron.plugins.ml2.drivers.ovn.mech_driver.ovsdb.ovsdb_monitor [None req-628bf017-7826-418b-9bba-55cdbbe950e5 None None] Hash Ring: Node 4c76f0fe8ce25b7d8df6d94c2946b6a9 (host: np0000000992) handling event "update" for row 330ba47d-def4-4a5a-9162-274e1997bac8 (table: NB_Global) {{(pid=86698) notify /opt/stack/neutron/neutron/plugins/ml2/drivers/ovn/mech_driver/ovsdb/ovsdb_monitor.py:942}}
May 18 20:32:42.365451 np0000000992 devstack@neutron-api.service[86697]: DEBUG neutron.plugins.ml2.drivers.ovn.mech_driver.ovsdb.ovsdb_monitor [None req-47123669-74e6-4dde-b072-d96ea14156fa None None] ChassisAgentWriteEvent : Matched Chassis_Private, update, None None {{(pid=86697) matches /opt/stack/neutron/neutron/plugins/ml2/drivers/ovn/mech_driver/ovsdb/ovsdb_monitor.py:64}}
