May 18 20:30:10.601952 np0000000992 neutron-periodic-workers[88660]: DEBUG cotyledon.oslo_config_glue [-] ovn.disable_ovn_dhcp_for_baremetal_ports = False {{(pid=88660) log_opt_values /opt/stack/data/venv/lib/python3.12/site-packages/oslo_config/cfg.py:3006}}
May 18 20:30:10.601995 np0000000992 neutron-periodic-workers[88676]: DEBUG cotyledon.oslo_config_glue [-] ******************************************************************************** {{(pid=88676) log_opt_values /opt/stack/data/venv/lib/python3.12/site-packages/oslo_config/cfg.py:3013}}
May 18 20:30:10.602036 np0000000992 neutron-periodic-workers[88660]: DEBUG cotyledon.oslo_config_glue [-] ovn.dns_records_ovn_owned = False {{(pid=88660) log_opt_values /opt/stack/data/venv/lib/python3.12/site-packages/oslo_config/cfg.py:3006}}
May 18 20:30:10.602036 np0000000992 neutron-periodic-workers[88660]: DEBUG cotyledon.oslo_config_glue [-] ovn.dns_servers = [] {{(pid=88660) log_opt_values /opt/stack/data/venv/lib/python3.12/site-packages/oslo_config/cfg.py:3006}}
May 18 20:30:10.602036 np0000000992 neutron-periodic-workers[88660]: DEBUG cotyledon.oslo_config_glue [-] ovn.enable_distributed_floating_ip = False {{(pid=88660) log_opt_values /opt/stack/data/venv/lib/python3.12/site-packages/oslo_config/cfg.py:3006}}
May 18 20:30:10.602036 np0000000992 neutron-periodic-workers[88660]: DEBUG cotyledon.oslo_config_glue [-] ovn.fdb_age_threshold = 300 {{(pid=88660) log_opt_values /opt/stack/data/venv/lib/python3.12/site-packages/oslo_config/cfg.py:3006}}
May 18 20:30:10.602036 np0000000992 neutron-periodic-workers[88660]: DEBUG cotyledon.oslo_config_glue [-] ovn.ha_failover_strategy = normal {{(pid=88660) log_opt_values /opt/stack/data/venv/lib/python3.12/site-packages/oslo_config/cfg.py:3006}}
May 18 20:30:10.602225 np0000000992 neutron-periodic-workers[88676]: DEBUG cotyledon._service_worker [-] Run service ServiceWrapper(0) [88676] {{(pid=88676) wait_forever /opt/stack/data/venv/lib/python3.12/site-packages/cotyledon/_service_worker.py:218}}
May 18 20:30:10.602268 np0000000992 neutron-periodic-workers[88660]: DEBUG cotyledon.oslo_config_glue [-] ovn.live_migration_activation_strategy = rarp {{(pid=88660) log_opt_values /opt/stack/data/venv/lib/python3.12/site-packages/oslo_config/cfg.py:3006}}
May 18 20:30:10.602268 np0000000992 neutron-periodic-workers[88660]: DEBUG cotyledon.oslo_config_glue [-] ovn.localnet_learn_fdb = False {{(pid=88660) log_opt_values /opt/stack/data/venv/lib/python3.12/site-packages/oslo_config/cfg.py:3006}}
May 18 20:30:10.602268 np0000000992 neutron-periodic-workers[88660]: DEBUG cotyledon.oslo_config_glue [-] ovn.mac_binding_age_threshold = 300 {{(pid=88660) log_opt_values /opt/stack/data/venv/lib/python3.12/site-packages/oslo_config/cfg.py:3006}}
May 18 20:30:10.602268 np0000000992 neutron-periodic-workers[88660]: DEBUG cotyledon.oslo_config_glue [-] ovn.neutron_sync_mode = log {{(pid=88660) log_opt_values /opt/stack/data/venv/lib/python3.12/site-packages/oslo_config/cfg.py:3006}}
May 18 20:30:10.602268 np0000000992 neutron-periodic-workers[88660]: DEBUG cotyledon.oslo_config_glue [-] ovn.ovn_dhcp4_global_options = {} {{(pid=88660) log_opt_values /opt/stack/data/venv/lib/python3.12/site-packages/oslo_config/cfg.py:3006}}
May 18 20:30:10.602268 np0000000992 neutron-periodic-workers[88660]: DEBUG cotyledon.oslo_config_glue [-] ovn.ovn_dhcp6_global_options = {} {{(pid=88660) log_opt_values /opt/stack/data/venv/lib/python3.12/site-packages/oslo_config/cfg.py:3006}}
May 18 20:30:10.602268 np0000000992 neutron-periodic-workers[88660]: DEBUG cotyledon.oslo_config_glue [-] ovn.ovn_l3_scheduler = leastloaded {{(pid=88660) log_opt_values /opt/stack/data/venv/lib/python3.12/site-packages/oslo_config/cfg.py:3006}}
May 18 20:30:10.602268 np0000000992 neutron-periodic-workers[88660]: DEBUG cotyledon.oslo_config_glue [-] ovn.ovn_metadata_enabled = True {{(pid=88660) log_opt_values /opt/stack/data/venv/lib/python3.12/site-packages/oslo_config/cfg.py:3006}}
May 18 20:30:10.602268 np0000000992 neutron-periodic-workers[88660]: DEBUG cotyledon.oslo_config_glue [-] ovn.ovn_nb_ca_cert = /opt/stack/data/CA/int-ca/ca-chain.pem {{(pid=88660) log_opt_values /opt/stack/data/venv/lib/python3.12/site-packages/oslo_config/cfg.py:3006}}
May 18 20:30:10.602625 np0000000992 neutron-periodic-workers[88660]: DEBUG cotyledon.oslo_config_glue [-] ovn.ovn_nb_certificate = /opt/stack/data/CA/int-ca/devstack-cert.crt {{(pid=88660) log_opt_values /opt/stack/data/venv/lib/python3.12/site-packages/oslo_config/cfg.py:3006}}
May 18 20:30:10.602625 np0000000992 neutron-periodic-workers[88660]: DEBUG cotyledon.oslo_config_glue [-] ovn.ovn_nb_connection = ['ssl:10.4.3.232:6641'] {{(pid=88660) log_opt_values /opt/stack/data/venv/lib/python3.12/site-packages/oslo_config/cfg.py:3006}}
May 18 20:30:10.602625 np0000000992 neutron-periodic-workers[88660]: DEBUG cotyledon.oslo_config_glue [-] ovn.ovn_nb_private_key = /opt/stack/data/CA/int-ca/private/devstack-cert.key {{(pid=88660) log_opt_values /opt/stack/data/venv/lib/python3.12/site-packages/oslo_config/cfg.py:3006}}
May 18 20:30:10.602625 np0000000992 neutron-periodic-workers[88660]: DEBUG cotyledon.oslo_config_glue [-] ovn.ovn_router_indirect_snat = False {{(pid=88660) log_opt_values /opt/stack/data/venv/lib/python3.12/site-packages/oslo_config/cfg.py:3006}}
May 18 20:30:10.602625 np0000000992 neutron-periodic-workers[88660]: DEBUG cotyledon.oslo_config_glue [-] ovn.ovn_sb_ca_cert = /opt/stack/data/CA/int-ca/ca-chain.pem {{(pid=88660) log_opt_values /opt/stack/data/venv/lib/python3.12/site-packages/oslo_config/cfg.py:3006}}
May 18 20:30:10.602625 np0000000992 neutron-periodic-workers[88660]: DEBUG cotyledon.oslo_config_glue [-] ovn.ovn_sb_certificate = /opt/stack/data/CA/int-ca/devstack-cert.crt {{(pid=88660) log_opt_values /opt/stack/data/venv/lib/python3.12/site-packages/oslo_config/cfg.py:3006}}
May 18 20:30:10.602625 np0000000992 neutron-periodic-workers[88660]: DEBUG cotyledon.oslo_config_glue [-] ovn.ovn_sb_connection = ['ssl:10.4.3.232:6642'] {{(pid=88660) log_opt_values /opt/stack/data/venv/lib/python3.12/site-packages/oslo_config/cfg.py:3006}}
May 18 20:30:10.602625 np0000000992 neutron-periodic-workers[88660]: DEBUG cotyledon.oslo_config_glue [-] ovn.ovn_sb_private_key = /opt/stack/data/CA/int-ca/private/devstack-cert.key {{(pid=88660) log_opt_values /opt/stack/data/venv/lib/python3.12/site-packages/oslo_config/cfg.py:3006}}
May 18 20:30:10.602892 np0000000992 neutron-periodic-workers[88660]: DEBUG cotyledon.oslo_config_glue [-] ovn.ovs_create_tap = False {{(pid=88660) log_opt_values /opt/stack/data/venv/lib/python3.12/site-packages/oslo_config/cfg.py:3006}}
May 18 20:30:10.602892 np0000000992 neutron-periodic-workers[88660]: DEBUG cotyledon.oslo_config_glue [-] ovn.ovsdb_connection_timeout = 180 {{(pid=88660) log_opt_values /opt/stack/data/venv/lib/python3.12/site-packages/oslo_config/cfg.py:3006}}
May 18 20:30:10.602892 np0000000992 neutron-periodic-workers[88660]: DEBUG cotyledon.oslo_config_glue [-] ovn.ovsdb_log_level = INFO {{(pid=88660) log_opt_values /opt/stack/data/venv/lib/python3.12/site-packages/oslo_config/cfg.py:3006}}
May 18 20:30:10.602892 np0000000992 neutron-periodic-workers[88660]: DEBUG cotyledon.oslo_config_glue [-] ovn.ovsdb_probe_interval = 60000 {{(pid=88660) log_opt_values /opt/stack/data/venv/lib/python3.12/site-packages/oslo_config/cfg.py:3006}}
May 18 20:30:10.602892 np0000000992 neutron-periodic-workers[88660]: DEBUG cotyledon.oslo_config_glue [-] ovn.ovsdb_retry_max_interval = 180 {{(pid=88660) log_opt_values /opt/stack/data/venv/lib/python3.12/site-packages/oslo_config/cfg.py:3006}}
May 18 20:30:10.602892 np0000000992 neutron-periodic-workers[88660]: DEBUG cotyledon.oslo_config_glue [-] ovn.stateless_nat_enabled = False {{(pid=88660) log_opt_values /opt/stack/data/venv/lib/python3.12/site-packages/oslo_config/cfg.py:3006}}
May 18 20:30:10.602892 np0000000992 neutron-periodic-workers[88660]: DEBUG cotyledon.oslo_config_glue [-] ovn.vhost_sock_dir = /var/run/openvswitch {{(pid=88660) log_opt_values /opt/stack/data/venv/lib/python3.12/site-packages/oslo_config/cfg.py:3006}}
May 18 20:30:10.602892 np0000000992 neutron-periodic-workers[88660]: DEBUG cotyledon.oslo_config_glue [-] OVS.bridge_mac_table_size = 50000 {{(pid=88660) log_opt_values /opt/stack/data/venv/lib/python3.12/site-packages/oslo_config/cfg.py:3006}}
May 18 20:30:10.602892 np0000000992 neutron-periodic-workers[88660]: DEBUG cotyledon.oslo_config_glue [-] OVS.igmp_flood = False {{(pid=88660) log_opt_values /opt/stack/data/venv/lib/python3.12/site-packages/oslo_config/cfg.py:3006}}
May 18 20:30:10.603205 np0000000992 neutron-periodic-workers[88660]: DEBUG cotyledon.oslo_config_glue [-] OVS.igmp_flood_reports = True {{(pid=88660) log_opt_values /opt/stack/data/venv/lib/python3.12/site-packages/oslo_config/cfg.py:3006}}
May 18 20:30:10.603205 np0000000992 neutron-periodic-workers[88660]: DEBUG cotyledon.oslo_config_glue [-] OVS.igmp_flood_unregistered = False {{(pid=88660) log_opt_values /opt/stack/data/venv/lib/python3.12/site-packages/oslo_config/cfg.py:3006}}
May 18 20:30:10.603205 np0000000992 neutron-periodic-workers[88660]: DEBUG cotyledon.oslo_config_glue [-] OVS.igmp_snooping_enable = False {{(pid=88660) log_opt_values /opt/stack/data/venv/lib/python3.12/site-packages/oslo_config/cfg.py:3006}}
May 18 20:30:10.603205 np0000000992 neutron-periodic-workers[88660]: DEBUG cotyledon.oslo_config_glue [-] OVS.ovsdb_timeout = 10 {{(pid=88660) log_opt_values /opt/stack/data/venv/lib/python3.12/site-packages/oslo_config/cfg.py:3006}}
May 18 20:30:10.603205 np0000000992 neutron-periodic-workers[88660]: DEBUG cotyledon.oslo_config_glue [-] ovn_nb_global.fdb_removal_limit = 0 {{(pid=88660) log_opt_values /opt/stack/data/venv/lib/python3.12/site-packages/oslo_config/cfg.py:3006}}
May 18 20:30:10.603205 np0000000992 neutron-periodic-workers[88660]: DEBUG cotyledon.oslo_config_glue [-] ovn_nb_global.ignore_lsp_down = False {{(pid=88660) log_opt_values /opt/stack/data/venv/lib/python3.12/site-packages/oslo_config/cfg.py:3006}}
May 18 20:30:10.603205 np0000000992 neutron-periodic-workers[88660]: DEBUG cotyledon.oslo_config_glue [-] ovn_nb_global.mac_binding_removal_limit = 0 {{(pid=88660) log_opt_values /opt/stack/data/venv/lib/python3.12/site-packages/oslo_config/cfg.py:3006}}
May 18 20:30:10.603205 np0000000992 neutron-periodic-workers[88660]: DEBUG cotyledon.oslo_config_glue [-] ******************************************************************************** {{(pid=88660) log_opt_values /opt/stack/data/venv/lib/python3.12/site-packages/oslo_config/cfg.py:3013}}
May 18 20:30:10.603205 np0000000992 neutron-periodic-workers[88660]: DEBUG cotyledon._service_worker [-] Run service ServiceWrapper(0) [88660] {{(pid=88660) wait_forever /opt/stack/data/venv/lib/python3.12/site-packages/cotyledon/_service_worker.py:218}}
May 18 20:30:20.276015 np0000000992 neutron-periodic-workers[87710]: DEBUG dbcounter [-] [87710] Writing DB stats neutron:SELECT=4 {{(pid=87710) stat_writer /opt/stack/data/venv/lib/python3.12/site-packages/dbcounter.py:115}}
May 18 20:30:52.609098 np0000000992 neutron-periodic-workers[88660]: DEBUG oslo_db.sqlalchemy.engines [None req-546ec565-64c3-4ffe-ae2b-8ab62d1b55f1 None None] Parent process 87710 forked (88660) with an open database connection, which is being discarded and recreated. {{(pid=88660) checkout /opt/stack/data/venv/lib/python3.12/site-packages/oslo_db/sqlalchemy/engines.py:402}}
May 18 20:30:52.617115 np0000000992 neutron-periodic-workers[88660]: DEBUG dbcounter [-] [88660] Writer thread running {{(pid=88660) stat_writer /opt/stack/data/venv/lib/python3.12/site-packages/dbcounter.py:102}}
May 18 20:30:52.620188 np0000000992 neutron-periodic-workers[88660]: DEBUG neutron.db.agents_db [None req-546ec565-64c3-4ffe-ae2b-8ab62d1b55f1 None None] Agent healthcheck: found 0 active agents {{(pid=88660) agent_health_check /opt/stack/neutron/neutron/db/agents_db.py:322}}
May 18 20:30:52.620188 np0000000992 neutron-periodic-workers[88660]: DEBUG oslo.service.backend._threading.loopingcall [None req-546ec565-64c3-4ffe-ae2b-8ab62d1b55f1 None None] Fixed interval looping call 'neutron.plugins.ml2.plugin.AgentDbMixin.agent_health_check' sleeping for 36.98 seconds {{(pid=88660) _run_loop /opt/stack/data/venv/lib/python3.12/site-packages/oslo_service/backend/_threading/loopingcall.py:125}}
May 18 20:31:08.583506 np0000000992 neutron-periodic-workers[88653]: DEBUG dbcounter [-] [88653] Writer thread running {{(pid=88653) stat_writer /opt/stack/data/venv/lib/python3.12/site-packages/dbcounter.py:102}}
May 18 20:31:08.594177 np0000000992 neutron-periodic-workers[88653]: DEBUG oslo.service.backend._threading.loopingcall [None req-55097045-273e-4f27-9613-33bed589af5b None None] Fixed interval looping call 'neutron.plugins.ml2.plugin.DhcpAgentSchedulerDbMixin.remove_networks_from_down_agents' sleeping for 36.98 seconds {{(pid=88653) _run_loop /opt/stack/data/venv/lib/python3.12/site-packages/oslo_service/backend/_threading/loopingcall.py:125}}
May 18 20:31:12.617354 np0000000992 neutron-periodic-workers[88660]: DEBUG dbcounter [-] [88660] Writing DB stats neutron:SELECT=1 {{(pid=88660) stat_writer /opt/stack/data/venv/lib/python3.12/site-packages/dbcounter.py:115}}
May 18 20:31:18.595328 np0000000992 neutron-periodic-workers[88653]: DEBUG dbcounter [-] [88653] Writing DB stats neutron:SELECT=3 {{(pid=88653) stat_writer /opt/stack/data/venv/lib/python3.12/site-packages/dbcounter.py:115}}
May 18 20:31:29.604742 np0000000992 neutron-periodic-workers[88660]: DEBUG neutron.db.agents_db [None req-546ec565-64c3-4ffe-ae2b-8ab62d1b55f1 None None] Agent healthcheck: found 0 active agents {{(pid=88660) agent_health_check /opt/stack/neutron/neutron/db/agents_db.py:322}}
May 18 20:31:29.605304 np0000000992 neutron-periodic-workers[88660]: DEBUG oslo.service.backend._threading.loopingcall [None req-546ec565-64c3-4ffe-ae2b-8ab62d1b55f1 None None] Fixed interval looping call 'neutron.plugins.ml2.plugin.AgentDbMixin.agent_health_check' sleeping for 37.00 seconds {{(pid=88660) _run_loop /opt/stack/data/venv/lib/python3.12/site-packages/oslo_service/backend/_threading/loopingcall.py:125}}
May 18 20:31:39.603421 np0000000992 neutron-periodic-workers[88660]: DEBUG dbcounter [-] [88660] Writing DB stats neutron:SELECT=1 {{(pid=88660) stat_writer /opt/stack/data/venv/lib/python3.12/site-packages/dbcounter.py:115}}
May 18 20:31:45.579493 np0000000992 neutron-periodic-workers[88653]: DEBUG oslo.service.backend._threading.loopingcall [None req-55097045-273e-4f27-9613-33bed589af5b None None] Fixed interval looping call 'neutron.plugins.ml2.plugin.DhcpAgentSchedulerDbMixin.remove_networks_from_down_agents' sleeping for 37.00 seconds {{(pid=88653) _run_loop /opt/stack/data/venv/lib/python3.12/site-packages/oslo_service/backend/_threading/loopingcall.py:125}}
May 18 20:31:55.578720 np0000000992 neutron-periodic-workers[88653]: DEBUG dbcounter [-] [88653] Writing DB stats neutron:SELECT=3 {{(pid=88653) stat_writer /opt/stack/data/venv/lib/python3.12/site-packages/dbcounter.py:115}}
May 18 20:32:06.607819 np0000000992 neutron-periodic-workers[88660]: DEBUG neutron.db.agents_db [None req-546ec565-64c3-4ffe-ae2b-8ab62d1b55f1 None None] Agent healthcheck: found 0 active agents {{(pid=88660) agent_health_check /opt/stack/neutron/neutron/db/agents_db.py:322}}
May 18 20:32:06.608230 np0000000992 neutron-periodic-workers[88660]: DEBUG oslo.service.backend._threading.loopingcall [None req-546ec565-64c3-4ffe-ae2b-8ab62d1b55f1 None None] Fixed interval looping call 'neutron.plugins.ml2.plugin.AgentDbMixin.agent_health_check' sleeping for 37.00 seconds {{(pid=88660) _run_loop /opt/stack/data/venv/lib/python3.12/site-packages/oslo_service/backend/_threading/loopingcall.py:125}}
May 18 20:32:10.614103 np0000000992 neutron-periodic-workers[88676]: DEBUG dbcounter [-] [88676] Writer thread running {{(pid=88676) stat_writer /opt/stack/data/venv/lib/python3.12/site-packages/dbcounter.py:102}}
May 18 20:32:10.615812 np0000000992 neutron-periodic-workers[88676]: DEBUG oslo.service.backend._threading.loopingcall [None req-8711d790-ae17-46d1-b038-8d56207a3fdc None None] Fixed interval looping call 'neutron.db.quota.driver_nolock.DbQuotaNoLockDriver._remove_expired_reservations' sleeping for 119.99 seconds {{(pid=88676) _run_loop /opt/stack/data/venv/lib/python3.12/site-packages/oslo_service/backend/_threading/loopingcall.py:125}}
May 18 20:32:16.607042 np0000000992 neutron-periodic-workers[88660]: DEBUG dbcounter [-] [88660] Writing DB stats neutron:SELECT=1 {{(pid=88660) stat_writer /opt/stack/data/venv/lib/python3.12/site-packages/dbcounter.py:115}}
May 18 20:32:20.614549 np0000000992 neutron-periodic-workers[88676]: DEBUG dbcounter [-] [88676] Writing DB stats neutron:DELETE=1 {{(pid=88676) stat_writer /opt/stack/data/venv/lib/python3.12/site-packages/dbcounter.py:115}}
May 18 20:32:22.585349 np0000000992 neutron-periodic-workers[88653]: DEBUG oslo.service.backend._threading.loopingcall [None req-55097045-273e-4f27-9613-33bed589af5b None None] Fixed interval looping call 'neutron.plugins.ml2.plugin.DhcpAgentSchedulerDbMixin.remove_networks_from_down_agents' sleeping for 36.99 seconds {{(pid=88653) _run_loop /opt/stack/data/venv/lib/python3.12/site-packages/oslo_service/backend/_threading/loopingcall.py:125}}
May 18 20:32:32.584284 np0000000992 neutron-periodic-workers[88653]: DEBUG dbcounter [-] [88653] Writing DB stats neutron:SELECT=3 {{(pid=88653) stat_writer /opt/stack/data/venv/lib/python3.12/site-packages/dbcounter.py:115}}
May 18 20:32:43.610923 np0000000992 neutron-periodic-workers[88660]: DEBUG neutron.db.agents_db [None req-546ec565-64c3-4ffe-ae2b-8ab62d1b55f1 None None] Agent healthcheck: found 0 active agents {{(pid=88660) agent_health_check /opt/stack/neutron/neutron/db/agents_db.py:322}}
May 18 20:32:43.611342 np0000000992 neutron-periodic-workers[88660]: DEBUG oslo.service.backend._threading.loopingcall [None req-546ec565-64c3-4ffe-ae2b-8ab62d1b55f1 None None] Fixed interval looping call 'neutron.plugins.ml2.plugin.AgentDbMixin.agent_health_check' sleeping for 37.00 seconds {{(pid=88660) _run_loop /opt/stack/data/venv/lib/python3.12/site-packages/oslo_service/backend/_threading/loopingcall.py:125}}
May 18 20:32:53.611053 np0000000992 neutron-periodic-workers[88660]: DEBUG dbcounter [-] [88660] Writing DB stats neutron:SELECT=1 {{(pid=88660) stat_writer /opt/stack/data/venv/lib/python3.12/site-packages/dbcounter.py:115}}
May 18 20:32:59.581786 np0000000992 neutron-periodic-workers[88653]: DEBUG oslo.service.backend._threading.loopingcall [None req-55097045-273e-4f27-9613-33bed589af5b None None] Fixed interval looping call 'neutron.plugins.ml2.plugin.DhcpAgentSchedulerDbMixin.remove_networks_from_down_agents' sleeping for 36.99 seconds {{(pid=88653) _run_loop /opt/stack/data/venv/lib/python3.12/site-packages/oslo_service/backend/_threading/loopingcall.py:125}}
May 18 20:33:09.580903 np0000000992 neutron-periodic-workers[88653]: DEBUG dbcounter [-] [88653] Writing DB stats neutron:SELECT=3 {{(pid=88653) stat_writer /opt/stack/data/venv/lib/python3.12/site-packages/dbcounter.py:115}}
May 18 20:33:20.617517 np0000000992 neutron-periodic-workers[88660]: DEBUG neutron.db.agents_db [None req-546ec565-64c3-4ffe-ae2b-8ab62d1b55f1 None None] Agent healthcheck: found 0 active agents {{(pid=88660) agent_health_check /opt/stack/neutron/neutron/db/agents_db.py:322}}
May 18 20:33:20.618063 np0000000992 neutron-periodic-workers[88660]: DEBUG oslo.service.backend._threading.loopingcall [None req-546ec565-64c3-4ffe-ae2b-8ab62d1b55f1 None None] Fixed interval looping call 'neutron.plugins.ml2.plugin.AgentDbMixin.agent_health_check' sleeping for 36.99 seconds {{(pid=88660) _run_loop /opt/stack/data/venv/lib/python3.12/site-packages/oslo_service/backend/_threading/loopingcall.py:125}}
May 18 20:33:30.615288 np0000000992 neutron-periodic-workers[88660]: DEBUG dbcounter [-] [88660] Writing DB stats neutron:SELECT=1 {{(pid=88660) stat_writer /opt/stack/data/venv/lib/python3.12/site-packages/dbcounter.py:115}}
May 18 20:33:36.578591 np0000000992 neutron-periodic-workers[88653]: DEBUG oslo.service.backend._threading.loopingcall [None req-55097045-273e-4f27-9613-33bed589af5b None None] Fixed interval looping call 'neutron.plugins.ml2.plugin.DhcpAgentSchedulerDbMixin.remove_networks_from_down_agents' sleeping for 36.99 seconds {{(pid=88653) _run_loop /opt/stack/data/venv/lib/python3.12/site-packages/oslo_service/backend/_threading/loopingcall.py:125}}
May 18 20:33:46.577565 np0000000992 neutron-periodic-workers[88653]: DEBUG dbcounter [-] [88653] Writing DB stats neutron:SELECT=3 {{(pid=88653) stat_writer /opt/stack/data/venv/lib/python3.12/site-packages/dbcounter.py:115}}
May 18 20:33:57.611360 np0000000992 neutron-periodic-workers[88660]: DEBUG neutron.db.agents_db [None req-546ec565-64c3-4ffe-ae2b-8ab62d1b55f1 None None] Agent healthcheck: found 0 active agents {{(pid=88660) agent_health_check /opt/stack/neutron/neutron/db/agents_db.py:322}}
May 18 20:33:57.611827 np0000000992 neutron-periodic-workers[88660]: DEBUG oslo.service.backend._threading.loopingcall [None req-546ec565-64c3-4ffe-ae2b-8ab62d1b55f1 None None] Fixed interval looping call 'neutron.plugins.ml2.plugin.AgentDbMixin.agent_health_check' sleeping for 37.00 seconds {{(pid=88660) _run_loop /opt/stack/data/venv/lib/python3.12/site-packages/oslo_service/backend/_threading/loopingcall.py:125}}
May 18 20:34:07.612865 np0000000992 neutron-periodic-workers[88660]: DEBUG dbcounter [-] [88660] Writing DB stats neutron:SELECT=1 {{(pid=88660) stat_writer /opt/stack/data/venv/lib/python3.12/site-packages/dbcounter.py:115}}
May 18 20:34:10.609282 np0000000992 neutron-periodic-workers[88676]: DEBUG oslo.service.backend._threading.loopingcall [None req-8711d790-ae17-46d1-b038-8d56207a3fdc None None] Fixed interval looping call 'neutron.db.quota.driver_nolock.DbQuotaNoLockDriver._remove_expired_reservations' sleeping for 120.00 seconds {{(pid=88676) _run_loop /opt/stack/data/venv/lib/python3.12/site-packages/oslo_service/backend/_threading/loopingcall.py:125}}
May 18 20:34:13.574290 np0000000992 neutron-periodic-workers[88653]: DEBUG oslo.service.backend._threading.loopingcall [None req-55097045-273e-4f27-9613-33bed589af5b None None] Fixed interval looping call 'neutron.plugins.ml2.plugin.DhcpAgentSchedulerDbMixin.remove_networks_from_down_agents' sleeping for 36.99 seconds {{(pid=88653) _run_loop /opt/stack/data/venv/lib/python3.12/site-packages/oslo_service/backend/_threading/loopingcall.py:125}}
May 18 20:34:20.608476 np0000000992 neutron-periodic-workers[88676]: DEBUG dbcounter [-] [88676] Writing DB stats neutron:DELETE=1 {{(pid=88676) stat_writer /opt/stack/data/venv/lib/python3.12/site-packages/dbcounter.py:115}}
May 18 20:34:23.573530 np0000000992 neutron-periodic-workers[88653]: DEBUG dbcounter [-] [88653] Writing DB stats neutron:SELECT=3 {{(pid=88653) stat_writer /opt/stack/data/venv/lib/python3.12/site-packages/dbcounter.py:115}}
May 18 20:34:34.617862 np0000000992 neutron-periodic-workers[88660]: DEBUG neutron.db.agents_db [None req-546ec565-64c3-4ffe-ae2b-8ab62d1b55f1 None None] Agent healthcheck: found 0 active agents {{(pid=88660) agent_health_check /opt/stack/neutron/neutron/db/agents_db.py:322}}
May 18 20:34:34.618219 np0000000992 neutron-periodic-workers[88660]: DEBUG oslo.service.backend._threading.loopingcall [None req-546ec565-64c3-4ffe-ae2b-8ab62d1b55f1 None None] Fixed interval looping call 'neutron.plugins.ml2.plugin.AgentDbMixin.agent_health_check' sleeping for 36.99 seconds {{(pid=88660) _run_loop /opt/stack/data/venv/lib/python3.12/site-packages/oslo_service/backend/_threading/loopingcall.py:125}}
May 18 20:34:44.616314 np0000000992 neutron-periodic-workers[88660]: DEBUG dbcounter [-] [88660] Writing DB stats neutron:SELECT=1 {{(pid=88660) stat_writer /opt/stack/data/venv/lib/python3.12/site-packages/dbcounter.py:115}}
May 18 20:34:50.575153 np0000000992 neutron-periodic-workers[88653]: DEBUG oslo.service.backend._threading.loopingcall [None req-55097045-273e-4f27-9613-33bed589af5b None None] Fixed interval looping call 'neutron.plugins.ml2.plugin.DhcpAgentSchedulerDbMixin.remove_networks_from_down_agents' sleeping for 36.99 seconds {{(pid=88653) _run_loop /opt/stack/data/venv/lib/python3.12/site-packages/oslo_service/backend/_threading/loopingcall.py:125}}
May 18 20:35:00.574285 np0000000992 neutron-periodic-workers[88653]: DEBUG dbcounter [-] [88653] Writing DB stats neutron:SELECT=3 {{(pid=88653) stat_writer /opt/stack/data/venv/lib/python3.12/site-packages/dbcounter.py:115}}
May 18 20:35:06.587675 np0000000992 neutron-periodic-workers[88642]: DEBUG dbcounter [-] [88642] Writer thread running {{(pid=88642) stat_writer /opt/stack/data/venv/lib/python3.12/site-packages/dbcounter.py:102}}
May 18 20:35:06.604926 np0000000992 neutron-periodic-workers[88642]: DEBUG oslo.service.backend._threading.loopingcall [None req-ca45344b-8820-40e5-ab2e-43323a19d5fd None None] Fixed interval looping call 'neutron.services.ovn_l3.plugin.L3_NAT_dbonly_mixin._clean_garbage' sleeping for 299.95 seconds {{(pid=88642) _run_loop /opt/stack/data/venv/lib/python3.12/site-packages/oslo_service/backend/_threading/loopingcall.py:125}}
May 18 20:35:11.617431 np0000000992 neutron-periodic-workers[88660]: DEBUG neutron.db.agents_db [None req-546ec565-64c3-4ffe-ae2b-8ab62d1b55f1 None None] Agent healthcheck: found 0 active agents {{(pid=88660) agent_health_check /opt/stack/neutron/neutron/db/agents_db.py:322}}
May 18 20:35:11.618052 np0000000992 neutron-periodic-workers[88660]: DEBUG oslo.service.backend._threading.loopingcall [None req-546ec565-64c3-4ffe-ae2b-8ab62d1b55f1 None None] Fixed interval looping call 'neutron.plugins.ml2.plugin.AgentDbMixin.agent_health_check' sleeping for 36.99 seconds {{(pid=88660) _run_loop /opt/stack/data/venv/lib/python3.12/site-packages/oslo_service/backend/_threading/loopingcall.py:125}}
May 18 20:35:16.588106 np0000000992 neutron-periodic-workers[88642]: DEBUG dbcounter [-] [88642] Writing DB stats neutron:SELECT=1 {{(pid=88642) stat_writer /opt/stack/data/venv/lib/python3.12/site-packages/dbcounter.py:115}}
May 18 20:35:21.613301 np0000000992 neutron-periodic-workers[88660]: DEBUG dbcounter [-] [88660] Writing DB stats neutron:SELECT=1 {{(pid=88660) stat_writer /opt/stack/data/venv/lib/python3.12/site-packages/dbcounter.py:115}}
May 18 20:35:27.573432 np0000000992 neutron-periodic-workers[88653]: DEBUG oslo.service.backend._threading.loopingcall [None req-55097045-273e-4f27-9613-33bed589af5b None None] Fixed interval looping call 'neutron.plugins.ml2.plugin.DhcpAgentSchedulerDbMixin.remove_networks_from_down_agents' sleeping for 36.99 seconds {{(pid=88653) _run_loop /opt/stack/data/venv/lib/python3.12/site-packages/oslo_service/backend/_threading/loopingcall.py:125}}
May 18 20:35:37.573345 np0000000992 neutron-periodic-workers[88653]: DEBUG dbcounter [-] [88653] Writing DB stats neutron:SELECT=3 {{(pid=88653) stat_writer /opt/stack/data/venv/lib/python3.12/site-packages/dbcounter.py:115}}
May 18 20:35:48.611491 np0000000992 neutron-periodic-workers[88660]: DEBUG neutron.db.agents_db [None req-546ec565-64c3-4ffe-ae2b-8ab62d1b55f1 None None] Agent healthcheck: found 0 active agents {{(pid=88660) agent_health_check /opt/stack/neutron/neutron/db/agents_db.py:322}}
May 18 20:35:48.611896 np0000000992 neutron-periodic-workers[88660]: DEBUG oslo.service.backend._threading.loopingcall [None req-546ec565-64c3-4ffe-ae2b-8ab62d1b55f1 None None] Fixed interval looping call 'neutron.plugins.ml2.plugin.AgentDbMixin.agent_health_check' sleeping for 37.00 seconds {{(pid=88660) _run_loop /opt/stack/data/venv/lib/python3.12/site-packages/oslo_service/backend/_threading/loopingcall.py:125}}
May 18 20:35:58.610180 np0000000992 neutron-periodic-workers[88660]: DEBUG dbcounter [-] [88660] Writing DB stats neutron:SELECT=1 {{(pid=88660) stat_writer /opt/stack/data/venv/lib/python3.12/site-packages/dbcounter.py:115}}
May 18 20:36:04.571522 np0000000992 neutron-periodic-workers[88653]: DEBUG oslo.service.backend._threading.loopingcall [None req-55097045-273e-4f27-9613-33bed589af5b None None] Fixed interval looping call 'neutron.plugins.ml2.plugin.DhcpAgentSchedulerDbMixin.remove_networks_from_down_agents' sleeping for 36.99 seconds {{(pid=88653) _run_loop /opt/stack/data/venv/lib/python3.12/site-packages/oslo_service/backend/_threading/loopingcall.py:125}}
May 18 20:36:10.612413 np0000000992 neutron-periodic-workers[88676]: DEBUG oslo.service.backend._threading.loopingcall [None req-8711d790-ae17-46d1-b038-8d56207a3fdc None None] Fixed interval looping call 'neutron.db.quota.driver_nolock.DbQuotaNoLockDriver._remove_expired_reservations' sleeping for 120.00 seconds {{(pid=88676) _run_loop /opt/stack/data/venv/lib/python3.12/site-packages/oslo_service/backend/_threading/loopingcall.py:125}}
May 18 20:36:14.570540 np0000000992 neutron-periodic-workers[88653]: DEBUG dbcounter [-] [88653] Writing DB stats neutron:SELECT=3 {{(pid=88653) stat_writer /opt/stack/data/venv/lib/python3.12/site-packages/dbcounter.py:115}}
May 18 20:36:20.611544 np0000000992 neutron-periodic-workers[88676]: DEBUG dbcounter [-] [88676] Writing DB stats neutron:DELETE=1 {{(pid=88676) stat_writer /opt/stack/data/venv/lib/python3.12/site-packages/dbcounter.py:115}}
May 18 20:36:25.616771 np0000000992 neutron-periodic-workers[88660]: DEBUG neutron.db.agents_db [None req-546ec565-64c3-4ffe-ae2b-8ab62d1b55f1 None None] Agent healthcheck: found 0 active agents {{(pid=88660) agent_health_check /opt/stack/neutron/neutron/db/agents_db.py:322}}
May 18 20:36:25.617169 np0000000992 neutron-periodic-workers[88660]: DEBUG oslo.service.backend._threading.loopingcall [None req-546ec565-64c3-4ffe-ae2b-8ab62d1b55f1 None None] Fixed interval looping call 'neutron.plugins.ml2.plugin.AgentDbMixin.agent_health_check' sleeping for 37.00 seconds {{(pid=88660) _run_loop /opt/stack/data/venv/lib/python3.12/site-packages/oslo_service/backend/_threading/loopingcall.py:125}}
May 18 20:36:35.615630 np0000000992 neutron-periodic-workers[88660]: DEBUG dbcounter [-] [88660] Writing DB stats neutron:SELECT=1 {{(pid=88660) stat_writer /opt/stack/data/venv/lib/python3.12/site-packages/dbcounter.py:115}}
May 18 20:36:41.571303 np0000000992 neutron-periodic-workers[88653]: DEBUG oslo.service.backend._threading.loopingcall [None req-55097045-273e-4f27-9613-33bed589af5b None None] Fixed interval looping call 'neutron.plugins.ml2.plugin.DhcpAgentSchedulerDbMixin.remove_networks_from_down_agents' sleeping for 36.99 seconds {{(pid=88653) _run_loop /opt/stack/data/venv/lib/python3.12/site-packages/oslo_service/backend/_threading/loopingcall.py:125}}
May 18 20:36:51.572152 np0000000992 neutron-periodic-workers[88653]: DEBUG dbcounter [-] [88653] Writing DB stats neutron:SELECT=3 {{(pid=88653) stat_writer /opt/stack/data/venv/lib/python3.12/site-packages/dbcounter.py:115}}
May 18 20:37:02.623598 np0000000992 neutron-periodic-workers[88660]: DEBUG neutron.db.agents_db [None req-546ec565-64c3-4ffe-ae2b-8ab62d1b55f1 None None] Agent healthcheck: found 0 active agents {{(pid=88660) agent_health_check /opt/stack/neutron/neutron/db/agents_db.py:322}}
May 18 20:37:02.624081 np0000000992 neutron-periodic-workers[88660]: DEBUG oslo.service.backend._threading.loopingcall [None req-546ec565-64c3-4ffe-ae2b-8ab62d1b55f1 None None] Fixed interval looping call 'neutron.plugins.ml2.plugin.AgentDbMixin.agent_health_check' sleeping for 36.99 seconds {{(pid=88660) _run_loop /opt/stack/data/venv/lib/python3.12/site-packages/oslo_service/backend/_threading/loopingcall.py:125}}
May 18 20:37:12.622661 np0000000992 neutron-periodic-workers[88660]: DEBUG dbcounter [-] [88660] Writing DB stats neutron:SELECT=1 {{(pid=88660) stat_writer /opt/stack/data/venv/lib/python3.12/site-packages/dbcounter.py:115}}
May 18 20:37:18.566757 np0000000992 neutron-periodic-workers[88653]: DEBUG oslo.service.backend._threading.loopingcall [None req-55097045-273e-4f27-9613-33bed589af5b None None] Fixed interval looping call 'neutron.plugins.ml2.plugin.DhcpAgentSchedulerDbMixin.remove_networks_from_down_agents' sleeping for 36.99 seconds {{(pid=88653) _run_loop /opt/stack/data/venv/lib/python3.12/site-packages/oslo_service/backend/_threading/loopingcall.py:125}}
May 18 20:37:28.566077 np0000000992 neutron-periodic-workers[88653]: DEBUG dbcounter [-] [88653] Writing DB stats neutron:SELECT=3 {{(pid=88653) stat_writer /opt/stack/data/venv/lib/python3.12/site-packages/dbcounter.py:115}}
May 18 20:37:39.617871 np0000000992 neutron-periodic-workers[88660]: DEBUG neutron.db.agents_db [None req-546ec565-64c3-4ffe-ae2b-8ab62d1b55f1 None None] Agent healthcheck: found 0 active agents {{(pid=88660) agent_health_check /opt/stack/neutron/neutron/db/agents_db.py:322}}
May 18 20:37:39.618362 np0000000992 neutron-periodic-workers[88660]: DEBUG oslo.service.backend._threading.loopingcall [None req-546ec565-64c3-4ffe-ae2b-8ab62d1b55f1 None None] Fixed interval looping call 'neutron.plugins.ml2.plugin.AgentDbMixin.agent_health_check' sleeping for 37.00 seconds {{(pid=88660) _run_loop /opt/stack/data/venv/lib/python3.12/site-packages/oslo_service/backend/_threading/loopingcall.py:125}}
May 18 20:37:49.617512 np0000000992 neutron-periodic-workers[88660]: DEBUG dbcounter [-] [88660] Writing DB stats neutron:SELECT=1 {{(pid=88660) stat_writer /opt/stack/data/venv/lib/python3.12/site-packages/dbcounter.py:115}}
May 18 20:37:55.569985 np0000000992 neutron-periodic-workers[88653]: DEBUG oslo.service.backend._threading.loopingcall [None req-55097045-273e-4f27-9613-33bed589af5b None None] Fixed interval looping call 'neutron.plugins.ml2.plugin.DhcpAgentSchedulerDbMixin.remove_networks_from_down_agents' sleeping for 36.99 seconds {{(pid=88653) _run_loop /opt/stack/data/venv/lib/python3.12/site-packages/oslo_service/backend/_threading/loopingcall.py:125}}
May 18 20:38:05.572184 np0000000992 neutron-periodic-workers[88653]: DEBUG dbcounter [-] [88653] Writing DB stats neutron:SELECT=3 {{(pid=88653) stat_writer /opt/stack/data/venv/lib/python3.12/site-packages/dbcounter.py:115}}
May 18 20:38:10.617710 np0000000992 neutron-periodic-workers[88676]: DEBUG oslo.service.backend._threading.loopingcall [None req-8711d790-ae17-46d1-b038-8d56207a3fdc None None] Fixed interval looping call 'neutron.db.quota.driver_nolock.DbQuotaNoLockDriver._remove_expired_reservations' sleeping for 120.00 seconds {{(pid=88676) _run_loop /opt/stack/data/venv/lib/python3.12/site-packages/oslo_service/backend/_threading/loopingcall.py:125}}
May 18 20:38:16.624061 np0000000992 neutron-periodic-workers[88660]: DEBUG neutron.db.agents_db [None req-546ec565-64c3-4ffe-ae2b-8ab62d1b55f1 None None] Agent healthcheck: found 0 active agents {{(pid=88660) agent_health_check /opt/stack/neutron/neutron/db/agents_db.py:322}}
May 18 20:38:16.624663 np0000000992 neutron-periodic-workers[88660]: DEBUG oslo.service.backend._threading.loopingcall [None req-546ec565-64c3-4ffe-ae2b-8ab62d1b55f1 None None] Fixed interval looping call 'neutron.plugins.ml2.plugin.AgentDbMixin.agent_health_check' sleeping for 36.99 seconds {{(pid=88660) _run_loop /opt/stack/data/venv/lib/python3.12/site-packages/oslo_service/backend/_threading/loopingcall.py:125}}
May 18 20:38:20.615795 np0000000992 neutron-periodic-workers[88676]: DEBUG dbcounter [-] [88676] Writing DB stats neutron:DELETE=1 {{(pid=88676) stat_writer /opt/stack/data/venv/lib/python3.12/site-packages/dbcounter.py:115}}
May 18 20:38:26.621573 np0000000992 neutron-periodic-workers[88660]: DEBUG dbcounter [-] [88660] Writing DB stats neutron:SELECT=1 {{(pid=88660) stat_writer /opt/stack/data/venv/lib/python3.12/site-packages/dbcounter.py:115}}
May 18 20:38:32.582462 np0000000992 neutron-periodic-workers[88653]: DEBUG oslo.service.backend._threading.loopingcall [None req-55097045-273e-4f27-9613-33bed589af5b None None] Fixed interval looping call 'neutron.plugins.ml2.plugin.DhcpAgentSchedulerDbMixin.remove_networks_from_down_agents' sleeping for 36.98 seconds {{(pid=88653) _run_loop /opt/stack/data/venv/lib/python3.12/site-packages/oslo_service/backend/_threading/loopingcall.py:125}}
May 18 20:38:42.580973 np0000000992 neutron-periodic-workers[88653]: DEBUG dbcounter [-] [88653] Writing DB stats neutron:SELECT=3 {{(pid=88653) stat_writer /opt/stack/data/venv/lib/python3.12/site-packages/dbcounter.py:115}}
May 18 20:38:53.617616 np0000000992 neutron-periodic-workers[88660]: DEBUG neutron.db.agents_db [None req-546ec565-64c3-4ffe-ae2b-8ab62d1b55f1 None None] Agent healthcheck: found 0 active agents {{(pid=88660) agent_health_check /opt/stack/neutron/neutron/db/agents_db.py:322}}
May 18 20:38:53.618151 np0000000992 neutron-periodic-workers[88660]: DEBUG oslo.service.backend._threading.loopingcall [None req-546ec565-64c3-4ffe-ae2b-8ab62d1b55f1 None None] Fixed interval looping call 'neutron.plugins.ml2.plugin.AgentDbMixin.agent_health_check' sleeping for 37.00 seconds {{(pid=88660) _run_loop /opt/stack/data/venv/lib/python3.12/site-packages/oslo_service/backend/_threading/loopingcall.py:125}}
May 18 20:39:03.616538 np0000000992 neutron-periodic-workers[88660]: DEBUG dbcounter [-] [88660] Writing DB stats neutron:SELECT=1 {{(pid=88660) stat_writer /opt/stack/data/venv/lib/python3.12/site-packages/dbcounter.py:115}}
May 18 20:39:09.568778 np0000000992 neutron-periodic-workers[88653]: DEBUG oslo.service.backend._threading.loopingcall [None req-55097045-273e-4f27-9613-33bed589af5b None None] Fixed interval looping call 'neutron.plugins.ml2.plugin.DhcpAgentSchedulerDbMixin.remove_networks_from_down_agents' sleeping for 36.99 seconds {{(pid=88653) _run_loop /opt/stack/data/venv/lib/python3.12/site-packages/oslo_service/backend/_threading/loopingcall.py:125}}
May 18 20:39:19.567922 np0000000992 neutron-periodic-workers[88653]: DEBUG dbcounter [-] [88653] Writing DB stats neutron:SELECT=3 {{(pid=88653) stat_writer /opt/stack/data/venv/lib/python3.12/site-packages/dbcounter.py:115}}
May 18 20:39:30.627563 np0000000992 neutron-periodic-workers[88660]: DEBUG neutron.db.agents_db [None req-546ec565-64c3-4ffe-ae2b-8ab62d1b55f1 None None] Agent healthcheck: found 0 active agents {{(pid=88660) agent_health_check /opt/stack/neutron/neutron/db/agents_db.py:322}}
May 18 20:39:30.629292 np0000000992 neutron-periodic-workers[88660]: DEBUG oslo.service.backend._threading.loopingcall [None req-546ec565-64c3-4ffe-ae2b-8ab62d1b55f1 None None] Fixed interval looping call 'neutron.plugins.ml2.plugin.AgentDbMixin.agent_health_check' sleeping for 36.99 seconds {{(pid=88660) _run_loop /opt/stack/data/venv/lib/python3.12/site-packages/oslo_service/backend/_threading/loopingcall.py:125}}
May 18 20:39:40.624551 np0000000992 neutron-periodic-workers[88660]: DEBUG dbcounter [-] [88660] Writing DB stats neutron:SELECT=1 {{(pid=88660) stat_writer /opt/stack/data/venv/lib/python3.12/site-packages/dbcounter.py:115}}
May 18 20:39:46.567999 np0000000992 neutron-periodic-workers[88653]: DEBUG oslo.service.backend._threading.loopingcall [None req-55097045-273e-4f27-9613-33bed589af5b None None] Fixed interval looping call 'neutron.plugins.ml2.plugin.DhcpAgentSchedulerDbMixin.remove_networks_from_down_agents' sleeping for 36.99 seconds {{(pid=88653) _run_loop /opt/stack/data/venv/lib/python3.12/site-packages/oslo_service/backend/_threading/loopingcall.py:125}}
May 18 20:39:56.566128 np0000000992 neutron-periodic-workers[88653]: DEBUG dbcounter [-] [88653] Writing DB stats neutron:SELECT=3 {{(pid=88653) stat_writer /opt/stack/data/venv/lib/python3.12/site-packages/dbcounter.py:115}}
May 18 20:40:06.562685 np0000000992 neutron-periodic-workers[88642]: DEBUG oslo.service.backend._threading.loopingcall [None req-ca45344b-8820-40e5-ab2e-43323a19d5fd None None] Fixed interval looping call 'neutron.services.ovn_l3.plugin.L3_NAT_dbonly_mixin._clean_garbage' sleeping for 299.99 seconds {{(pid=88642) _run_loop /opt/stack/data/venv/lib/python3.12/site-packages/oslo_service/backend/_threading/loopingcall.py:125}}
May 18 20:40:07.623102 np0000000992 neutron-periodic-workers[88660]: DEBUG neutron.db.agents_db [None req-546ec565-64c3-4ffe-ae2b-8ab62d1b55f1 None None] Agent healthcheck: found 0 active agents {{(pid=88660) agent_health_check /opt/stack/neutron/neutron/db/agents_db.py:322}}
May 18 20:40:07.623875 np0000000992 neutron-periodic-workers[88660]: DEBUG oslo.service.backend._threading.loopingcall [None req-546ec565-64c3-4ffe-ae2b-8ab62d1b55f1 None None] Fixed interval looping call 'neutron.plugins.ml2.plugin.AgentDbMixin.agent_health_check' sleeping for 37.00 seconds {{(pid=88660) _run_loop /opt/stack/data/venv/lib/python3.12/site-packages/oslo_service/backend/_threading/loopingcall.py:125}}
May 18 20:40:10.623625 np0000000992 neutron-periodic-workers[88676]: DEBUG oslo.service.backend._threading.loopingcall [None req-8711d790-ae17-46d1-b038-8d56207a3fdc None None] Fixed interval looping call 'neutron.db.quota.driver_nolock.DbQuotaNoLockDriver._remove_expired_reservations' sleeping for 119.99 seconds {{(pid=88676) _run_loop /opt/stack/data/venv/lib/python3.12/site-packages/oslo_service/backend/_threading/loopingcall.py:125}}
May 18 20:40:16.558098 np0000000992 neutron-periodic-workers[88642]: DEBUG dbcounter [-] [88642] Writing DB stats neutron:SELECT=1 {{(pid=88642) stat_writer /opt/stack/data/venv/lib/python3.12/site-packages/dbcounter.py:115}}
May 18 20:40:18.282709 np0000000992 neutron-periodic-workers[88660]: DEBUG dbcounter [-] [88660] Writing DB stats neutron:SELECT=1 {{(pid=88660) stat_writer /opt/stack/data/venv/lib/python3.12/site-packages/dbcounter.py:115}}
May 18 20:40:20.623600 np0000000992 neutron-periodic-workers[88676]: DEBUG dbcounter [-] [88676] Writing DB stats neutron:DELETE=1 {{(pid=88676) stat_writer /opt/stack/data/venv/lib/python3.12/site-packages/dbcounter.py:115}}
May 18 20:40:23.569418 np0000000992 neutron-periodic-workers[88653]: DEBUG oslo.service.backend._threading.loopingcall [None req-55097045-273e-4f27-9613-33bed589af5b None None] Fixed interval looping call 'neutron.plugins.ml2.plugin.DhcpAgentSchedulerDbMixin.remove_networks_from_down_agents' sleeping for 36.99 seconds {{(pid=88653) _run_loop /opt/stack/data/venv/lib/python3.12/site-packages/oslo_service/backend/_threading/loopingcall.py:125}}
May 18 20:40:33.569209 np0000000992 neutron-periodic-workers[88653]: DEBUG dbcounter [-] [88653] Writing DB stats neutron:SELECT=3 {{(pid=88653) stat_writer /opt/stack/data/venv/lib/python3.12/site-packages/dbcounter.py:115}}
May 18 20:40:44.628750 np0000000992 neutron-periodic-workers[88660]: DEBUG neutron.db.agents_db [None req-546ec565-64c3-4ffe-ae2b-8ab62d1b55f1 None None] Agent healthcheck: found 0 active agents {{(pid=88660) agent_health_check /opt/stack/neutron/neutron/db/agents_db.py:322}}
May 18 20:40:44.629368 np0000000992 neutron-periodic-workers[88660]: DEBUG oslo.service.backend._threading.loopingcall [None req-546ec565-64c3-4ffe-ae2b-8ab62d1b55f1 None None] Fixed interval looping call 'neutron.plugins.ml2.plugin.AgentDbMixin.agent_health_check' sleeping for 36.99 seconds {{(pid=88660) _run_loop /opt/stack/data/venv/lib/python3.12/site-packages/oslo_service/backend/_threading/loopingcall.py:125}}
May 18 20:40:54.627140 np0000000992 neutron-periodic-workers[88660]: DEBUG dbcounter [-] [88660] Writing DB stats neutron:SELECT=1 {{(pid=88660) stat_writer /opt/stack/data/venv/lib/python3.12/site-packages/dbcounter.py:115}}
May 18 20:41:00.566373 np0000000992 neutron-periodic-workers[88653]: DEBUG oslo.service.backend._threading.loopingcall [None req-55097045-273e-4f27-9613-33bed589af5b None None] Fixed interval looping call 'neutron.plugins.ml2.plugin.DhcpAgentSchedulerDbMixin.remove_networks_from_down_agents' sleeping for 36.99 seconds {{(pid=88653) _run_loop /opt/stack/data/venv/lib/python3.12/site-packages/oslo_service/backend/_threading/loopingcall.py:125}}
May 18 20:41:10.565430 np0000000992 neutron-periodic-workers[88653]: DEBUG dbcounter [-] [88653] Writing DB stats neutron:SELECT=3 {{(pid=88653) stat_writer /opt/stack/data/venv/lib/python3.12/site-packages/dbcounter.py:115}}
May 18 20:41:21.622373 np0000000992 neutron-periodic-workers[88660]: DEBUG neutron.db.agents_db [None req-546ec565-64c3-4ffe-ae2b-8ab62d1b55f1 None None] Agent healthcheck: found 0 active agents {{(pid=88660) agent_health_check /opt/stack/neutron/neutron/db/agents_db.py:322}}
May 18 20:41:21.622754 np0000000992 neutron-periodic-workers[88660]: DEBUG oslo.service.backend._threading.loopingcall [None req-546ec565-64c3-4ffe-ae2b-8ab62d1b55f1 None None] Fixed interval looping call 'neutron.plugins.ml2.plugin.AgentDbMixin.agent_health_check' sleeping for 37.00 seconds {{(pid=88660) _run_loop /opt/stack/data/venv/lib/python3.12/site-packages/oslo_service/backend/_threading/loopingcall.py:125}}
May 18 20:41:31.621383 np0000000992 neutron-periodic-workers[88660]: DEBUG dbcounter [-] [88660] Writing DB stats neutron:SELECT=1 {{(pid=88660) stat_writer /opt/stack/data/venv/lib/python3.12/site-packages/dbcounter.py:115}}
May 18 20:41:37.565878 np0000000992 neutron-periodic-workers[88653]: DEBUG oslo.service.backend._threading.loopingcall [None req-55097045-273e-4f27-9613-33bed589af5b None None] Fixed interval looping call 'neutron.plugins.ml2.plugin.DhcpAgentSchedulerDbMixin.remove_networks_from_down_agents' sleeping for 36.99 seconds {{(pid=88653) _run_loop /opt/stack/data/venv/lib/python3.12/site-packages/oslo_service/backend/_threading/loopingcall.py:125}}
May 18 20:41:47.563762 np0000000992 neutron-periodic-workers[88653]: DEBUG dbcounter [-] [88653] Writing DB stats neutron:SELECT=3 {{(pid=88653) stat_writer /opt/stack/data/venv/lib/python3.12/site-packages/dbcounter.py:115}}
May 18 20:41:58.629730 np0000000992 neutron-periodic-workers[88660]: DEBUG neutron.db.agents_db [None req-546ec565-64c3-4ffe-ae2b-8ab62d1b55f1 None None] Agent healthcheck: found 0 active agents {{(pid=88660) agent_health_check /opt/stack/neutron/neutron/db/agents_db.py:322}}
May 18 20:41:58.630183 np0000000992 neutron-periodic-workers[88660]: DEBUG oslo.service.backend._threading.loopingcall [None req-546ec565-64c3-4ffe-ae2b-8ab62d1b55f1 None None] Fixed interval looping call 'neutron.plugins.ml2.plugin.AgentDbMixin.agent_health_check' sleeping for 36.99 seconds {{(pid=88660) _run_loop /opt/stack/data/venv/lib/python3.12/site-packages/oslo_service/backend/_threading/loopingcall.py:125}}
May 18 20:42:08.626952 np0000000992 neutron-periodic-workers[88660]: DEBUG dbcounter [-] [88660] Writing DB stats neutron:SELECT=1 {{(pid=88660) stat_writer /opt/stack/data/venv/lib/python3.12/site-packages/dbcounter.py:115}}
May 18 20:42:10.623577 np0000000992 neutron-periodic-workers[88676]: DEBUG oslo.service.backend._threading.loopingcall [None req-8711d790-ae17-46d1-b038-8d56207a3fdc None None] Fixed interval looping call 'neutron.db.quota.driver_nolock.DbQuotaNoLockDriver._remove_expired_reservations' sleeping for 119.99 seconds {{(pid=88676) _run_loop /opt/stack/data/venv/lib/python3.12/site-packages/oslo_service/backend/_threading/loopingcall.py:125}}
May 18 20:42:14.563735 np0000000992 neutron-periodic-workers[88653]: DEBUG oslo.service.backend._threading.loopingcall [None req-55097045-273e-4f27-9613-33bed589af5b None None] Fixed interval looping call 'neutron.plugins.ml2.plugin.DhcpAgentSchedulerDbMixin.remove_networks_from_down_agents' sleeping for 36.99 seconds {{(pid=88653) _run_loop /opt/stack/data/venv/lib/python3.12/site-packages/oslo_service/backend/_threading/loopingcall.py:125}}
May 18 20:42:20.622226 np0000000992 neutron-periodic-workers[88676]: DEBUG dbcounter [-] [88676] Writing DB stats neutron:DELETE=1 {{(pid=88676) stat_writer /opt/stack/data/venv/lib/python3.12/site-packages/dbcounter.py:115}}
May 18 20:42:24.563842 np0000000992 neutron-periodic-workers[88653]: DEBUG dbcounter [-] [88653] Writing DB stats neutron:SELECT=3 {{(pid=88653) stat_writer /opt/stack/data/venv/lib/python3.12/site-packages/dbcounter.py:115}}
May 18 20:42:35.624154 np0000000992 neutron-periodic-workers[88660]: DEBUG neutron.db.agents_db [None req-546ec565-64c3-4ffe-ae2b-8ab62d1b55f1 None None] Agent healthcheck: found 0 active agents {{(pid=88660) agent_health_check /opt/stack/neutron/neutron/db/agents_db.py:322}}
May 18 20:42:35.624681 np0000000992 neutron-periodic-workers[88660]: DEBUG oslo.service.backend._threading.loopingcall [None req-546ec565-64c3-4ffe-ae2b-8ab62d1b55f1 None None] Fixed interval looping call 'neutron.plugins.ml2.plugin.AgentDbMixin.agent_health_check' sleeping for 37.00 seconds {{(pid=88660) _run_loop /opt/stack/data/venv/lib/python3.12/site-packages/oslo_service/backend/_threading/loopingcall.py:125}}
May 18 20:42:45.622516 np0000000992 neutron-periodic-workers[88660]: DEBUG dbcounter [-] [88660] Writing DB stats neutron:SELECT=1 {{(pid=88660) stat_writer /opt/stack/data/venv/lib/python3.12/site-packages/dbcounter.py:115}}
May 18 20:42:51.559286 np0000000992 neutron-periodic-workers[88653]: DEBUG oslo.service.backend._threading.loopingcall [None req-55097045-273e-4f27-9613-33bed589af5b None None] Fixed interval looping call 'neutron.plugins.ml2.plugin.DhcpAgentSchedulerDbMixin.remove_networks_from_down_agents' sleeping for 36.99 seconds {{(pid=88653) _run_loop /opt/stack/data/venv/lib/python3.12/site-packages/oslo_service/backend/_threading/loopingcall.py:125}}
May 18 20:43:01.558573 np0000000992 neutron-periodic-workers[88653]: DEBUG dbcounter [-] [88653] Writing DB stats neutron:SELECT=3 {{(pid=88653) stat_writer /opt/stack/data/venv/lib/python3.12/site-packages/dbcounter.py:115}}
May 18 20:43:12.631113 np0000000992 neutron-periodic-workers[88660]: DEBUG neutron.db.agents_db [None req-546ec565-64c3-4ffe-ae2b-8ab62d1b55f1 None None] Agent healthcheck: found 0 active agents {{(pid=88660) agent_health_check /opt/stack/neutron/neutron/db/agents_db.py:322}}
