Jun 29 06:59:37.869461 np0000003890 systemd[1]: Starting devstack@n-api-meta.service - Devstack devstack@n-api-meta.service...
Jun 29 06:59:37.875636 np0000003890 devstack@n-api-meta.service[95717]: [uWSGI] getting INI configuration from /etc/nova/nova-metadata-uwsgi.ini
Jun 29 06:59:37.878000 np0000003890 devstack@n-api-meta.service[95717]: *** Starting uWSGI 2.0.24-debian (64bit) on [Mon Jun 29 06:59:37 2026] ***
Jun 29 06:59:37.878000 np0000003890 devstack@n-api-meta.service[95717]: compiled with version: 13.2.0 on 17 April 2024 16:23:48
Jun 29 06:59:37.878000 np0000003890 devstack@n-api-meta.service[95717]: os: Linux-6.8.0-100-generic #100-Ubuntu SMP PREEMPT_DYNAMIC Tue Jan 13 16:40:06 UTC 2026
Jun 29 06:59:37.878000 np0000003890 devstack@n-api-meta.service[95717]: nodename: np0000003890
Jun 29 06:59:37.878000 np0000003890 devstack@n-api-meta.service[95717]: machine: x86_64
Jun 29 06:59:37.878000 np0000003890 devstack@n-api-meta.service[95717]: clock source: unix
Jun 29 06:59:37.878000 np0000003890 devstack@n-api-meta.service[95717]: pcre jit disabled
Jun 29 06:59:37.878000 np0000003890 devstack@n-api-meta.service[95717]: detected number of CPU cores: 16
Jun 29 06:59:37.878000 np0000003890 devstack@n-api-meta.service[95717]: current working directory: /
Jun 29 06:59:37.878000 np0000003890 devstack@n-api-meta.service[95717]: detected binary path: /usr/bin/uwsgi-core
Jun 29 06:59:37.878000 np0000003890 devstack@n-api-meta.service[95717]: your processes number limit is 257052
Jun 29 06:59:37.878000 np0000003890 devstack@n-api-meta.service[95717]: your memory page size is 4096 bytes
Jun 29 06:59:37.878000 np0000003890 devstack@n-api-meta.service[95717]: detected max file descriptor number: 2048
Jun 29 06:59:37.878000 np0000003890 devstack@n-api-meta.service[95717]: lock engine: pthread robust mutexes
Jun 29 06:59:37.878370 np0000003890 devstack@n-api-meta.service[95717]: thunder lock: enabled
Jun 29 06:59:37.878462 np0000003890 devstack@n-api-meta.service[95717]: uWSGI http bound on 0.0.0.0:8775 fd 5
Jun 29 06:59:37.878497 np0000003890 devstack@n-api-meta.service[95717]: uwsgi socket 0 bound to TCP address 127.0.0.1:46531 (port auto-assigned) fd 4
Jun 29 06:59:37.878523 np0000003890 devstack@n-api-meta.service[95717]: Python version: 3.12.3 (main, Mar 23 2026, 19:04:32) [GCC 13.3.0]
Jun 29 06:59:37.878523 np0000003890 devstack@n-api-meta.service[95717]: PEP 405 virtualenv detected: /opt/stack/data/venv
Jun 29 06:59:37.878523 np0000003890 devstack@n-api-meta.service[95717]: Set PythonHome to /opt/stack/data/venv
Jun 29 06:59:37.914802 np0000003890 devstack@n-api-meta.service[95717]: Python main interpreter initialized at 0x7e322fea3668
Jun 29 06:59:37.914802 np0000003890 devstack@n-api-meta.service[95717]: python threads support enabled
Jun 29 06:59:37.914802 np0000003890 devstack@n-api-meta.service[95717]: your server socket listen backlog is limited to 100 connections
Jun 29 06:59:37.914802 np0000003890 devstack@n-api-meta.service[95717]: your mercy for graceful operations on workers is 80 seconds
Jun 29 06:59:37.915483 np0000003890 devstack@n-api-meta.service[95717]: mapped 671795 bytes (656 KB) for 4 cores
Jun 29 06:59:37.915681 np0000003890 devstack@n-api-meta.service[95717]: *** Operational MODE: preforking ***
Jun 29 06:59:37.915917 np0000003890 devstack@n-api-meta.service[95717]: *** uWSGI is running in multiple interpreter mode ***
Jun 29 06:59:37.915917 np0000003890 devstack@n-api-meta.service[95717]: spawned uWSGI master process (pid: 95717)
Jun 29 06:59:37.916070 np0000003890 systemd[1]: Started devstack@n-api-meta.service - Devstack devstack@n-api-meta.service.
Jun 29 06:59:37.916693 np0000003890 devstack@n-api-meta.service[95717]: spawned uWSGI worker 1 (pid: 95718, cores: 1)
Jun 29 06:59:37.918066 np0000003890 devstack@n-api-meta.service[95717]: spawned uWSGI worker 2 (pid: 95719, cores: 1)
Jun 29 06:59:37.918066 np0000003890 devstack@n-api-meta.service[95717]: spawned uWSGI worker 3 (pid: 95720, cores: 1)
Jun 29 06:59:37.918528 np0000003890 devstack@n-api-meta.service[95717]: spawned uWSGI worker 4 (pid: 95721, cores: 1)
Jun 29 06:59:37.919103 np0000003890 devstack@n-api-meta.service[95717]: spawned uWSGI http 1 (pid: 95723)
Jun 29 06:59:37.919103 np0000003890 devstack@n-api-meta.service[95717]: running "unix_signal:15 gracefully_kill_them_all" (master-start)...
Jun 29 06:59:39.587444 np0000003890 devstack@n-api-meta.service[95719]: INFO dbcounter [None req-e05cf4c5-93a7-4b4b-8f4b-6f225015ff55 None None] Registered counter for database nova_api
Jun 29 06:59:39.627974 np0000003890 devstack@n-api-meta.service[95718]: INFO dbcounter [None req-9e6037a9-9afc-4728-ba5f-5a0afd8a514f None None] Registered counter for database nova_api
Jun 29 06:59:39.628349 np0000003890 devstack@n-api-meta.service[95719]: DEBUG oslo_db.sqlalchemy.engines [None req-e05cf4c5-93a7-4b4b-8f4b-6f225015ff55 None None] MySQL server mode set to STRICT_TRANS_TABLES,STRICT_ALL_TABLES,NO_ZERO_IN_DATE,NO_ZERO_DATE,ERROR_FOR_DIVISION_BY_ZERO,TRADITIONAL,NO_ENGINE_SUBSTITUTION {{(pid=95719) _check_effective_sql_mode /opt/stack/data/venv/lib/python3.12/site-packages/oslo_db/sqlalchemy/engines.py:325}}
Jun 29 06:59:39.647568 np0000003890 devstack@n-api-meta.service[95721]: INFO dbcounter [None req-ed956246-2bba-4c6c-aa3c-13a5b95669f8 None None] Registered counter for database nova_api
Jun 29 06:59:39.657102 np0000003890 devstack@n-api-meta.service[95719]: DEBUG dbcounter [-] [95719] Writer thread running {{(pid=95719) stat_writer /opt/stack/data/venv/lib/python3.12/site-packages/dbcounter.py:102}}
Jun 29 06:59:39.659352 np0000003890 devstack@n-api-meta.service[95719]: DEBUG nova.context [None req-e05cf4c5-93a7-4b4b-8f4b-6f225015ff55 None None] Found 2 cells: 00000000-0000-0000-0000-000000000000(cell0),1dd0ecb4-6b07-4d82-bbfd-35b380e1dbec(cell1) {{(pid=95719) load_cells /opt/stack/nova/nova/context.py:509}}
Jun 29 06:59:39.659577 np0000003890 devstack@n-api-meta.service[95719]: INFO nova.utils [None req-e05cf4c5-93a7-4b4b-8f4b-6f225015ff55 None None] The cell worker thread pool MainProcess.cell_worker is initialized
Jun 29 06:59:39.661265 np0000003890 devstack@n-api-meta.service[95719]: DEBUG oslo_concurrency.lockutils [None req-e05cf4c5-93a7-4b4b-8f4b-6f225015ff55 None None] Acquiring lock "00000000-0000-0000-0000-000000000000" by "nova.context.set_target_cell..get_or_set_cached_cell_and_set_connections" {{(pid=95719) inner /opt/stack/data/venv/lib/python3.12/site-packages/oslo_concurrency/lockutils.py:511}}
Jun 29 06:59:39.662354 np0000003890 devstack@n-api-meta.service[95719]: DEBUG oslo_concurrency.lockutils [None req-e05cf4c5-93a7-4b4b-8f4b-6f225015ff55 None None] Lock "00000000-0000-0000-0000-000000000000" acquired by "nova.context.set_target_cell..get_or_set_cached_cell_and_set_connections" :: waited 0.000s {{(pid=95719) inner /opt/stack/data/venv/lib/python3.12/site-packages/oslo_concurrency/lockutils.py:524}}
Jun 29 06:59:39.662354 np0000003890 devstack@n-api-meta.service[95719]: DEBUG oslo_concurrency.lockutils [None req-e05cf4c5-93a7-4b4b-8f4b-6f225015ff55 None None] Lock "00000000-0000-0000-0000-000000000000" "released" by "nova.context.set_target_cell..get_or_set_cached_cell_and_set_connections" :: held 0.000s {{(pid=95719) inner /opt/stack/data/venv/lib/python3.12/site-packages/oslo_concurrency/lockutils.py:543}}
Jun 29 06:59:39.662531 np0000003890 devstack@n-api-meta.service[95719]: DEBUG oslo_concurrency.lockutils [None req-e05cf4c5-93a7-4b4b-8f4b-6f225015ff55 None None] Acquiring lock "1dd0ecb4-6b07-4d82-bbfd-35b380e1dbec" by "nova.context.set_target_cell..get_or_set_cached_cell_and_set_connections" {{(pid=95719) inner /opt/stack/data/venv/lib/python3.12/site-packages/oslo_concurrency/lockutils.py:511}}
Jun 29 06:59:39.664329 np0000003890 devstack@n-api-meta.service[95719]: INFO dbcounter [None req-e05cf4c5-93a7-4b4b-8f4b-6f225015ff55 None None] Registered counter for database nova_cell0
Jun 29 06:59:39.665701 np0000003890 devstack@n-api-meta.service[95719]: DEBUG oslo_concurrency.lockutils [None req-e05cf4c5-93a7-4b4b-8f4b-6f225015ff55 None None] Lock "1dd0ecb4-6b07-4d82-bbfd-35b380e1dbec" acquired by "nova.context.set_target_cell..get_or_set_cached_cell_and_set_connections" :: waited 0.002s {{(pid=95719) inner /opt/stack/data/venv/lib/python3.12/site-packages/oslo_concurrency/lockutils.py:524}}
Jun 29 06:59:39.666902 np0000003890 devstack@n-api-meta.service[95719]: DEBUG oslo_concurrency.lockutils [None req-e05cf4c5-93a7-4b4b-8f4b-6f225015ff55 None None] Lock "1dd0ecb4-6b07-4d82-bbfd-35b380e1dbec" "released" by "nova.context.set_target_cell..get_or_set_cached_cell_and_set_connections" :: held 0.003s {{(pid=95719) inner /opt/stack/data/venv/lib/python3.12/site-packages/oslo_concurrency/lockutils.py:543}}
Jun 29 06:59:39.670984 np0000003890 devstack@n-api-meta.service[95719]: INFO dbcounter [None req-e05cf4c5-93a7-4b4b-8f4b-6f225015ff55 None None] Registered counter for database nova_cell1
Jun 29 06:59:39.675124 np0000003890 devstack@n-api-meta.service[95718]: DEBUG oslo_db.sqlalchemy.engines [None req-9e6037a9-9afc-4728-ba5f-5a0afd8a514f None None] MySQL server mode set to STRICT_TRANS_TABLES,STRICT_ALL_TABLES,NO_ZERO_IN_DATE,NO_ZERO_DATE,ERROR_FOR_DIVISION_BY_ZERO,TRADITIONAL,NO_ENGINE_SUBSTITUTION {{(pid=95718) _check_effective_sql_mode /opt/stack/data/venv/lib/python3.12/site-packages/oslo_db/sqlalchemy/engines.py:325}}
Jun 29 06:59:39.692904 np0000003890 devstack@n-api-meta.service[95721]: DEBUG oslo_db.sqlalchemy.engines [None req-ed956246-2bba-4c6c-aa3c-13a5b95669f8 None None] MySQL server mode set to STRICT_TRANS_TABLES,STRICT_ALL_TABLES,NO_ZERO_IN_DATE,NO_ZERO_DATE,ERROR_FOR_DIVISION_BY_ZERO,TRADITIONAL,NO_ENGINE_SUBSTITUTION {{(pid=95721) _check_effective_sql_mode /opt/stack/data/venv/lib/python3.12/site-packages/oslo_db/sqlalchemy/engines.py:325}}
Jun 29 06:59:39.709335 np0000003890 devstack@n-api-meta.service[95718]: DEBUG dbcounter [-] [95718] Writer thread running {{(pid=95718) stat_writer /opt/stack/data/venv/lib/python3.12/site-packages/dbcounter.py:102}}
Jun 29 06:59:39.711965 np0000003890 devstack@n-api-meta.service[95718]: DEBUG nova.context [None req-9e6037a9-9afc-4728-ba5f-5a0afd8a514f None None] Found 2 cells: 00000000-0000-0000-0000-000000000000(cell0),1dd0ecb4-6b07-4d82-bbfd-35b380e1dbec(cell1) {{(pid=95718) load_cells /opt/stack/nova/nova/context.py:509}}
Jun 29 06:59:39.712186 np0000003890 devstack@n-api-meta.service[95718]: INFO nova.utils [None req-9e6037a9-9afc-4728-ba5f-5a0afd8a514f None None] The cell worker thread pool MainProcess.cell_worker is initialized
Jun 29 06:59:39.712828 np0000003890 devstack@n-api-meta.service[95719]: DEBUG oslo_db.sqlalchemy.engines [None req-e05cf4c5-93a7-4b4b-8f4b-6f225015ff55 None None] MySQL server mode set to STRICT_TRANS_TABLES,STRICT_ALL_TABLES,NO_ZERO_IN_DATE,NO_ZERO_DATE,ERROR_FOR_DIVISION_BY_ZERO,TRADITIONAL,NO_ENGINE_SUBSTITUTION {{(pid=95719) _check_effective_sql_mode /opt/stack/data/venv/lib/python3.12/site-packages/oslo_db/sqlalchemy/engines.py:325}}
Jun 29 06:59:39.714043 np0000003890 devstack@n-api-meta.service[95718]: DEBUG oslo_concurrency.lockutils [None req-9e6037a9-9afc-4728-ba5f-5a0afd8a514f None None] Acquiring lock "00000000-0000-0000-0000-000000000000" by "nova.context.set_target_cell..get_or_set_cached_cell_and_set_connections" {{(pid=95718) inner /opt/stack/data/venv/lib/python3.12/site-packages/oslo_concurrency/lockutils.py:511}}
Jun 29 06:59:39.714405 np0000003890 devstack@n-api-meta.service[95718]: DEBUG oslo_concurrency.lockutils [None req-9e6037a9-9afc-4728-ba5f-5a0afd8a514f None None] Lock "00000000-0000-0000-0000-000000000000" acquired by "nova.context.set_target_cell..get_or_set_cached_cell_and_set_connections" :: waited 0.000s {{(pid=95718) inner /opt/stack/data/venv/lib/python3.12/site-packages/oslo_concurrency/lockutils.py:524}}
Jun 29 06:59:39.714678 np0000003890 devstack@n-api-meta.service[95718]: DEBUG oslo_concurrency.lockutils [None req-9e6037a9-9afc-4728-ba5f-5a0afd8a514f None None] Lock "00000000-0000-0000-0000-000000000000" "released" by "nova.context.set_target_cell..get_or_set_cached_cell_and_set_connections" :: held 0.000s {{(pid=95718) inner /opt/stack/data/venv/lib/python3.12/site-packages/oslo_concurrency/lockutils.py:543}}
Jun 29 06:59:39.715111 np0000003890 devstack@n-api-meta.service[95719]: DEBUG oslo_db.sqlalchemy.engines [None req-e05cf4c5-93a7-4b4b-8f4b-6f225015ff55 None None] MySQL server mode set to STRICT_TRANS_TABLES,STRICT_ALL_TABLES,NO_ZERO_IN_DATE,NO_ZERO_DATE,ERROR_FOR_DIVISION_BY_ZERO,TRADITIONAL,NO_ENGINE_SUBSTITUTION {{(pid=95719) _check_effective_sql_mode /opt/stack/data/venv/lib/python3.12/site-packages/oslo_db/sqlalchemy/engines.py:325}}
Jun 29 06:59:39.715285 np0000003890 devstack@n-api-meta.service[95718]: DEBUG oslo_concurrency.lockutils [None req-9e6037a9-9afc-4728-ba5f-5a0afd8a514f None None] Acquiring lock "1dd0ecb4-6b07-4d82-bbfd-35b380e1dbec" by "nova.context.set_target_cell..get_or_set_cached_cell_and_set_connections" {{(pid=95718) inner /opt/stack/data/venv/lib/python3.12/site-packages/oslo_concurrency/lockutils.py:511}}
Jun 29 06:59:39.715549 np0000003890 devstack@n-api-meta.service[95718]: DEBUG oslo_concurrency.lockutils [None req-9e6037a9-9afc-4728-ba5f-5a0afd8a514f None None] Lock "1dd0ecb4-6b07-4d82-bbfd-35b380e1dbec" acquired by "nova.context.set_target_cell..get_or_set_cached_cell_and_set_connections" :: waited 0.000s {{(pid=95718) inner /opt/stack/data/venv/lib/python3.12/site-packages/oslo_concurrency/lockutils.py:524}}
Jun 29 06:59:39.718112 np0000003890 devstack@n-api-meta.service[95718]: INFO dbcounter [None req-9e6037a9-9afc-4728-ba5f-5a0afd8a514f None None] Registered counter for database nova_cell0
Jun 29 06:59:39.719830 np0000003890 devstack@n-api-meta.service[95718]: DEBUG oslo_concurrency.lockutils [None req-9e6037a9-9afc-4728-ba5f-5a0afd8a514f None None] Lock "1dd0ecb4-6b07-4d82-bbfd-35b380e1dbec" "released" by "nova.context.set_target_cell..get_or_set_cached_cell_and_set_connections" :: held 0.002s {{(pid=95718) inner /opt/stack/data/venv/lib/python3.12/site-packages/oslo_concurrency/lockutils.py:543}}
Jun 29 06:59:39.722573 np0000003890 devstack@n-api-meta.service[95718]: INFO dbcounter [None req-9e6037a9-9afc-4728-ba5f-5a0afd8a514f None None] Registered counter for database nova_cell1
Jun 29 06:59:39.722865 np0000003890 devstack@n-api-meta.service[95721]: DEBUG dbcounter [-] [95721] Writer thread running {{(pid=95721) stat_writer /opt/stack/data/venv/lib/python3.12/site-packages/dbcounter.py:102}}
Jun 29 06:59:39.725013 np0000003890 devstack@n-api-meta.service[95721]: DEBUG nova.context [None req-ed956246-2bba-4c6c-aa3c-13a5b95669f8 None None] Found 2 cells: 00000000-0000-0000-0000-000000000000(cell0),1dd0ecb4-6b07-4d82-bbfd-35b380e1dbec(cell1) {{(pid=95721) load_cells /opt/stack/nova/nova/context.py:509}}
Jun 29 06:59:39.725268 np0000003890 devstack@n-api-meta.service[95721]: INFO nova.utils [None req-ed956246-2bba-4c6c-aa3c-13a5b95669f8 None None] The cell worker thread pool MainProcess.cell_worker is initialized
Jun 29 06:59:39.726914 np0000003890 devstack@n-api-meta.service[95721]: DEBUG oslo_concurrency.lockutils [None req-ed956246-2bba-4c6c-aa3c-13a5b95669f8 None None] Acquiring lock "00000000-0000-0000-0000-000000000000" by "nova.context.set_target_cell..get_or_set_cached_cell_and_set_connections" {{(pid=95721) inner /opt/stack/data/venv/lib/python3.12/site-packages/oslo_concurrency/lockutils.py:511}}
Jun 29 06:59:39.727096 np0000003890 devstack@n-api-meta.service[95721]: DEBUG oslo_concurrency.lockutils [None req-ed956246-2bba-4c6c-aa3c-13a5b95669f8 None None] Lock "00000000-0000-0000-0000-000000000000" acquired by "nova.context.set_target_cell..get_or_set_cached_cell_and_set_connections" :: waited 0.000s {{(pid=95721) inner /opt/stack/data/venv/lib/python3.12/site-packages/oslo_concurrency/lockutils.py:524}}
Jun 29 06:59:39.727356 np0000003890 devstack@n-api-meta.service[95720]: INFO dbcounter [None req-cb5e3569-6f1d-4858-875a-882ce8c3f7bc None None] Registered counter for database nova_api
Jun 29 06:59:39.727690 np0000003890 devstack@n-api-meta.service[95721]: DEBUG oslo_concurrency.lockutils [None req-ed956246-2bba-4c6c-aa3c-13a5b95669f8 None None] Lock "00000000-0000-0000-0000-000000000000" "released" by "nova.context.set_target_cell..get_or_set_cached_cell_and_set_connections" :: held 0.000s {{(pid=95721) inner /opt/stack/data/venv/lib/python3.12/site-packages/oslo_concurrency/lockutils.py:543}}
Jun 29 06:59:39.730974 np0000003890 devstack@n-api-meta.service[95721]: DEBUG oslo_concurrency.lockutils [None req-ed956246-2bba-4c6c-aa3c-13a5b95669f8 None None] Acquiring lock "1dd0ecb4-6b07-4d82-bbfd-35b380e1dbec" by "nova.context.set_target_cell..get_or_set_cached_cell_and_set_connections" {{(pid=95721) inner /opt/stack/data/venv/lib/python3.12/site-packages/oslo_concurrency/lockutils.py:511}}
Jun 29 06:59:39.730974 np0000003890 devstack@n-api-meta.service[95721]: INFO dbcounter [None req-ed956246-2bba-4c6c-aa3c-13a5b95669f8 None None] Registered counter for database nova_cell0
Jun 29 06:59:39.731062 np0000003890 devstack@n-api-meta.service[95721]: DEBUG oslo_concurrency.lockutils [None req-ed956246-2bba-4c6c-aa3c-13a5b95669f8 None None] Lock "1dd0ecb4-6b07-4d82-bbfd-35b380e1dbec" acquired by "nova.context.set_target_cell..get_or_set_cached_cell_and_set_connections" :: waited 0.002s {{(pid=95721) inner /opt/stack/data/venv/lib/python3.12/site-packages/oslo_concurrency/lockutils.py:524}}
Jun 29 06:59:39.732224 np0000003890 devstack@n-api-meta.service[95721]: DEBUG oslo_concurrency.lockutils [None req-ed956246-2bba-4c6c-aa3c-13a5b95669f8 None None] Lock "1dd0ecb4-6b07-4d82-bbfd-35b380e1dbec" "released" by "nova.context.set_target_cell..get_or_set_cached_cell_and_set_connections" :: held 0.002s {{(pid=95721) inner /opt/stack/data/venv/lib/python3.12/site-packages/oslo_concurrency/lockutils.py:543}}
Jun 29 06:59:39.734191 np0000003890 devstack@n-api-meta.service[95721]: INFO dbcounter [None req-ed956246-2bba-4c6c-aa3c-13a5b95669f8 None None] Registered counter for database nova_cell1
Jun 29 06:59:39.775396 np0000003890 devstack@n-api-meta.service[95720]: DEBUG oslo_db.sqlalchemy.engines [None req-cb5e3569-6f1d-4858-875a-882ce8c3f7bc None None] MySQL server mode set to STRICT_TRANS_TABLES,STRICT_ALL_TABLES,NO_ZERO_IN_DATE,NO_ZERO_DATE,ERROR_FOR_DIVISION_BY_ZERO,TRADITIONAL,NO_ENGINE_SUBSTITUTION {{(pid=95720) _check_effective_sql_mode /opt/stack/data/venv/lib/python3.12/site-packages/oslo_db/sqlalchemy/engines.py:325}}
Jun 29 06:59:39.779913 np0000003890 devstack@n-api-meta.service[95718]: DEBUG oslo_db.sqlalchemy.engines [None req-9e6037a9-9afc-4728-ba5f-5a0afd8a514f None None] MySQL server mode set to STRICT_TRANS_TABLES,STRICT_ALL_TABLES,NO_ZERO_IN_DATE,NO_ZERO_DATE,ERROR_FOR_DIVISION_BY_ZERO,TRADITIONAL,NO_ENGINE_SUBSTITUTION {{(pid=95718) _check_effective_sql_mode /opt/stack/data/venv/lib/python3.12/site-packages/oslo_db/sqlalchemy/engines.py:325}}
Jun 29 06:59:39.784394 np0000003890 devstack@n-api-meta.service[95718]: DEBUG oslo_db.sqlalchemy.engines [None req-9e6037a9-9afc-4728-ba5f-5a0afd8a514f None None] MySQL server mode set to STRICT_TRANS_TABLES,STRICT_ALL_TABLES,NO_ZERO_IN_DATE,NO_ZERO_DATE,ERROR_FOR_DIVISION_BY_ZERO,TRADITIONAL,NO_ENGINE_SUBSTITUTION {{(pid=95718) _check_effective_sql_mode /opt/stack/data/venv/lib/python3.12/site-packages/oslo_db/sqlalchemy/engines.py:325}}
Jun 29 06:59:39.787298 np0000003890 devstack@n-api-meta.service[95721]: DEBUG oslo_db.sqlalchemy.engines [None req-ed956246-2bba-4c6c-aa3c-13a5b95669f8 None None] MySQL server mode set to STRICT_TRANS_TABLES,STRICT_ALL_TABLES,NO_ZERO_IN_DATE,NO_ZERO_DATE,ERROR_FOR_DIVISION_BY_ZERO,TRADITIONAL,NO_ENGINE_SUBSTITUTION {{(pid=95721) _check_effective_sql_mode /opt/stack/data/venv/lib/python3.12/site-packages/oslo_db/sqlalchemy/engines.py:325}}
Jun 29 06:59:39.791923 np0000003890 devstack@n-api-meta.service[95721]: DEBUG oslo_db.sqlalchemy.engines [None req-ed956246-2bba-4c6c-aa3c-13a5b95669f8 None None] MySQL server mode set to STRICT_TRANS_TABLES,STRICT_ALL_TABLES,NO_ZERO_IN_DATE,NO_ZERO_DATE,ERROR_FOR_DIVISION_BY_ZERO,TRADITIONAL,NO_ENGINE_SUBSTITUTION {{(pid=95721) _check_effective_sql_mode /opt/stack/data/venv/lib/python3.12/site-packages/oslo_db/sqlalchemy/engines.py:325}}
Jun 29 06:59:39.805506 np0000003890 devstack@n-api-meta.service[95720]: DEBUG dbcounter [-] [95720] Writer thread running {{(pid=95720) stat_writer /opt/stack/data/venv/lib/python3.12/site-packages/dbcounter.py:102}}
Jun 29 06:59:39.805652 np0000003890 devstack@n-api-meta.service[95719]: DEBUG dbcounter [-] [95719] Writer thread running {{(pid=95719) stat_writer /opt/stack/data/venv/lib/python3.12/site-packages/dbcounter.py:102}}
Jun 29 06:59:39.808009 np0000003890 devstack@n-api-meta.service[95719]: DEBUG dbcounter [-] [95719] Writer thread running {{(pid=95719) stat_writer /opt/stack/data/venv/lib/python3.12/site-packages/dbcounter.py:102}}
Jun 29 06:59:39.808856 np0000003890 devstack@n-api-meta.service[95720]: DEBUG nova.context [None req-cb5e3569-6f1d-4858-875a-882ce8c3f7bc None None] Found 2 cells: 00000000-0000-0000-0000-000000000000(cell0),1dd0ecb4-6b07-4d82-bbfd-35b380e1dbec(cell1) {{(pid=95720) load_cells /opt/stack/nova/nova/context.py:509}}
Jun 29 06:59:39.809181 np0000003890 devstack@n-api-meta.service[95720]: INFO nova.utils [None req-cb5e3569-6f1d-4858-875a-882ce8c3f7bc None None] The cell worker thread pool MainProcess.cell_worker is initialized
Jun 29 06:59:39.811024 np0000003890 devstack@n-api-meta.service[95720]: DEBUG oslo_concurrency.lockutils [None req-cb5e3569-6f1d-4858-875a-882ce8c3f7bc None None] Acquiring lock "00000000-0000-0000-0000-000000000000" by "nova.context.set_target_cell..get_or_set_cached_cell_and_set_connections" {{(pid=95720) inner /opt/stack/data/venv/lib/python3.12/site-packages/oslo_concurrency/lockutils.py:511}}
Jun 29 06:59:39.811152 np0000003890 devstack@n-api-meta.service[95720]: DEBUG oslo_concurrency.lockutils [None req-cb5e3569-6f1d-4858-875a-882ce8c3f7bc None None] Lock "00000000-0000-0000-0000-000000000000" acquired by "nova.context.set_target_cell..get_or_set_cached_cell_and_set_connections" :: waited 0.000s {{(pid=95720) inner /opt/stack/data/venv/lib/python3.12/site-packages/oslo_concurrency/lockutils.py:524}}
Jun 29 06:59:39.811524 np0000003890 devstack@n-api-meta.service[95720]: DEBUG oslo_concurrency.lockutils [None req-cb5e3569-6f1d-4858-875a-882ce8c3f7bc None None] Lock "00000000-0000-0000-0000-000000000000" "released" by "nova.context.set_target_cell..get_or_set_cached_cell_and_set_connections" :: held 0.000s {{(pid=95720) inner /opt/stack/data/venv/lib/python3.12/site-packages/oslo_concurrency/lockutils.py:543}}
Jun 29 06:59:39.812193 np0000003890 devstack@n-api-meta.service[95720]: DEBUG oslo_concurrency.lockutils [None req-cb5e3569-6f1d-4858-875a-882ce8c3f7bc None None] Acquiring lock "1dd0ecb4-6b07-4d82-bbfd-35b380e1dbec" by "nova.context.set_target_cell..get_or_set_cached_cell_and_set_connections" {{(pid=95720) inner /opt/stack/data/venv/lib/python3.12/site-packages/oslo_concurrency/lockutils.py:511}}
Jun 29 06:59:39.812335 np0000003890 devstack@n-api-meta.service[95720]: DEBUG oslo_concurrency.lockutils [None req-cb5e3569-6f1d-4858-875a-882ce8c3f7bc None None] Lock "1dd0ecb4-6b07-4d82-bbfd-35b380e1dbec" acquired by "nova.context.set_target_cell..get_or_set_cached_cell_and_set_connections" :: waited 0.000s {{(pid=95720) inner /opt/stack/data/venv/lib/python3.12/site-packages/oslo_concurrency/lockutils.py:524}}
Jun 29 06:59:39.812569 np0000003890 devstack@n-api-meta.service[95719]: INFO dbcounter [None req-e05cf4c5-93a7-4b4b-8f4b-6f225015ff55 None None] Registered counter for database nova_cell0
Jun 29 06:59:39.813206 np0000003890 devstack@n-api-meta.service[95720]: DEBUG oslo_concurrency.lockutils [None req-cb5e3569-6f1d-4858-875a-882ce8c3f7bc None None] Lock "1dd0ecb4-6b07-4d82-bbfd-35b380e1dbec" "released" by "nova.context.set_target_cell..get_or_set_cached_cell_and_set_connections" :: held 0.001s {{(pid=95720) inner /opt/stack/data/venv/lib/python3.12/site-packages/oslo_concurrency/lockutils.py:543}}
Jun 29 06:59:39.816209 np0000003890 devstack@n-api-meta.service[95720]: INFO dbcounter [None req-cb5e3569-6f1d-4858-875a-882ce8c3f7bc None None] Registered counter for database nova_cell0
Jun 29 06:59:39.818540 np0000003890 devstack@n-api-meta.service[95720]: INFO dbcounter [None req-cb5e3569-6f1d-4858-875a-882ce8c3f7bc None None] Registered counter for database nova_cell1
Jun 29 06:59:39.851555 np0000003890 devstack@n-api-meta.service[95719]: DEBUG oslo_db.sqlalchemy.engines [None req-e05cf4c5-93a7-4b4b-8f4b-6f225015ff55 None None] MySQL server mode set to STRICT_TRANS_TABLES,STRICT_ALL_TABLES,NO_ZERO_IN_DATE,NO_ZERO_DATE,ERROR_FOR_DIVISION_BY_ZERO,TRADITIONAL,NO_ENGINE_SUBSTITUTION {{(pid=95719) _check_effective_sql_mode /opt/stack/data/venv/lib/python3.12/site-packages/oslo_db/sqlalchemy/engines.py:325}}
Jun 29 06:59:39.858430 np0000003890 devstack@n-api-meta.service[95719]: DEBUG dbcounter [-] [95719] Writer thread running {{(pid=95719) stat_writer /opt/stack/data/venv/lib/python3.12/site-packages/dbcounter.py:102}}
Jun 29 06:59:39.868814 np0000003890 devstack@n-api-meta.service[95718]: DEBUG dbcounter [-] [95718] Writer thread running {{(pid=95718) stat_writer /opt/stack/data/venv/lib/python3.12/site-packages/dbcounter.py:102}}
Jun 29 06:59:39.873785 np0000003890 devstack@n-api-meta.service[95718]: DEBUG dbcounter [-] [95718] Writer thread running {{(pid=95718) stat_writer /opt/stack/data/venv/lib/python3.12/site-packages/dbcounter.py:102}}
Jun 29 06:59:39.875006 np0000003890 devstack@n-api-meta.service[95720]: DEBUG oslo_db.sqlalchemy.engines [None req-cb5e3569-6f1d-4858-875a-882ce8c3f7bc None None] MySQL server mode set to STRICT_TRANS_TABLES,STRICT_ALL_TABLES,NO_ZERO_IN_DATE,NO_ZERO_DATE,ERROR_FOR_DIVISION_BY_ZERO,TRADITIONAL,NO_ENGINE_SUBSTITUTION {{(pid=95720) _check_effective_sql_mode /opt/stack/data/venv/lib/python3.12/site-packages/oslo_db/sqlalchemy/engines.py:325}}
Jun 29 06:59:39.876478 np0000003890 devstack@n-api-meta.service[95718]: INFO dbcounter [None req-9e6037a9-9afc-4728-ba5f-5a0afd8a514f None None] Registered counter for database nova_cell0
Jun 29 06:59:39.886622 np0000003890 devstack@n-api-meta.service[95720]: DEBUG oslo_db.sqlalchemy.engines [None req-cb5e3569-6f1d-4858-875a-882ce8c3f7bc None None] MySQL server mode set to STRICT_TRANS_TABLES,STRICT_ALL_TABLES,NO_ZERO_IN_DATE,NO_ZERO_DATE,ERROR_FOR_DIVISION_BY_ZERO,TRADITIONAL,NO_ENGINE_SUBSTITUTION {{(pid=95720) _check_effective_sql_mode /opt/stack/data/venv/lib/python3.12/site-packages/oslo_db/sqlalchemy/engines.py:325}}
Jun 29 06:59:39.893453 np0000003890 devstack@n-api-meta.service[95721]: DEBUG dbcounter [-] [95721] Writer thread running {{(pid=95721) stat_writer /opt/stack/data/venv/lib/python3.12/site-packages/dbcounter.py:102}}
Jun 29 06:59:39.897932 np0000003890 devstack@n-api-meta.service[95721]: DEBUG dbcounter [-] [95721] Writer thread running {{(pid=95721) stat_writer /opt/stack/data/venv/lib/python3.12/site-packages/dbcounter.py:102}}
Jun 29 06:59:39.901476 np0000003890 devstack@n-api-meta.service[95721]: INFO dbcounter [None req-ed956246-2bba-4c6c-aa3c-13a5b95669f8 None None] Registered counter for database nova_cell0
Jun 29 06:59:39.913720 np0000003890 devstack@n-api-meta.service[95718]: DEBUG oslo_db.sqlalchemy.engines [None req-9e6037a9-9afc-4728-ba5f-5a0afd8a514f None None] MySQL server mode set to STRICT_TRANS_TABLES,STRICT_ALL_TABLES,NO_ZERO_IN_DATE,NO_ZERO_DATE,ERROR_FOR_DIVISION_BY_ZERO,TRADITIONAL,NO_ENGINE_SUBSTITUTION {{(pid=95718) _check_effective_sql_mode /opt/stack/data/venv/lib/python3.12/site-packages/oslo_db/sqlalchemy/engines.py:325}}
Jun 29 06:59:39.914884 np0000003890 devstack@n-api-meta.service[95719]: WARNING nova.api.metadata.handler [None req-e05cf4c5-93a7-4b4b-8f4b-6f225015ff55 None None] metadata_proxy_shared_secret is not configured, the metadata information returned by the proxy cannot be trusted
Jun 29 06:59:39.918176 np0000003890 devstack@n-api-meta.service[95719]: DEBUG nova.api.openstack.wsgi_app [None req-e05cf4c5-93a7-4b4b-8f4b-6f225015ff55 None None] ******************************************************************************** {{(pid=95719) log_opt_values /opt/stack/data/venv/lib/python3.12/site-packages/oslo_config/cfg.py:3226}}
Jun 29 06:59:39.918375 np0000003890 devstack@n-api-meta.service[95719]: DEBUG nova.api.openstack.wsgi_app [None req-e05cf4c5-93a7-4b4b-8f4b-6f225015ff55 None None] Configuration options gathered from: {{(pid=95719) log_opt_values /opt/stack/data/venv/lib/python3.12/site-packages/oslo_config/cfg.py:3227}}
Jun 29 06:59:39.918559 np0000003890 devstack@n-api-meta.service[95719]: DEBUG nova.api.openstack.wsgi_app [None req-e05cf4c5-93a7-4b4b-8f4b-6f225015ff55 None None] command line args: [] {{(pid=95719) log_opt_values /opt/stack/data/venv/lib/python3.12/site-packages/oslo_config/cfg.py:3228}}
Jun 29 06:59:39.918801 np0000003890 devstack@n-api-meta.service[95719]: DEBUG nova.api.openstack.wsgi_app [None req-e05cf4c5-93a7-4b4b-8f4b-6f225015ff55 None None] config files: ['/etc/nova/api-paste.ini', '/etc/nova/nova.conf'] {{(pid=95719) log_opt_values /opt/stack/data/venv/lib/python3.12/site-packages/oslo_config/cfg.py:3229}}
Jun 29 06:59:39.918969 np0000003890 devstack@n-api-meta.service[95719]: DEBUG nova.api.openstack.wsgi_app [None req-e05cf4c5-93a7-4b4b-8f4b-6f225015ff55 None None] ================================================================================ {{(pid=95719) log_opt_values /opt/stack/data/venv/lib/python3.12/site-packages/oslo_config/cfg.py:3234}}
Jun 29 06:59:39.919346 np0000003890 devstack@n-api-meta.service[95719]: DEBUG nova.api.openstack.wsgi_app [None req-e05cf4c5-93a7-4b4b-8f4b-6f225015ff55 None None] allow_resize_to_same_host = True {{(pid=95719) log_opt_values /opt/stack/data/venv/lib/python3.12/site-packages/oslo_config/cfg.py:3242}}
Jun 29 06:59:39.919479 np0000003890 devstack@n-api-meta.service[95719]: DEBUG nova.api.openstack.wsgi_app [None req-e05cf4c5-93a7-4b4b-8f4b-6f225015ff55 None None] arq_binding_timeout = 300 {{(pid=95719) log_opt_values /opt/stack/data/venv/lib/python3.12/site-packages/oslo_config/cfg.py:3242}}
Jun 29 06:59:39.919652 np0000003890 devstack@n-api-meta.service[95719]: DEBUG nova.api.openstack.wsgi_app [None req-e05cf4c5-93a7-4b4b-8f4b-6f225015ff55 None None] block_device_allocate_retries = 60 {{(pid=95719) log_opt_values /opt/stack/data/venv/lib/python3.12/site-packages/oslo_config/cfg.py:3242}}
Jun 29 06:59:39.919850 np0000003890 devstack@n-api-meta.service[95719]: DEBUG nova.api.openstack.wsgi_app [None req-e05cf4c5-93a7-4b4b-8f4b-6f225015ff55 None None] block_device_allocate_retries_interval = 3 {{(pid=95719) log_opt_values /opt/stack/data/venv/lib/python3.12/site-packages/oslo_config/cfg.py:3242}}
Jun 29 06:59:39.920067 np0000003890 devstack@n-api-meta.service[95719]: DEBUG nova.api.openstack.wsgi_app [None req-e05cf4c5-93a7-4b4b-8f4b-6f225015ff55 None None] cell_worker_thread_pool_size = 5 {{(pid=95719) log_opt_values /opt/stack/data/venv/lib/python3.12/site-packages/oslo_config/cfg.py:3242}}
Jun 29 06:59:39.920186 np0000003890 devstack@n-api-meta.service[95718]: DEBUG dbcounter [-] [95718] Writer thread running {{(pid=95718) stat_writer /opt/stack/data/venv/lib/python3.12/site-packages/dbcounter.py:102}}
Jun 29 06:59:39.920267 np0000003890 devstack@n-api-meta.service[95719]: DEBUG nova.api.openstack.wsgi_app [None req-e05cf4c5-93a7-4b4b-8f4b-6f225015ff55 None None] cert = self.pem {{(pid=95719) log_opt_values /opt/stack/data/venv/lib/python3.12/site-packages/oslo_config/cfg.py:3242}}
Jun 29 06:59:39.920467 np0000003890 devstack@n-api-meta.service[95719]: DEBUG nova.api.openstack.wsgi_app [None req-e05cf4c5-93a7-4b4b-8f4b-6f225015ff55 None None] compute_driver = libvirt.LibvirtDriver {{(pid=95719) log_opt_values /opt/stack/data/venv/lib/python3.12/site-packages/oslo_config/cfg.py:3242}}
Jun 29 06:59:39.920669 np0000003890 devstack@n-api-meta.service[95719]: DEBUG nova.api.openstack.wsgi_app [None req-e05cf4c5-93a7-4b4b-8f4b-6f225015ff55 None None] compute_monitors = [] {{(pid=95719) log_opt_values /opt/stack/data/venv/lib/python3.12/site-packages/oslo_config/cfg.py:3242}}
Jun 29 06:59:39.920880 np0000003890 devstack@n-api-meta.service[95719]: DEBUG nova.api.openstack.wsgi_app [None req-e05cf4c5-93a7-4b4b-8f4b-6f225015ff55 None None] config_dir = [] {{(pid=95719) log_opt_values /opt/stack/data/venv/lib/python3.12/site-packages/oslo_config/cfg.py:3242}}
Jun 29 06:59:39.921108 np0000003890 devstack@n-api-meta.service[95719]: DEBUG nova.api.openstack.wsgi_app [None req-e05cf4c5-93a7-4b4b-8f4b-6f225015ff55 None None] config_drive_format = iso9660 {{(pid=95719) log_opt_values /opt/stack/data/venv/lib/python3.12/site-packages/oslo_config/cfg.py:3242}}
Jun 29 06:59:39.921676 np0000003890 devstack@n-api-meta.service[95719]: DEBUG nova.api.openstack.wsgi_app [None req-e05cf4c5-93a7-4b4b-8f4b-6f225015ff55 None None] config_file = ['/etc/nova/api-paste.ini', '/etc/nova/nova.conf'] {{(pid=95719) log_opt_values /opt/stack/data/venv/lib/python3.12/site-packages/oslo_config/cfg.py:3242}}
Jun 29 06:59:39.921676 np0000003890 devstack@n-api-meta.service[95719]: DEBUG nova.api.openstack.wsgi_app [None req-e05cf4c5-93a7-4b4b-8f4b-6f225015ff55 None None] config_source = [] {{(pid=95719) log_opt_values /opt/stack/data/venv/lib/python3.12/site-packages/oslo_config/cfg.py:3242}}
Jun 29 06:59:39.921676 np0000003890 devstack@n-api-meta.service[95719]: DEBUG nova.api.openstack.wsgi_app [None req-e05cf4c5-93a7-4b4b-8f4b-6f225015ff55 None None] console_host = np0000003890 {{(pid=95719) log_opt_values /opt/stack/data/venv/lib/python3.12/site-packages/oslo_config/cfg.py:3242}}
Jun 29 06:59:39.921862 np0000003890 devstack@n-api-meta.service[95719]: DEBUG nova.api.openstack.wsgi_app [None req-e05cf4c5-93a7-4b4b-8f4b-6f225015ff55 None None] control_exchange = nova {{(pid=95719) log_opt_values /opt/stack/data/venv/lib/python3.12/site-packages/oslo_config/cfg.py:3242}}
Jun 29 06:59:39.922083 np0000003890 devstack@n-api-meta.service[95719]: DEBUG nova.api.openstack.wsgi_app [None req-e05cf4c5-93a7-4b4b-8f4b-6f225015ff55 None None] cpu_allocation_ratio = None {{(pid=95719) log_opt_values /opt/stack/data/venv/lib/python3.12/site-packages/oslo_config/cfg.py:3242}}
Jun 29 06:59:39.922275 np0000003890 devstack@n-api-meta.service[95719]: DEBUG nova.api.openstack.wsgi_app [None req-e05cf4c5-93a7-4b4b-8f4b-6f225015ff55 None None] daemon = False {{(pid=95719) log_opt_values /opt/stack/data/venv/lib/python3.12/site-packages/oslo_config/cfg.py:3242}}
Jun 29 06:59:39.922475 np0000003890 devstack@n-api-meta.service[95719]: DEBUG nova.api.openstack.wsgi_app [None req-e05cf4c5-93a7-4b4b-8f4b-6f225015ff55 None None] debug = True {{(pid=95719) log_opt_values /opt/stack/data/venv/lib/python3.12/site-packages/oslo_config/cfg.py:3242}}
Jun 29 06:59:39.922661 np0000003890 devstack@n-api-meta.service[95719]: DEBUG nova.api.openstack.wsgi_app [None req-e05cf4c5-93a7-4b4b-8f4b-6f225015ff55 None None] default_access_ip_network_name = None {{(pid=95719) log_opt_values /opt/stack/data/venv/lib/python3.12/site-packages/oslo_config/cfg.py:3242}}
Jun 29 06:59:39.922869 np0000003890 devstack@n-api-meta.service[95719]: DEBUG nova.api.openstack.wsgi_app [None req-e05cf4c5-93a7-4b4b-8f4b-6f225015ff55 None None] default_availability_zone = nova {{(pid=95719) log_opt_values /opt/stack/data/venv/lib/python3.12/site-packages/oslo_config/cfg.py:3242}}
Jun 29 06:59:39.923091 np0000003890 devstack@n-api-meta.service[95719]: DEBUG nova.api.openstack.wsgi_app [None req-e05cf4c5-93a7-4b4b-8f4b-6f225015ff55 None None] default_ephemeral_format = ext4 {{(pid=95719) log_opt_values /opt/stack/data/venv/lib/python3.12/site-packages/oslo_config/cfg.py:3242}}
Jun 29 06:59:39.923278 np0000003890 devstack@n-api-meta.service[95719]: DEBUG nova.api.openstack.wsgi_app [None req-e05cf4c5-93a7-4b4b-8f4b-6f225015ff55 None None] default_green_pool_size = 1000 {{(pid=95719) log_opt_values /opt/stack/data/venv/lib/python3.12/site-packages/oslo_config/cfg.py:3242}}
Jun 29 06:59:39.923585 np0000003890 devstack@n-api-meta.service[95719]: DEBUG nova.api.openstack.wsgi_app [None req-e05cf4c5-93a7-4b4b-8f4b-6f225015ff55 None None] default_log_levels = ['amqp=WARN', 'boto=WARN', 'sqlalchemy=WARN', 'suds=INFO', 'oslo.messaging=INFO', 'oslo_messaging=INFO', 'iso8601=WARN', 'requests.packages.urllib3.connectionpool=WARN', 'urllib3.connectionpool=WARN', 'websocket=WARN', 'requests.packages.urllib3.util.retry=WARN', 'urllib3.util.retry=WARN', 'keystonemiddleware=WARN', 'routes.middleware=WARN', 'stevedore=WARN', 'taskflow=WARN', 'keystoneauth=WARN', 'oslo.cache=INFO', 'oslo_policy=INFO', 'dogpile.core.dogpile=INFO', 'glanceclient=WARN', 'oslo.privsep.daemon=INFO'] {{(pid=95719) log_opt_values /opt/stack/data/venv/lib/python3.12/site-packages/oslo_config/cfg.py:3242}}
Jun 29 06:59:39.923785 np0000003890 devstack@n-api-meta.service[95719]: DEBUG nova.api.openstack.wsgi_app [None req-e05cf4c5-93a7-4b4b-8f4b-6f225015ff55 None None] default_schedule_zone = None {{(pid=95719) log_opt_values /opt/stack/data/venv/lib/python3.12/site-packages/oslo_config/cfg.py:3242}}
Jun 29 06:59:39.924357 np0000003890 devstack@n-api-meta.service[95719]: DEBUG nova.api.openstack.wsgi_app [None req-e05cf4c5-93a7-4b4b-8f4b-6f225015ff55 None None] default_thread_pool_size = 10 {{(pid=95719) log_opt_values /opt/stack/data/venv/lib/python3.12/site-packages/oslo_config/cfg.py:3242}}
Jun 29 06:59:39.924357 np0000003890 devstack@n-api-meta.service[95719]: DEBUG nova.api.openstack.wsgi_app [None req-e05cf4c5-93a7-4b4b-8f4b-6f225015ff55 None None] disk_allocation_ratio = None {{(pid=95719) log_opt_values /opt/stack/data/venv/lib/python3.12/site-packages/oslo_config/cfg.py:3242}}
Jun 29 06:59:39.924357 np0000003890 devstack@n-api-meta.service[95719]: DEBUG nova.api.openstack.wsgi_app [None req-e05cf4c5-93a7-4b4b-8f4b-6f225015ff55 None None] enable_new_services = True {{(pid=95719) log_opt_values /opt/stack/data/venv/lib/python3.12/site-packages/oslo_config/cfg.py:3242}}
Jun 29 06:59:39.924566 np0000003890 devstack@n-api-meta.service[95719]: DEBUG nova.api.openstack.wsgi_app [None req-e05cf4c5-93a7-4b4b-8f4b-6f225015ff55 None None] flat_injected = False {{(pid=95719) log_opt_values /opt/stack/data/venv/lib/python3.12/site-packages/oslo_config/cfg.py:3242}}
Jun 29 06:59:39.924759 np0000003890 devstack@n-api-meta.service[95719]: DEBUG nova.api.openstack.wsgi_app [None req-e05cf4c5-93a7-4b4b-8f4b-6f225015ff55 None None] force_config_drive = True {{(pid=95719) log_opt_values /opt/stack/data/venv/lib/python3.12/site-packages/oslo_config/cfg.py:3242}}
Jun 29 06:59:39.924951 np0000003890 devstack@n-api-meta.service[95719]: DEBUG nova.api.openstack.wsgi_app [None req-e05cf4c5-93a7-4b4b-8f4b-6f225015ff55 None None] force_raw_images = True {{(pid=95719) log_opt_values /opt/stack/data/venv/lib/python3.12/site-packages/oslo_config/cfg.py:3242}}
Jun 29 06:59:39.925178 np0000003890 devstack@n-api-meta.service[95719]: DEBUG nova.api.openstack.wsgi_app [None req-e05cf4c5-93a7-4b4b-8f4b-6f225015ff55 None None] graceful_shutdown_timeout = 5 {{(pid=95719) log_opt_values /opt/stack/data/venv/lib/python3.12/site-packages/oslo_config/cfg.py:3242}}
Jun 29 06:59:39.925369 np0000003890 devstack@n-api-meta.service[95719]: DEBUG nova.api.openstack.wsgi_app [None req-e05cf4c5-93a7-4b4b-8f4b-6f225015ff55 None None] heal_instance_info_cache_interval = -1 {{(pid=95719) log_opt_values /opt/stack/data/venv/lib/python3.12/site-packages/oslo_config/cfg.py:3242}}
Jun 29 06:59:39.925640 np0000003890 devstack@n-api-meta.service[95719]: DEBUG nova.api.openstack.wsgi_app [None req-e05cf4c5-93a7-4b4b-8f4b-6f225015ff55 None None] host = np0000003890 {{(pid=95719) log_opt_values /opt/stack/data/venv/lib/python3.12/site-packages/oslo_config/cfg.py:3242}}
Jun 29 06:59:39.925840 np0000003890 devstack@n-api-meta.service[95719]: DEBUG nova.api.openstack.wsgi_app [None req-e05cf4c5-93a7-4b4b-8f4b-6f225015ff55 None None] initial_cpu_allocation_ratio = 4.0 {{(pid=95719) log_opt_values /opt/stack/data/venv/lib/python3.12/site-packages/oslo_config/cfg.py:3242}}
Jun 29 06:59:39.926001 np0000003890 devstack@n-api-meta.service[95719]: DEBUG nova.api.openstack.wsgi_app [None req-e05cf4c5-93a7-4b4b-8f4b-6f225015ff55 None None] initial_disk_allocation_ratio = 1.0 {{(pid=95719) log_opt_values /opt/stack/data/venv/lib/python3.12/site-packages/oslo_config/cfg.py:3242}}
Jun 29 06:59:39.926138 np0000003890 devstack@n-api-meta.service[95719]: DEBUG nova.api.openstack.wsgi_app [None req-e05cf4c5-93a7-4b4b-8f4b-6f225015ff55 None None] initial_ram_allocation_ratio = 1.0 {{(pid=95719) log_opt_values /opt/stack/data/venv/lib/python3.12/site-packages/oslo_config/cfg.py:3242}}
Jun 29 06:59:39.926315 np0000003890 devstack@n-api-meta.service[95719]: DEBUG nova.api.openstack.wsgi_app [None req-e05cf4c5-93a7-4b4b-8f4b-6f225015ff55 None None] injected_network_template = /opt/stack/nova/nova/virt/interfaces.template {{(pid=95719) log_opt_values /opt/stack/data/venv/lib/python3.12/site-packages/oslo_config/cfg.py:3242}}
Jun 29 06:59:39.926441 np0000003890 devstack@n-api-meta.service[95719]: DEBUG nova.api.openstack.wsgi_app [None req-e05cf4c5-93a7-4b4b-8f4b-6f225015ff55 None None] instance_build_timeout = 0 {{(pid=95719) log_opt_values /opt/stack/data/venv/lib/python3.12/site-packages/oslo_config/cfg.py:3242}}
Jun 29 06:59:39.927395 np0000003890 devstack@n-api-meta.service[95719]: DEBUG nova.api.openstack.wsgi_app [None req-e05cf4c5-93a7-4b4b-8f4b-6f225015ff55 None None] instance_delete_interval = 300 {{(pid=95719) log_opt_values /opt/stack/data/venv/lib/python3.12/site-packages/oslo_config/cfg.py:3242}}
Jun 29 06:59:39.927395 np0000003890 devstack@n-api-meta.service[95719]: DEBUG nova.api.openstack.wsgi_app [None req-e05cf4c5-93a7-4b4b-8f4b-6f225015ff55 None None] instance_format = [instance: %(uuid)s] {{(pid=95719) log_opt_values /opt/stack/data/venv/lib/python3.12/site-packages/oslo_config/cfg.py:3242}}
Jun 29 06:59:39.927395 np0000003890 devstack@n-api-meta.service[95719]: DEBUG nova.api.openstack.wsgi_app [None req-e05cf4c5-93a7-4b4b-8f4b-6f225015ff55 None None] instance_name_template = instance-%08x {{(pid=95719) log_opt_values /opt/stack/data/venv/lib/python3.12/site-packages/oslo_config/cfg.py:3242}}
Jun 29 06:59:39.927395 np0000003890 devstack@n-api-meta.service[95719]: DEBUG nova.api.openstack.wsgi_app [None req-e05cf4c5-93a7-4b4b-8f4b-6f225015ff55 None None] instance_usage_audit = False {{(pid=95719) log_opt_values /opt/stack/data/venv/lib/python3.12/site-packages/oslo_config/cfg.py:3242}}
Jun 29 06:59:39.927395 np0000003890 devstack@n-api-meta.service[95719]: DEBUG nova.api.openstack.wsgi_app [None req-e05cf4c5-93a7-4b4b-8f4b-6f225015ff55 None None] instance_usage_audit_period = month {{(pid=95719) log_opt_values /opt/stack/data/venv/lib/python3.12/site-packages/oslo_config/cfg.py:3242}}
Jun 29 06:59:39.927395 np0000003890 devstack@n-api-meta.service[95719]: DEBUG nova.api.openstack.wsgi_app [None req-e05cf4c5-93a7-4b4b-8f4b-6f225015ff55 None None] instance_uuid_format = [instance: %(uuid)s] {{(pid=95719) log_opt_values /opt/stack/data/venv/lib/python3.12/site-packages/oslo_config/cfg.py:3242}}
Jun 29 06:59:39.927395 np0000003890 devstack@n-api-meta.service[95719]: DEBUG nova.api.openstack.wsgi_app [None req-e05cf4c5-93a7-4b4b-8f4b-6f225015ff55 None None] instances_path = /opt/stack/data/nova/instances {{(pid=95719) log_opt_values /opt/stack/data/venv/lib/python3.12/site-packages/oslo_config/cfg.py:3242}}
Jun 29 06:59:39.927633 np0000003890 devstack@n-api-meta.service[95719]: DEBUG nova.api.openstack.wsgi_app [None req-e05cf4c5-93a7-4b4b-8f4b-6f225015ff55 None None] internal_service_availability_zone = internal {{(pid=95719) log_opt_values /opt/stack/data/venv/lib/python3.12/site-packages/oslo_config/cfg.py:3242}}
Jun 29 06:59:39.927633 np0000003890 devstack@n-api-meta.service[95719]: DEBUG nova.api.openstack.wsgi_app [None req-e05cf4c5-93a7-4b4b-8f4b-6f225015ff55 None None] key = None {{(pid=95719) log_opt_values /opt/stack/data/venv/lib/python3.12/site-packages/oslo_config/cfg.py:3242}}
Jun 29 06:59:39.927633 np0000003890 devstack@n-api-meta.service[95719]: DEBUG nova.api.openstack.wsgi_app [None req-e05cf4c5-93a7-4b4b-8f4b-6f225015ff55 None None] live_migration_retry_count = 30 {{(pid=95719) log_opt_values /opt/stack/data/venv/lib/python3.12/site-packages/oslo_config/cfg.py:3242}}
Jun 29 06:59:39.927888 np0000003890 devstack@n-api-meta.service[95719]: DEBUG nova.api.openstack.wsgi_app [None req-e05cf4c5-93a7-4b4b-8f4b-6f225015ff55 None None] log_color = False {{(pid=95719) log_opt_values /opt/stack/data/venv/lib/python3.12/site-packages/oslo_config/cfg.py:3242}}
Jun 29 06:59:39.927888 np0000003890 devstack@n-api-meta.service[95719]: DEBUG nova.api.openstack.wsgi_app [None req-e05cf4c5-93a7-4b4b-8f4b-6f225015ff55 None None] log_config_append = None {{(pid=95719) log_opt_values /opt/stack/data/venv/lib/python3.12/site-packages/oslo_config/cfg.py:3242}}
Jun 29 06:59:39.928031 np0000003890 devstack@n-api-meta.service[95719]: DEBUG nova.api.openstack.wsgi_app [None req-e05cf4c5-93a7-4b4b-8f4b-6f225015ff55 None None] log_date_format = %Y-%m-%d %H:%M:%S {{(pid=95719) log_opt_values /opt/stack/data/venv/lib/python3.12/site-packages/oslo_config/cfg.py:3242}}
Jun 29 06:59:39.928146 np0000003890 devstack@n-api-meta.service[95719]: DEBUG nova.api.openstack.wsgi_app [None req-e05cf4c5-93a7-4b4b-8f4b-6f225015ff55 None None] log_dir = None {{(pid=95719) log_opt_values /opt/stack/data/venv/lib/python3.12/site-packages/oslo_config/cfg.py:3242}}
Jun 29 06:59:39.928261 np0000003890 devstack@n-api-meta.service[95719]: DEBUG nova.api.openstack.wsgi_app [None req-e05cf4c5-93a7-4b4b-8f4b-6f225015ff55 None None] log_file = None {{(pid=95719) log_opt_values /opt/stack/data/venv/lib/python3.12/site-packages/oslo_config/cfg.py:3242}}
Jun 29 06:59:39.928357 np0000003890 devstack@n-api-meta.service[95719]: DEBUG nova.api.openstack.wsgi_app [None req-e05cf4c5-93a7-4b4b-8f4b-6f225015ff55 None None] log_options = True {{(pid=95719) log_opt_values /opt/stack/data/venv/lib/python3.12/site-packages/oslo_config/cfg.py:3242}}
Jun 29 06:59:39.928473 np0000003890 devstack@n-api-meta.service[95719]: DEBUG nova.api.openstack.wsgi_app [None req-e05cf4c5-93a7-4b4b-8f4b-6f225015ff55 None None] log_rotate_interval = 1 {{(pid=95719) log_opt_values /opt/stack/data/venv/lib/python3.12/site-packages/oslo_config/cfg.py:3242}}
Jun 29 06:59:39.928598 np0000003890 devstack@n-api-meta.service[95719]: DEBUG nova.api.openstack.wsgi_app [None req-e05cf4c5-93a7-4b4b-8f4b-6f225015ff55 None None] log_rotate_interval_type = days {{(pid=95719) log_opt_values /opt/stack/data/venv/lib/python3.12/site-packages/oslo_config/cfg.py:3242}}
Jun 29 06:59:39.928717 np0000003890 devstack@n-api-meta.service[95719]: DEBUG nova.api.openstack.wsgi_app [None req-e05cf4c5-93a7-4b4b-8f4b-6f225015ff55 None None] log_rotation_type = none {{(pid=95719) log_opt_values /opt/stack/data/venv/lib/python3.12/site-packages/oslo_config/cfg.py:3242}}
Jun 29 06:59:39.928824 np0000003890 devstack@n-api-meta.service[95719]: DEBUG nova.api.openstack.wsgi_app [None req-e05cf4c5-93a7-4b4b-8f4b-6f225015ff55 None None] logging_context_format_string = %(color)s%(levelname)s %(name)s [%(global_request_id)s %(request_id)s %(project_name)s %(user_name)s%(color)s] %(instance)s%(color)s%(message)s {{(pid=95719) log_opt_values /opt/stack/data/venv/lib/python3.12/site-packages/oslo_config/cfg.py:3242}}
Jun 29 06:59:39.928916 np0000003890 devstack@n-api-meta.service[95719]: DEBUG nova.api.openstack.wsgi_app [None req-e05cf4c5-93a7-4b4b-8f4b-6f225015ff55 None None] logging_debug_format_suffix = {{(pid=%(process)d) %(funcName)s %(pathname)s:%(lineno)d}} {{(pid=95719) log_opt_values /opt/stack/data/venv/lib/python3.12/site-packages/oslo_config/cfg.py:3242}}
Jun 29 06:59:39.929059 np0000003890 devstack@n-api-meta.service[95719]: DEBUG nova.api.openstack.wsgi_app [None req-e05cf4c5-93a7-4b4b-8f4b-6f225015ff55 None None] logging_default_format_string = %(color)s%(levelname)s %(name)s [-%(color)s] %(instance)s%(color)s%(message)s {{(pid=95719) log_opt_values /opt/stack/data/venv/lib/python3.12/site-packages/oslo_config/cfg.py:3242}}
Jun 29 06:59:39.929179 np0000003890 devstack@n-api-meta.service[95719]: DEBUG nova.api.openstack.wsgi_app [None req-e05cf4c5-93a7-4b4b-8f4b-6f225015ff55 None None] logging_exception_prefix = ERROR %(name)s %(instance)s {{(pid=95719) log_opt_values /opt/stack/data/venv/lib/python3.12/site-packages/oslo_config/cfg.py:3242}}
Jun 29 06:59:39.929271 np0000003890 devstack@n-api-meta.service[95719]: DEBUG nova.api.openstack.wsgi_app [None req-e05cf4c5-93a7-4b4b-8f4b-6f225015ff55 None None] logging_user_identity_format = %(user)s %(project)s %(domain)s %(system_scope)s %(user_domain)s %(project_domain)s {{(pid=95719) log_opt_values /opt/stack/data/venv/lib/python3.12/site-packages/oslo_config/cfg.py:3242}}
Jun 29 06:59:39.929984 np0000003890 devstack@n-api-meta.service[95719]: DEBUG nova.api.openstack.wsgi_app [None req-e05cf4c5-93a7-4b4b-8f4b-6f225015ff55 None None] long_rpc_timeout = 1800 {{(pid=95719) log_opt_values /opt/stack/data/venv/lib/python3.12/site-packages/oslo_config/cfg.py:3242}}
Jun 29 06:59:39.929984 np0000003890 devstack@n-api-meta.service[95719]: DEBUG nova.api.openstack.wsgi_app [None req-e05cf4c5-93a7-4b4b-8f4b-6f225015ff55 None None] manager_shutdown_timeout = 160 {{(pid=95719) log_opt_values /opt/stack/data/venv/lib/python3.12/site-packages/oslo_config/cfg.py:3242}}
Jun 29 06:59:39.929984 np0000003890 devstack@n-api-meta.service[95719]: DEBUG nova.api.openstack.wsgi_app [None req-e05cf4c5-93a7-4b4b-8f4b-6f225015ff55 None None] max_concurrent_builds = 10 {{(pid=95719) log_opt_values /opt/stack/data/venv/lib/python3.12/site-packages/oslo_config/cfg.py:3242}}
