Jun 29 06:59:13.787153 np0000003890 devstack@neutron-api.service[90451]: DEBUG neutron_lib.callbacks.manager [None req-741ddb6d-2e48-4781-9726-23e95da3e4f3 None None] Subscribe: > security_group precommit_delete 55550000, False {{(pid=90451) subscribe /opt/stack/data/venv/lib/python3.12/site-packages/neutron_lib/callbacks/manager.py:52}}
Jun 29 06:59:13.787187 np0000003890 devstack@neutron-api.service[90450]: DEBUG neutron_lib.callbacks.manager [None req-0ceb798e-90a5-443c-9759-015711dac79d None None] Subscribe: > floatingip after_status_update 55550000, False {{(pid=90450) subscribe /opt/stack/data/venv/lib/python3.12/site-packages/neutron_lib/callbacks/manager.py:52}}
Jun 29 06:59:13.787215 np0000003890 devstack@neutron-api.service[90451]: DEBUG neutron_lib.callbacks.manager [None req-741ddb6d-2e48-4781-9726-23e95da3e4f3 None None] Subscribe: > security_group after_delete 55550000, False {{(pid=90451) subscribe /opt/stack/data/venv/lib/python3.12/site-packages/neutron_lib/callbacks/manager.py:52}}
Jun 29 06:59:13.787246 np0000003890 devstack@neutron-api.service[90450]: DEBUG neutron_lib.callbacks.manager [None req-0ceb798e-90a5-443c-9759-015711dac79d None None] Subscribe: > floatingip after_update 55550000, False {{(pid=90450) subscribe /opt/stack/data/venv/lib/python3.12/site-packages/neutron_lib/callbacks/manager.py:52}}
Jun 29 06:59:13.787274 np0000003890 devstack@neutron-api.service[90451]: DEBUG neutron_lib.callbacks.manager [None req-741ddb6d-2e48-4781-9726-23e95da3e4f3 None None] Subscribe: > security_group_rule precommit_create 55550000, False {{(pid=90451) subscribe /opt/stack/data/venv/lib/python3.12/site-packages/neutron_lib/callbacks/manager.py:52}}
Jun 29 06:59:13.787350 np0000003890 devstack@neutron-api.service[90450]: DEBUG neutron_lib.callbacks.manager [None req-0ceb798e-90a5-443c-9759-015711dac79d None None] Subscribe: > port_forwarding after_create 55550000, False {{(pid=90450) subscribe /opt/stack/data/venv/lib/python3.12/site-packages/neutron_lib/callbacks/manager.py:52}}
Jun 29 06:59:13.787386 np0000003890 devstack@neutron-api.service[90451]: DEBUG neutron_lib.callbacks.manager [None req-741ddb6d-2e48-4781-9726-23e95da3e4f3 None None] Subscribe: > security_group_rule after_create 55550000, False {{(pid=90451) subscribe /opt/stack/data/venv/lib/python3.12/site-packages/neutron_lib/callbacks/manager.py:52}}
Jun 29 06:59:13.787460 np0000003890 devstack@neutron-api.service[90450]: DEBUG neutron_lib.callbacks.manager [None req-0ceb798e-90a5-443c-9759-015711dac79d None None] Subscribe: > router_interface after_delete 55550000, False {{(pid=90450) subscribe /opt/stack/data/venv/lib/python3.12/site-packages/neutron_lib/callbacks/manager.py:52}}
Jun 29 06:59:13.787494 np0000003890 devstack@neutron-api.service[90451]: DEBUG neutron_lib.callbacks.manager [None req-741ddb6d-2e48-4781-9726-23e95da3e4f3 None None] Subscribe: > security_group_rule before_delete 55550000, False {{(pid=90451) subscribe /opt/stack/data/venv/lib/python3.12/site-packages/neutron_lib/callbacks/manager.py:52}}
Jun 29 06:59:13.787568 np0000003890 devstack@neutron-api.service[90450]: DEBUG neutron_lib.callbacks.manager [None req-0ceb798e-90a5-443c-9759-015711dac79d None None] Subscribe: > router after_create 55550000, False {{(pid=90450) subscribe /opt/stack/data/venv/lib/python3.12/site-packages/neutron_lib/callbacks/manager.py:52}}
Jun 29 06:59:13.787602 np0000003890 devstack@neutron-api.service[90451]: DEBUG neutron_lib.callbacks.manager [None req-741ddb6d-2e48-4781-9726-23e95da3e4f3 None None] Subscribe: > address_group after_create 55550000, False {{(pid=90451) subscribe /opt/stack/data/venv/lib/python3.12/site-packages/neutron_lib/callbacks/manager.py:52}}
Jun 29 06:59:13.787651 np0000003890 devstack@neutron-api.service[90450]: DEBUG neutron_lib.callbacks.manager [None req-0ceb798e-90a5-443c-9759-015711dac79d None None] Subscribe: > router precommit_create 55550000, False {{(pid=90450) subscribe /opt/stack/data/venv/lib/python3.12/site-packages/neutron_lib/callbacks/manager.py:52}}
Jun 29 06:59:13.787716 np0000003890 devstack@neutron-api.service[90451]: DEBUG neutron_lib.callbacks.manager [None req-741ddb6d-2e48-4781-9726-23e95da3e4f3 None None] Subscribe: > address_group after_update 55550000, False {{(pid=90451) subscribe /opt/stack/data/venv/lib/python3.12/site-packages/neutron_lib/callbacks/manager.py:52}}
Jun 29 06:59:13.787787 np0000003890 devstack@neutron-api.service[90450]: DEBUG neutron_lib.callbacks.manager [None req-0ceb798e-90a5-443c-9759-015711dac79d None None] Subscribe: > router after_delete 55550000, False {{(pid=90450) subscribe /opt/stack/data/venv/lib/python3.12/site-packages/neutron_lib/callbacks/manager.py:52}}
Jun 29 06:59:13.787812 np0000003890 devstack@neutron-api.service[90451]: DEBUG neutron_lib.callbacks.manager [None req-741ddb6d-2e48-4781-9726-23e95da3e4f3 None None] Subscribe: > address_group after_delete 55550000, False {{(pid=90451) subscribe /opt/stack/data/venv/lib/python3.12/site-packages/neutron_lib/callbacks/manager.py:52}}
Jun 29 06:59:13.787847 np0000003890 devstack@neutron-api.service[90450]: DEBUG neutron_lib.callbacks.manager [None req-0ceb798e-90a5-443c-9759-015711dac79d None None] Subscribe: > router after_update 55550000, False {{(pid=90450) subscribe /opt/stack/data/venv/lib/python3.12/site-packages/neutron_lib/callbacks/manager.py:52}}
Jun 29 06:59:13.787987 np0000003890 devstack@neutron-api.service[90451]: DEBUG neutron_lib.callbacks.manager [None req-741ddb6d-2e48-4781-9726-23e95da3e4f3 None None] Subscribe: > qos_plugin after_init 55550000, False {{(pid=90451) subscribe /opt/stack/data/venv/lib/python3.12/site-packages/neutron_lib/callbacks/manager.py:52}}
Jun 29 06:59:13.788021 np0000003890 devstack@neutron-api.service[90450]: DEBUG neutron.services.service_base [None req-0ceb798e-90a5-443c-9759-015711dac79d None None] Loaded 'neutron.services.ovn_l3.service_providers.ovn.OvnDriver' provider for service L3_ROUTER_NAT {{(pid=90450) load_drivers /opt/stack/neutron/neutron/services/service_base.py:49}}
Jun 29 06:59:13.788137 np0000003890 devstack@neutron-api.service[90450]: DEBUG neutron_lib.callbacks.manager [None req-0ceb798e-90a5-443c-9759-015711dac79d None None] Subscribe: > process after_init 55550001, True {{(pid=90450) subscribe /opt/stack/data/venv/lib/python3.12/site-packages/neutron_lib/callbacks/manager.py:52}}
Jun 29 06:59:13.788193 np0000003890 devstack@neutron-api.service[90451]: DEBUG neutron_lib.callbacks.manager [None req-741ddb6d-2e48-4781-9726-23e95da3e4f3 None None] Subscribe: > trunk_plugin after_init 55550000, False {{(pid=90451) subscribe /opt/stack/data/venv/lib/python3.12/site-packages/neutron_lib/callbacks/manager.py:52}}
Jun 29 06:59:13.788278 np0000003890 devstack@neutron-api.service[90450]: DEBUG neutron.manager [None req-0ceb798e-90a5-443c-9759-015711dac79d None None] Successfully loaded L3_ROUTER_NAT plugin. Description: L3 Router Service Plugin for basic L3 forwarding using OVN {{(pid=90450) _create_and_add_service_plugin /opt/stack/neutron/neutron/manager.py:236}}
Jun 29 06:59:13.788361 np0000003890 devstack@neutron-api.service[90450]: INFO neutron.manager [None req-0ceb798e-90a5-443c-9759-015711dac79d None None] Loading Plugin: auto_allocate
Jun 29 06:59:13.788426 np0000003890 devstack@neutron-api.service[90451]: DEBUG neutron_lib.callbacks.manager [None req-741ddb6d-2e48-4781-9726-23e95da3e4f3 None None] Subscribe: > logging-plugin after_init 55550000, False {{(pid=90451) subscribe /opt/stack/data/venv/lib/python3.12/site-packages/neutron_lib/callbacks/manager.py:52}}
Jun 29 06:59:13.789059 np0000003890 devstack@neutron-api.service[90451]: INFO neutron.services.logapi.drivers.ovn.driver [None req-741ddb6d-2e48-4781-9726-23e95da3e4f3 None None] OVN logging driver registered
Jun 29 06:59:13.789124 np0000003890 devstack@neutron-api.service[90451]: DEBUG neutron_lib.callbacks.manager [None req-741ddb6d-2e48-4781-9726-23e95da3e4f3 None None] Subscribe: ._register_pvlan_driver at 0x71bce27b5800> pvlan_plugin before_spawn 55550000, False {{(pid=90451) subscribe /opt/stack/data/venv/lib/python3.12/site-packages/neutron_lib/callbacks/manager.py:52}}
Jun 29 06:59:13.789254 np0000003890 devstack@neutron-api.service[90451]: DEBUG neutron_lib.callbacks.manager [None req-741ddb6d-2e48-4781-9726-23e95da3e4f3 None None] Subscribe: process after_init 55550000, False {{(pid=90451) subscribe /opt/stack/data/venv/lib/python3.12/site-packages/neutron_lib/callbacks/manager.py:52}}
Jun 29 06:59:13.789600 np0000003890 devstack@neutron-api.service[90450]: DEBUG neutron_lib.callbacks.manager [None req-0ceb798e-90a5-443c-9759-015711dac79d None None] Subscribe: network precommit_update 55550000, False {{(pid=90450) subscribe /opt/stack/data/venv/lib/python3.12/site-packages/neutron_lib/callbacks/manager.py:52}}
Jun 29 06:59:13.789764 np0000003890 devstack@neutron-api.service[90450]: DEBUG neutron_lib.callbacks.manager [None req-0ceb798e-90a5-443c-9759-015711dac79d None None] Subscribe: network precommit_create 55550000, False {{(pid=90450) subscribe /opt/stack/data/venv/lib/python3.12/site-packages/neutron_lib/callbacks/manager.py:52}}
Jun 29 06:59:13.790024 np0000003890 devstack@neutron-api.service[90450]: DEBUG neutron.manager [None req-0ceb798e-90a5-443c-9759-015711dac79d None None] Successfully loaded auto-allocated-topology plugin. Description: Auto Allocated Topology - aka get me a network. {{(pid=90450) _create_and_add_service_plugin /opt/stack/neutron/neutron/manager.py:236}}
Jun 29 06:59:13.790130 np0000003890 devstack@neutron-api.service[90450]: INFO neutron.manager [None req-0ceb798e-90a5-443c-9759-015711dac79d None None] Loading Plugin: tag
Jun 29 06:59:13.790837 np0000003890 devstack@neutron-api.service[90451]: DEBUG neutron.plugins.ml2.plugin [None req-741ddb6d-2e48-4781-9726-23e95da3e4f3 None None] neutron.plugins.ml2.plugin.Ml2Plugin method _start_rpc_notifiers called with arguments () {} {{(pid=90451) wrapper /opt/stack/data/venv/lib/python3.12/site-packages/oslo_log/helpers.py:77}}
Jun 29 06:59:13.791176 np0000003890 devstack@neutron-api.service[90451]: DEBUG neutron_lib.callbacks.manager [None req-741ddb6d-2e48-4781-9726-23e95da3e4f3 None None] Subscribe: > port after_create 55550000, False {{(pid=90451) subscribe /opt/stack/data/venv/lib/python3.12/site-packages/neutron_lib/callbacks/manager.py:52}}
Jun 29 06:59:13.791238 np0000003890 devstack@neutron-api.service[90451]: DEBUG neutron_lib.callbacks.manager [None req-741ddb6d-2e48-4781-9726-23e95da3e4f3 None None] Subscribe: > port after_update 55550000, False {{(pid=90451) subscribe /opt/stack/data/venv/lib/python3.12/site-packages/neutron_lib/callbacks/manager.py:52}}
Jun 29 06:59:13.791334 np0000003890 devstack@neutron-api.service[90451]: DEBUG neutron_lib.callbacks.manager [None req-741ddb6d-2e48-4781-9726-23e95da3e4f3 None None] Subscribe: > port after_delete 55550000, False {{(pid=90451) subscribe /opt/stack/data/venv/lib/python3.12/site-packages/neutron_lib/callbacks/manager.py:52}}
Jun 29 06:59:13.791429 np0000003890 devstack@neutron-api.service[90451]: DEBUG neutron_lib.callbacks.manager [None req-741ddb6d-2e48-4781-9726-23e95da3e4f3 None None] Subscribe: > subnet after_create 55550000, False {{(pid=90451) subscribe /opt/stack/data/venv/lib/python3.12/site-packages/neutron_lib/callbacks/manager.py:52}}
Jun 29 06:59:13.791519 np0000003890 devstack@neutron-api.service[90451]: DEBUG neutron_lib.callbacks.manager [None req-741ddb6d-2e48-4781-9726-23e95da3e4f3 None None] Subscribe: > subnet after_update 55550000, False {{(pid=90451) subscribe /opt/stack/data/venv/lib/python3.12/site-packages/neutron_lib/callbacks/manager.py:52}}
Jun 29 06:59:13.791607 np0000003890 devstack@neutron-api.service[90451]: DEBUG neutron_lib.callbacks.manager [None req-741ddb6d-2e48-4781-9726-23e95da3e4f3 None None] Subscribe: > subnet after_delete 55550000, False {{(pid=90451) subscribe /opt/stack/data/venv/lib/python3.12/site-packages/neutron_lib/callbacks/manager.py:52}}
Jun 29 06:59:13.791695 np0000003890 devstack@neutron-api.service[90451]: DEBUG neutron_lib.callbacks.manager [None req-741ddb6d-2e48-4781-9726-23e95da3e4f3 None None] Subscribe: > network after_create 55550000, False {{(pid=90451) subscribe /opt/stack/data/venv/lib/python3.12/site-packages/neutron_lib/callbacks/manager.py:52}}
Jun 29 06:59:13.791807 np0000003890 devstack@neutron-api.service[90451]: DEBUG neutron_lib.callbacks.manager [None req-741ddb6d-2e48-4781-9726-23e95da3e4f3 None None] Subscribe: > network after_update 55550000, False {{(pid=90451) subscribe /opt/stack/data/venv/lib/python3.12/site-packages/neutron_lib/callbacks/manager.py:52}}
Jun 29 06:59:13.791923 np0000003890 devstack@neutron-api.service[90451]: DEBUG neutron_lib.callbacks.manager [None req-741ddb6d-2e48-4781-9726-23e95da3e4f3 None None] Subscribe: > network after_delete 55550000, False {{(pid=90451) subscribe /opt/stack/data/venv/lib/python3.12/site-packages/neutron_lib/callbacks/manager.py:52}}
Jun 29 06:59:13.792084 np0000003890 devstack@neutron-api.service[90451]: DEBUG neutron_lib.callbacks.manager [None req-741ddb6d-2e48-4781-9726-23e95da3e4f3 None None] Subscribe: > security_group after_create 55550000, False {{(pid=90451) subscribe /opt/stack/data/venv/lib/python3.12/site-packages/neutron_lib/callbacks/manager.py:52}}
Jun 29 06:59:13.792196 np0000003890 devstack@neutron-api.service[90451]: DEBUG neutron_lib.callbacks.manager [None req-741ddb6d-2e48-4781-9726-23e95da3e4f3 None None] Subscribe: > security_group after_update 55550000, False {{(pid=90451) subscribe /opt/stack/data/venv/lib/python3.12/site-packages/neutron_lib/callbacks/manager.py:52}}
Jun 29 06:59:13.792287 np0000003890 devstack@neutron-api.service[90451]: DEBUG neutron_lib.callbacks.manager [None req-741ddb6d-2e48-4781-9726-23e95da3e4f3 None None] Subscribe: > security_group after_delete 55550000, False {{(pid=90451) subscribe /opt/stack/data/venv/lib/python3.12/site-packages/neutron_lib/callbacks/manager.py:52}}
Jun 29 06:59:13.792377 np0000003890 devstack@neutron-api.service[90451]: DEBUG neutron_lib.callbacks.manager [None req-741ddb6d-2e48-4781-9726-23e95da3e4f3 None None] Subscribe: > security_group_rule after_create 55550000, False {{(pid=90451) subscribe /opt/stack/data/venv/lib/python3.12/site-packages/neutron_lib/callbacks/manager.py:52}}
Jun 29 06:59:13.792465 np0000003890 devstack@neutron-api.service[90451]: DEBUG neutron_lib.callbacks.manager [None req-741ddb6d-2e48-4781-9726-23e95da3e4f3 None None] Subscribe: > security_group_rule after_update 55550000, False {{(pid=90451) subscribe /opt/stack/data/venv/lib/python3.12/site-packages/neutron_lib/callbacks/manager.py:52}}
Jun 29 06:59:13.792554 np0000003890 devstack@neutron-api.service[90451]: DEBUG neutron_lib.callbacks.manager [None req-741ddb6d-2e48-4781-9726-23e95da3e4f3 None None] Subscribe: > security_group_rule after_delete 55550000, False {{(pid=90451) subscribe /opt/stack/data/venv/lib/python3.12/site-packages/neutron_lib/callbacks/manager.py:52}}
Jun 29 06:59:13.792644 np0000003890 devstack@neutron-api.service[90451]: DEBUG neutron_lib.callbacks.manager [None req-741ddb6d-2e48-4781-9726-23e95da3e4f3 None None] Subscribe: > address_group after_create 55550000, False {{(pid=90451) subscribe /opt/stack/data/venv/lib/python3.12/site-packages/neutron_lib/callbacks/manager.py:52}}
Jun 29 06:59:13.792751 np0000003890 devstack@neutron-api.service[90451]: DEBUG neutron_lib.callbacks.manager [None req-741ddb6d-2e48-4781-9726-23e95da3e4f3 None None] Subscribe: > address_group after_update 55550000, False {{(pid=90451) subscribe /opt/stack/data/venv/lib/python3.12/site-packages/neutron_lib/callbacks/manager.py:52}}
Jun 29 06:59:13.792827 np0000003890 devstack@neutron-api.service[90451]: DEBUG neutron_lib.callbacks.manager [None req-741ddb6d-2e48-4781-9726-23e95da3e4f3 None None] Subscribe: > address_group after_delete 55550000, False {{(pid=90451) subscribe /opt/stack/data/venv/lib/python3.12/site-packages/neutron_lib/callbacks/manager.py:52}}
Jun 29 06:59:13.792918 np0000003890 devstack@neutron-api.service[90451]: DEBUG neutron.plugins.ml2.ovo_rpc [None req-741ddb6d-2e48-4781-9726-23e95da3e4f3 None None] ML2 OVO RPC backend initialized. {{(pid=90451) __init__ /opt/stack/neutron/neutron/plugins/ml2/ovo_rpc.py:117}}
Jun 29 06:59:13.793327 np0000003890 devstack@neutron-api.service[90450]: DEBUG neutron.manager [None req-0ceb798e-90a5-443c-9759-015711dac79d None None] Successfully loaded TAG plugin. Description: Tag support {{(pid=90450) _create_and_add_service_plugin /opt/stack/neutron/neutron/manager.py:236}}
Jun 29 06:59:13.793440 np0000003890 devstack@neutron-api.service[90450]: INFO neutron.manager [None req-0ceb798e-90a5-443c-9759-015711dac79d None None] Loading Plugin: timestamp
Jun 29 06:59:13.793808 np0000003890 devstack@neutron-api.service[90451]: INFO neutron.quota [None req-741ddb6d-2e48-4781-9726-23e95da3e4f3 None None] Loaded quota_driver: .
Jun 29 06:59:13.793943 np0000003890 devstack@neutron-api.service[90451]: INFO neutron.plugins.ml2.plugin [None req-741ddb6d-2e48-4781-9726-23e95da3e4f3 None None] Modular L2 Plugin initialization complete
Jun 29 06:59:13.794110 np0000003890 devstack@neutron-api.service[90451]: DEBUG neutron.manager [None req-741ddb6d-2e48-4781-9726-23e95da3e4f3 None None] Loading services supported by the core plugin {{(pid=90451) _load_services_from_core_plugin /opt/stack/neutron/neutron/manager.py:167}}
Jun 29 06:59:13.794212 np0000003890 devstack@neutron-api.service[90451]: INFO neutron.plugins.ml2.managers [None req-741ddb6d-2e48-4781-9726-23e95da3e4f3 None None] Got port-security extension from driver 'port_security'
Jun 29 06:59:13.794472 np0000003890 devstack@neutron-api.service[90451]: DEBUG neutron.manager [None req-741ddb6d-2e48-4781-9726-23e95da3e4f3 None None] Loading service plugins: ['ovn-router', 'auto_allocate', 'tag', 'timestamp', 'network_ip_availability', 'flavors', 'revisions'] {{(pid=90451) _load_service_plugins /opt/stack/neutron/neutron/manager.py:192}}
Jun 29 06:59:13.794560 np0000003890 devstack@neutron-api.service[90451]: INFO neutron.manager [None req-741ddb6d-2e48-4781-9726-23e95da3e4f3 None None] Loading Plugin: ovn-router
Jun 29 06:59:13.794801 np0000003890 devstack@neutron-api.service[90450]: DEBUG neutron.manager [None req-0ceb798e-90a5-443c-9759-015711dac79d None None] Successfully loaded timestamp plugin. Description: Adds timestamps to Neutron resources with standard attributes {{(pid=90450) _create_and_add_service_plugin /opt/stack/neutron/neutron/manager.py:236}}
Jun 29 06:59:13.794948 np0000003890 devstack@neutron-api.service[90450]: INFO neutron.manager [None req-0ceb798e-90a5-443c-9759-015711dac79d None None] Loading Plugin: network_ip_availability
Jun 29 06:59:13.796929 np0000003890 devstack@neutron-api.service[90450]: DEBUG neutron.manager [None req-0ceb798e-90a5-443c-9759-015711dac79d None None] Successfully loaded network-ip-availability plugin. Description: Provides IP availability data for each network and subnet. {{(pid=90450) _create_and_add_service_plugin /opt/stack/neutron/neutron/manager.py:236}}
Jun 29 06:59:13.797143 np0000003890 devstack@neutron-api.service[90450]: INFO neutron.manager [None req-0ceb798e-90a5-443c-9759-015711dac79d None None] Loading Plugin: flavors
Jun 29 06:59:13.798420 np0000003890 devstack@neutron-api.service[90450]: DEBUG neutron.manager [None req-0ceb798e-90a5-443c-9759-015711dac79d None None] Successfully loaded FLAVORS plugin. Description: Neutron Flavors and Service Profiles manager plugin {{(pid=90450) _create_and_add_service_plugin /opt/stack/neutron/neutron/manager.py:236}}
Jun 29 06:59:13.798699 np0000003890 devstack@neutron-api.service[90450]: INFO neutron.manager [None req-0ceb798e-90a5-443c-9759-015711dac79d None None] Loading Plugin: revisions
Jun 29 06:59:13.800449 np0000003890 devstack@neutron-api.service[90450]: DEBUG neutron.manager [None req-0ceb798e-90a5-443c-9759-015711dac79d None None] Successfully loaded revision_plugin plugin. Description: Adds revision numbers to resources. {{(pid=90450) _create_and_add_service_plugin /opt/stack/neutron/neutron/manager.py:236}}
Jun 29 06:59:13.800677 np0000003890 devstack@neutron-api.service[90450]: DEBUG oslo_concurrency.lockutils [None req-0ceb798e-90a5-443c-9759-015711dac79d None None] Lock "manager" "released" by "neutron.manager.NeutronManager._create_instance" :: held 4.000s {{(pid=90450) inner /opt/stack/data/venv/lib/python3.12/site-packages/oslo_concurrency/lockutils.py:543}}
Jun 29 06:59:13.801110 np0000003890 devstack@neutron-api.service[90450]: DEBUG neutron.api.extensions [None req-0ceb798e-90a5-443c-9759-015711dac79d None None] get_extension_paths = OrderedDict({'/opt/stack/neutron/neutron/extensions': 1}) {{(pid=90450) get_extensions_path /opt/stack/neutron/neutron/api/extensions.py:640}}
Jun 29 06:59:13.801326 np0000003890 devstack@neutron-api.service[90450]: INFO neutron.api.extensions [None req-0ceb798e-90a5-443c-9759-015711dac79d None None] Initializing extension manager.
Jun 29 06:59:13.801657 np0000003890 devstack@neutron-api.service[90450]: DEBUG neutron.api.extensions [None req-0ceb798e-90a5-443c-9759-015711dac79d None None] Loading extension file: __init__.py {{(pid=90450) _load_all_extensions_from_path /opt/stack/neutron/neutron/api/extensions.py:449}}
Jun 29 06:59:13.801809 np0000003890 devstack@neutron-api.service[90450]: DEBUG neutron.api.extensions [None req-0ceb798e-90a5-443c-9759-015711dac79d None None] Loading extension file: __pycache__ {{(pid=90450) _load_all_extensions_from_path /opt/stack/neutron/neutron/api/extensions.py:449}}
Jun 29 06:59:13.801976 np0000003890 devstack@neutron-api.service[90450]: DEBUG neutron.api.extensions [None req-0ceb798e-90a5-443c-9759-015711dac79d None None] Loading extension file: aap_reject_multicast.py {{(pid=90450) _load_all_extensions_from_path /opt/stack/neutron/neutron/api/extensions.py:449}}
Jun 29 06:59:13.802436 np0000003890 devstack@neutron-api.service[90450]: DEBUG neutron.api.extensions [None req-0ceb798e-90a5-443c-9759-015711dac79d None None] Ext name="Allowed address pairs reject multicast extension" alias="aap-reject-multicast" description="Reject multicast addresses in Allowed Address Pairs" updated="2026-04-01T00:00:00-00:00" {{(pid=90450) _check_extension /opt/stack/neutron/neutron/api/extensions.py:415}}
Jun 29 06:59:13.802680 np0000003890 devstack@neutron-api.service[90450]: INFO neutron.api.extensions [None req-0ceb798e-90a5-443c-9759-015711dac79d None None] Extension aap-reject-multicast not supported by any of loaded plugins
Jun 29 06:59:13.802799 np0000003890 devstack@neutron-api.service[90450]: DEBUG neutron.api.extensions [None req-0ceb798e-90a5-443c-9759-015711dac79d None None] Loading extension file: address_group.py {{(pid=90450) _load_all_extensions_from_path /opt/stack/neutron/neutron/api/extensions.py:449}}
Jun 29 06:59:13.803249 np0000003890 devstack@neutron-api.service[90450]: DEBUG neutron.api.extensions [None req-0ceb798e-90a5-443c-9759-015711dac79d None None] Ext name="Address group" alias="address-group" description="Support address group" updated="2020-07-15T10:00:00-00:00" {{(pid=90450) _check_extension /opt/stack/neutron/neutron/api/extensions.py:415}}
Jun 29 06:59:13.803462 np0000003890 devstack@neutron-api.service[90450]: INFO neutron.api.extensions [None req-0ceb798e-90a5-443c-9759-015711dac79d None None] Loaded extension: address-group
Jun 29 06:59:13.803568 np0000003890 devstack@neutron-api.service[90450]: DEBUG neutron.api.extensions [None req-0ceb798e-90a5-443c-9759-015711dac79d None None] Loading extension file: address_scope.py {{(pid=90450) _load_all_extensions_from_path /opt/stack/neutron/neutron/api/extensions.py:449}}
Jun 29 06:59:13.803976 np0000003890 devstack@neutron-api.service[90450]: DEBUG neutron.api.extensions [None req-0ceb798e-90a5-443c-9759-015711dac79d None None] Ext name="Address scope" alias="address-scope" description="Address scopes extension." updated="2015-07-26T10:00:00-00:00" {{(pid=90450) _check_extension /opt/stack/neutron/neutron/api/extensions.py:415}}
Jun 29 06:59:13.804163 np0000003890 devstack@neutron-api.service[90450]: INFO neutron.api.extensions [None req-0ceb798e-90a5-443c-9759-015711dac79d None None] Loaded extension: address-scope
Jun 29 06:59:13.804249 np0000003890 devstack@neutron-api.service[90450]: DEBUG neutron.api.extensions [None req-0ceb798e-90a5-443c-9759-015711dac79d None None] Loading extension file: admin_state_down_before_update.py {{(pid=90450) _load_all_extensions_from_path /opt/stack/neutron/neutron/api/extensions.py:449}}
Jun 29 06:59:13.804506 np0000003890 devstack@neutron-api.service[90450]: DEBUG neutron.api.extensions [None req-0ceb798e-90a5-443c-9759-015711dac79d None None] Ext name="Enforce Router's Admin State Down Before Update Extension" alias="router-admin-state-down-before-update" description="Ensure that the admin state of a router is DOWN (admin_state_up=False) before updating the distributed attribute" updated="2019-07-02T15:56:00" {{(pid=90450) _check_extension /opt/stack/neutron/neutron/api/extensions.py:415}}
Jun 29 06:59:13.804663 np0000003890 devstack@neutron-api.service[90450]: INFO neutron.api.extensions [None req-0ceb798e-90a5-443c-9759-015711dac79d None None] Extension router-admin-state-down-before-update not supported by any of loaded plugins
Jun 29 06:59:13.804747 np0000003890 devstack@neutron-api.service[90450]: DEBUG neutron.api.extensions [None req-0ceb798e-90a5-443c-9759-015711dac79d None None] Loading extension file: agent.py {{(pid=90450) _load_all_extensions_from_path /opt/stack/neutron/neutron/api/extensions.py:449}}
Jun 29 06:59:13.804813 np0000003890 devstack@neutron-api.service[90451]: DEBUG neutron_lib.callbacks.manager [None req-741ddb6d-2e48-4781-9726-23e95da3e4f3 None None] Subscribe: > router before_delete 55550000, False {{(pid=90451) subscribe /opt/stack/data/venv/lib/python3.12/site-packages/neutron_lib/callbacks/manager.py:52}}
Jun 29 06:59:13.804971 np0000003890 devstack@neutron-api.service[90451]: DEBUG neutron_lib.callbacks.manager [None req-741ddb6d-2e48-4781-9726-23e95da3e4f3 None None] Subscribe: port before_update 55550000, False {{(pid=90451) subscribe /opt/stack/data/venv/lib/python3.12/site-packages/neutron_lib/callbacks/manager.py:52}}
Jun 29 06:59:13.805072 np0000003890 devstack@neutron-api.service[90451]: DEBUG neutron_lib.callbacks.manager [None req-741ddb6d-2e48-4781-9726-23e95da3e4f3 None None] Subscribe: port after_update 55550000, False {{(pid=90451) subscribe /opt/stack/data/venv/lib/python3.12/site-packages/neutron_lib/callbacks/manager.py:52}}
Jun 29 06:59:13.805115 np0000003890 devstack@neutron-api.service[90450]: DEBUG neutron.api.extensions [None req-0ceb798e-90a5-443c-9759-015711dac79d None None] Ext name="agent" alias="agent" description="The agent management extension." updated="2013-02-03T10:00:00-00:00" {{(pid=90450) _check_extension /opt/stack/neutron/neutron/api/extensions.py:415}}
Jun 29 06:59:13.805175 np0000003890 devstack@neutron-api.service[90451]: DEBUG neutron_lib.callbacks.manager [None req-741ddb6d-2e48-4781-9726-23e95da3e4f3 None None] Subscribe: > port precommit_delete 55550000, False {{(pid=90451) subscribe /opt/stack/data/venv/lib/python3.12/site-packages/neutron_lib/callbacks/manager.py:52}}
Jun 29 06:59:13.805245 np0000003890 devstack@neutron-api.service[90450]: INFO neutron.api.extensions [None req-0ceb798e-90a5-443c-9759-015711dac79d None None] Loaded extension: agent
Jun 29 06:59:13.805323 np0000003890 devstack@neutron-api.service[90451]: DEBUG neutron_lib.callbacks.manager [None req-741ddb6d-2e48-4781-9726-23e95da3e4f3 None None] Subscribe: port before_update 55550000, False {{(pid=90451) subscribe /opt/stack/data/venv/lib/python3.12/site-packages/neutron_lib/callbacks/manager.py:52}}
Jun 29 06:59:13.805623 np0000003890 devstack@neutron-api.service[90450]: DEBUG neutron.api.extensions [None req-0ceb798e-90a5-443c-9759-015711dac79d None None] Loading extension file: agent_resources_synced.py {{(pid=90450) _load_all_extensions_from_path /opt/stack/neutron/neutron/api/extensions.py:449}}
Jun 29 06:59:13.805661 np0000003890 devstack@neutron-api.service[90451]: DEBUG neutron_lib.callbacks.manager [None req-741ddb6d-2e48-4781-9726-23e95da3e4f3 None None] Subscribe: port before_delete 55550000, False {{(pid=90451) subscribe /opt/stack/data/venv/lib/python3.12/site-packages/neutron_lib/callbacks/manager.py:52}}
Jun 29 06:59:13.805661 np0000003890 devstack@neutron-api.service[90451]: DEBUG neutron_lib.callbacks.manager [None req-741ddb6d-2e48-4781-9726-23e95da3e4f3 None None] Subscribe: > router precommit_create 55550000, False {{(pid=90451) subscribe /opt/stack/data/venv/lib/python3.12/site-packages/neutron_lib/callbacks/manager.py:52}}
Jun 29 06:59:13.805661 np0000003890 devstack@neutron-api.service[90451]: DEBUG neutron_lib.callbacks.manager [None req-741ddb6d-2e48-4781-9726-23e95da3e4f3 None None] Subscribe: > router precommit_create 55550000, False {{(pid=90451) subscribe /opt/stack/data/venv/lib/python3.12/site-packages/neutron_lib/callbacks/manager.py:52}}
Jun 29 06:59:13.805755 np0000003890 devstack@neutron-api.service[90450]: DEBUG neutron.api.extensions [None req-0ceb798e-90a5-443c-9759-015711dac79d None None] Ext name="Agent's Resource View Synced to Placement" alias="agent-resources-synced" description="Stores success/failure of last sync to Placement" updated="2018-12-19T00:00:00-00:00" {{(pid=90450) _check_extension /opt/stack/neutron/neutron/api/extensions.py:415}}
Jun 29 06:59:13.805803 np0000003890 devstack@neutron-api.service[90451]: DEBUG neutron_lib.callbacks.manager [None req-741ddb6d-2e48-4781-9726-23e95da3e4f3 None None] Subscribe: > router precommit_update 55550000, False {{(pid=90451) subscribe /opt/stack/data/venv/lib/python3.12/site-packages/neutron_lib/callbacks/manager.py:52}}
Jun 29 06:59:13.805803 np0000003890 devstack@neutron-api.service[90451]: DEBUG neutron_lib.callbacks.manager [None req-741ddb6d-2e48-4781-9726-23e95da3e4f3 None None] Subscribe: subnet after_update 55550000, False {{(pid=90451) subscribe /opt/stack/data/venv/lib/python3.12/site-packages/neutron_lib/callbacks/manager.py:52}}
Jun 29 06:59:13.805868 np0000003890 devstack@neutron-api.service[90450]: INFO neutron.api.extensions [None req-0ceb798e-90a5-443c-9759-015711dac79d None None] Extension agent-resources-synced not supported by any of loaded plugins
Jun 29 06:59:13.805868 np0000003890 devstack@neutron-api.service[90450]: DEBUG neutron.api.extensions [None req-0ceb798e-90a5-443c-9759-015711dac79d None None] Loading extension file: agent_sort_key.py {{(pid=90450) _load_all_extensions_from_path /opt/stack/neutron/neutron/api/extensions.py:449}}
Jun 29 06:59:13.806009 np0000003890 devstack@neutron-api.service[90451]: DEBUG neutron.quota.resource_registry [None req-741ddb6d-2e48-4781-9726-23e95da3e4f3 None None] Tracking information for resource: router configured {{(pid=90451) set_tracked_resource /opt/stack/neutron/neutron/quota/resource_registry.py:203}}
Jun 29 06:59:13.806062 np0000003890 devstack@neutron-api.service[90451]: DEBUG neutron.quota.resource_registry [None req-741ddb6d-2e48-4781-9726-23e95da3e4f3 None None] Tracking information for resource: floatingip configured {{(pid=90451) set_tracked_resource /opt/stack/neutron/neutron/quota/resource_registry.py:203}}
Jun 29 06:59:13.806145 np0000003890 devstack@neutron-api.service[90450]: DEBUG neutron.api.extensions [None req-0ceb798e-90a5-443c-9759-015711dac79d None None] Ext name="Agents Sort Key" alias="agent_sort_key" description="Enabling the keyword sort_key for sorting in agents." updated="2013-02-03T10:00:00-00:00" {{(pid=90450) _check_extension /opt/stack/neutron/neutron/api/extensions.py:415}}
Jun 29 06:59:13.806205 np0000003890 devstack@neutron-api.service[90451]: INFO neutron.services.ovn_l3.plugin [None req-741ddb6d-2e48-4781-9726-23e95da3e4f3 None None] Starting OVNL3RouterPlugin
Jun 29 06:59:13.806277 np0000003890 devstack@neutron-api.service[90450]: INFO neutron.api.extensions [None req-0ceb798e-90a5-443c-9759-015711dac79d None None] Extension agent_sort_key not supported by any of loaded plugins
Jun 29 06:59:13.806428 np0000003890 devstack@neutron-api.service[90450]: DEBUG neutron.api.extensions [None req-0ceb798e-90a5-443c-9759-015711dac79d None None] Loading extension file: allowedaddresspairs.py {{(pid=90450) _load_all_extensions_from_path /opt/stack/neutron/neutron/api/extensions.py:449}}
Jun 29 06:59:13.806467 np0000003890 devstack@neutron-api.service[90451]: DEBUG neutron_lib.callbacks.manager [None req-741ddb6d-2e48-4781-9726-23e95da3e4f3 None None] Subscribe: > port_forwarding_plugin after_init 55550000, False {{(pid=90451) subscribe /opt/stack/data/venv/lib/python3.12/site-packages/neutron_lib/callbacks/manager.py:52}}
Jun 29 06:59:13.806658 np0000003890 devstack@neutron-api.service[90451]: DEBUG neutron_lib.callbacks.manager [None req-741ddb6d-2e48-4781-9726-23e95da3e4f3 None None] Subscribe: > router before_create 55550100, False {{(pid=90451) subscribe /opt/stack/data/venv/lib/python3.12/site-packages/neutron_lib/callbacks/manager.py:52}}
Jun 29 06:59:13.806765 np0000003890 devstack@neutron-api.service[90451]: DEBUG neutron_lib.callbacks.manager [None req-741ddb6d-2e48-4781-9726-23e95da3e4f3 None None] Subscribe: > router precommit_delete 55550100, False {{(pid=90451) subscribe /opt/stack/data/venv/lib/python3.12/site-packages/neutron_lib/callbacks/manager.py:52}}
Jun 29 06:59:13.806859 np0000003890 devstack@neutron-api.service[90451]: DEBUG neutron_lib.callbacks.manager [None req-741ddb6d-2e48-4781-9726-23e95da3e4f3 None None] Subscribe: > router precommit_create 55550100, False {{(pid=90451) subscribe /opt/stack/data/venv/lib/python3.12/site-packages/neutron_lib/callbacks/manager.py:52}}
Jun 29 06:59:13.806965 np0000003890 devstack@neutron-api.service[90451]: DEBUG neutron_lib.callbacks.manager [None req-741ddb6d-2e48-4781-9726-23e95da3e4f3 None None] Subscribe: > router precommit_update 55550100, False {{(pid=90451) subscribe /opt/stack/data/venv/lib/python3.12/site-packages/neutron_lib/callbacks/manager.py:52}}
Jun 29 06:59:13.807483 np0000003890 devstack@neutron-api.service[90450]: DEBUG neutron.api.extensions [None req-0ceb798e-90a5-443c-9759-015711dac79d None None] Ext name="Allowed Address Pairs" alias="allowed-address-pairs" description="Provides allowed address pairs" updated="2013-07-23T10:00:00-00:00" {{(pid=90450) _check_extension /opt/stack/neutron/neutron/api/extensions.py:415}}
Jun 29 06:59:13.807703 np0000003890 devstack@neutron-api.service[90450]: INFO neutron.api.extensions [None req-0ceb798e-90a5-443c-9759-015711dac79d None None] Loaded extension: allowed-address-pairs
Jun 29 06:59:13.807799 np0000003890 devstack@neutron-api.service[90450]: DEBUG neutron.api.extensions [None req-0ceb798e-90a5-443c-9759-015711dac79d None None] Loading extension file: auto_allocated_topology.py {{(pid=90450) _load_all_extensions_from_path /opt/stack/neutron/neutron/api/extensions.py:449}}
Jun 29 06:59:13.808491 np0000003890 devstack@neutron-api.service[90450]: DEBUG neutron.api.extensions [None req-0ceb798e-90a5-443c-9759-015711dac79d None None] Ext name="Auto Allocated Topology Services" alias="auto-allocated-topology" description="Auto Allocated Topology Services." updated="2016-01-01T00:00:00-00:00" {{(pid=90450) _check_extension /opt/stack/neutron/neutron/api/extensions.py:415}}
Jun 29 06:59:13.808491 np0000003890 devstack@neutron-api.service[90450]: INFO neutron.api.extensions [None req-0ceb798e-90a5-443c-9759-015711dac79d None None] Loaded extension: auto-allocated-topology
Jun 29 06:59:13.808491 np0000003890 devstack@neutron-api.service[90450]: DEBUG neutron.api.extensions [None req-0ceb798e-90a5-443c-9759-015711dac79d None None] Loading extension file: availability_zone.py {{(pid=90450) _load_all_extensions_from_path /opt/stack/neutron/neutron/api/extensions.py:449}}
Jun 29 06:59:13.808626 np0000003890 devstack@neutron-api.service[90450]: DEBUG neutron.api.extensions [None req-0ceb798e-90a5-443c-9759-015711dac79d None None] Ext name="Availability Zone" alias="availability_zone" description="The availability zone extension." updated="2015-01-01T10:00:00-00:00" {{(pid=90450) _check_extension /opt/stack/neutron/neutron/api/extensions.py:415}}
Jun 29 06:59:13.808829 np0000003890 devstack@neutron-api.service[90450]: INFO neutron.api.extensions [None req-0ceb798e-90a5-443c-9759-015711dac79d None None] Loaded extension: availability_zone
Jun 29 06:59:13.808897 np0000003890 devstack@neutron-api.service[90450]: DEBUG neutron.api.extensions [None req-0ceb798e-90a5-443c-9759-015711dac79d None None] Loading extension file: availability_zone_filter.py {{(pid=90450) _load_all_extensions_from_path /opt/stack/neutron/neutron/api/extensions.py:449}}
Jun 29 06:59:13.809391 np0000003890 devstack@neutron-api.service[90450]: DEBUG neutron.api.extensions [None req-0ceb798e-90a5-443c-9759-015711dac79d None None] Ext name="Availability Zone Filter Extension" alias="availability_zone_filter" description="Add filter parameters to AvailabilityZone resource" updated="2018-06-22T10:00:00-00:00" {{(pid=90450) _check_extension /opt/stack/neutron/neutron/api/extensions.py:415}}
Jun 29 06:59:13.809630 np0000003890 devstack@neutron-api.service[90450]: INFO neutron.api.extensions [None req-0ceb798e-90a5-443c-9759-015711dac79d None None] Extension availability_zone_filter not supported by any of loaded plugins
Jun 29 06:59:13.809698 np0000003890 devstack@neutron-api.service[90450]: DEBUG neutron.api.extensions [None req-0ceb798e-90a5-443c-9759-015711dac79d None None] Loading extension file: data_plane_status.py {{(pid=90450) _load_all_extensions_from_path /opt/stack/neutron/neutron/api/extensions.py:449}}
Jun 29 06:59:13.810061 np0000003890 devstack@neutron-api.service[90450]: DEBUG neutron.api.extensions [None req-0ceb798e-90a5-443c-9759-015711dac79d None None] Ext name="Port data plane status extension" alias="data-plane-status" description="Expose status of underlying data plane" updated="2017-01-24T10:00:00-00:00" {{(pid=90450) _check_extension /opt/stack/neutron/neutron/api/extensions.py:415}}
Jun 29 06:59:13.810105 np0000003890 devstack@neutron-api.service[90451]: DEBUG neutron.services.provider_configuration [None req-741ddb6d-2e48-4781-9726-23e95da3e4f3 None None] Service providers = [] {{(pid=90451) parse_service_provider_opt /opt/stack/neutron/neutron/services/provider_configuration.py:170}}
Jun 29 06:59:13.810168 np0000003890 devstack@neutron-api.service[90451]: DEBUG neutron.db.servicetype_db [None req-741ddb6d-2e48-4781-9726-23e95da3e4f3 None None] Adding provider configuration for service L3_ROUTER_NAT {{(pid=90451) add_provider_configuration /opt/stack/neutron/neutron/db/servicetype_db.py:45}}
Jun 29 06:59:13.810240 np0000003890 devstack@neutron-api.service[90450]: INFO neutron.api.extensions [None req-0ceb798e-90a5-443c-9759-015711dac79d None None] Extension data-plane-status not supported by any of loaded plugins
Jun 29 06:59:13.810523 np0000003890 devstack@neutron-api.service[90450]: DEBUG neutron.api.extensions [None req-0ceb798e-90a5-443c-9759-015711dac79d None None] Loading extension file: default_subnetpools.py {{(pid=90450) _load_all_extensions_from_path /opt/stack/neutron/neutron/api/extensions.py:449}}
Jun 29 06:59:13.810750 np0000003890 devstack@neutron-api.service[90450]: DEBUG neutron.api.extensions [None req-0ceb798e-90a5-443c-9759-015711dac79d None None] Ext name="Default Subnetpools" alias="default-subnetpools" description="Provides ability to mark and use a subnetpool as the default." updated="2016-02-18T18:00:00-00:00" {{(pid=90450) _check_extension /opt/stack/neutron/neutron/api/extensions.py:415}}
Jun 29 06:59:13.812049 np0000003890 devstack@neutron-api.service[90450]: INFO neutron.api.extensions [None req-0ceb798e-90a5-443c-9759-015711dac79d None None] Loaded extension: default-subnetpools
Jun 29 06:59:13.812049 np0000003890 devstack@neutron-api.service[90450]: DEBUG neutron.api.extensions [None req-0ceb798e-90a5-443c-9759-015711dac79d None None] Loading extension file: dhcpagentscheduler.py {{(pid=90450) _load_all_extensions_from_path /opt/stack/neutron/neutron/api/extensions.py:449}}
Jun 29 06:59:13.812049 np0000003890 devstack@neutron-api.service[90450]: DEBUG neutron.api.extensions [None req-0ceb798e-90a5-443c-9759-015711dac79d None None] Ext name="DHCP Agent Scheduler" alias="dhcp_agent_scheduler" description="Schedule networks among dhcp agents" updated="2013-02-07T10:00:00-00:00" {{(pid=90450) _check_extension /opt/stack/neutron/neutron/api/extensions.py:415}}
Jun 29 06:59:13.812049 np0000003890 devstack@neutron-api.service[90450]: INFO neutron.api.extensions [None req-0ceb798e-90a5-443c-9759-015711dac79d None None] Loaded extension: dhcp_agent_scheduler
Jun 29 06:59:13.812346 np0000003890 devstack@neutron-api.service[90451]: DEBUG neutron_lib.callbacks.manager [None req-741ddb6d-2e48-4781-9726-23e95da3e4f3 None None] Subscribe: > router precommit_create 55549900, False {{(pid=90451) subscribe /opt/stack/data/venv/lib/python3.12/site-packages/neutron_lib/callbacks/manager.py:52}}
Jun 29 06:59:13.812459 np0000003890 devstack@neutron-api.service[90450]: DEBUG neutron.api.extensions [None req-0ceb798e-90a5-443c-9759-015711dac79d None None] Loading extension file: dns.py {{(pid=90450) _load_all_extensions_from_path /opt/stack/neutron/neutron/api/extensions.py:449}}
Jun 29 06:59:13.812520 np0000003890 devstack@neutron-api.service[90451]: DEBUG neutron_lib.callbacks.manager [None req-741ddb6d-2e48-4781-9726-23e95da3e4f3 None None] Subscribe: > router_interface after_create 55550000, False {{(pid=90451) subscribe /opt/stack/data/venv/lib/python3.12/site-packages/neutron_lib/callbacks/manager.py:52}}
Jun 29 06:59:13.812520 np0000003890 devstack@neutron-api.service[90451]: DEBUG neutron_lib.callbacks.manager [None req-741ddb6d-2e48-4781-9726-23e95da3e4f3 None None] Subscribe: > floatingip after_create 55550000, False {{(pid=90451) subscribe /opt/stack/data/venv/lib/python3.12/site-packages/neutron_lib/callbacks/manager.py:52}}
Jun 29 06:59:13.812673 np0000003890 devstack@neutron-api.service[90450]: DEBUG neutron.api.extensions [None req-0ceb798e-90a5-443c-9759-015711dac79d None None] Ext name="DNS Integration" alias="dns-integration" description="Provides integration with DNS." updated="2015-08-15T18:00:00-00:00" {{(pid=90450) _check_extension /opt/stack/neutron/neutron/api/extensions.py:415}}
Jun 29 06:59:13.812740 np0000003890 devstack@neutron-api.service[90451]: DEBUG neutron_lib.callbacks.manager [None req-741ddb6d-2e48-4781-9726-23e95da3e4f3 None None] Subscribe: > floatingip precommit_create 55550000, False {{(pid=90451) subscribe /opt/stack/data/venv/lib/python3.12/site-packages/neutron_lib/callbacks/manager.py:52}}
Jun 29 06:59:13.812740 np0000003890 devstack@neutron-api.service[90451]: DEBUG neutron_lib.callbacks.manager [None req-741ddb6d-2e48-4781-9726-23e95da3e4f3 None None] Subscribe: > floatingip precommit_update 55550000, False {{(pid=90451) subscribe /opt/stack/data/venv/lib/python3.12/site-packages/neutron_lib/callbacks/manager.py:52}}
Jun 29 06:59:13.812822 np0000003890 devstack@neutron-api.service[90450]: INFO neutron.api.extensions [None req-0ceb798e-90a5-443c-9759-015711dac79d None None] Loaded extension: dns-integration
Jun 29 06:59:13.812906 np0000003890 devstack@neutron-api.service[90451]: DEBUG neutron_lib.callbacks.manager [None req-741ddb6d-2e48-4781-9726-23e95da3e4f3 None None] Subscribe: > floatingip after_delete 55550000, False {{(pid=90451) subscribe /opt/stack/data/venv/lib/python3.12/site-packages/neutron_lib/callbacks/manager.py:52}}
Jun 29 06:59:13.812937 np0000003890 devstack@neutron-api.service[90450]: DEBUG neutron.api.extensions [None req-0ceb798e-90a5-443c-9759-015711dac79d None None] Loading extension file: dns_domain_ports.py {{(pid=90450) _load_all_extensions_from_path /opt/stack/neutron/neutron/api/extensions.py:449}}
Jun 29 06:59:13.813017 np0000003890 devstack@neutron-api.service[90451]: DEBUG neutron_lib.callbacks.manager [None req-741ddb6d-2e48-4781-9726-23e95da3e4f3 None None] Subscribe: > floatingip after_status_update 55550000, False {{(pid=90451) subscribe /opt/stack/data/venv/lib/python3.12/site-packages/neutron_lib/callbacks/manager.py:52}}
Jun 29 06:59:13.813017 np0000003890 devstack@neutron-api.service[90451]: DEBUG neutron_lib.callbacks.manager [None req-741ddb6d-2e48-4781-9726-23e95da3e4f3 None None] Subscribe: > floatingip after_update 55550000, False {{(pid=90451) subscribe /opt/stack/data/venv/lib/python3.12/site-packages/neutron_lib/callbacks/manager.py:52}}
Jun 29 06:59:13.813017 np0000003890 devstack@neutron-api.service[90451]: DEBUG neutron_lib.callbacks.manager [None req-741ddb6d-2e48-4781-9726-23e95da3e4f3 None None] Subscribe: > port_forwarding after_create 55550000, False {{(pid=90451) subscribe /opt/stack/data/venv/lib/python3.12/site-packages/neutron_lib/callbacks/manager.py:52}}
Jun 29 06:59:13.813118 np0000003890 devstack@neutron-api.service[90450]: DEBUG neutron.api.extensions [None req-0ceb798e-90a5-443c-9759-015711dac79d None None] Ext name="dns_domain for ports" alias="dns-domain-ports" description="Allows the DNS domain to be specified for a network port." updated="2017-04-24T10:00:00-00:00" {{(pid=90450) _check_extension /opt/stack/neutron/neutron/api/extensions.py:415}}
Jun 29 06:59:13.813203 np0000003890 devstack@neutron-api.service[90451]: DEBUG neutron_lib.callbacks.manager [None req-741ddb6d-2e48-4781-9726-23e95da3e4f3 None None] Subscribe: > router_interface after_delete 55550000, False {{(pid=90451) subscribe /opt/stack/data/venv/lib/python3.12/site-packages/neutron_lib/callbacks/manager.py:52}}
Jun 29 06:59:13.813269 np0000003890 devstack@neutron-api.service[90450]: INFO neutron.api.extensions [None req-0ceb798e-90a5-443c-9759-015711dac79d None None] Loaded extension: dns-domain-ports
Jun 29 06:59:13.813357 np0000003890 devstack@neutron-api.service[90451]: DEBUG neutron_lib.callbacks.manager [None req-741ddb6d-2e48-4781-9726-23e95da3e4f3 None None] Subscribe: > router after_create 55550000, False {{(pid=90451) subscribe /opt/stack/data/venv/lib/python3.12/site-packages/neutron_lib/callbacks/manager.py:52}}
Jun 29 06:59:13.813419 np0000003890 devstack@neutron-api.service[90450]: DEBUG neutron.api.extensions [None req-0ceb798e-90a5-443c-9759-015711dac79d None None] Loading extension file: dns_integration_domain_keywords.py {{(pid=90450) _load_all_extensions_from_path /opt/stack/neutron/neutron/api/extensions.py:449}}
Jun 29 06:59:13.813449 np0000003890 devstack@neutron-api.service[90451]: DEBUG neutron_lib.callbacks.manager [None req-741ddb6d-2e48-4781-9726-23e95da3e4f3 None None] Subscribe: > router precommit_create 55550000, False {{(pid=90451) subscribe /opt/stack/data/venv/lib/python3.12/site-packages/neutron_lib/callbacks/manager.py:52}}
Jun 29 06:59:13.813449 np0000003890 devstack@neutron-api.service[90451]: DEBUG neutron_lib.callbacks.manager [None req-741ddb6d-2e48-4781-9726-23e95da3e4f3 None None] Subscribe: > router after_delete 55550000, False {{(pid=90451) subscribe /opt/stack/data/venv/lib/python3.12/site-packages/neutron_lib/callbacks/manager.py:52}}
Jun 29 06:59:13.813575 np0000003890 devstack@neutron-api.service[90450]: DEBUG neutron.api.extensions [None req-0ceb798e-90a5-443c-9759-015711dac79d None None] Ext name="DNS domain names with keywords allowed" alias="dns-integration-domain-keywords" description="Allows to use keywords like , , and as DNS domain name" updated="2020-06-15T18:00:00-00:00" {{(pid=90450) _check_extension /opt/stack/neutron/neutron/api/extensions.py:415}}
Jun 29 06:59:13.813607 np0000003890 devstack@neutron-api.service[90451]: DEBUG neutron_lib.callbacks.manager [None req-741ddb6d-2e48-4781-9726-23e95da3e4f3 None None] Subscribe: > router after_update 55550000, False {{(pid=90451) subscribe /opt/stack/data/venv/lib/python3.12/site-packages/neutron_lib/callbacks/manager.py:52}}
Jun 29 06:59:13.813607 np0000003890 devstack@neutron-api.service[90451]: DEBUG neutron.services.service_base [None req-741ddb6d-2e48-4781-9726-23e95da3e4f3 None None] Loaded 'neutron.services.ovn_l3.service_providers.ovn.OvnDriver' provider for service L3_ROUTER_NAT {{(pid=90451) load_drivers /opt/stack/neutron/neutron/services/service_base.py:49}}
Jun 29 06:59:13.813718 np0000003890 devstack@neutron-api.service[90450]: INFO neutron.api.extensions [None req-0ceb798e-90a5-443c-9759-015711dac79d None None] Loaded extension: dns-integration-domain-keywords
Jun 29 06:59:13.813790 np0000003890 devstack@neutron-api.service[90451]: DEBUG neutron_lib.callbacks.manager [None req-741ddb6d-2e48-4781-9726-23e95da3e4f3 None None] Subscribe: > process after_init 55550001, True {{(pid=90451) subscribe /opt/stack/data/venv/lib/python3.12/site-packages/neutron_lib/callbacks/manager.py:52}}
Jun 29 06:59:13.813821 np0000003890 devstack@neutron-api.service[90450]: DEBUG neutron.api.extensions [None req-0ceb798e-90a5-443c-9759-015711dac79d None None] Loading extension file: dvr.py {{(pid=90450) _load_all_extensions_from_path /opt/stack/neutron/neutron/api/extensions.py:449}}
Jun 29 06:59:13.813914 np0000003890 devstack@neutron-api.service[90451]: DEBUG neutron.manager [None req-741ddb6d-2e48-4781-9726-23e95da3e4f3 None None] Successfully loaded L3_ROUTER_NAT plugin. Description: L3 Router Service Plugin for basic L3 forwarding using OVN {{(pid=90451) _create_and_add_service_plugin /opt/stack/neutron/neutron/manager.py:236}}
Jun 29 06:59:13.813914 np0000003890 devstack@neutron-api.service[90451]: INFO neutron.manager [None req-741ddb6d-2e48-4781-9726-23e95da3e4f3 None None] Loading Plugin: auto_allocate
