Jul 30 15:53:17.376696 np0000006146 devstack@g-api.service[100116]: DEBUG glance.api.middleware.version_negotiation [None req-0aaf7d21-d393-4b1b-b32d-18fa044cfcc7 tempest-VolumesActionsTest-425715092 tempest-VolumesActionsTest-425715092-project-member] new path /v2/images/136e6c15-4453-4d4c-a094-2ba671591172 {{(pid=100116) process_request /opt/stack/glance/glance/api/middleware/version_negotiation.py:70}}
Jul 30 15:53:17.385578 np0000006146 devstack@g-api.service[100116]: [pid: 100116|app: 0|req: 124/358] 127.0.0.1 () {40 vars in 834 bytes} [Thu Jul 30 15:53:17 2026] GET /v2/images/136e6c15-4453-4d4c-a094-2ba671591172 => generated 649 bytes in 9 msecs (HTTP/1.1 200) 4 headers in 157 bytes (1 switches on core 0)
Jul 30 15:53:17.544956 np0000006146 devstack@g-api.service[100117]: DEBUG swiftclient [None req-8e99ab50-a827-4e57-99b3-e6aa51cdb447 tempest-VolumesActionsTest-425715092 tempest-VolumesActionsTest-425715092-project-member] REQ: curl -i https://10.4.3.32:8080/v1/AUTH_2828b5ecfc344a37928ccc26ab1406f7/glance/136e6c15-4453-4d4c-a094-2ba671591172-00001 -X PUT -H "X-Auth-Token: gAAAAABqa3NrshCt..." {{(pid=100117) http_log /opt/stack/data/venv/lib/python3.12/site-packages/swiftclient/client.py:160}}
Jul 30 15:53:17.545560 np0000006146 devstack@g-api.service[100117]: DEBUG swiftclient [None req-8e99ab50-a827-4e57-99b3-e6aa51cdb447 tempest-VolumesActionsTest-425715092 tempest-VolumesActionsTest-425715092-project-member] RESP STATUS: 201 Created {{(pid=100117) http_log /opt/stack/data/venv/lib/python3.12/site-packages/swiftclient/client.py:161}}
Jul 30 15:53:17.545560 np0000006146 devstack@g-api.service[100117]: DEBUG swiftclient [None req-8e99ab50-a827-4e57-99b3-e6aa51cdb447 tempest-VolumesActionsTest-425715092 tempest-VolumesActionsTest-425715092-project-member] RESP HEADERS: {'Date': 'Thu, 30 Jul 2026 15:53:17 GMT', 'Server': 'Apache/2.4.58 (Ubuntu)', 'Content-Type': 'text/html; charset=UTF-8', 'Content-Length': '0', 'Etag': 'eda9a9889837ac4bc81d6387d92c1bec', 'Last-Modified': 'Thu, 30 Jul 2026 15:53:16 GMT', 'X-Trans-Id': 'tx155444ec4a06444f9cb03-006a6b736b', 'X-Openstack-Request-Id': 'tx155444ec4a06444f9cb03-006a6b736b', 'Connection': 'close'} {{(pid=100117) http_log /opt/stack/data/venv/lib/python3.12/site-packages/swiftclient/client.py:162}}
Jul 30 15:53:17.545560 np0000006146 devstack@g-api.service[100117]: DEBUG glance_store._drivers.swift.store [None req-8e99ab50-a827-4e57-99b3-e6aa51cdb447 tempest-VolumesActionsTest-425715092 tempest-VolumesActionsTest-425715092-project-member] Wrote chunk 136e6c15-4453-4d4c-a094-2ba671591172-00001 (1/?) of length 204800000 to Swift returning MD5 of content: eda9a9889837ac4bc81d6387d92c1bec {{(pid=100117) add /opt/stack/data/venv/lib/python3.12/site-packages/glance_store/_drivers/swift/store.py:1059}}
Jul 30 15:53:18.393814 np0000006146 devstack@g-api.service[100118]: DEBUG glance.api.middleware.version_negotiation [None req-ebaf079f-4c07-4e86-8004-13c19d12d436 tempest-VolumesActionsTest-425715092 tempest-VolumesActionsTest-425715092-project-member] Determining version of request: GET /v2/images/136e6c15-4453-4d4c-a094-2ba671591172 Accept: application/json {{(pid=100118) process_request /opt/stack/glance/glance/api/middleware/version_negotiation.py:44}}
Jul 30 15:53:18.394321 np0000006146 devstack@g-api.service[100118]: DEBUG glance.api.middleware.version_negotiation [None req-ebaf079f-4c07-4e86-8004-13c19d12d436 tempest-VolumesActionsTest-425715092 tempest-VolumesActionsTest-425715092-project-member] Using url versioning {{(pid=100118) process_request /opt/stack/glance/glance/api/middleware/version_negotiation.py:57}}
Jul 30 15:53:18.394321 np0000006146 devstack@g-api.service[100118]: DEBUG glance.api.middleware.version_negotiation [None req-ebaf079f-4c07-4e86-8004-13c19d12d436 tempest-VolumesActionsTest-425715092 tempest-VolumesActionsTest-425715092-project-member] Matched version: v2 {{(pid=100118) process_request /opt/stack/glance/glance/api/middleware/version_negotiation.py:69}}
Jul 30 15:53:18.394321 np0000006146 devstack@g-api.service[100118]: DEBUG glance.api.middleware.version_negotiation [None req-ebaf079f-4c07-4e86-8004-13c19d12d436 tempest-VolumesActionsTest-425715092 tempest-VolumesActionsTest-425715092-project-member] new path /v2/images/136e6c15-4453-4d4c-a094-2ba671591172 {{(pid=100118) process_request /opt/stack/glance/glance/api/middleware/version_negotiation.py:70}}
Jul 30 15:53:18.410310 np0000006146 devstack@g-api.service[100118]: [pid: 100118|app: 0|req: 115/359] 127.0.0.1 () {40 vars in 834 bytes} [Thu Jul 30 15:53:18 2026] GET /v2/images/136e6c15-4453-4d4c-a094-2ba671591172 => generated 649 bytes in 16 msecs (HTTP/1.1 200) 4 headers in 157 bytes (1 switches on core 0)
Jul 30 15:53:19.417809 np0000006146 devstack@g-api.service[100116]: DEBUG glance.api.middleware.version_negotiation [None req-b8a33ce8-770a-4887-bfa6-d79d8b1df384 tempest-VolumesActionsTest-425715092 tempest-VolumesActionsTest-425715092-project-member] Determining version of request: GET /v2/images/136e6c15-4453-4d4c-a094-2ba671591172 Accept: application/json {{(pid=100116) process_request /opt/stack/glance/glance/api/middleware/version_negotiation.py:44}}
Jul 30 15:53:19.417809 np0000006146 devstack@g-api.service[100116]: DEBUG glance.api.middleware.version_negotiation [None req-b8a33ce8-770a-4887-bfa6-d79d8b1df384 tempest-VolumesActionsTest-425715092 tempest-VolumesActionsTest-425715092-project-member] Using url versioning {{(pid=100116) process_request /opt/stack/glance/glance/api/middleware/version_negotiation.py:57}}
Jul 30 15:53:19.417809 np0000006146 devstack@g-api.service[100116]: DEBUG glance.api.middleware.version_negotiation [None req-b8a33ce8-770a-4887-bfa6-d79d8b1df384 tempest-VolumesActionsTest-425715092 tempest-VolumesActionsTest-425715092-project-member] Matched version: v2 {{(pid=100116) process_request /opt/stack/glance/glance/api/middleware/version_negotiation.py:69}}
Jul 30 15:53:19.417809 np0000006146 devstack@g-api.service[100116]: DEBUG glance.api.middleware.version_negotiation [None req-b8a33ce8-770a-4887-bfa6-d79d8b1df384 tempest-VolumesActionsTest-425715092 tempest-VolumesActionsTest-425715092-project-member] new path /v2/images/136e6c15-4453-4d4c-a094-2ba671591172 {{(pid=100116) process_request /opt/stack/glance/glance/api/middleware/version_negotiation.py:70}}
Jul 30 15:53:19.425615 np0000006146 devstack@g-api.service[100117]: DEBUG swiftclient [None req-8e99ab50-a827-4e57-99b3-e6aa51cdb447 tempest-VolumesActionsTest-425715092 tempest-VolumesActionsTest-425715092-project-member] REQ: curl -i https://10.4.3.32:8080/v1/AUTH_2828b5ecfc344a37928ccc26ab1406f7/glance/136e6c15-4453-4d4c-a094-2ba671591172-00002 -X PUT -H "X-Auth-Token: gAAAAABqa3NrshCt..." {{(pid=100117) http_log /opt/stack/data/venv/lib/python3.12/site-packages/swiftclient/client.py:160}}
Jul 30 15:53:19.425615 np0000006146 devstack@g-api.service[100117]: DEBUG swiftclient [None req-8e99ab50-a827-4e57-99b3-e6aa51cdb447 tempest-VolumesActionsTest-425715092 tempest-VolumesActionsTest-425715092-project-member] RESP STATUS: 201 Created {{(pid=100117) http_log /opt/stack/data/venv/lib/python3.12/site-packages/swiftclient/client.py:161}}
Jul 30 15:53:19.425918 np0000006146 devstack@g-api.service[100117]: DEBUG swiftclient [None req-8e99ab50-a827-4e57-99b3-e6aa51cdb447 tempest-VolumesActionsTest-425715092 tempest-VolumesActionsTest-425715092-project-member] RESP HEADERS: {'Date': 'Thu, 30 Jul 2026 15:53:19 GMT', 'Server': 'Apache/2.4.58 (Ubuntu)', 'Content-Type': 'text/html; charset=UTF-8', 'Content-Length': '0', 'Etag': 'eda9a9889837ac4bc81d6387d92c1bec', 'Last-Modified': 'Thu, 30 Jul 2026 15:53:18 GMT', 'X-Trans-Id': 'tx40ab39d361c64beba37db-006a6b736d', 'X-Openstack-Request-Id': 'tx40ab39d361c64beba37db-006a6b736d', 'Connection': 'close'} {{(pid=100117) http_log /opt/stack/data/venv/lib/python3.12/site-packages/swiftclient/client.py:162}}
Jul 30 15:53:19.425918 np0000006146 devstack@g-api.service[100117]: DEBUG glance_store._drivers.swift.store [None req-8e99ab50-a827-4e57-99b3-e6aa51cdb447 tempest-VolumesActionsTest-425715092 tempest-VolumesActionsTest-425715092-project-member] Wrote chunk 136e6c15-4453-4d4c-a094-2ba671591172-00002 (2/?) of length 204800000 to Swift returning MD5 of content: eda9a9889837ac4bc81d6387d92c1bec {{(pid=100117) add /opt/stack/data/venv/lib/python3.12/site-packages/glance_store/_drivers/swift/store.py:1059}}
Jul 30 15:53:19.428066 np0000006146 devstack@g-api.service[100116]: [pid: 100116|app: 0|req: 125/360] 127.0.0.1 () {40 vars in 834 bytes} [Thu Jul 30 15:53:19 2026] GET /v2/images/136e6c15-4453-4d4c-a094-2ba671591172 => generated 649 bytes in 11 msecs (HTTP/1.1 200) 4 headers in 157 bytes (1 switches on core 0)
Jul 30 15:53:20.436128 np0000006146 devstack@g-api.service[100118]: DEBUG glance.api.middleware.version_negotiation [None req-0d7b837c-7ffa-4b5f-8164-62e20a06b1d1 tempest-VolumesActionsTest-425715092 tempest-VolumesActionsTest-425715092-project-member] Determining version of request: GET /v2/images/136e6c15-4453-4d4c-a094-2ba671591172 Accept: application/json {{(pid=100118) process_request /opt/stack/glance/glance/api/middleware/version_negotiation.py:44}}
Jul 30 15:53:20.436560 np0000006146 devstack@g-api.service[100118]: DEBUG glance.api.middleware.version_negotiation [None req-0d7b837c-7ffa-4b5f-8164-62e20a06b1d1 tempest-VolumesActionsTest-425715092 tempest-VolumesActionsTest-425715092-project-member] Using url versioning {{(pid=100118) process_request /opt/stack/glance/glance/api/middleware/version_negotiation.py:57}}
Jul 30 15:53:20.436560 np0000006146 devstack@g-api.service[100118]: DEBUG glance.api.middleware.version_negotiation [None req-0d7b837c-7ffa-4b5f-8164-62e20a06b1d1 tempest-VolumesActionsTest-425715092 tempest-VolumesActionsTest-425715092-project-member] Matched version: v2 {{(pid=100118) process_request /opt/stack/glance/glance/api/middleware/version_negotiation.py:69}}
Jul 30 15:53:20.436560 np0000006146 devstack@g-api.service[100118]: DEBUG glance.api.middleware.version_negotiation [None req-0d7b837c-7ffa-4b5f-8164-62e20a06b1d1 tempest-VolumesActionsTest-425715092 tempest-VolumesActionsTest-425715092-project-member] new path /v2/images/136e6c15-4453-4d4c-a094-2ba671591172 {{(pid=100118) process_request /opt/stack/glance/glance/api/middleware/version_negotiation.py:70}}
Jul 30 15:53:20.450704 np0000006146 devstack@g-api.service[100118]: [pid: 100118|app: 0|req: 116/361] 127.0.0.1 () {40 vars in 834 bytes} [Thu Jul 30 15:53:20 2026] GET /v2/images/136e6c15-4453-4d4c-a094-2ba671591172 => generated 649 bytes in 15 msecs (HTTP/1.1 200) 4 headers in 157 bytes (1 switches on core 0)
Jul 30 15:53:21.352848 np0000006146 devstack@g-api.service[100117]: DEBUG swiftclient [None req-8e99ab50-a827-4e57-99b3-e6aa51cdb447 tempest-VolumesActionsTest-425715092 tempest-VolumesActionsTest-425715092-project-member] REQ: curl -i https://10.4.3.32:8080/v1/AUTH_2828b5ecfc344a37928ccc26ab1406f7/glance/136e6c15-4453-4d4c-a094-2ba671591172-00003 -X PUT -H "X-Auth-Token: gAAAAABqa3NrshCt..." {{(pid=100117) http_log /opt/stack/data/venv/lib/python3.12/site-packages/swiftclient/client.py:160}}
Jul 30 15:53:21.353109 np0000006146 devstack@g-api.service[100117]: DEBUG swiftclient [None req-8e99ab50-a827-4e57-99b3-e6aa51cdb447 tempest-VolumesActionsTest-425715092 tempest-VolumesActionsTest-425715092-project-member] RESP STATUS: 201 Created {{(pid=100117) http_log /opt/stack/data/venv/lib/python3.12/site-packages/swiftclient/client.py:161}}
Jul 30 15:53:21.353231 np0000006146 devstack@g-api.service[100117]: DEBUG swiftclient [None req-8e99ab50-a827-4e57-99b3-e6aa51cdb447 tempest-VolumesActionsTest-425715092 tempest-VolumesActionsTest-425715092-project-member] RESP HEADERS: {'Date': 'Thu, 30 Jul 2026 15:53:21 GMT', 'Server': 'Apache/2.4.58 (Ubuntu)', 'Content-Type': 'text/html; charset=UTF-8', 'Content-Length': '0', 'Etag': 'eda9a9889837ac4bc81d6387d92c1bec', 'Last-Modified': 'Thu, 30 Jul 2026 15:53:20 GMT', 'X-Trans-Id': 'tx053f4ddf55774bbe8e232-006a6b736f', 'X-Openstack-Request-Id': 'tx053f4ddf55774bbe8e232-006a6b736f', 'Connection': 'close'} {{(pid=100117) http_log /opt/stack/data/venv/lib/python3.12/site-packages/swiftclient/client.py:162}}
Jul 30 15:53:21.353383 np0000006146 devstack@g-api.service[100117]: DEBUG glance_store._drivers.swift.store [None req-8e99ab50-a827-4e57-99b3-e6aa51cdb447 tempest-VolumesActionsTest-425715092 tempest-VolumesActionsTest-425715092-project-member] Wrote chunk 136e6c15-4453-4d4c-a094-2ba671591172-00003 (3/?) of length 204800000 to Swift returning MD5 of content: eda9a9889837ac4bc81d6387d92c1bec {{(pid=100117) add /opt/stack/data/venv/lib/python3.12/site-packages/glance_store/_drivers/swift/store.py:1059}}
Jul 30 15:53:21.461821 np0000006146 devstack@g-api.service[100116]: DEBUG glance.api.middleware.version_negotiation [None req-dafdad37-7df6-460c-8682-0c7ae4581a8a tempest-VolumesActionsTest-425715092 tempest-VolumesActionsTest-425715092-project-member] Determining version of request: GET /v2/images/136e6c15-4453-4d4c-a094-2ba671591172 Accept: application/json {{(pid=100116) process_request /opt/stack/glance/glance/api/middleware/version_negotiation.py:44}}
Jul 30 15:53:21.461821 np0000006146 devstack@g-api.service[100116]: DEBUG glance.api.middleware.version_negotiation [None req-dafdad37-7df6-460c-8682-0c7ae4581a8a tempest-VolumesActionsTest-425715092 tempest-VolumesActionsTest-425715092-project-member] Using url versioning {{(pid=100116) process_request /opt/stack/glance/glance/api/middleware/version_negotiation.py:57}}
Jul 30 15:53:21.461821 np0000006146 devstack@g-api.service[100116]: DEBUG glance.api.middleware.version_negotiation [None req-dafdad37-7df6-460c-8682-0c7ae4581a8a tempest-VolumesActionsTest-425715092 tempest-VolumesActionsTest-425715092-project-member] Matched version: v2 {{(pid=100116) process_request /opt/stack/glance/glance/api/middleware/version_negotiation.py:69}}
Jul 30 15:53:21.461821 np0000006146 devstack@g-api.service[100116]: DEBUG glance.api.middleware.version_negotiation [None req-dafdad37-7df6-460c-8682-0c7ae4581a8a tempest-VolumesActionsTest-425715092 tempest-VolumesActionsTest-425715092-project-member] new path /v2/images/136e6c15-4453-4d4c-a094-2ba671591172 {{(pid=100116) process_request /opt/stack/glance/glance/api/middleware/version_negotiation.py:70}}
Jul 30 15:53:21.471080 np0000006146 devstack@g-api.service[100116]: [pid: 100116|app: 0|req: 126/362] 127.0.0.1 () {40 vars in 834 bytes} [Thu Jul 30 15:53:21 2026] GET /v2/images/136e6c15-4453-4d4c-a094-2ba671591172 => generated 649 bytes in 10 msecs (HTTP/1.1 200) 4 headers in 157 bytes (1 switches on core 0)
Jul 30 15:53:22.478867 np0000006146 devstack@g-api.service[100118]: DEBUG glance.api.middleware.version_negotiation [None req-72fc8807-1594-4652-be44-e9359ddb01ea tempest-VolumesActionsTest-425715092 tempest-VolumesActionsTest-425715092-project-member] Determining version of request: GET /v2/images/136e6c15-4453-4d4c-a094-2ba671591172 Accept: application/json {{(pid=100118) process_request /opt/stack/glance/glance/api/middleware/version_negotiation.py:44}}
Jul 30 15:53:22.479208 np0000006146 devstack@g-api.service[100118]: DEBUG glance.api.middleware.version_negotiation [None req-72fc8807-1594-4652-be44-e9359ddb01ea tempest-VolumesActionsTest-425715092 tempest-VolumesActionsTest-425715092-project-member] Using url versioning {{(pid=100118) process_request /opt/stack/glance/glance/api/middleware/version_negotiation.py:57}}
Jul 30 15:53:22.479208 np0000006146 devstack@g-api.service[100118]: DEBUG glance.api.middleware.version_negotiation [None req-72fc8807-1594-4652-be44-e9359ddb01ea tempest-VolumesActionsTest-425715092 tempest-VolumesActionsTest-425715092-project-member] Matched version: v2 {{(pid=100118) process_request /opt/stack/glance/glance/api/middleware/version_negotiation.py:69}}
Jul 30 15:53:22.479284 np0000006146 devstack@g-api.service[100118]: DEBUG glance.api.middleware.version_negotiation [None req-72fc8807-1594-4652-be44-e9359ddb01ea tempest-VolumesActionsTest-425715092 tempest-VolumesActionsTest-425715092-project-member] new path /v2/images/136e6c15-4453-4d4c-a094-2ba671591172 {{(pid=100118) process_request /opt/stack/glance/glance/api/middleware/version_negotiation.py:70}}
Jul 30 15:53:22.493024 np0000006146 devstack@g-api.service[100118]: [pid: 100118|app: 0|req: 117/363] 127.0.0.1 () {40 vars in 834 bytes} [Thu Jul 30 15:53:22 2026] GET /v2/images/136e6c15-4453-4d4c-a094-2ba671591172 => generated 649 bytes in 14 msecs (HTTP/1.1 200) 4 headers in 157 bytes (1 switches on core 0)
Jul 30 15:53:23.293117 np0000006146 devstack@g-api.service[100117]: DEBUG swiftclient [None req-8e99ab50-a827-4e57-99b3-e6aa51cdb447 tempest-VolumesActionsTest-425715092 tempest-VolumesActionsTest-425715092-project-member] REQ: curl -i https://10.4.3.32:8080/v1/AUTH_2828b5ecfc344a37928ccc26ab1406f7/glance/136e6c15-4453-4d4c-a094-2ba671591172-00004 -X PUT -H "X-Auth-Token: gAAAAABqa3NrshCt..." {{(pid=100117) http_log /opt/stack/data/venv/lib/python3.12/site-packages/swiftclient/client.py:160}}
Jul 30 15:53:23.293465 np0000006146 devstack@g-api.service[100117]: DEBUG swiftclient [None req-8e99ab50-a827-4e57-99b3-e6aa51cdb447 tempest-VolumesActionsTest-425715092 tempest-VolumesActionsTest-425715092-project-member] RESP STATUS: 201 Created {{(pid=100117) http_log /opt/stack/data/venv/lib/python3.12/site-packages/swiftclient/client.py:161}}
Jul 30 15:53:23.293465 np0000006146 devstack@g-api.service[100117]: DEBUG swiftclient [None req-8e99ab50-a827-4e57-99b3-e6aa51cdb447 tempest-VolumesActionsTest-425715092 tempest-VolumesActionsTest-425715092-project-member] RESP HEADERS: {'Date': 'Thu, 30 Jul 2026 15:53:23 GMT', 'Server': 'Apache/2.4.58 (Ubuntu)', 'Content-Type': 'text/html; charset=UTF-8', 'Content-Length': '0', 'Etag': 'eda9a9889837ac4bc81d6387d92c1bec', 'Last-Modified': 'Thu, 30 Jul 2026 15:53:22 GMT', 'X-Trans-Id': 'tx6bdf39dc7d7448b6b4e6f-006a6b7371', 'X-Openstack-Request-Id': 'tx6bdf39dc7d7448b6b4e6f-006a6b7371', 'Connection': 'close'} {{(pid=100117) http_log /opt/stack/data/venv/lib/python3.12/site-packages/swiftclient/client.py:162}}
Jul 30 15:53:23.293574 np0000006146 devstack@g-api.service[100117]: DEBUG glance_store._drivers.swift.store [None req-8e99ab50-a827-4e57-99b3-e6aa51cdb447 tempest-VolumesActionsTest-425715092 tempest-VolumesActionsTest-425715092-project-member] Wrote chunk 136e6c15-4453-4d4c-a094-2ba671591172-00004 (4/?) of length 204800000 to Swift returning MD5 of content: eda9a9889837ac4bc81d6387d92c1bec {{(pid=100117) add /opt/stack/data/venv/lib/python3.12/site-packages/glance_store/_drivers/swift/store.py:1059}}
Jul 30 15:53:23.502945 np0000006146 devstack@g-api.service[100116]: DEBUG glance.api.middleware.version_negotiation [None req-7ff74fc6-ff47-4763-98a5-a4dedc9df9b5 tempest-VolumesActionsTest-425715092 tempest-VolumesActionsTest-425715092-project-member] Determining version of request: GET /v2/images/136e6c15-4453-4d4c-a094-2ba671591172 Accept: application/json {{(pid=100116) process_request /opt/stack/glance/glance/api/middleware/version_negotiation.py:44}}
Jul 30 15:53:23.503408 np0000006146 devstack@g-api.service[100116]: DEBUG glance.api.middleware.version_negotiation [None req-7ff74fc6-ff47-4763-98a5-a4dedc9df9b5 tempest-VolumesActionsTest-425715092 tempest-VolumesActionsTest-425715092-project-member] Using url versioning {{(pid=100116) process_request /opt/stack/glance/glance/api/middleware/version_negotiation.py:57}}
Jul 30 15:53:23.503408 np0000006146 devstack@g-api.service[100116]: DEBUG glance.api.middleware.version_negotiation [None req-7ff74fc6-ff47-4763-98a5-a4dedc9df9b5 tempest-VolumesActionsTest-425715092 tempest-VolumesActionsTest-425715092-project-member] Matched version: v2 {{(pid=100116) process_request /opt/stack/glance/glance/api/middleware/version_negotiation.py:69}}
Jul 30 15:53:23.503724 np0000006146 devstack@g-api.service[100116]: DEBUG glance.api.middleware.version_negotiation [None req-7ff74fc6-ff47-4763-98a5-a4dedc9df9b5 tempest-VolumesActionsTest-425715092 tempest-VolumesActionsTest-425715092-project-member] new path /v2/images/136e6c15-4453-4d4c-a094-2ba671591172 {{(pid=100116) process_request /opt/stack/glance/glance/api/middleware/version_negotiation.py:70}}
Jul 30 15:53:23.515403 np0000006146 devstack@g-api.service[100116]: [pid: 100116|app: 0|req: 127/364] 127.0.0.1 () {40 vars in 834 bytes} [Thu Jul 30 15:53:23 2026] GET /v2/images/136e6c15-4453-4d4c-a094-2ba671591172 => generated 649 bytes in 12 msecs (HTTP/1.1 200) 4 headers in 157 bytes (1 switches on core 0)
Jul 30 15:53:24.524946 np0000006146 devstack@g-api.service[100118]: DEBUG glance.api.middleware.version_negotiation [None req-767c83ab-84dd-4a58-ae71-e83f92d8cbb2 tempest-VolumesActionsTest-425715092 tempest-VolumesActionsTest-425715092-project-member] Determining version of request: GET /v2/images/136e6c15-4453-4d4c-a094-2ba671591172 Accept: application/json {{(pid=100118) process_request /opt/stack/glance/glance/api/middleware/version_negotiation.py:44}}
Jul 30 15:53:24.525311 np0000006146 devstack@g-api.service[100118]: DEBUG glance.api.middleware.version_negotiation [None req-767c83ab-84dd-4a58-ae71-e83f92d8cbb2 tempest-VolumesActionsTest-425715092 tempest-VolumesActionsTest-425715092-project-member] Using url versioning {{(pid=100118) process_request /opt/stack/glance/glance/api/middleware/version_negotiation.py:57}}
Jul 30 15:53:24.525311 np0000006146 devstack@g-api.service[100118]: DEBUG glance.api.middleware.version_negotiation [None req-767c83ab-84dd-4a58-ae71-e83f92d8cbb2 tempest-VolumesActionsTest-425715092 tempest-VolumesActionsTest-425715092-project-member] Matched version: v2 {{(pid=100118) process_request /opt/stack/glance/glance/api/middleware/version_negotiation.py:69}}
Jul 30 15:53:24.525410 np0000006146 devstack@g-api.service[100118]: DEBUG glance.api.middleware.version_negotiation [None req-767c83ab-84dd-4a58-ae71-e83f92d8cbb2 tempest-VolumesActionsTest-425715092 tempest-VolumesActionsTest-425715092-project-member] new path /v2/images/136e6c15-4453-4d4c-a094-2ba671591172 {{(pid=100118) process_request /opt/stack/glance/glance/api/middleware/version_negotiation.py:70}}
Jul 30 15:53:24.536816 np0000006146 devstack@g-api.service[100118]: [pid: 100118|app: 0|req: 118/365] 127.0.0.1 () {40 vars in 834 bytes} [Thu Jul 30 15:53:24 2026] GET /v2/images/136e6c15-4453-4d4c-a094-2ba671591172 => generated 649 bytes in 12 msecs (HTTP/1.1 200) 4 headers in 157 bytes (1 switches on core 0)
Jul 30 15:53:25.294241 np0000006146 devstack@g-api.service[100117]: DEBUG swiftclient [None req-8e99ab50-a827-4e57-99b3-e6aa51cdb447 tempest-VolumesActionsTest-425715092 tempest-VolumesActionsTest-425715092-project-member] REQ: curl -i https://10.4.3.32:8080/v1/AUTH_2828b5ecfc344a37928ccc26ab1406f7/glance/136e6c15-4453-4d4c-a094-2ba671591172-00005 -X PUT -H "X-Auth-Token: gAAAAABqa3NrshCt..." {{(pid=100117) http_log /opt/stack/data/venv/lib/python3.12/site-packages/swiftclient/client.py:160}}
Jul 30 15:53:25.294528 np0000006146 devstack@g-api.service[100117]: DEBUG swiftclient [None req-8e99ab50-a827-4e57-99b3-e6aa51cdb447 tempest-VolumesActionsTest-425715092 tempest-VolumesActionsTest-425715092-project-member] RESP STATUS: 201 Created {{(pid=100117) http_log /opt/stack/data/venv/lib/python3.12/site-packages/swiftclient/client.py:161}}
Jul 30 15:53:25.294528 np0000006146 devstack@g-api.service[100117]: DEBUG swiftclient [None req-8e99ab50-a827-4e57-99b3-e6aa51cdb447 tempest-VolumesActionsTest-425715092 tempest-VolumesActionsTest-425715092-project-member] RESP HEADERS: {'Date': 'Thu, 30 Jul 2026 15:53:25 GMT', 'Server': 'Apache/2.4.58 (Ubuntu)', 'Content-Type': 'text/html; charset=UTF-8', 'Content-Length': '0', 'Etag': 'eda9a9889837ac4bc81d6387d92c1bec', 'Last-Modified': 'Thu, 30 Jul 2026 15:53:24 GMT', 'X-Trans-Id': 'tx87d83138c08e443083f88-006a6b7373', 'X-Openstack-Request-Id': 'tx87d83138c08e443083f88-006a6b7373', 'Connection': 'close'} {{(pid=100117) http_log /opt/stack/data/venv/lib/python3.12/site-packages/swiftclient/client.py:162}}
Jul 30 15:53:25.294674 np0000006146 devstack@g-api.service[100117]: DEBUG glance_store._drivers.swift.store [None req-8e99ab50-a827-4e57-99b3-e6aa51cdb447 tempest-VolumesActionsTest-425715092 tempest-VolumesActionsTest-425715092-project-member] Wrote chunk 136e6c15-4453-4d4c-a094-2ba671591172-00005 (5/?) of length 204800000 to Swift returning MD5 of content: eda9a9889837ac4bc81d6387d92c1bec {{(pid=100117) add /opt/stack/data/venv/lib/python3.12/site-packages/glance_store/_drivers/swift/store.py:1059}}
Jul 30 15:53:25.505308 np0000006146 devstack@g-api.service[100117]: DEBUG dbcounter [-] [100117] Writing DB stats glance:SELECT=29,glance:INSERT=2,glance:UPDATE=1 {{(pid=100117) stat_writer /opt/stack/data/venv/lib/python3.12/site-packages/dbcounter.py:115}}
Jul 30 15:53:25.545736 np0000006146 devstack@g-api.service[100116]: DEBUG glance.api.middleware.version_negotiation [None req-27e2a6a9-071a-46e8-b568-392c48813554 tempest-VolumesActionsTest-425715092 tempest-VolumesActionsTest-425715092-project-member] Determining version of request: GET /v2/images/136e6c15-4453-4d4c-a094-2ba671591172 Accept: application/json {{(pid=100116) process_request /opt/stack/glance/glance/api/middleware/version_negotiation.py:44}}
Jul 30 15:53:25.546780 np0000006146 devstack@g-api.service[100116]: DEBUG glance.api.middleware.version_negotiation [None req-27e2a6a9-071a-46e8-b568-392c48813554 tempest-VolumesActionsTest-425715092 tempest-VolumesActionsTest-425715092-project-member] Using url versioning {{(pid=100116) process_request /opt/stack/glance/glance/api/middleware/version_negotiation.py:57}}
Jul 30 15:53:25.546780 np0000006146 devstack@g-api.service[100116]: DEBUG glance.api.middleware.version_negotiation [None req-27e2a6a9-071a-46e8-b568-392c48813554 tempest-VolumesActionsTest-425715092 tempest-VolumesActionsTest-425715092-project-member] Matched version: v2 {{(pid=100116) process_request /opt/stack/glance/glance/api/middleware/version_negotiation.py:69}}
Jul 30 15:53:25.546780 np0000006146 devstack@g-api.service[100116]: DEBUG glance.api.middleware.version_negotiation [None req-27e2a6a9-071a-46e8-b568-392c48813554 tempest-VolumesActionsTest-425715092 tempest-VolumesActionsTest-425715092-project-member] new path /v2/images/136e6c15-4453-4d4c-a094-2ba671591172 {{(pid=100116) process_request /opt/stack/glance/glance/api/middleware/version_negotiation.py:70}}
Jul 30 15:53:25.558243 np0000006146 devstack@g-api.service[100116]: [pid: 100116|app: 0|req: 128/366] 127.0.0.1 () {40 vars in 834 bytes} [Thu Jul 30 15:53:25 2026] GET /v2/images/136e6c15-4453-4d4c-a094-2ba671591172 => generated 649 bytes in 13 msecs (HTTP/1.1 200) 4 headers in 157 bytes (1 switches on core 0)
Jul 30 15:53:25.770974 np0000006146 devstack@g-api.service[100117]: DEBUG swiftclient [None req-8e99ab50-a827-4e57-99b3-e6aa51cdb447 tempest-VolumesActionsTest-425715092 tempest-VolumesActionsTest-425715092-project-member] REQ: curl -i https://10.4.3.32:8080/v1/AUTH_2828b5ecfc344a37928ccc26ab1406f7/glance/136e6c15-4453-4d4c-a094-2ba671591172-00006 -X PUT -H "X-Auth-Token: gAAAAABqa3NrshCt..." {{(pid=100117) http_log /opt/stack/data/venv/lib/python3.12/site-packages/swiftclient/client.py:160}}
Jul 30 15:53:25.771068 np0000006146 devstack@g-api.service[100117]: DEBUG swiftclient [None req-8e99ab50-a827-4e57-99b3-e6aa51cdb447 tempest-VolumesActionsTest-425715092 tempest-VolumesActionsTest-425715092-project-member] RESP STATUS: 201 Created {{(pid=100117) http_log /opt/stack/data/venv/lib/python3.12/site-packages/swiftclient/client.py:161}}
Jul 30 15:53:25.771233 np0000006146 devstack@g-api.service[100117]: DEBUG swiftclient [None req-8e99ab50-a827-4e57-99b3-e6aa51cdb447 tempest-VolumesActionsTest-425715092 tempest-VolumesActionsTest-425715092-project-member] RESP HEADERS: {'Date': 'Thu, 30 Jul 2026 15:53:25 GMT', 'Server': 'Apache/2.4.58 (Ubuntu)', 'Content-Type': 'text/html; charset=UTF-8', 'Content-Length': '0', 'Etag': '708761f3b8777ec77058e63da08eeeb6', 'Last-Modified': 'Thu, 30 Jul 2026 15:53:26 GMT', 'X-Trans-Id': 'txd4634b25a9bc4c4f996ef-006a6b7375', 'X-Openstack-Request-Id': 'txd4634b25a9bc4c4f996ef-006a6b7375', 'Connection': 'close'} {{(pid=100117) http_log /opt/stack/data/venv/lib/python3.12/site-packages/swiftclient/client.py:162}}
Jul 30 15:53:25.771331 np0000006146 devstack@g-api.service[100117]: DEBUG glance_store._drivers.swift.store [None req-8e99ab50-a827-4e57-99b3-e6aa51cdb447 tempest-VolumesActionsTest-425715092 tempest-VolumesActionsTest-425715092-project-member] Wrote chunk 136e6c15-4453-4d4c-a094-2ba671591172-00006 (6/?) of length 49741824 to Swift returning MD5 of content: 708761f3b8777ec77058e63da08eeeb6 {{(pid=100117) add /opt/stack/data/venv/lib/python3.12/site-packages/glance_store/_drivers/swift/store.py:1059}}
Jul 30 15:53:25.771576 np0000006146 devstack@g-api.service[100117]: DEBUG glance_store._drivers.swift.store [None req-8e99ab50-a827-4e57-99b3-e6aa51cdb447 tempest-VolumesActionsTest-425715092 tempest-VolumesActionsTest-425715092-project-member] Not writing zero-length chunk. {{(pid=100117) add /opt/stack/data/venv/lib/python3.12/site-packages/glance_store/_drivers/swift/store.py:1028}}
Jul 30 15:53:25.792352 np0000006146 devstack@g-api.service[100117]: DEBUG swiftclient [None req-8e99ab50-a827-4e57-99b3-e6aa51cdb447 tempest-VolumesActionsTest-425715092 tempest-VolumesActionsTest-425715092-project-member] REQ: curl -i https://10.4.3.32:8080/v1/AUTH_2828b5ecfc344a37928ccc26ab1406f7/glance/136e6c15-4453-4d4c-a094-2ba671591172 -X PUT -H "X-Object-Manifest: glance/136e6c15-4453-4d4c-a094-2ba671591172-" -H "X-Auth-Token: gAAAAABqa3NrshCt..." -H "Content-Length: 0" {{(pid=100117) http_log /opt/stack/data/venv/lib/python3.12/site-packages/swiftclient/client.py:160}}
Jul 30 15:53:25.792464 np0000006146 devstack@g-api.service[100117]: DEBUG swiftclient [None req-8e99ab50-a827-4e57-99b3-e6aa51cdb447 tempest-VolumesActionsTest-425715092 tempest-VolumesActionsTest-425715092-project-member] RESP STATUS: 201 Created {{(pid=100117) http_log /opt/stack/data/venv/lib/python3.12/site-packages/swiftclient/client.py:161}}
Jul 30 15:53:25.792594 np0000006146 devstack@g-api.service[100117]: DEBUG swiftclient [None req-8e99ab50-a827-4e57-99b3-e6aa51cdb447 tempest-VolumesActionsTest-425715092 tempest-VolumesActionsTest-425715092-project-member] RESP HEADERS: {'Date': 'Thu, 30 Jul 2026 15:53:25 GMT', 'Server': 'Apache/2.4.58 (Ubuntu)', 'Content-Type': 'text/html; charset=UTF-8', 'Content-Length': '0', 'Etag': 'd41d8cd98f00b204e9800998ecf8427e', 'Last-Modified': 'Thu, 30 Jul 2026 15:53:26 GMT', 'X-Trans-Id': 'txd8231b4c12b244f28b257-006a6b7375', 'X-Openstack-Request-Id': 'txd8231b4c12b244f28b257-006a6b7375', 'Connection': 'close'} {{(pid=100117) http_log /opt/stack/data/venv/lib/python3.12/site-packages/swiftclient/client.py:162}}
Jul 30 15:53:25.793034 np0000006146 devstack@g-api.service[100117]: INFO glance.location [None req-8e99ab50-a827-4e57-99b3-e6aa51cdb447 tempest-VolumesActionsTest-425715092 tempest-VolumesActionsTest-425715092-project-member] Image format matched and virtual size computed: 1073741824
Jul 30 15:53:25.814530 np0000006146 devstack@g-api.service[100117]: DEBUG glance_store.backend [None req-8e99ab50-a827-4e57-99b3-e6aa51cdb447 tempest-VolumesActionsTest-425715092 tempest-VolumesActionsTest-425715092-project-member] Attempting to import store swift {{(pid=100117) _load_store /opt/stack/data/venv/lib/python3.12/site-packages/glance_store/backend.py:215}}
Jul 30 15:53:25.815829 np0000006146 devstack@g-api.service[100117]: DEBUG glance_store.capabilities [None req-8e99ab50-a827-4e57-99b3-e6aa51cdb447 tempest-VolumesActionsTest-425715092 tempest-VolumesActionsTest-425715092-project-member] Store glance_store._drivers.swift.store.SingleTenantStore doesn't support updating dynamic storage capabilities. Please overwrite 'update_capabilities' method of the store to implement updating logics if needed. {{(pid=100117) update_capabilities /opt/stack/data/venv/lib/python3.12/site-packages/glance_store/capabilities.py:91}}
Jul 30 15:53:25.815944 np0000006146 devstack@g-api.service[100117]: DEBUG glance_store.driver [None req-8e99ab50-a827-4e57-99b3-e6aa51cdb447 tempest-VolumesActionsTest-425715092 tempest-VolumesActionsTest-425715092-project-member] Late loading location class glance_store._drivers.swift.store.StoreLocation {{(pid=100117) get_store_location_class /opt/stack/data/venv/lib/python3.12/site-packages/glance_store/driver.py:134}}
Jul 30 15:53:25.816034 np0000006146 devstack@g-api.service[100117]: DEBUG glance_store.location [None req-8e99ab50-a827-4e57-99b3-e6aa51cdb447 tempest-VolumesActionsTest-425715092 tempest-VolumesActionsTest-425715092-project-member] Registering scheme swift+https with {'store': , 'location_class': , 'store_entry': 'swift'} {{(pid=100117) register_scheme_map /opt/stack/data/venv/lib/python3.12/site-packages/glance_store/location.py:146}}
Jul 30 15:53:25.816115 np0000006146 devstack@g-api.service[100117]: DEBUG glance_store.location [None req-8e99ab50-a827-4e57-99b3-e6aa51cdb447 tempest-VolumesActionsTest-425715092 tempest-VolumesActionsTest-425715092-project-member] Registering scheme swift+https with {'store': , 'location_class': , 'store_entry': 'swift'} {{(pid=100117) register_scheme_map /opt/stack/data/venv/lib/python3.12/site-packages/glance_store/location.py:146}}
Jul 30 15:53:25.816181 np0000006146 devstack@g-api.service[100117]: DEBUG glance_store.location [None req-8e99ab50-a827-4e57-99b3-e6aa51cdb447 tempest-VolumesActionsTest-425715092 tempest-VolumesActionsTest-425715092-project-member] Registering scheme swift with {'store': , 'location_class': , 'store_entry': 'swift'} {{(pid=100117) register_scheme_map /opt/stack/data/venv/lib/python3.12/site-packages/glance_store/location.py:146}}
Jul 30 15:53:25.816240 np0000006146 devstack@g-api.service[100117]: DEBUG glance_store.location [None req-8e99ab50-a827-4e57-99b3-e6aa51cdb447 tempest-VolumesActionsTest-425715092 tempest-VolumesActionsTest-425715092-project-member] Registering scheme swift+https with {'store': , 'location_class': , 'store_entry': 'swift'} {{(pid=100117) register_scheme_map /opt/stack/data/venv/lib/python3.12/site-packages/glance_store/location.py:146}}
Jul 30 15:53:25.816313 np0000006146 devstack@g-api.service[100117]: DEBUG glance_store.location [None req-8e99ab50-a827-4e57-99b3-e6aa51cdb447 tempest-VolumesActionsTest-425715092 tempest-VolumesActionsTest-425715092-project-member] Registering scheme swift with {'store': , 'location_class': , 'store_entry': 'swift'} {{(pid=100117) register_scheme_map /opt/stack/data/venv/lib/python3.12/site-packages/glance_store/location.py:146}}
Jul 30 15:53:25.816379 np0000006146 devstack@g-api.service[100117]: DEBUG glance_store.location [None req-8e99ab50-a827-4e57-99b3-e6aa51cdb447 tempest-VolumesActionsTest-425715092 tempest-VolumesActionsTest-425715092-project-member] Registering scheme swift+http with {'store': , 'location_class': , 'store_entry': 'swift'} {{(pid=100117) register_scheme_map /opt/stack/data/venv/lib/python3.12/site-packages/glance_store/location.py:146}}
Jul 30 15:53:25.816450 np0000006146 devstack@g-api.service[100117]: DEBUG glance_store.location [None req-8e99ab50-a827-4e57-99b3-e6aa51cdb447 tempest-VolumesActionsTest-425715092 tempest-VolumesActionsTest-425715092-project-member] Registering scheme swift+https with {'store': , 'location_class': , 'store_entry': 'swift'} {{(pid=100117) register_scheme_map /opt/stack/data/venv/lib/python3.12/site-packages/glance_store/location.py:146}}
Jul 30 15:53:25.816500 np0000006146 devstack@g-api.service[100117]: DEBUG glance_store.location [None req-8e99ab50-a827-4e57-99b3-e6aa51cdb447 tempest-VolumesActionsTest-425715092 tempest-VolumesActionsTest-425715092-project-member] Registering scheme swift with {'store': , 'location_class': , 'store_entry': 'swift'} {{(pid=100117) register_scheme_map /opt/stack/data/venv/lib/python3.12/site-packages/glance_store/location.py:146}}
Jul 30 15:53:25.816586 np0000006146 devstack@g-api.service[100117]: DEBUG glance_store.location [None req-8e99ab50-a827-4e57-99b3-e6aa51cdb447 tempest-VolumesActionsTest-425715092 tempest-VolumesActionsTest-425715092-project-member] Registering scheme swift+http with {'store': , 'location_class': , 'store_entry': 'swift'} {{(pid=100117) register_scheme_map /opt/stack/data/venv/lib/python3.12/site-packages/glance_store/location.py:146}}
Jul 30 15:53:25.816683 np0000006146 devstack@g-api.service[100117]: DEBUG glance_store.location [None req-8e99ab50-a827-4e57-99b3-e6aa51cdb447 tempest-VolumesActionsTest-425715092 tempest-VolumesActionsTest-425715092-project-member] Registering scheme swift+config with {'store': , 'location_class': , 'store_entry': 'swift'} {{(pid=100117) register_scheme_map /opt/stack/data/venv/lib/python3.12/site-packages/glance_store/location.py:146}}
Jul 30 15:53:25.816761 np0000006146 devstack@g-api.service[100117]: DEBUG glance_store.backend [None req-8e99ab50-a827-4e57-99b3-e6aa51cdb447 tempest-VolumesActionsTest-425715092 tempest-VolumesActionsTest-425715092-project-member] Skipping store.set_acls... not implemented. {{(pid=100117) set_acls /opt/stack/data/venv/lib/python3.12/site-packages/glance_store/backend.py:507}}
Jul 30 15:53:25.818490 np0000006146 devstack@g-api.service[100117]: [pid: 100117|app: 0|req: 121/367] 127.0.0.1 () {46 vars in 1154 bytes} [Thu Jul 30 15:53:14 2026] PUT /v2/images/136e6c15-4453-4d4c-a094-2ba671591172/file => generated 0 bytes in 11142 msecs (HTTP/1.1 204) 4 headers in 171 bytes (1 switches on core 0)
Jul 30 15:53:25.827348 np0000006146 devstack@g-api.service[100118]: DEBUG glance.api.middleware.version_negotiation [None req-3a30e311-2331-4405-966a-a7122688f312 tempest-VolumesActionsTest-425715092 tempest-VolumesActionsTest-425715092-project-member] Determining version of request: GET /v2/images/136e6c15-4453-4d4c-a094-2ba671591172 Accept: */* {{(pid=100118) process_request /opt/stack/glance/glance/api/middleware/version_negotiation.py:44}}
Jul 30 15:53:25.827786 np0000006146 devstack@g-api.service[100118]: DEBUG glance.api.middleware.version_negotiation [None req-3a30e311-2331-4405-966a-a7122688f312 tempest-VolumesActionsTest-425715092 tempest-VolumesActionsTest-425715092-project-member] Using url versioning {{(pid=100118) process_request /opt/stack/glance/glance/api/middleware/version_negotiation.py:57}}
Jul 30 15:53:25.827786 np0000006146 devstack@g-api.service[100118]: DEBUG glance.api.middleware.version_negotiation [None req-3a30e311-2331-4405-966a-a7122688f312 tempest-VolumesActionsTest-425715092 tempest-VolumesActionsTest-425715092-project-member] Matched version: v2 {{(pid=100118) process_request /opt/stack/glance/glance/api/middleware/version_negotiation.py:69}}
Jul 30 15:53:25.827786 np0000006146 devstack@g-api.service[100118]: DEBUG glance.api.middleware.version_negotiation [None req-3a30e311-2331-4405-966a-a7122688f312 tempest-VolumesActionsTest-425715092 tempest-VolumesActionsTest-425715092-project-member] new path /v2/images/136e6c15-4453-4d4c-a094-2ba671591172 {{(pid=100118) process_request /opt/stack/glance/glance/api/middleware/version_negotiation.py:70}}
Jul 30 15:53:25.836501 np0000006146 devstack@g-api.service[100118]: [pid: 100118|app: 0|req: 119/368] 127.0.0.1 () {44 vars in 1111 bytes} [Thu Jul 30 15:53:25 2026] GET /v2/images/136e6c15-4453-4d4c-a094-2ba671591172 => generated 821 bytes in 9 msecs (HTTP/1.1 200) 4 headers in 157 bytes (1 switches on core 0)
Jul 30 15:53:25.844942 np0000006146 devstack@g-api.service[100116]: DEBUG glance.api.middleware.version_negotiation [None req-f02ef564-255f-4b38-b9b0-f41e1764e9aa tempest-VolumesActionsTest-425715092 tempest-VolumesActionsTest-425715092-project-member] Determining version of request: GET /v2/schemas/image Accept: */* {{(pid=100116) process_request /opt/stack/glance/glance/api/middleware/version_negotiation.py:44}}
Jul 30 15:53:25.845082 np0000006146 devstack@g-api.service[100116]: DEBUG glance.api.middleware.version_negotiation [None req-f02ef564-255f-4b38-b9b0-f41e1764e9aa tempest-VolumesActionsTest-425715092 tempest-VolumesActionsTest-425715092-project-member] Using url versioning {{(pid=100116) process_request /opt/stack/glance/glance/api/middleware/version_negotiation.py:57}}
Jul 30 15:53:25.845237 np0000006146 devstack@g-api.service[100116]: DEBUG glance.api.middleware.version_negotiation [None req-f02ef564-255f-4b38-b9b0-f41e1764e9aa tempest-VolumesActionsTest-425715092 tempest-VolumesActionsTest-425715092-project-member] Matched version: v2 {{(pid=100116) process_request /opt/stack/glance/glance/api/middleware/version_negotiation.py:69}}
Jul 30 15:53:25.845343 np0000006146 devstack@g-api.service[100116]: DEBUG glance.api.middleware.version_negotiation [None req-f02ef564-255f-4b38-b9b0-f41e1764e9aa tempest-VolumesActionsTest-425715092 tempest-VolumesActionsTest-425715092-project-member] new path /v2/schemas/image {{(pid=100116) process_request /opt/stack/glance/glance/api/middleware/version_negotiation.py:70}}
Jul 30 15:53:25.847674 np0000006146 devstack@g-api.service[100116]: [pid: 100116|app: 0|req: 129/369] 127.0.0.1 () {44 vars in 1051 bytes} [Thu Jul 30 15:53:25 2026] GET /v2/schemas/image => generated 6083 bytes in 3 msecs (HTTP/1.1 200) 4 headers in 158 bytes (1 switches on core 0)
Jul 30 15:53:25.856671 np0000006146 devstack@g-api.service[100117]: DEBUG glance.api.middleware.version_negotiation [None req-8e99ab50-a827-4e57-99b3-e6aa51cdb447 tempest-VolumesActionsTest-425715092 tempest-VolumesActionsTest-425715092-project-member] Determining version of request: GET /v2/schemas/image Accept: */* {{(pid=100117) process_request /opt/stack/glance/glance/api/middleware/version_negotiation.py:44}}
Jul 30 15:53:25.856866 np0000006146 devstack@g-api.service[100117]: DEBUG glance.api.middleware.version_negotiation [None req-8e99ab50-a827-4e57-99b3-e6aa51cdb447 tempest-VolumesActionsTest-425715092 tempest-VolumesActionsTest-425715092-project-member] Using url versioning {{(pid=100117) process_request /opt/stack/glance/glance/api/middleware/version_negotiation.py:57}}
Jul 30 15:53:25.857008 np0000006146 devstack@g-api.service[100117]: DEBUG glance.api.middleware.version_negotiation [None req-8e99ab50-a827-4e57-99b3-e6aa51cdb447 tempest-VolumesActionsTest-425715092 tempest-VolumesActionsTest-425715092-project-member] Matched version: v2 {{(pid=100117) process_request /opt/stack/glance/glance/api/middleware/version_negotiation.py:69}}
Jul 30 15:53:25.857097 np0000006146 devstack@g-api.service[100117]: DEBUG glance.api.middleware.version_negotiation [None req-8e99ab50-a827-4e57-99b3-e6aa51cdb447 tempest-VolumesActionsTest-425715092 tempest-VolumesActionsTest-425715092-project-member] new path /v2/schemas/image {{(pid=100117) process_request /opt/stack/glance/glance/api/middleware/version_negotiation.py:70}}
Jul 30 15:53:25.859502 np0000006146 devstack@g-api.service[100117]: [pid: 100117|app: 0|req: 122/370] 127.0.0.1 () {44 vars in 1051 bytes} [Thu Jul 30 15:53:25 2026] GET /v2/schemas/image => generated 6083 bytes in 3 msecs (HTTP/1.1 200) 4 headers in 158 bytes (1 switches on core 0)
Jul 30 15:53:26.565670 np0000006146 devstack@g-api.service[100118]: DEBUG glance.api.middleware.version_negotiation [None req-8e99ab50-a827-4e57-99b3-e6aa51cdb447 tempest-VolumesActionsTest-425715092 tempest-VolumesActionsTest-425715092-project-member] Determining version of request: GET /v2/images/136e6c15-4453-4d4c-a094-2ba671591172 Accept: application/json {{(pid=100118) process_request /opt/stack/glance/glance/api/middleware/version_negotiation.py:44}}
Jul 30 15:53:26.565837 np0000006146 devstack@g-api.service[100118]: DEBUG glance.api.middleware.version_negotiation [None req-8e99ab50-a827-4e57-99b3-e6aa51cdb447 tempest-VolumesActionsTest-425715092 tempest-VolumesActionsTest-425715092-project-member] Using url versioning {{(pid=100118) process_request /opt/stack/glance/glance/api/middleware/version_negotiation.py:57}}
Jul 30 15:53:26.565917 np0000006146 devstack@g-api.service[100118]: DEBUG glance.api.middleware.version_negotiation [None req-8e99ab50-a827-4e57-99b3-e6aa51cdb447 tempest-VolumesActionsTest-425715092 tempest-VolumesActionsTest-425715092-project-member] Matched version: v2 {{(pid=100118) process_request /opt/stack/glance/glance/api/middleware/version_negotiation.py:69}}
Jul 30 15:53:26.566015 np0000006146 devstack@g-api.service[100118]: DEBUG glance.api.middleware.version_negotiation [None req-8e99ab50-a827-4e57-99b3-e6aa51cdb447 tempest-VolumesActionsTest-425715092 tempest-VolumesActionsTest-425715092-project-member] new path /v2/images/136e6c15-4453-4d4c-a094-2ba671591172 {{(pid=100118) process_request /opt/stack/glance/glance/api/middleware/version_negotiation.py:70}}
Jul 30 15:53:26.574293 np0000006146 devstack@g-api.service[100118]: [pid: 100118|app: 0|req: 120/371] 127.0.0.1 () {40 vars in 834 bytes} [Thu Jul 30 15:53:26 2026] GET /v2/images/136e6c15-4453-4d4c-a094-2ba671591172 => generated 821 bytes in 8 msecs (HTTP/1.1 200) 4 headers in 157 bytes (1 switches on core 0)
Jul 30 15:53:26.617026 np0000006146 devstack@g-api.service[100116]: DEBUG glance.api.middleware.version_negotiation [None req-8e99ab50-a827-4e57-99b3-e6aa51cdb447 tempest-VolumesActionsTest-425715092 tempest-VolumesActionsTest-425715092-project-member] Determining version of request: GET /v2/images/136e6c15-4453-4d4c-a094-2ba671591172 Accept: application/json {{(pid=100116) process_request /opt/stack/glance/glance/api/middleware/version_negotiation.py:44}}
Jul 30 15:53:26.617026 np0000006146 devstack@g-api.service[100116]: DEBUG glance.api.middleware.version_negotiation [None req-8e99ab50-a827-4e57-99b3-e6aa51cdb447 tempest-VolumesActionsTest-425715092 tempest-VolumesActionsTest-425715092-project-member] Using url versioning {{(pid=100116) process_request /opt/stack/glance/glance/api/middleware/version_negotiation.py:57}}
Jul 30 15:53:26.617026 np0000006146 devstack@g-api.service[100116]: DEBUG glance.api.middleware.version_negotiation [None req-8e99ab50-a827-4e57-99b3-e6aa51cdb447 tempest-VolumesActionsTest-425715092 tempest-VolumesActionsTest-425715092-project-member] Matched version: v2 {{(pid=100116) process_request /opt/stack/glance/glance/api/middleware/version_negotiation.py:69}}
Jul 30 15:53:26.617026 np0000006146 devstack@g-api.service[100116]: DEBUG glance.api.middleware.version_negotiation [None req-8e99ab50-a827-4e57-99b3-e6aa51cdb447 tempest-VolumesActionsTest-425715092 tempest-VolumesActionsTest-425715092-project-member] new path /v2/images/136e6c15-4453-4d4c-a094-2ba671591172 {{(pid=100116) process_request /opt/stack/glance/glance/api/middleware/version_negotiation.py:70}}
Jul 30 15:53:26.630086 np0000006146 devstack@g-api.service[100116]: [pid: 100116|app: 0|req: 130/372] 127.0.0.1 () {40 vars in 834 bytes} [Thu Jul 30 15:53:26 2026] GET /v2/images/136e6c15-4453-4d4c-a094-2ba671591172 => generated 821 bytes in 14 msecs (HTTP/1.1 200) 4 headers in 157 bytes (1 switches on core 0)
Jul 30 15:53:26.683576 np0000006146 devstack@g-api.service[100117]: DEBUG glance.api.middleware.version_negotiation [None req-8e99ab50-a827-4e57-99b3-e6aa51cdb447 tempest-VolumesActionsTest-425715092 tempest-VolumesActionsTest-425715092-project-member] Determining version of request: GET /v2/schemas/image Accept: */* {{(pid=100117) process_request /opt/stack/glance/glance/api/middleware/version_negotiation.py:44}}
Jul 30 15:53:26.684092 np0000006146 devstack@g-api.service[100117]: DEBUG glance.api.middleware.version_negotiation [None req-8e99ab50-a827-4e57-99b3-e6aa51cdb447 tempest-VolumesActionsTest-425715092 tempest-VolumesActionsTest-425715092-project-member] Using url versioning {{(pid=100117) process_request /opt/stack/glance/glance/api/middleware/version_negotiation.py:57}}
Jul 30 15:53:26.684092 np0000006146 devstack@g-api.service[100117]: DEBUG glance.api.middleware.version_negotiation [None req-8e99ab50-a827-4e57-99b3-e6aa51cdb447 tempest-VolumesActionsTest-425715092 tempest-VolumesActionsTest-425715092-project-member] Matched version: v2 {{(pid=100117) process_request /opt/stack/glance/glance/api/middleware/version_negotiation.py:69}}
Jul 30 15:53:26.684092 np0000006146 devstack@g-api.service[100117]: DEBUG glance.api.middleware.version_negotiation [None req-8e99ab50-a827-4e57-99b3-e6aa51cdb447 tempest-VolumesActionsTest-425715092 tempest-VolumesActionsTest-425715092-project-member] new path /v2/schemas/image {{(pid=100117) process_request /opt/stack/glance/glance/api/middleware/version_negotiation.py:70}}
Jul 30 15:53:26.687235 np0000006146 devstack@g-api.service[100117]: [pid: 100117|app: 0|req: 123/373] 127.0.0.1 () {44 vars in 1051 bytes} [Thu Jul 30 15:53:26 2026] GET /v2/schemas/image => generated 6083 bytes in 4 msecs (HTTP/1.1 200) 4 headers in 158 bytes (1 switches on core 0)
Jul 30 15:53:26.696757 np0000006146 devstack@g-api.service[100118]: DEBUG glance.api.middleware.version_negotiation [None req-f6be8df2-298a-4be2-b218-6710958de5fb tempest-VolumesActionsTest-425715092 tempest-VolumesActionsTest-425715092-project-member] Determining version of request: POST /v2/images Accept: */* {{(pid=100118) process_request /opt/stack/glance/glance/api/middleware/version_negotiation.py:44}}
Jul 30 15:53:26.696905 np0000006146 devstack@g-api.service[100118]: DEBUG glance.api.middleware.version_negotiation [None req-f6be8df2-298a-4be2-b218-6710958de5fb tempest-VolumesActionsTest-425715092 tempest-VolumesActionsTest-425715092-project-member] Using url versioning {{(pid=100118) process_request /opt/stack/glance/glance/api/middleware/version_negotiation.py:57}}
