Jun 08 14:44:02.625984 np0000002318 devstack@g-api.service[102033]: [pid: 102033|app: 0|req: 15/47] 127.0.0.1 () {44 vars in 1055 bytes} [Mon Jun 8 14:44:02 2026] GET /v2/schemas/image => generated 6083 bytes in 3 msecs (HTTP/1.1 200) 4 headers in 158 bytes (1 switches on core 0)
Jun 08 14:44:02.675876 np0000002318 devstack@g-api.service[102032]: DEBUG glance.api.middleware.version_negotiation [None req-0b6b2ee3-988b-4c98-9187-76b155bfc53a tempest-TaggedBootDevicesTest-3582677 tempest-TaggedBootDevicesTest-3582677-project-member] Determining version of request: GET /v2/images/4ef0ba2a-0a38-4560-8a4a-a897093416eb Accept: */* {{(pid=102032) process_request /opt/stack/glance/glance/api/middleware/version_negotiation.py:44}}
Jun 08 14:44:02.676318 np0000002318 devstack@g-api.service[102032]: DEBUG glance.api.middleware.version_negotiation [None req-0b6b2ee3-988b-4c98-9187-76b155bfc53a tempest-TaggedBootDevicesTest-3582677 tempest-TaggedBootDevicesTest-3582677-project-member] Using url versioning {{(pid=102032) process_request /opt/stack/glance/glance/api/middleware/version_negotiation.py:57}}
Jun 08 14:44:02.676318 np0000002318 devstack@g-api.service[102032]: DEBUG glance.api.middleware.version_negotiation [None req-0b6b2ee3-988b-4c98-9187-76b155bfc53a tempest-TaggedBootDevicesTest-3582677 tempest-TaggedBootDevicesTest-3582677-project-member] Matched version: v2 {{(pid=102032) process_request /opt/stack/glance/glance/api/middleware/version_negotiation.py:69}}
Jun 08 14:44:02.676318 np0000002318 devstack@g-api.service[102032]: DEBUG glance.api.middleware.version_negotiation [None req-0b6b2ee3-988b-4c98-9187-76b155bfc53a tempest-TaggedBootDevicesTest-3582677 tempest-TaggedBootDevicesTest-3582677-project-member] new path /v2/images/4ef0ba2a-0a38-4560-8a4a-a897093416eb {{(pid=102032) process_request /opt/stack/glance/glance/api/middleware/version_negotiation.py:70}}
Jun 08 14:44:02.694068 np0000002318 devstack@g-api.service[102031]: INFO glance.api.v2.image_data [None req-964f340f-9c81-4a00-a210-13e843093bca tempest-AttachSCSIVolumeTestJSON-469132455 tempest-AttachSCSIVolumeTestJSON-469132455-project-admin] Unable to create trust: no such option collect_timing in group [keystone_authtoken] Use the existing user token.
Jun 08 14:44:02.968046 np0000002318 devstack@g-api.service[102032]: [pid: 102032|app: 0|req: 16/48] 127.0.0.1 () {44 vars in 1115 bytes} [Mon Jun 8 14:44:02 2026] GET /v2/images/4ef0ba2a-0a38-4560-8a4a-a897093416eb => generated 1044 bytes in 292 msecs (HTTP/1.1 200) 4 headers in 158 bytes (1 switches on core 0)
Jun 08 14:44:02.978715 np0000002318 devstack@g-api.service[102033]: DEBUG glance.api.middleware.version_negotiation [None req-0b6b2ee3-988b-4c98-9187-76b155bfc53a tempest-TaggedBootDevicesTest-3582677 tempest-TaggedBootDevicesTest-3582677-project-member] Determining version of request: GET /v2/schemas/image Accept: */* {{(pid=102033) process_request /opt/stack/glance/glance/api/middleware/version_negotiation.py:44}}
Jun 08 14:44:02.978850 np0000002318 devstack@g-api.service[102033]: DEBUG glance.api.middleware.version_negotiation [None req-0b6b2ee3-988b-4c98-9187-76b155bfc53a tempest-TaggedBootDevicesTest-3582677 tempest-TaggedBootDevicesTest-3582677-project-member] Using url versioning {{(pid=102033) process_request /opt/stack/glance/glance/api/middleware/version_negotiation.py:57}}
Jun 08 14:44:02.978893 np0000002318 devstack@g-api.service[102033]: DEBUG glance.api.middleware.version_negotiation [None req-0b6b2ee3-988b-4c98-9187-76b155bfc53a tempest-TaggedBootDevicesTest-3582677 tempest-TaggedBootDevicesTest-3582677-project-member] Matched version: v2 {{(pid=102033) process_request /opt/stack/glance/glance/api/middleware/version_negotiation.py:69}}
Jun 08 14:44:02.979187 np0000002318 devstack@g-api.service[102033]: DEBUG glance.api.middleware.version_negotiation [None req-0b6b2ee3-988b-4c98-9187-76b155bfc53a tempest-TaggedBootDevicesTest-3582677 tempest-TaggedBootDevicesTest-3582677-project-member] new path /v2/schemas/image {{(pid=102033) process_request /opt/stack/glance/glance/api/middleware/version_negotiation.py:70}}
Jun 08 14:44:02.985429 np0000002318 devstack@g-api.service[102033]: [pid: 102033|app: 0|req: 16/49] 127.0.0.1 () {44 vars in 1055 bytes} [Mon Jun 8 14:44:02 2026] GET /v2/schemas/image => generated 6083 bytes in 6 msecs (HTTP/1.1 200) 4 headers in 158 bytes (1 switches on core 0)
Jun 08 14:44:02.996757 np0000002318 devstack@g-api.service[102032]: DEBUG glance.api.middleware.version_negotiation [None req-fdf8de8f-00da-43a3-99cf-21d662a32fbb tempest-TaggedBootDevicesTest_v242-2012349066 tempest-TaggedBootDevicesTest_v242-2012349066-project-member] Determining version of request: GET /v2/schemas/image Accept: */* {{(pid=102032) process_request /opt/stack/glance/glance/api/middleware/version_negotiation.py:44}}
Jun 08 14:44:02.996900 np0000002318 devstack@g-api.service[102032]: DEBUG glance.api.middleware.version_negotiation [None req-fdf8de8f-00da-43a3-99cf-21d662a32fbb tempest-TaggedBootDevicesTest_v242-2012349066 tempest-TaggedBootDevicesTest_v242-2012349066-project-member] Using url versioning {{(pid=102032) process_request /opt/stack/glance/glance/api/middleware/version_negotiation.py:57}}
Jun 08 14:44:02.997017 np0000002318 devstack@g-api.service[102032]: DEBUG glance.api.middleware.version_negotiation [None req-fdf8de8f-00da-43a3-99cf-21d662a32fbb tempest-TaggedBootDevicesTest_v242-2012349066 tempest-TaggedBootDevicesTest_v242-2012349066-project-member] Matched version: v2 {{(pid=102032) process_request /opt/stack/glance/glance/api/middleware/version_negotiation.py:69}}
Jun 08 14:44:02.997112 np0000002318 devstack@g-api.service[102032]: DEBUG glance.api.middleware.version_negotiation [None req-fdf8de8f-00da-43a3-99cf-21d662a32fbb tempest-TaggedBootDevicesTest_v242-2012349066 tempest-TaggedBootDevicesTest_v242-2012349066-project-member] new path /v2/schemas/image {{(pid=102032) process_request /opt/stack/glance/glance/api/middleware/version_negotiation.py:70}}
Jun 08 14:44:02.999571 np0000002318 devstack@g-api.service[102032]: [pid: 102032|app: 0|req: 17/50] 127.0.0.1 () {44 vars in 1055 bytes} [Mon Jun 8 14:44:02 2026] GET /v2/schemas/image => generated 6083 bytes in 3 msecs (HTTP/1.1 200) 4 headers in 158 bytes (1 switches on core 0)
Jun 08 14:44:03.008175 np0000002318 devstack@g-api.service[102033]: DEBUG glance.api.middleware.version_negotiation [None req-fdf8de8f-00da-43a3-99cf-21d662a32fbb tempest-TaggedBootDevicesTest_v242-2012349066 tempest-TaggedBootDevicesTest_v242-2012349066-project-member] Determining version of request: GET /v2/images/4ef0ba2a-0a38-4560-8a4a-a897093416eb Accept: */* {{(pid=102033) process_request /opt/stack/glance/glance/api/middleware/version_negotiation.py:44}}
Jun 08 14:44:03.008667 np0000002318 devstack@g-api.service[102033]: DEBUG glance.api.middleware.version_negotiation [None req-fdf8de8f-00da-43a3-99cf-21d662a32fbb tempest-TaggedBootDevicesTest_v242-2012349066 tempest-TaggedBootDevicesTest_v242-2012349066-project-member] Using url versioning {{(pid=102033) process_request /opt/stack/glance/glance/api/middleware/version_negotiation.py:57}}
Jun 08 14:44:03.008667 np0000002318 devstack@g-api.service[102033]: DEBUG glance.api.middleware.version_negotiation [None req-fdf8de8f-00da-43a3-99cf-21d662a32fbb tempest-TaggedBootDevicesTest_v242-2012349066 tempest-TaggedBootDevicesTest_v242-2012349066-project-member] Matched version: v2 {{(pid=102033) process_request /opt/stack/glance/glance/api/middleware/version_negotiation.py:69}}
Jun 08 14:44:03.008667 np0000002318 devstack@g-api.service[102033]: DEBUG glance.api.middleware.version_negotiation [None req-fdf8de8f-00da-43a3-99cf-21d662a32fbb tempest-TaggedBootDevicesTest_v242-2012349066 tempest-TaggedBootDevicesTest_v242-2012349066-project-member] new path /v2/images/4ef0ba2a-0a38-4560-8a4a-a897093416eb {{(pid=102033) process_request /opt/stack/glance/glance/api/middleware/version_negotiation.py:70}}
Jun 08 14:44:03.023236 np0000002318 devstack@g-api.service[102033]: [pid: 102033|app: 0|req: 17/51] 127.0.0.1 () {44 vars in 1115 bytes} [Mon Jun 8 14:44:03 2026] GET /v2/images/4ef0ba2a-0a38-4560-8a4a-a897093416eb => generated 1044 bytes in 13 msecs (HTTP/1.1 200) 4 headers in 158 bytes (1 switches on core 0)
Jun 08 14:44:03.028932 np0000002318 devstack@g-api.service[102032]: DEBUG glance.api.middleware.version_negotiation [None req-fdf8de8f-00da-43a3-99cf-21d662a32fbb tempest-TaggedBootDevicesTest_v242-2012349066 tempest-TaggedBootDevicesTest_v242-2012349066-project-member] Determining version of request: GET /v2/schemas/image Accept: */* {{(pid=102032) process_request /opt/stack/glance/glance/api/middleware/version_negotiation.py:44}}
Jun 08 14:44:03.028932 np0000002318 devstack@g-api.service[102032]: DEBUG glance.api.middleware.version_negotiation [None req-fdf8de8f-00da-43a3-99cf-21d662a32fbb tempest-TaggedBootDevicesTest_v242-2012349066 tempest-TaggedBootDevicesTest_v242-2012349066-project-member] Using url versioning {{(pid=102032) process_request /opt/stack/glance/glance/api/middleware/version_negotiation.py:57}}
Jun 08 14:44:03.028932 np0000002318 devstack@g-api.service[102032]: DEBUG glance.api.middleware.version_negotiation [None req-fdf8de8f-00da-43a3-99cf-21d662a32fbb tempest-TaggedBootDevicesTest_v242-2012349066 tempest-TaggedBootDevicesTest_v242-2012349066-project-member] Matched version: v2 {{(pid=102032) process_request /opt/stack/glance/glance/api/middleware/version_negotiation.py:69}}
Jun 08 14:44:03.028932 np0000002318 devstack@g-api.service[102032]: DEBUG glance.api.middleware.version_negotiation [None req-fdf8de8f-00da-43a3-99cf-21d662a32fbb tempest-TaggedBootDevicesTest_v242-2012349066 tempest-TaggedBootDevicesTest_v242-2012349066-project-member] new path /v2/schemas/image {{(pid=102032) process_request /opt/stack/glance/glance/api/middleware/version_negotiation.py:70}}
Jun 08 14:44:03.035461 np0000002318 devstack@g-api.service[102032]: [pid: 102032|app: 0|req: 18/52] 127.0.0.1 () {44 vars in 1055 bytes} [Mon Jun 8 14:44:03 2026] GET /v2/schemas/image => generated 6083 bytes in 7 msecs (HTTP/1.1 200) 4 headers in 158 bytes (1 switches on core 0)
Jun 08 14:44:03.044602 np0000002318 devstack@g-api.service[102033]: DEBUG glance.api.middleware.version_negotiation [None req-fdf8de8f-00da-43a3-99cf-21d662a32fbb tempest-TaggedBootDevicesTest_v242-2012349066 tempest-TaggedBootDevicesTest_v242-2012349066-project-member] Determining version of request: GET /v2/schemas/image Accept: */* {{(pid=102033) process_request /opt/stack/glance/glance/api/middleware/version_negotiation.py:44}}
Jun 08 14:44:03.044923 np0000002318 devstack@g-api.service[102033]: DEBUG glance.api.middleware.version_negotiation [None req-fdf8de8f-00da-43a3-99cf-21d662a32fbb tempest-TaggedBootDevicesTest_v242-2012349066 tempest-TaggedBootDevicesTest_v242-2012349066-project-member] Using url versioning {{(pid=102033) process_request /opt/stack/glance/glance/api/middleware/version_negotiation.py:57}}
Jun 08 14:44:03.045138 np0000002318 devstack@g-api.service[102033]: DEBUG glance.api.middleware.version_negotiation [None req-fdf8de8f-00da-43a3-99cf-21d662a32fbb tempest-TaggedBootDevicesTest_v242-2012349066 tempest-TaggedBootDevicesTest_v242-2012349066-project-member] Matched version: v2 {{(pid=102033) process_request /opt/stack/glance/glance/api/middleware/version_negotiation.py:69}}
Jun 08 14:44:03.045353 np0000002318 devstack@g-api.service[102033]: DEBUG glance.api.middleware.version_negotiation [None req-fdf8de8f-00da-43a3-99cf-21d662a32fbb tempest-TaggedBootDevicesTest_v242-2012349066 tempest-TaggedBootDevicesTest_v242-2012349066-project-member] new path /v2/schemas/image {{(pid=102033) process_request /opt/stack/glance/glance/api/middleware/version_negotiation.py:70}}
Jun 08 14:44:03.047987 np0000002318 devstack@g-api.service[102033]: [pid: 102033|app: 0|req: 18/53] 127.0.0.1 () {44 vars in 1055 bytes} [Mon Jun 8 14:44:03 2026] GET /v2/schemas/image => generated 6083 bytes in 3 msecs (HTTP/1.1 200) 4 headers in 158 bytes (1 switches on core 0)
Jun 08 14:44:03.117618 np0000002318 devstack@g-api.service[102032]: DEBUG glance.api.middleware.version_negotiation [None req-fdf8de8f-00da-43a3-99cf-21d662a32fbb tempest-TaggedBootDevicesTest_v242-2012349066 tempest-TaggedBootDevicesTest_v242-2012349066-project-member] Determining version of request: GET /v2/images/4ef0ba2a-0a38-4560-8a4a-a897093416eb Accept: */* {{(pid=102032) process_request /opt/stack/glance/glance/api/middleware/version_negotiation.py:44}}
Jun 08 14:44:03.117803 np0000002318 devstack@g-api.service[102032]: DEBUG glance.api.middleware.version_negotiation [None req-fdf8de8f-00da-43a3-99cf-21d662a32fbb tempest-TaggedBootDevicesTest_v242-2012349066 tempest-TaggedBootDevicesTest_v242-2012349066-project-member] Using url versioning {{(pid=102032) process_request /opt/stack/glance/glance/api/middleware/version_negotiation.py:57}}
Jun 08 14:44:03.117921 np0000002318 devstack@g-api.service[102032]: DEBUG glance.api.middleware.version_negotiation [None req-fdf8de8f-00da-43a3-99cf-21d662a32fbb tempest-TaggedBootDevicesTest_v242-2012349066 tempest-TaggedBootDevicesTest_v242-2012349066-project-member] Matched version: v2 {{(pid=102032) process_request /opt/stack/glance/glance/api/middleware/version_negotiation.py:69}}
Jun 08 14:44:03.118599 np0000002318 devstack@g-api.service[102032]: DEBUG glance.api.middleware.version_negotiation [None req-fdf8de8f-00da-43a3-99cf-21d662a32fbb tempest-TaggedBootDevicesTest_v242-2012349066 tempest-TaggedBootDevicesTest_v242-2012349066-project-member] new path /v2/images/4ef0ba2a-0a38-4560-8a4a-a897093416eb {{(pid=102032) process_request /opt/stack/glance/glance/api/middleware/version_negotiation.py:70}}
Jun 08 14:44:03.136954 np0000002318 devstack@g-api.service[102032]: [pid: 102032|app: 0|req: 19/54] 127.0.0.1 () {44 vars in 1115 bytes} [Mon Jun 8 14:44:03 2026] GET /v2/images/4ef0ba2a-0a38-4560-8a4a-a897093416eb => generated 1044 bytes in 19 msecs (HTTP/1.1 200) 4 headers in 158 bytes (1 switches on core 0)
Jun 08 14:44:03.148345 np0000002318 devstack@g-api.service[102033]: DEBUG glance.api.middleware.version_negotiation [None req-fdf8de8f-00da-43a3-99cf-21d662a32fbb tempest-TaggedBootDevicesTest_v242-2012349066 tempest-TaggedBootDevicesTest_v242-2012349066-project-member] Determining version of request: GET /v2/schemas/image Accept: */* {{(pid=102033) process_request /opt/stack/glance/glance/api/middleware/version_negotiation.py:44}}
Jun 08 14:44:03.148687 np0000002318 devstack@g-api.service[102033]: DEBUG glance.api.middleware.version_negotiation [None req-fdf8de8f-00da-43a3-99cf-21d662a32fbb tempest-TaggedBootDevicesTest_v242-2012349066 tempest-TaggedBootDevicesTest_v242-2012349066-project-member] Using url versioning {{(pid=102033) process_request /opt/stack/glance/glance/api/middleware/version_negotiation.py:57}}
Jun 08 14:44:03.148687 np0000002318 devstack@g-api.service[102033]: DEBUG glance.api.middleware.version_negotiation [None req-fdf8de8f-00da-43a3-99cf-21d662a32fbb tempest-TaggedBootDevicesTest_v242-2012349066 tempest-TaggedBootDevicesTest_v242-2012349066-project-member] Matched version: v2 {{(pid=102033) process_request /opt/stack/glance/glance/api/middleware/version_negotiation.py:69}}
Jun 08 14:44:03.148687 np0000002318 devstack@g-api.service[102033]: DEBUG glance.api.middleware.version_negotiation [None req-fdf8de8f-00da-43a3-99cf-21d662a32fbb tempest-TaggedBootDevicesTest_v242-2012349066 tempest-TaggedBootDevicesTest_v242-2012349066-project-member] new path /v2/schemas/image {{(pid=102033) process_request /opt/stack/glance/glance/api/middleware/version_negotiation.py:70}}
Jun 08 14:44:03.154883 np0000002318 devstack@g-api.service[102033]: [pid: 102033|app: 0|req: 19/55] 127.0.0.1 () {44 vars in 1055 bytes} [Mon Jun 8 14:44:03 2026] GET /v2/schemas/image => generated 6083 bytes in 6 msecs (HTTP/1.1 200) 4 headers in 158 bytes (1 switches on core 0)
Jun 08 14:44:03.169577 np0000002318 devstack@g-api.service[102032]: DEBUG glance.api.middleware.version_negotiation [None req-fdf8de8f-00da-43a3-99cf-21d662a32fbb tempest-TaggedBootDevicesTest_v242-2012349066 tempest-TaggedBootDevicesTest_v242-2012349066-project-member] Determining version of request: GET /v2/schemas/image Accept: */* {{(pid=102032) process_request /opt/stack/glance/glance/api/middleware/version_negotiation.py:44}}
Jun 08 14:44:03.169787 np0000002318 devstack@g-api.service[102032]: DEBUG glance.api.middleware.version_negotiation [None req-fdf8de8f-00da-43a3-99cf-21d662a32fbb tempest-TaggedBootDevicesTest_v242-2012349066 tempest-TaggedBootDevicesTest_v242-2012349066-project-member] Using url versioning {{(pid=102032) process_request /opt/stack/glance/glance/api/middleware/version_negotiation.py:57}}
Jun 08 14:44:03.169977 np0000002318 devstack@g-api.service[102032]: DEBUG glance.api.middleware.version_negotiation [None req-fdf8de8f-00da-43a3-99cf-21d662a32fbb tempest-TaggedBootDevicesTest_v242-2012349066 tempest-TaggedBootDevicesTest_v242-2012349066-project-member] Matched version: v2 {{(pid=102032) process_request /opt/stack/glance/glance/api/middleware/version_negotiation.py:69}}
Jun 08 14:44:03.170116 np0000002318 devstack@g-api.service[102032]: DEBUG glance.api.middleware.version_negotiation [None req-fdf8de8f-00da-43a3-99cf-21d662a32fbb tempest-TaggedBootDevicesTest_v242-2012349066 tempest-TaggedBootDevicesTest_v242-2012349066-project-member] new path /v2/schemas/image {{(pid=102032) process_request /opt/stack/glance/glance/api/middleware/version_negotiation.py:70}}
Jun 08 14:44:03.173811 np0000002318 devstack@g-api.service[102032]: [pid: 102032|app: 0|req: 20/56] 127.0.0.1 () {44 vars in 1055 bytes} [Mon Jun 8 14:44:03 2026] GET /v2/schemas/image => generated 6083 bytes in 4 msecs (HTTP/1.1 200) 4 headers in 158 bytes (1 switches on core 0)
Jun 08 14:44:03.384995 np0000002318 devstack@g-api.service[102031]: DEBUG glance.location [None req-964f340f-9c81-4a00-a210-13e843093bca tempest-AttachSCSIVolumeTestJSON-469132455 tempest-AttachSCSIVolumeTestJSON-469132455-project-admin] Enabling in-flight format inspection for qcow2 {{(pid=102031) set_data /opt/stack/glance/glance/location.py:616}}
Jun 08 14:44:03.385439 np0000002318 devstack@g-api.service[102031]: DEBUG glance_store.backend [None req-964f340f-9c81-4a00-a210-13e843093bca tempest-AttachSCSIVolumeTestJSON-469132455 tempest-AttachSCSIVolumeTestJSON-469132455-project-admin] Attempting to import store swift {{(pid=102031) _load_store /opt/stack/data/venv/lib/python3.12/site-packages/glance_store/backend.py:215}}
Jun 08 14:44:03.386905 np0000002318 devstack@g-api.service[102031]: DEBUG glance_store.capabilities [None req-964f340f-9c81-4a00-a210-13e843093bca tempest-AttachSCSIVolumeTestJSON-469132455 tempest-AttachSCSIVolumeTestJSON-469132455-project-admin] Store glance_store._drivers.swift.store.SingleTenantStore doesn't support updating dynamic storage capabilities. Please overwrite 'update_capabilities' method of the store to implement updating logics if needed. {{(pid=102031) update_capabilities /opt/stack/data/venv/lib/python3.12/site-packages/glance_store/capabilities.py:91}}
Jun 08 14:44:03.387017 np0000002318 devstack@g-api.service[102031]: DEBUG glance_store.driver [None req-964f340f-9c81-4a00-a210-13e843093bca tempest-AttachSCSIVolumeTestJSON-469132455 tempest-AttachSCSIVolumeTestJSON-469132455-project-admin] Late loading location class glance_store._drivers.swift.store.StoreLocation {{(pid=102031) get_store_location_class /opt/stack/data/venv/lib/python3.12/site-packages/glance_store/driver.py:134}}
Jun 08 14:44:03.387136 np0000002318 devstack@g-api.service[102031]: DEBUG glance_store.location [None req-964f340f-9c81-4a00-a210-13e843093bca tempest-AttachSCSIVolumeTestJSON-469132455 tempest-AttachSCSIVolumeTestJSON-469132455-project-admin] Registering scheme swift+https with {'store': , 'location_class': , 'store_entry': 'swift'} {{(pid=102031) register_scheme_map /opt/stack/data/venv/lib/python3.12/site-packages/glance_store/location.py:146}}
Jun 08 14:44:03.387316 np0000002318 devstack@g-api.service[102031]: DEBUG glance_store.location [None req-964f340f-9c81-4a00-a210-13e843093bca tempest-AttachSCSIVolumeTestJSON-469132455 tempest-AttachSCSIVolumeTestJSON-469132455-project-admin] Registering scheme swift+https with {'store': , 'location_class': , 'store_entry': 'swift'} {{(pid=102031) register_scheme_map /opt/stack/data/venv/lib/python3.12/site-packages/glance_store/location.py:146}}
Jun 08 14:44:03.387394 np0000002318 devstack@g-api.service[102031]: DEBUG glance_store.location [None req-964f340f-9c81-4a00-a210-13e843093bca tempest-AttachSCSIVolumeTestJSON-469132455 tempest-AttachSCSIVolumeTestJSON-469132455-project-admin] Registering scheme swift with {'store': , 'location_class': , 'store_entry': 'swift'} {{(pid=102031) register_scheme_map /opt/stack/data/venv/lib/python3.12/site-packages/glance_store/location.py:146}}
Jun 08 14:44:03.387532 np0000002318 devstack@g-api.service[102031]: DEBUG glance_store.location [None req-964f340f-9c81-4a00-a210-13e843093bca tempest-AttachSCSIVolumeTestJSON-469132455 tempest-AttachSCSIVolumeTestJSON-469132455-project-admin] Registering scheme swift+https with {'store': , 'location_class': , 'store_entry': 'swift'} {{(pid=102031) register_scheme_map /opt/stack/data/venv/lib/python3.12/site-packages/glance_store/location.py:146}}
Jun 08 14:44:03.387645 np0000002318 devstack@g-api.service[102031]: DEBUG glance_store.location [None req-964f340f-9c81-4a00-a210-13e843093bca tempest-AttachSCSIVolumeTestJSON-469132455 tempest-AttachSCSIVolumeTestJSON-469132455-project-admin] Registering scheme swift with {'store': , 'location_class': , 'store_entry': 'swift'} {{(pid=102031) register_scheme_map /opt/stack/data/venv/lib/python3.12/site-packages/glance_store/location.py:146}}
Jun 08 14:44:03.387741 np0000002318 devstack@g-api.service[102031]: DEBUG glance_store.location [None req-964f340f-9c81-4a00-a210-13e843093bca tempest-AttachSCSIVolumeTestJSON-469132455 tempest-AttachSCSIVolumeTestJSON-469132455-project-admin] Registering scheme swift+http with {'store': , 'location_class': , 'store_entry': 'swift'} {{(pid=102031) register_scheme_map /opt/stack/data/venv/lib/python3.12/site-packages/glance_store/location.py:146}}
Jun 08 14:44:03.387862 np0000002318 devstack@g-api.service[102031]: DEBUG glance_store.location [None req-964f340f-9c81-4a00-a210-13e843093bca tempest-AttachSCSIVolumeTestJSON-469132455 tempest-AttachSCSIVolumeTestJSON-469132455-project-admin] Registering scheme swift+https with {'store': , 'location_class': , 'store_entry': 'swift'} {{(pid=102031) register_scheme_map /opt/stack/data/venv/lib/python3.12/site-packages/glance_store/location.py:146}}
Jun 08 14:44:03.387862 np0000002318 devstack@g-api.service[102031]: DEBUG glance_store.location [None req-964f340f-9c81-4a00-a210-13e843093bca tempest-AttachSCSIVolumeTestJSON-469132455 tempest-AttachSCSIVolumeTestJSON-469132455-project-admin] Registering scheme swift with {'store': , 'location_class': , 'store_entry': 'swift'} {{(pid=102031) register_scheme_map /opt/stack/data/venv/lib/python3.12/site-packages/glance_store/location.py:146}}
Jun 08 14:44:03.387997 np0000002318 devstack@g-api.service[102031]: DEBUG glance_store.location [None req-964f340f-9c81-4a00-a210-13e843093bca tempest-AttachSCSIVolumeTestJSON-469132455 tempest-AttachSCSIVolumeTestJSON-469132455-project-admin] Registering scheme swift+http with {'store': , 'location_class': , 'store_entry': 'swift'} {{(pid=102031) register_scheme_map /opt/stack/data/venv/lib/python3.12/site-packages/glance_store/location.py:146}}
Jun 08 14:44:03.387997 np0000002318 devstack@g-api.service[102031]: DEBUG glance_store.location [None req-964f340f-9c81-4a00-a210-13e843093bca tempest-AttachSCSIVolumeTestJSON-469132455 tempest-AttachSCSIVolumeTestJSON-469132455-project-admin] Registering scheme swift+config with {'store': , 'location_class': , 'store_entry': 'swift'} {{(pid=102031) register_scheme_map /opt/stack/data/venv/lib/python3.12/site-packages/glance_store/location.py:146}}
Jun 08 14:44:03.768264 np0000002318 devstack@g-api.service[102033]: DEBUG glance.api.middleware.version_negotiation [None req-fdf8de8f-00da-43a3-99cf-21d662a32fbb tempest-TaggedBootDevicesTest_v242-2012349066 tempest-TaggedBootDevicesTest_v242-2012349066-project-member] Determining version of request: GET /versions Accept: */* {{(pid=102033) process_request /opt/stack/glance/glance/api/middleware/version_negotiation.py:44}}
Jun 08 14:44:03.770400 np0000002318 devstack@g-api.service[102033]: [pid: 102033|app: 0|req: 20/57] 127.0.0.1 () {44 vars in 1039 bytes} [Mon Jun 8 14:44:03 2026] GET /versions => generated 1407 bytes in 2 msecs (HTTP/1.1 200) 3 headers in 92 bytes (1 switches on core 0)
Jun 08 14:44:03.780122 np0000002318 devstack@g-api.service[102032]: DEBUG glance.api.middleware.version_negotiation [None req-fdf8de8f-00da-43a3-99cf-21d662a32fbb tempest-TaggedBootDevicesTest_v242-2012349066 tempest-TaggedBootDevicesTest_v242-2012349066-project-member] Determining version of request: GET /v2/images/4ef0ba2a-0a38-4560-8a4a-a897093416eb/locations Accept: */* {{(pid=102032) process_request /opt/stack/glance/glance/api/middleware/version_negotiation.py:44}}
Jun 08 14:44:03.780356 np0000002318 devstack@g-api.service[102032]: DEBUG glance.api.middleware.version_negotiation [None req-fdf8de8f-00da-43a3-99cf-21d662a32fbb tempest-TaggedBootDevicesTest_v242-2012349066 tempest-TaggedBootDevicesTest_v242-2012349066-project-member] Using url versioning {{(pid=102032) process_request /opt/stack/glance/glance/api/middleware/version_negotiation.py:57}}
Jun 08 14:44:03.780425 np0000002318 devstack@g-api.service[102032]: DEBUG glance.api.middleware.version_negotiation [None req-fdf8de8f-00da-43a3-99cf-21d662a32fbb tempest-TaggedBootDevicesTest_v242-2012349066 tempest-TaggedBootDevicesTest_v242-2012349066-project-member] Matched version: v2 {{(pid=102032) process_request /opt/stack/glance/glance/api/middleware/version_negotiation.py:69}}
Jun 08 14:44:03.780580 np0000002318 devstack@g-api.service[102032]: DEBUG glance.api.middleware.version_negotiation [None req-fdf8de8f-00da-43a3-99cf-21d662a32fbb tempest-TaggedBootDevicesTest_v242-2012349066 tempest-TaggedBootDevicesTest_v242-2012349066-project-member] new path /v2/images/4ef0ba2a-0a38-4560-8a4a-a897093416eb/locations {{(pid=102032) process_request /opt/stack/glance/glance/api/middleware/version_negotiation.py:70}}
Jun 08 14:44:03.833587 np0000002318 devstack@g-api.service[102031]: DEBUG swiftclient [None req-964f340f-9c81-4a00-a210-13e843093bca tempest-AttachSCSIVolumeTestJSON-469132455 tempest-AttachSCSIVolumeTestJSON-469132455-project-admin] REQ: curl -i https://10.4.3.122:8080/v1/AUTH_67265f58ab364d98b4d0d39653672894/glance -I -H "X-Auth-Token: gAAAAABqJtUzQF1q..." {{(pid=102031) http_log /opt/stack/data/venv/lib/python3.12/site-packages/swiftclient/client.py:160}}
Jun 08 14:44:03.833857 np0000002318 devstack@g-api.service[102031]: DEBUG swiftclient [None req-964f340f-9c81-4a00-a210-13e843093bca tempest-AttachSCSIVolumeTestJSON-469132455 tempest-AttachSCSIVolumeTestJSON-469132455-project-admin] RESP STATUS: 204 No Content {{(pid=102031) http_log /opt/stack/data/venv/lib/python3.12/site-packages/swiftclient/client.py:161}}
Jun 08 14:44:03.833921 np0000002318 devstack@g-api.service[102031]: DEBUG swiftclient [None req-964f340f-9c81-4a00-a210-13e843093bca tempest-AttachSCSIVolumeTestJSON-469132455 tempest-AttachSCSIVolumeTestJSON-469132455-project-admin] RESP HEADERS: {'Date': 'Mon, 08 Jun 2026 14:44:03 GMT', 'Server': 'Apache/2.4.58 (Ubuntu)', 'Content-Type': 'text/plain; charset=utf-8', 'X-Container-Object-Count': '3', 'X-Container-Bytes-Used': '64356352', 'X-Timestamp': '1780929703.84125', 'Last-Modified': 'Mon, 08 Jun 2026 14:41:44 GMT', 'Accept-Ranges': 'bytes', 'X-Storage-Policy': 'Policy-0', 'X-Container-Sharding': 'False', 'Vary': 'Accept', 'X-Trans-Id': 'txee0b5f34423c4ea0880c7-006a26d533', 'X-Openstack-Request-Id': 'txee0b5f34423c4ea0880c7-006a26d533', 'Connection': 'close'} {{(pid=102031) http_log /opt/stack/data/venv/lib/python3.12/site-packages/swiftclient/client.py:162}}
Jun 08 14:44:03.834111 np0000002318 devstack@g-api.service[102031]: DEBUG glance_store._drivers.swift.store [None req-964f340f-9c81-4a00-a210-13e843093bca tempest-AttachSCSIVolumeTestJSON-469132455 tempest-AttachSCSIVolumeTestJSON-469132455-project-admin] Adding image object 'eb904088-4b50-4a02-b564-5ed40bcdcd33' to Swift {{(pid=102031) add /opt/stack/data/venv/lib/python3.12/site-packages/glance_store/_drivers/swift/store.py:970}}
Jun 08 14:44:03.834268 np0000002318 devstack@g-api.service[102031]: DEBUG glance_store._drivers.swift.store [None req-964f340f-9c81-4a00-a210-13e843093bca tempest-AttachSCSIVolumeTestJSON-469132455 tempest-AttachSCSIVolumeTestJSON-469132455-project-admin] Cannot determine image size because it is either not provided in the request or chunked-transfer encoding is used. Adding image as a segmented object to Swift. {{(pid=102031) add /opt/stack/data/venv/lib/python3.12/site-packages/glance_store/_drivers/swift/store.py:994}}
Jun 08 14:44:03.847679 np0000002318 devstack@g-api.service[102031]: DEBUG oslo_utils.imageutils.format_inspector [None req-964f340f-9c81-4a00-a210-13e843093bca tempest-AttachSCSIVolumeTestJSON-469132455 tempest-AttachSCSIVolumeTestJSON-469132455-project-admin] Format inspector for vmdk does not match, excluding from consideration (Signature KDMV not found: b'QFI\xfb') {{(pid=102031) _process_chunk /opt/stack/data/venv/lib/python3.12/site-packages/oslo_utils/imageutils/format_inspector.py:1758}}
Jun 08 14:44:03.855894 np0000002318 devstack@g-api.service[102031]: DEBUG oslo_utils.imageutils.format_inspector [None req-964f340f-9c81-4a00-a210-13e843093bca tempest-AttachSCSIVolumeTestJSON-469132455 tempest-AttachSCSIVolumeTestJSON-469132455-project-admin] Format inspector for vhdx does not match, excluding from consideration (Region signature not found at 30000) {{(pid=102031) _process_chunk /opt/stack/data/venv/lib/python3.12/site-packages/oslo_utils/imageutils/format_inspector.py:1758}}
Jun 08 14:44:04.011001 np0000002318 devstack@g-api.service[102032]: [pid: 102032|app: 0|req: 21/58] 127.0.0.1 () {44 vars in 1135 bytes} [Mon Jun 8 14:44:03 2026] GET /v2/images/4ef0ba2a-0a38-4560-8a4a-a897093416eb/locations => generated 92 bytes in 231 msecs (HTTP/1.1 200) 4 headers in 156 bytes (1 switches on core 0)
Jun 08 14:44:04.020023 np0000002318 devstack@g-api.service[102033]: DEBUG glance.api.middleware.version_negotiation [None req-fdf8de8f-00da-43a3-99cf-21d662a32fbb tempest-TaggedBootDevicesTest_v242-2012349066 tempest-TaggedBootDevicesTest_v242-2012349066-project-member] Determining version of request: GET /v2/images/4ef0ba2a-0a38-4560-8a4a-a897093416eb Accept: */* {{(pid=102033) process_request /opt/stack/glance/glance/api/middleware/version_negotiation.py:44}}
Jun 08 14:44:04.020183 np0000002318 devstack@g-api.service[102033]: DEBUG glance.api.middleware.version_negotiation [None req-fdf8de8f-00da-43a3-99cf-21d662a32fbb tempest-TaggedBootDevicesTest_v242-2012349066 tempest-TaggedBootDevicesTest_v242-2012349066-project-member] Using url versioning {{(pid=102033) process_request /opt/stack/glance/glance/api/middleware/version_negotiation.py:57}}
Jun 08 14:44:04.020358 np0000002318 devstack@g-api.service[102033]: DEBUG glance.api.middleware.version_negotiation [None req-fdf8de8f-00da-43a3-99cf-21d662a32fbb tempest-TaggedBootDevicesTest_v242-2012349066 tempest-TaggedBootDevicesTest_v242-2012349066-project-member] Matched version: v2 {{(pid=102033) process_request /opt/stack/glance/glance/api/middleware/version_negotiation.py:69}}
Jun 08 14:44:04.020479 np0000002318 devstack@g-api.service[102033]: DEBUG glance.api.middleware.version_negotiation [None req-fdf8de8f-00da-43a3-99cf-21d662a32fbb tempest-TaggedBootDevicesTest_v242-2012349066 tempest-TaggedBootDevicesTest_v242-2012349066-project-member] new path /v2/images/4ef0ba2a-0a38-4560-8a4a-a897093416eb {{(pid=102033) process_request /opt/stack/glance/glance/api/middleware/version_negotiation.py:70}}
Jun 08 14:44:04.033164 np0000002318 devstack@g-api.service[102033]: [pid: 102033|app: 0|req: 21/59] 127.0.0.1 () {44 vars in 1115 bytes} [Mon Jun 8 14:44:04 2026] GET /v2/images/4ef0ba2a-0a38-4560-8a4a-a897093416eb => generated 1044 bytes in 13 msecs (HTTP/1.1 200) 4 headers in 158 bytes (1 switches on core 0)
Jun 08 14:44:04.045522 np0000002318 devstack@g-api.service[102032]: DEBUG glance.api.middleware.version_negotiation [None req-fdf8de8f-00da-43a3-99cf-21d662a32fbb service glance] Determining version of request: GET /v2/schemas/image Accept: */* {{(pid=102032) process_request /opt/stack/glance/glance/api/middleware/version_negotiation.py:44}}
Jun 08 14:44:04.045751 np0000002318 devstack@g-api.service[102032]: DEBUG glance.api.middleware.version_negotiation [None req-fdf8de8f-00da-43a3-99cf-21d662a32fbb service glance] Using url versioning {{(pid=102032) process_request /opt/stack/glance/glance/api/middleware/version_negotiation.py:57}}
Jun 08 14:44:04.045969 np0000002318 devstack@g-api.service[102032]: DEBUG glance.api.middleware.version_negotiation [None req-fdf8de8f-00da-43a3-99cf-21d662a32fbb service glance] Matched version: v2 {{(pid=102032) process_request /opt/stack/glance/glance/api/middleware/version_negotiation.py:69}}
Jun 08 14:44:04.046136 np0000002318 devstack@g-api.service[102032]: DEBUG glance.api.middleware.version_negotiation [None req-fdf8de8f-00da-43a3-99cf-21d662a32fbb service glance] new path /v2/schemas/image {{(pid=102032) process_request /opt/stack/glance/glance/api/middleware/version_negotiation.py:70}}
Jun 08 14:44:04.050491 np0000002318 devstack@g-api.service[102032]: [pid: 102032|app: 0|req: 22/60] 127.0.0.1 () {44 vars in 1055 bytes} [Mon Jun 8 14:44:04 2026] GET /v2/schemas/image => generated 6083 bytes in 5 msecs (HTTP/1.1 200) 4 headers in 158 bytes (1 switches on core 0)
Jun 08 14:44:04.062072 np0000002318 devstack@g-api.service[102033]: DEBUG glance.api.middleware.version_negotiation [None req-fdf8de8f-00da-43a3-99cf-21d662a32fbb tempest-TaggedBootDevicesTest_v242-2012349066 tempest-TaggedBootDevicesTest_v242-2012349066-project-member] Determining version of request: GET /v2/schemas/image Accept: */* {{(pid=102033) process_request /opt/stack/glance/glance/api/middleware/version_negotiation.py:44}}
Jun 08 14:44:04.062238 np0000002318 devstack@g-api.service[102033]: DEBUG glance.api.middleware.version_negotiation [None req-fdf8de8f-00da-43a3-99cf-21d662a32fbb tempest-TaggedBootDevicesTest_v242-2012349066 tempest-TaggedBootDevicesTest_v242-2012349066-project-member] Using url versioning {{(pid=102033) process_request /opt/stack/glance/glance/api/middleware/version_negotiation.py:57}}
Jun 08 14:44:04.062385 np0000002318 devstack@g-api.service[102033]: DEBUG glance.api.middleware.version_negotiation [None req-fdf8de8f-00da-43a3-99cf-21d662a32fbb tempest-TaggedBootDevicesTest_v242-2012349066 tempest-TaggedBootDevicesTest_v242-2012349066-project-member] Matched version: v2 {{(pid=102033) process_request /opt/stack/glance/glance/api/middleware/version_negotiation.py:69}}
Jun 08 14:44:04.062477 np0000002318 devstack@g-api.service[102033]: DEBUG glance.api.middleware.version_negotiation [None req-fdf8de8f-00da-43a3-99cf-21d662a32fbb tempest-TaggedBootDevicesTest_v242-2012349066 tempest-TaggedBootDevicesTest_v242-2012349066-project-member] new path /v2/schemas/image {{(pid=102033) process_request /opt/stack/glance/glance/api/middleware/version_negotiation.py:70}}
Jun 08 14:44:04.067811 np0000002318 devstack@g-api.service[102033]: [pid: 102033|app: 0|req: 22/61] 127.0.0.1 () {44 vars in 1055 bytes} [Mon Jun 8 14:44:04 2026] GET /v2/schemas/image => generated 6083 bytes in 6 msecs (HTTP/1.1 200) 4 headers in 158 bytes (1 switches on core 0)
Jun 08 14:44:04.121743 np0000002318 devstack@g-api.service[102031]: DEBUG swiftclient [None req-964f340f-9c81-4a00-a210-13e843093bca tempest-AttachSCSIVolumeTestJSON-469132455 tempest-AttachSCSIVolumeTestJSON-469132455-project-admin] REQ: curl -i https://10.4.3.122:8080/v1/AUTH_67265f58ab364d98b4d0d39653672894/glance/eb904088-4b50-4a02-b564-5ed40bcdcd33-00001 -X PUT -H "X-Auth-Token: gAAAAABqJtUzQF1q..." {{(pid=102031) http_log /opt/stack/data/venv/lib/python3.12/site-packages/swiftclient/client.py:160}}
Jun 08 14:44:04.121886 np0000002318 devstack@g-api.service[102031]: DEBUG swiftclient [None req-964f340f-9c81-4a00-a210-13e843093bca tempest-AttachSCSIVolumeTestJSON-469132455 tempest-AttachSCSIVolumeTestJSON-469132455-project-admin] RESP STATUS: 201 Created {{(pid=102031) http_log /opt/stack/data/venv/lib/python3.12/site-packages/swiftclient/client.py:161}}
Jun 08 14:44:04.122120 np0000002318 devstack@g-api.service[102031]: DEBUG swiftclient [None req-964f340f-9c81-4a00-a210-13e843093bca tempest-AttachSCSIVolumeTestJSON-469132455 tempest-AttachSCSIVolumeTestJSON-469132455-project-admin] RESP HEADERS: {'Date': 'Mon, 08 Jun 2026 14:44:04 GMT', 'Server': 'Apache/2.4.58 (Ubuntu)', 'Content-Type': 'text/html; charset=UTF-8', 'Content-Length': '0', 'Etag': '87617e24a5e30cb3b87fda8c0764838f', 'Last-Modified': 'Mon, 08 Jun 2026 14:44:04 GMT', 'X-Trans-Id': 'txe0b7b555bdf342669dbb1-006a26d533', 'X-Openstack-Request-Id': 'txe0b7b555bdf342669dbb1-006a26d533', 'Connection': 'close'} {{(pid=102031) http_log /opt/stack/data/venv/lib/python3.12/site-packages/swiftclient/client.py:162}}
Jun 08 14:44:04.122320 np0000002318 devstack@g-api.service[102031]: DEBUG glance_store._drivers.swift.store [None req-964f340f-9c81-4a00-a210-13e843093bca tempest-AttachSCSIVolumeTestJSON-469132455 tempest-AttachSCSIVolumeTestJSON-469132455-project-admin] Wrote chunk eb904088-4b50-4a02-b564-5ed40bcdcd33-00001 (1/?) of length 21692416 to Swift returning MD5 of content: 87617e24a5e30cb3b87fda8c0764838f {{(pid=102031) add /opt/stack/data/venv/lib/python3.12/site-packages/glance_store/_drivers/swift/store.py:1059}}
Jun 08 14:44:04.122744 np0000002318 devstack@g-api.service[102031]: DEBUG glance_store._drivers.swift.store [None req-964f340f-9c81-4a00-a210-13e843093bca tempest-AttachSCSIVolumeTestJSON-469132455 tempest-AttachSCSIVolumeTestJSON-469132455-project-admin] Not writing zero-length chunk. {{(pid=102031) add /opt/stack/data/venv/lib/python3.12/site-packages/glance_store/_drivers/swift/store.py:1028}}
Jun 08 14:44:04.149925 np0000002318 devstack@g-api.service[102031]: DEBUG swiftclient [None req-964f340f-9c81-4a00-a210-13e843093bca tempest-AttachSCSIVolumeTestJSON-469132455 tempest-AttachSCSIVolumeTestJSON-469132455-project-admin] REQ: curl -i https://10.4.3.122:8080/v1/AUTH_67265f58ab364d98b4d0d39653672894/glance/eb904088-4b50-4a02-b564-5ed40bcdcd33 -X PUT -H "X-Object-Manifest: glance/eb904088-4b50-4a02-b564-5ed40bcdcd33-" -H "X-Auth-Token: gAAAAABqJtUzQF1q..." -H "Content-Length: 0" {{(pid=102031) http_log /opt/stack/data/venv/lib/python3.12/site-packages/swiftclient/client.py:160}}
Jun 08 14:44:04.150032 np0000002318 devstack@g-api.service[102031]: DEBUG swiftclient [None req-964f340f-9c81-4a00-a210-13e843093bca tempest-AttachSCSIVolumeTestJSON-469132455 tempest-AttachSCSIVolumeTestJSON-469132455-project-admin] RESP STATUS: 201 Created {{(pid=102031) http_log /opt/stack/data/venv/lib/python3.12/site-packages/swiftclient/client.py:161}}
Jun 08 14:44:04.150232 np0000002318 devstack@g-api.service[102031]: DEBUG swiftclient [None req-964f340f-9c81-4a00-a210-13e843093bca tempest-AttachSCSIVolumeTestJSON-469132455 tempest-AttachSCSIVolumeTestJSON-469132455-project-admin] RESP HEADERS: {'Date': 'Mon, 08 Jun 2026 14:44:04 GMT', 'Server': 'Apache/2.4.58 (Ubuntu)', 'Content-Type': 'text/html; charset=UTF-8', 'Content-Length': '0', 'Etag': 'd41d8cd98f00b204e9800998ecf8427e', 'Last-Modified': 'Mon, 08 Jun 2026 14:44:05 GMT', 'X-Trans-Id': 'tx3b25377e5d264b97a7825-006a26d534', 'X-Openstack-Request-Id': 'tx3b25377e5d264b97a7825-006a26d534', 'Connection': 'close'} {{(pid=102031) http_log /opt/stack/data/venv/lib/python3.12/site-packages/swiftclient/client.py:162}}
Jun 08 14:44:04.150799 np0000002318 devstack@g-api.service[102031]: INFO glance.location [None req-964f340f-9c81-4a00-a210-13e843093bca tempest-AttachSCSIVolumeTestJSON-469132455 tempest-AttachSCSIVolumeTestJSON-469132455-project-admin] Image format matched and virtual size computed: 117440512
Jun 08 14:44:04.205446 np0000002318 devstack@g-api.service[102031]: DEBUG glance_store.backend [None req-964f340f-9c81-4a00-a210-13e843093bca tempest-AttachSCSIVolumeTestJSON-469132455 tempest-AttachSCSIVolumeTestJSON-469132455-project-admin] Attempting to import store swift {{(pid=102031) _load_store /opt/stack/data/venv/lib/python3.12/site-packages/glance_store/backend.py:215}}
Jun 08 14:44:04.206736 np0000002318 devstack@g-api.service[102031]: DEBUG glance_store.capabilities [None req-964f340f-9c81-4a00-a210-13e843093bca tempest-AttachSCSIVolumeTestJSON-469132455 tempest-AttachSCSIVolumeTestJSON-469132455-project-admin] Store glance_store._drivers.swift.store.SingleTenantStore doesn't support updating dynamic storage capabilities. Please overwrite 'update_capabilities' method of the store to implement updating logics if needed. {{(pid=102031) update_capabilities /opt/stack/data/venv/lib/python3.12/site-packages/glance_store/capabilities.py:91}}
Jun 08 14:44:04.206885 np0000002318 devstack@g-api.service[102031]: DEBUG glance_store.driver [None req-964f340f-9c81-4a00-a210-13e843093bca tempest-AttachSCSIVolumeTestJSON-469132455 tempest-AttachSCSIVolumeTestJSON-469132455-project-admin] Late loading location class glance_store._drivers.swift.store.StoreLocation {{(pid=102031) get_store_location_class /opt/stack/data/venv/lib/python3.12/site-packages/glance_store/driver.py:134}}
Jun 08 14:44:04.206935 np0000002318 devstack@g-api.service[102031]: DEBUG glance_store.location [None req-964f340f-9c81-4a00-a210-13e843093bca tempest-AttachSCSIVolumeTestJSON-469132455 tempest-AttachSCSIVolumeTestJSON-469132455-project-admin] Registering scheme swift+https with {'store': , 'location_class': , 'store_entry': 'swift'} {{(pid=102031) register_scheme_map /opt/stack/data/venv/lib/python3.12/site-packages/glance_store/location.py:146}}
Jun 08 14:44:04.207023 np0000002318 devstack@g-api.service[102031]: DEBUG glance_store.location [None req-964f340f-9c81-4a00-a210-13e843093bca tempest-AttachSCSIVolumeTestJSON-469132455 tempest-AttachSCSIVolumeTestJSON-469132455-project-admin] Registering scheme swift+https with {'store': , 'location_class': , 'store_entry': 'swift'} {{(pid=102031) register_scheme_map /opt/stack/data/venv/lib/python3.12/site-packages/glance_store/location.py:146}}
Jun 08 14:44:04.207167 np0000002318 devstack@g-api.service[102031]: DEBUG glance_store.location [None req-964f340f-9c81-4a00-a210-13e843093bca tempest-AttachSCSIVolumeTestJSON-469132455 tempest-AttachSCSIVolumeTestJSON-469132455-project-admin] Registering scheme swift with {'store': , 'location_class': , 'store_entry': 'swift'} {{(pid=102031) register_scheme_map /opt/stack/data/venv/lib/python3.12/site-packages/glance_store/location.py:146}}
Jun 08 14:44:04.207167 np0000002318 devstack@g-api.service[102031]: DEBUG glance_store.location [None req-964f340f-9c81-4a00-a210-13e843093bca tempest-AttachSCSIVolumeTestJSON-469132455 tempest-AttachSCSIVolumeTestJSON-469132455-project-admin] Registering scheme swift+https with {'store': , 'location_class': , 'store_entry': 'swift'} {{(pid=102031) register_scheme_map /opt/stack/data/venv/lib/python3.12/site-packages/glance_store/location.py:146}}
Jun 08 14:44:04.207167 np0000002318 devstack@g-api.service[102031]: DEBUG glance_store.location [None req-964f340f-9c81-4a00-a210-13e843093bca tempest-AttachSCSIVolumeTestJSON-469132455 tempest-AttachSCSIVolumeTestJSON-469132455-project-admin] Registering scheme swift with {'store': , 'location_class': , 'store_entry': 'swift'} {{(pid=102031) register_scheme_map /opt/stack/data/venv/lib/python3.12/site-packages/glance_store/location.py:146}}
Jun 08 14:44:04.208514 np0000002318 devstack@g-api.service[102031]: DEBUG glance_store.location [None req-964f340f-9c81-4a00-a210-13e843093bca tempest-AttachSCSIVolumeTestJSON-469132455 tempest-AttachSCSIVolumeTestJSON-469132455-project-admin] Registering scheme swift+http with {'store': , 'location_class': , 'store_entry': 'swift'} {{(pid=102031) register_scheme_map /opt/stack/data/venv/lib/python3.12/site-packages/glance_store/location.py:146}}
Jun 08 14:44:04.208514 np0000002318 devstack@g-api.service[102031]: DEBUG glance_store.location [None req-964f340f-9c81-4a00-a210-13e843093bca tempest-AttachSCSIVolumeTestJSON-469132455 tempest-AttachSCSIVolumeTestJSON-469132455-project-admin] Registering scheme swift+https with {'store': , 'location_class': , 'store_entry': 'swift'} {{(pid=102031) register_scheme_map /opt/stack/data/venv/lib/python3.12/site-packages/glance_store/location.py:146}}
Jun 08 14:44:04.208514 np0000002318 devstack@g-api.service[102031]: DEBUG glance_store.location [None req-964f340f-9c81-4a00-a210-13e843093bca tempest-AttachSCSIVolumeTestJSON-469132455 tempest-AttachSCSIVolumeTestJSON-469132455-project-admin] Registering scheme swift with {'store': , 'location_class': , 'store_entry': 'swift'} {{(pid=102031) register_scheme_map /opt/stack/data/venv/lib/python3.12/site-packages/glance_store/location.py:146}}
Jun 08 14:44:04.208729 np0000002318 devstack@g-api.service[102031]: DEBUG glance_store.location [None req-964f340f-9c81-4a00-a210-13e843093bca tempest-AttachSCSIVolumeTestJSON-469132455 tempest-AttachSCSIVolumeTestJSON-469132455-project-admin] Registering scheme swift+http with {'store': , 'location_class': , 'store_entry': 'swift'} {{(pid=102031) register_scheme_map /opt/stack/data/venv/lib/python3.12/site-packages/glance_store/location.py:146}}
Jun 08 14:44:04.208729 np0000002318 devstack@g-api.service[102031]: DEBUG glance_store.location [None req-964f340f-9c81-4a00-a210-13e843093bca tempest-AttachSCSIVolumeTestJSON-469132455 tempest-AttachSCSIVolumeTestJSON-469132455-project-admin] Registering scheme swift+config with {'store': , 'location_class': , 'store_entry': 'swift'} {{(pid=102031) register_scheme_map /opt/stack/data/venv/lib/python3.12/site-packages/glance_store/location.py:146}}
Jun 08 14:44:04.208729 np0000002318 devstack@g-api.service[102031]: DEBUG glance_store.backend [None req-964f340f-9c81-4a00-a210-13e843093bca tempest-AttachSCSIVolumeTestJSON-469132455 tempest-AttachSCSIVolumeTestJSON-469132455-project-admin] Skipping store.set_acls... not implemented. {{(pid=102031) set_acls /opt/stack/data/venv/lib/python3.12/site-packages/glance_store/backend.py:507}}
Jun 08 14:44:04.209618 np0000002318 devstack@g-api.service[102031]: [pid: 102031|app: 0|req: 18/62] 127.0.0.1 () {40 vars in 858 bytes} [Mon Jun 8 14:44:02 2026] PUT /v2/images/eb904088-4b50-4a02-b564-5ed40bcdcd33/file => generated 0 bytes in 2152 msecs (HTTP/1.1 204) 4 headers in 171 bytes (1 switches on core 0)
Jun 08 14:44:07.279755 np0000002318 devstack@g-api.service[102032]: DEBUG glance.api.middleware.version_negotiation [None req-fdf8de8f-00da-43a3-99cf-21d662a32fbb tempest-TaggedBootDevicesTest_v242-2012349066 tempest-TaggedBootDevicesTest_v242-2012349066-project-member] Determining version of request: GET /v2/images/eb904088-4b50-4a02-b564-5ed40bcdcd33 Accept: */* {{(pid=102032) process_request /opt/stack/glance/glance/api/middleware/version_negotiation.py:44}}
Jun 08 14:44:07.280014 np0000002318 devstack@g-api.service[102032]: DEBUG glance.api.middleware.version_negotiation [None req-fdf8de8f-00da-43a3-99cf-21d662a32fbb tempest-TaggedBootDevicesTest_v242-2012349066 tempest-TaggedBootDevicesTest_v242-2012349066-project-member] Using url versioning {{(pid=102032) process_request /opt/stack/glance/glance/api/middleware/version_negotiation.py:57}}
Jun 08 14:44:07.280014 np0000002318 devstack@g-api.service[102032]: DEBUG glance.api.middleware.version_negotiation [None req-fdf8de8f-00da-43a3-99cf-21d662a32fbb tempest-TaggedBootDevicesTest_v242-2012349066 tempest-TaggedBootDevicesTest_v242-2012349066-project-member] Matched version: v2 {{(pid=102032) process_request /opt/stack/glance/glance/api/middleware/version_negotiation.py:69}}
Jun 08 14:44:07.280095 np0000002318 devstack@g-api.service[102032]: DEBUG glance.api.middleware.version_negotiation [None req-fdf8de8f-00da-43a3-99cf-21d662a32fbb tempest-TaggedBootDevicesTest_v242-2012349066 tempest-TaggedBootDevicesTest_v242-2012349066-project-member] new path /v2/images/eb904088-4b50-4a02-b564-5ed40bcdcd33 {{(pid=102032) process_request /opt/stack/glance/glance/api/middleware/version_negotiation.py:70}}
Jun 08 14:44:07.289096 np0000002318 devstack@g-api.service[102032]: [pid: 102032|app: 0|req: 23/63] 127.0.0.1 () {44 vars in 1115 bytes} [Mon Jun 8 14:44:07 2026] GET /v2/images/eb904088-4b50-4a02-b564-5ed40bcdcd33 => generated 859 bytes in 9 msecs (HTTP/1.1 200) 4 headers in 157 bytes (1 switches on core 0)
Jun 08 14:44:07.329892 np0000002318 devstack@g-api.service[102033]: DEBUG glance.api.middleware.version_negotiation [None req-fdf8de8f-00da-43a3-99cf-21d662a32fbb tempest-TaggedBootDevicesTest_v242-2012349066 tempest-TaggedBootDevicesTest_v242-2012349066-project-member] Determining version of request: GET /v2/schemas/image Accept: */* {{(pid=102033) process_request /opt/stack/glance/glance/api/middleware/version_negotiation.py:44}}
Jun 08 14:44:07.329892 np0000002318 devstack@g-api.service[102033]: DEBUG glance.api.middleware.version_negotiation [None req-fdf8de8f-00da-43a3-99cf-21d662a32fbb tempest-TaggedBootDevicesTest_v242-2012349066 tempest-TaggedBootDevicesTest_v242-2012349066-project-member] Using url versioning {{(pid=102033) process_request /opt/stack/glance/glance/api/middleware/version_negotiation.py:57}}
