Jun 08 14:41:14.978335 np0000002318 nova-scheduler[95754]: DEBUG cotyledon.oslo_config_glue [-] oslo_limit.connect_retries = None {{(pid=95754) log_opt_values /opt/stack/data/venv/lib/python3.12/site-packages/oslo_config/cfg.py:3256}}
Jun 08 14:41:14.978335 np0000002318 nova-scheduler[95754]: DEBUG cotyledon.oslo_config_glue [-] oslo_limit.connect_retry_delay = None {{(pid=95754) log_opt_values /opt/stack/data/venv/lib/python3.12/site-packages/oslo_config/cfg.py:3256}}
Jun 08 14:41:14.978335 np0000002318 nova-scheduler[95754]: DEBUG cotyledon.oslo_config_glue [-] oslo_limit.endpoint_id = None {{(pid=95754) log_opt_values /opt/stack/data/venv/lib/python3.12/site-packages/oslo_config/cfg.py:3256}}
Jun 08 14:41:14.978335 np0000002318 nova-scheduler[95754]: DEBUG cotyledon.oslo_config_glue [-] oslo_limit.endpoint_interface = public {{(pid=95754) log_opt_values /opt/stack/data/venv/lib/python3.12/site-packages/oslo_config/cfg.py:3256}}
Jun 08 14:41:14.978335 np0000002318 nova-scheduler[95754]: DEBUG cotyledon.oslo_config_glue [-] oslo_limit.endpoint_override = None {{(pid=95754) log_opt_values /opt/stack/data/venv/lib/python3.12/site-packages/oslo_config/cfg.py:3256}}
Jun 08 14:41:14.978335 np0000002318 nova-scheduler[95754]: DEBUG cotyledon.oslo_config_glue [-] oslo_limit.endpoint_region_name = None {{(pid=95754) log_opt_values /opt/stack/data/venv/lib/python3.12/site-packages/oslo_config/cfg.py:3256}}
Jun 08 14:41:14.978335 np0000002318 nova-scheduler[95754]: DEBUG cotyledon.oslo_config_glue [-] oslo_limit.endpoint_service_name = None {{(pid=95754) log_opt_values /opt/stack/data/venv/lib/python3.12/site-packages/oslo_config/cfg.py:3256}}
Jun 08 14:41:14.978668 np0000002318 nova-scheduler[95754]: DEBUG cotyledon.oslo_config_glue [-] oslo_limit.endpoint_service_type = None {{(pid=95754) log_opt_values /opt/stack/data/venv/lib/python3.12/site-packages/oslo_config/cfg.py:3256}}
Jun 08 14:41:14.978668 np0000002318 nova-scheduler[95754]: DEBUG cotyledon.oslo_config_glue [-] oslo_limit.insecure = False {{(pid=95754) log_opt_values /opt/stack/data/venv/lib/python3.12/site-packages/oslo_config/cfg.py:3256}}
Jun 08 14:41:14.978668 np0000002318 nova-scheduler[95754]: DEBUG cotyledon.oslo_config_glue [-] oslo_limit.keyfile = None {{(pid=95754) log_opt_values /opt/stack/data/venv/lib/python3.12/site-packages/oslo_config/cfg.py:3256}}
Jun 08 14:41:14.978668 np0000002318 nova-scheduler[95754]: DEBUG cotyledon.oslo_config_glue [-] oslo_limit.max_version = None {{(pid=95754) log_opt_values /opt/stack/data/venv/lib/python3.12/site-packages/oslo_config/cfg.py:3256}}
Jun 08 14:41:14.978668 np0000002318 nova-scheduler[95754]: DEBUG cotyledon.oslo_config_glue [-] oslo_limit.min_version = None {{(pid=95754) log_opt_values /opt/stack/data/venv/lib/python3.12/site-packages/oslo_config/cfg.py:3256}}
Jun 08 14:41:14.978668 np0000002318 nova-scheduler[95754]: DEBUG cotyledon.oslo_config_glue [-] oslo_limit.region_name = None {{(pid=95754) log_opt_values /opt/stack/data/venv/lib/python3.12/site-packages/oslo_config/cfg.py:3256}}
Jun 08 14:41:14.978668 np0000002318 nova-scheduler[95754]: DEBUG cotyledon.oslo_config_glue [-] oslo_limit.retriable_status_codes = None {{(pid=95754) log_opt_values /opt/stack/data/venv/lib/python3.12/site-packages/oslo_config/cfg.py:3256}}
Jun 08 14:41:14.978668 np0000002318 nova-scheduler[95754]: DEBUG cotyledon.oslo_config_glue [-] oslo_limit.service_name = None {{(pid=95754) log_opt_values /opt/stack/data/venv/lib/python3.12/site-packages/oslo_config/cfg.py:3256}}
Jun 08 14:41:14.978668 np0000002318 nova-scheduler[95754]: DEBUG cotyledon.oslo_config_glue [-] oslo_limit.service_type = None {{(pid=95754) log_opt_values /opt/stack/data/venv/lib/python3.12/site-packages/oslo_config/cfg.py:3256}}
Jun 08 14:41:14.978978 np0000002318 nova-scheduler[95754]: DEBUG cotyledon.oslo_config_glue [-] oslo_limit.split_loggers = False {{(pid=95754) log_opt_values /opt/stack/data/venv/lib/python3.12/site-packages/oslo_config/cfg.py:3256}}
Jun 08 14:41:14.978978 np0000002318 nova-scheduler[95754]: DEBUG cotyledon.oslo_config_glue [-] oslo_limit.status_code_retries = None {{(pid=95754) log_opt_values /opt/stack/data/venv/lib/python3.12/site-packages/oslo_config/cfg.py:3256}}
Jun 08 14:41:14.978978 np0000002318 nova-scheduler[95754]: DEBUG cotyledon.oslo_config_glue [-] oslo_limit.status_code_retry_delay = None {{(pid=95754) log_opt_values /opt/stack/data/venv/lib/python3.12/site-packages/oslo_config/cfg.py:3256}}
Jun 08 14:41:14.978978 np0000002318 nova-scheduler[95754]: DEBUG cotyledon.oslo_config_glue [-] oslo_limit.timeout = None {{(pid=95754) log_opt_values /opt/stack/data/venv/lib/python3.12/site-packages/oslo_config/cfg.py:3256}}
Jun 08 14:41:14.978978 np0000002318 nova-scheduler[95754]: DEBUG cotyledon.oslo_config_glue [-] oslo_limit.valid_interfaces = None {{(pid=95754) log_opt_values /opt/stack/data/venv/lib/python3.12/site-packages/oslo_config/cfg.py:3256}}
Jun 08 14:41:14.978978 np0000002318 nova-scheduler[95754]: DEBUG cotyledon.oslo_config_glue [-] oslo_limit.version = None {{(pid=95754) log_opt_values /opt/stack/data/venv/lib/python3.12/site-packages/oslo_config/cfg.py:3256}}
Jun 08 14:41:14.978978 np0000002318 nova-scheduler[95754]: DEBUG cotyledon.oslo_config_glue [-] oslo_reports.file_event_handler = None {{(pid=95754) log_opt_values /opt/stack/data/venv/lib/python3.12/site-packages/oslo_config/cfg.py:3256}}
Jun 08 14:41:14.978978 np0000002318 nova-scheduler[95754]: DEBUG cotyledon.oslo_config_glue [-] oslo_reports.file_event_handler_interval = 1 {{(pid=95754) log_opt_values /opt/stack/data/venv/lib/python3.12/site-packages/oslo_config/cfg.py:3256}}
Jun 08 14:41:14.978978 np0000002318 nova-scheduler[95754]: DEBUG cotyledon.oslo_config_glue [-] oslo_reports.log_dir = None {{(pid=95754) log_opt_values /opt/stack/data/venv/lib/python3.12/site-packages/oslo_config/cfg.py:3256}}
Jun 08 14:41:14.979320 np0000002318 nova-scheduler[95754]: DEBUG cotyledon.oslo_config_glue [-] ******************************************************************************** {{(pid=95754) log_opt_values /opt/stack/data/venv/lib/python3.12/site-packages/oslo_config/cfg.py:3263}}
Jun 08 14:41:14.979320 np0000002318 nova-scheduler[95754]: DEBUG cotyledon._service_worker [-] Run service ServiceWrapper(2) [95754] {{(pid=95754) wait_forever /opt/stack/data/venv/lib/python3.12/site-packages/cotyledon/_service_worker.py:218}}
Jun 08 14:41:14.979320 np0000002318 nova-scheduler[95754]: INFO nova.service [-] Starting scheduler node (version 33.1.0)
Jun 08 14:41:14.979320 np0000002318 nova-scheduler[95754]: INFO dbcounter [None req-674c0fc0-3e10-49a3-bbe0-002e8973c8e5 None None] Registered counter for database nova_cell0
Jun 08 14:41:14.979479 np0000002318 nova-scheduler[95734]: DEBUG oslo_db.sqlalchemy.engines [None req-9fd5061c-0a41-4333-82c3-ca08cf0b14d5 None None] MySQL server mode set to STRICT_TRANS_TABLES,STRICT_ALL_TABLES,NO_ZERO_IN_DATE,NO_ZERO_DATE,ERROR_FOR_DIVISION_BY_ZERO,TRADITIONAL,NO_ENGINE_SUBSTITUTION {{(pid=95734) _check_effective_sql_mode /opt/stack/data/venv/lib/python3.12/site-packages/oslo_db/sqlalchemy/engines.py:325}}
Jun 08 14:41:14.981149 np0000002318 nova-scheduler[95736]: DEBUG oslo_db.sqlalchemy.engines [None req-75225ac8-cebc-4105-87e9-44e04e01402b None None] MySQL server mode set to STRICT_TRANS_TABLES,STRICT_ALL_TABLES,NO_ZERO_IN_DATE,NO_ZERO_DATE,ERROR_FOR_DIVISION_BY_ZERO,TRADITIONAL,NO_ENGINE_SUBSTITUTION {{(pid=95736) _check_effective_sql_mode /opt/stack/data/venv/lib/python3.12/site-packages/oslo_db/sqlalchemy/engines.py:325}}
Jun 08 14:41:14.986038 np0000002318 nova-scheduler[95734]: DEBUG dbcounter [-] [95734] Writer thread running {{(pid=95734) stat_writer /opt/stack/data/venv/lib/python3.12/site-packages/dbcounter.py:102}}
Jun 08 14:41:14.987955 np0000002318 nova-scheduler[95754]: DEBUG oslo_db.sqlalchemy.engines [None req-674c0fc0-3e10-49a3-bbe0-002e8973c8e5 None None] MySQL server mode set to STRICT_TRANS_TABLES,STRICT_ALL_TABLES,NO_ZERO_IN_DATE,NO_ZERO_DATE,ERROR_FOR_DIVISION_BY_ZERO,TRADITIONAL,NO_ENGINE_SUBSTITUTION {{(pid=95754) _check_effective_sql_mode /opt/stack/data/venv/lib/python3.12/site-packages/oslo_db/sqlalchemy/engines.py:325}}
Jun 08 14:41:14.990131 np0000002318 nova-scheduler[95736]: DEBUG dbcounter [-] [95736] Writer thread running {{(pid=95736) stat_writer /opt/stack/data/venv/lib/python3.12/site-packages/dbcounter.py:102}}
Jun 08 14:41:14.997010 np0000002318 nova-scheduler[95754]: DEBUG dbcounter [-] [95754] Writer thread running {{(pid=95754) stat_writer /opt/stack/data/venv/lib/python3.12/site-packages/dbcounter.py:102}}
Jun 08 14:41:15.001354 np0000002318 nova-scheduler[95734]: DEBUG nova.service [None req-9fd5061c-0a41-4333-82c3-ca08cf0b14d5 None None] Creating RPC server for service: nova-scheduler on topic: scheduler {{(pid=95734) start /opt/stack/nova/nova/service.py:195}}
Jun 08 14:41:15.004570 np0000002318 nova-scheduler[95736]: DEBUG nova.service [None req-75225ac8-cebc-4105-87e9-44e04e01402b None None] Creating RPC server for service: nova-scheduler on topic: scheduler {{(pid=95736) start /opt/stack/nova/nova/service.py:195}}
Jun 08 14:41:15.010451 np0000002318 nova-scheduler[95754]: DEBUG nova.service [None req-674c0fc0-3e10-49a3-bbe0-002e8973c8e5 None None] Creating RPC server for service: nova-scheduler on topic: scheduler {{(pid=95754) start /opt/stack/nova/nova/service.py:195}}
Jun 08 14:41:15.029775 np0000002318 nova-scheduler[95734]: DEBUG nova.service [None req-9fd5061c-0a41-4333-82c3-ca08cf0b14d5 None None] Join ServiceGroup membership for this service scheduler {{(pid=95734) start /opt/stack/nova/nova/service.py:221}}
Jun 08 14:41:15.029940 np0000002318 nova-scheduler[95754]: DEBUG nova.service [None req-674c0fc0-3e10-49a3-bbe0-002e8973c8e5 None None] Join ServiceGroup membership for this service scheduler {{(pid=95754) start /opt/stack/nova/nova/service.py:221}}
Jun 08 14:41:15.030001 np0000002318 nova-scheduler[95734]: DEBUG nova.servicegroup.drivers.db [None req-9fd5061c-0a41-4333-82c3-ca08cf0b14d5 None None] DB_Driver: join new ServiceGroup member np0000002318 to the scheduler group, service = {{(pid=95734) join /opt/stack/nova/nova/servicegroup/drivers/db.py:44}}
Jun 08 14:41:15.030047 np0000002318 nova-scheduler[95754]: DEBUG nova.servicegroup.drivers.db [None req-674c0fc0-3e10-49a3-bbe0-002e8973c8e5 None None] DB_Driver: join new ServiceGroup member np0000002318 to the scheduler group, service = {{(pid=95754) join /opt/stack/nova/nova/servicegroup/drivers/db.py:44}}
Jun 08 14:41:15.030087 np0000002318 nova-scheduler[95736]: DEBUG nova.service [None req-75225ac8-cebc-4105-87e9-44e04e01402b None None] Join ServiceGroup membership for this service scheduler {{(pid=95736) start /opt/stack/nova/nova/service.py:221}}
Jun 08 14:41:15.030252 np0000002318 nova-scheduler[95736]: DEBUG nova.servicegroup.drivers.db [None req-75225ac8-cebc-4105-87e9-44e04e01402b None None] DB_Driver: join new ServiceGroup member np0000002318 to the scheduler group, service = {{(pid=95736) join /opt/stack/nova/nova/servicegroup/drivers/db.py:44}}
Jun 08 14:41:20.043160 np0000002318 nova-scheduler[95754]: DEBUG oslo.service.backend._threading.loopingcall [-] Fixed interval looping call 'nova.servicegroup.drivers.db.DbDriver._report_state' sleeping for 119.99 seconds {{(pid=95754) _run_loop /opt/stack/data/venv/lib/python3.12/site-packages/oslo_service/backend/_threading/loopingcall.py:125}}
Jun 08 14:41:20.043506 np0000002318 nova-scheduler[95734]: DEBUG oslo.service.backend._threading.loopingcall [-] Fixed interval looping call 'nova.servicegroup.drivers.db.DbDriver._report_state' sleeping for 119.99 seconds {{(pid=95734) _run_loop /opt/stack/data/venv/lib/python3.12/site-packages/oslo_service/backend/_threading/loopingcall.py:125}}
Jun 08 14:41:20.045000 np0000002318 nova-scheduler[95736]: DEBUG oslo.service.backend._threading.loopingcall [-] Fixed interval looping call 'nova.servicegroup.drivers.db.DbDriver._report_state' sleeping for 119.99 seconds {{(pid=95736) _run_loop /opt/stack/data/venv/lib/python3.12/site-packages/oslo_service/backend/_threading/loopingcall.py:125}}
Jun 08 14:41:23.611301 np0000002318 nova-scheduler[94528]: DEBUG dbcounter [-] [94528] Writing DB stats nova_api:SELECT=3 {{(pid=94528) stat_writer /opt/stack/data/venv/lib/python3.12/site-packages/dbcounter.py:115}}
Jun 08 14:41:23.734802 np0000002318 nova-scheduler[94528]: DEBUG dbcounter [-] [94528] Writing DB stats nova_cell0:SELECT=1 {{(pid=94528) stat_writer /opt/stack/data/venv/lib/python3.12/site-packages/dbcounter.py:115}}
Jun 08 14:41:23.738817 np0000002318 nova-scheduler[94528]: DEBUG dbcounter [-] [94528] Writing DB stats nova_cell1:SELECT=1 {{(pid=94528) stat_writer /opt/stack/data/venv/lib/python3.12/site-packages/dbcounter.py:115}}
Jun 08 14:41:30.032460 np0000002318 nova-scheduler[95734]: DEBUG oslo.service.backend._threading.loopingcall [None req-a101ccb4-c373-441d-aca8-0a3f3c6503df None None] Dynamic interval looping call 'nova.service.Service.periodic_tasks' sleeping for 60.00 seconds {{(pid=95734) _run_loop /opt/stack/data/venv/lib/python3.12/site-packages/oslo_service/backend/_threading/loopingcall.py:125}}
Jun 08 14:41:30.038964 np0000002318 nova-scheduler[95754]: DEBUG dbcounter [-] [95754] Writing DB stats nova_cell0:SELECT=4,nova_cell0:INSERT=1,nova_cell0:UPDATE=1 {{(pid=95754) stat_writer /opt/stack/data/venv/lib/python3.12/site-packages/dbcounter.py:115}}
Jun 08 14:41:30.040372 np0000002318 nova-scheduler[95734]: DEBUG dbcounter [-] [95734] Writing DB stats nova_cell0:SELECT=4,nova_cell0:INSERT=1,nova_cell0:UPDATE=1 {{(pid=95734) stat_writer /opt/stack/data/venv/lib/python3.12/site-packages/dbcounter.py:115}}
Jun 08 14:41:30.042536 np0000002318 nova-scheduler[95736]: DEBUG dbcounter [-] [95736] Writing DB stats nova_cell0:SELECT=5,nova_cell0:INSERT=1 {{(pid=95736) stat_writer /opt/stack/data/venv/lib/python3.12/site-packages/dbcounter.py:115}}
Jun 08 14:41:46.033159 np0000002318 nova-scheduler[95736]: DEBUG oslo.service.backend._threading.loopingcall [None req-574e8ee4-4294-421c-8c1b-949e89e41b27 None None] Dynamic interval looping call 'nova.service.Service.periodic_tasks' sleeping for 60.00 seconds {{(pid=95736) _run_loop /opt/stack/data/venv/lib/python3.12/site-packages/oslo_service/backend/_threading/loopingcall.py:125}}
Jun 08 14:42:02.032343 np0000002318 nova-scheduler[95754]: DEBUG oslo.service.backend._threading.loopingcall [None req-85048c71-7ddb-4235-8153-3b27a061b58e None None] Dynamic interval looping call 'nova.service.Service.periodic_tasks' sleeping for 60.00 seconds {{(pid=95754) _run_loop /opt/stack/data/venv/lib/python3.12/site-packages/oslo_service/backend/_threading/loopingcall.py:125}}
Jun 08 14:42:30.032990 np0000002318 nova-scheduler[95734]: DEBUG oslo.service.backend._threading.loopingcall [None req-a101ccb4-c373-441d-aca8-0a3f3c6503df None None] Dynamic interval looping call 'nova.service.Service.periodic_tasks' sleeping for 60.00 seconds {{(pid=95734) _run_loop /opt/stack/data/venv/lib/python3.12/site-packages/oslo_service/backend/_threading/loopingcall.py:125}}
Jun 08 14:42:46.033614 np0000002318 nova-scheduler[95736]: DEBUG oslo.service.backend._threading.loopingcall [None req-574e8ee4-4294-421c-8c1b-949e89e41b27 None None] Dynamic interval looping call 'nova.service.Service.periodic_tasks' sleeping for 60.00 seconds {{(pid=95736) _run_loop /opt/stack/data/venv/lib/python3.12/site-packages/oslo_service/backend/_threading/loopingcall.py:125}}
Jun 08 14:43:02.032702 np0000002318 nova-scheduler[95754]: DEBUG oslo.service.backend._threading.loopingcall [None req-85048c71-7ddb-4235-8153-3b27a061b58e None None] Dynamic interval looping call 'nova.service.Service.periodic_tasks' sleeping for 60.00 seconds {{(pid=95754) _run_loop /opt/stack/data/venv/lib/python3.12/site-packages/oslo_service/backend/_threading/loopingcall.py:125}}
Jun 08 14:43:20.039540 np0000002318 nova-scheduler[95734]: DEBUG oslo.service.backend._threading.loopingcall [-] Fixed interval looping call 'nova.servicegroup.drivers.db.DbDriver._report_state' sleeping for 119.99 seconds {{(pid=95734) _run_loop /opt/stack/data/venv/lib/python3.12/site-packages/oslo_service/backend/_threading/loopingcall.py:125}}
Jun 08 14:43:20.041600 np0000002318 nova-scheduler[95754]: DEBUG oslo.service.backend._threading.loopingcall [-] Fixed interval looping call 'nova.servicegroup.drivers.db.DbDriver._report_state' sleeping for 119.99 seconds {{(pid=95754) _run_loop /opt/stack/data/venv/lib/python3.12/site-packages/oslo_service/backend/_threading/loopingcall.py:125}}
Jun 08 14:43:20.043809 np0000002318 nova-scheduler[95736]: DEBUG oslo.service.backend._threading.loopingcall [-] Fixed interval looping call 'nova.servicegroup.drivers.db.DbDriver._report_state' sleeping for 119.99 seconds {{(pid=95736) _run_loop /opt/stack/data/venv/lib/python3.12/site-packages/oslo_service/backend/_threading/loopingcall.py:125}}
Jun 08 14:43:30.033497 np0000002318 nova-scheduler[95734]: DEBUG oslo.service.backend._threading.loopingcall [None req-a101ccb4-c373-441d-aca8-0a3f3c6503df None None] Dynamic interval looping call 'nova.service.Service.periodic_tasks' sleeping for 60.00 seconds {{(pid=95734) _run_loop /opt/stack/data/venv/lib/python3.12/site-packages/oslo_service/backend/_threading/loopingcall.py:125}}
Jun 08 14:43:30.036639 np0000002318 nova-scheduler[95734]: DEBUG dbcounter [-] [95734] Writing DB stats nova_cell0:SELECT=1,nova_cell0:UPDATE=1 {{(pid=95734) stat_writer /opt/stack/data/venv/lib/python3.12/site-packages/dbcounter.py:115}}
Jun 08 14:43:30.038397 np0000002318 nova-scheduler[95754]: DEBUG dbcounter [-] [95754] Writing DB stats nova_cell0:SELECT=1,nova_cell0:UPDATE=1 {{(pid=95754) stat_writer /opt/stack/data/venv/lib/python3.12/site-packages/dbcounter.py:115}}
Jun 08 14:43:30.042613 np0000002318 nova-scheduler[95736]: DEBUG dbcounter [-] [95736] Writing DB stats nova_cell0:SELECT=1,nova_cell0:UPDATE=1 {{(pid=95736) stat_writer /opt/stack/data/venv/lib/python3.12/site-packages/dbcounter.py:115}}
Jun 08 14:43:46.034039 np0000002318 nova-scheduler[95736]: DEBUG oslo.service.backend._threading.loopingcall [None req-574e8ee4-4294-421c-8c1b-949e89e41b27 None None] Dynamic interval looping call 'nova.service.Service.periodic_tasks' sleeping for 60.00 seconds {{(pid=95736) _run_loop /opt/stack/data/venv/lib/python3.12/site-packages/oslo_service/backend/_threading/loopingcall.py:125}}
Jun 08 14:44:01.346151 np0000002318 nova-scheduler[95734]: DEBUG nova.scheduler.manager [None req-12081a8b-a158-4134-bcf0-5cad91cfc3ff tempest-ServersNegativeTestJSON-1843465776 tempest-ServersNegativeTestJSON-1843465776-project-member] Starting to schedule for instances: ['c1fa7ec2-8316-4f90-9bbb-db36fc3250aa'] {{(pid=95734) select_destinations /opt/stack/nova/nova/scheduler/manager.py:210}}
Jun 08 14:44:01.347199 np0000002318 nova-scheduler[95734]: DEBUG nova.scheduler.request_filter [None req-12081a8b-a158-4134-bcf0-5cad91cfc3ff tempest-ServersNegativeTestJSON-1843465776 tempest-ServersNegativeTestJSON-1843465776-project-member] compute_status_filter request filter added forbidden trait COMPUTE_STATUS_DISABLED {{(pid=95734) compute_status_filter /opt/stack/nova/nova/scheduler/request_filter.py:253}}
Jun 08 14:44:01.347199 np0000002318 nova-scheduler[95734]: DEBUG nova.scheduler.request_filter [None req-12081a8b-a158-4134-bcf0-5cad91cfc3ff tempest-ServersNegativeTestJSON-1843465776 tempest-ServersNegativeTestJSON-1843465776-project-member] Request filter 'compute_status_filter' took 0.0 seconds {{(pid=95734) wrapper /opt/stack/nova/nova/scheduler/request_filter.py:46}}
Jun 08 14:44:01.347446 np0000002318 nova-scheduler[95734]: DEBUG nova.scheduler.request_filter [None req-12081a8b-a158-4134-bcf0-5cad91cfc3ff tempest-ServersNegativeTestJSON-1843465776 tempest-ServersNegativeTestJSON-1843465776-project-member] Request filter 'accelerators_filter' took 0.0 seconds {{(pid=95734) wrapper /opt/stack/nova/nova/scheduler/request_filter.py:46}}
Jun 08 14:44:01.347656 np0000002318 nova-scheduler[95734]: DEBUG nova.scheduler.request_filter [None req-12081a8b-a158-4134-bcf0-5cad91cfc3ff tempest-ServersNegativeTestJSON-1843465776 tempest-ServersNegativeTestJSON-1843465776-project-member] Request filter 'packed_virtqueue_filter' took 0.0 seconds {{(pid=95734) wrapper /opt/stack/nova/nova/scheduler/request_filter.py:46}}
Jun 08 14:44:01.347979 np0000002318 nova-scheduler[95734]: DEBUG nova.scheduler.request_filter [None req-12081a8b-a158-4134-bcf0-5cad91cfc3ff tempest-ServersNegativeTestJSON-1843465776 tempest-ServersNegativeTestJSON-1843465776-project-member] Request filter 'remote_managed_ports_filter' took 0.0 seconds {{(pid=95734) wrapper /opt/stack/nova/nova/scheduler/request_filter.py:46}}
Jun 08 14:44:01.348564 np0000002318 nova-scheduler[95734]: DEBUG nova.scheduler.request_filter [None req-12081a8b-a158-4134-bcf0-5cad91cfc3ff tempest-ServersNegativeTestJSON-1843465776 tempest-ServersNegativeTestJSON-1843465776-project-member] ephemeral_encryption_filter skipped {{(pid=95734) ephemeral_encryption_filter /opt/stack/nova/nova/scheduler/request_filter.py:426}}
Jun 08 14:44:01.348564 np0000002318 nova-scheduler[95734]: DEBUG nova.scheduler.request_filter [None req-12081a8b-a158-4134-bcf0-5cad91cfc3ff tempest-ServersNegativeTestJSON-1843465776 tempest-ServersNegativeTestJSON-1843465776-project-member] virtio_sound_filter skipped {{(pid=95734) virtio_sound_filter /opt/stack/nova/nova/scheduler/request_filter.py:460}}
Jun 08 14:44:01.348564 np0000002318 nova-scheduler[95734]: DEBUG nova.scheduler.request_filter [None req-12081a8b-a158-4134-bcf0-5cad91cfc3ff tempest-ServersNegativeTestJSON-1843465776 tempest-ServersNegativeTestJSON-1843465776-project-member] tpm_secret_security_filter skipped {{(pid=95734) tpm_secret_security_filter /opt/stack/nova/nova/scheduler/request_filter.py:477}}
Jun 08 14:44:01.634309 np0000002318 nova-scheduler[95754]: DEBUG nova.scheduler.manager [None req-655131d7-c6c8-4a6f-b695-23d6eadd8302 tempest-DeleteServersTestJSON-1020815436 tempest-DeleteServersTestJSON-1020815436-project-member] Starting to schedule for instances: ['0d8d7992-06b1-4d18-b564-b45e12dbd152'] {{(pid=95754) select_destinations /opt/stack/nova/nova/scheduler/manager.py:210}}
Jun 08 14:44:01.634774 np0000002318 nova-scheduler[95754]: DEBUG nova.scheduler.request_filter [None req-655131d7-c6c8-4a6f-b695-23d6eadd8302 tempest-DeleteServersTestJSON-1020815436 tempest-DeleteServersTestJSON-1020815436-project-member] compute_status_filter request filter added forbidden trait COMPUTE_STATUS_DISABLED {{(pid=95754) compute_status_filter /opt/stack/nova/nova/scheduler/request_filter.py:253}}
Jun 08 14:44:01.634913 np0000002318 nova-scheduler[95754]: DEBUG nova.scheduler.request_filter [None req-655131d7-c6c8-4a6f-b695-23d6eadd8302 tempest-DeleteServersTestJSON-1020815436 tempest-DeleteServersTestJSON-1020815436-project-member] Request filter 'compute_status_filter' took 0.0 seconds {{(pid=95754) wrapper /opt/stack/nova/nova/scheduler/request_filter.py:46}}
Jun 08 14:44:01.635677 np0000002318 nova-scheduler[95754]: DEBUG nova.scheduler.request_filter [None req-655131d7-c6c8-4a6f-b695-23d6eadd8302 tempest-DeleteServersTestJSON-1020815436 tempest-DeleteServersTestJSON-1020815436-project-member] Request filter 'accelerators_filter' took 0.0 seconds {{(pid=95754) wrapper /opt/stack/nova/nova/scheduler/request_filter.py:46}}
Jun 08 14:44:01.635920 np0000002318 nova-scheduler[95754]: DEBUG nova.scheduler.request_filter [None req-655131d7-c6c8-4a6f-b695-23d6eadd8302 tempest-DeleteServersTestJSON-1020815436 tempest-DeleteServersTestJSON-1020815436-project-member] Request filter 'packed_virtqueue_filter' took 0.0 seconds {{(pid=95754) wrapper /opt/stack/nova/nova/scheduler/request_filter.py:46}}
Jun 08 14:44:01.636771 np0000002318 nova-scheduler[95754]: DEBUG nova.scheduler.request_filter [None req-655131d7-c6c8-4a6f-b695-23d6eadd8302 tempest-DeleteServersTestJSON-1020815436 tempest-DeleteServersTestJSON-1020815436-project-member] Request filter 'remote_managed_ports_filter' took 0.0 seconds {{(pid=95754) wrapper /opt/stack/nova/nova/scheduler/request_filter.py:46}}
Jun 08 14:44:01.636971 np0000002318 nova-scheduler[95754]: DEBUG nova.scheduler.request_filter [None req-655131d7-c6c8-4a6f-b695-23d6eadd8302 tempest-DeleteServersTestJSON-1020815436 tempest-DeleteServersTestJSON-1020815436-project-member] ephemeral_encryption_filter skipped {{(pid=95754) ephemeral_encryption_filter /opt/stack/nova/nova/scheduler/request_filter.py:426}}
Jun 08 14:44:01.637086 np0000002318 nova-scheduler[95754]: DEBUG nova.scheduler.request_filter [None req-655131d7-c6c8-4a6f-b695-23d6eadd8302 tempest-DeleteServersTestJSON-1020815436 tempest-DeleteServersTestJSON-1020815436-project-member] virtio_sound_filter skipped {{(pid=95754) virtio_sound_filter /opt/stack/nova/nova/scheduler/request_filter.py:460}}
Jun 08 14:44:01.637195 np0000002318 nova-scheduler[95754]: DEBUG nova.scheduler.request_filter [None req-655131d7-c6c8-4a6f-b695-23d6eadd8302 tempest-DeleteServersTestJSON-1020815436 tempest-DeleteServersTestJSON-1020815436-project-member] tpm_secret_security_filter skipped {{(pid=95754) tpm_secret_security_filter /opt/stack/nova/nova/scheduler/request_filter.py:477}}
Jun 08 14:44:02.004323 np0000002318 nova-scheduler[95754]: INFO nova.utils [None req-655131d7-c6c8-4a6f-b695-23d6eadd8302 tempest-DeleteServersTestJSON-1020815436 tempest-DeleteServersTestJSON-1020815436-project-member] The cell worker thread pool ForkProcess-3.cell_worker is initialized
Jun 08 14:44:02.004683 np0000002318 nova-scheduler[95754]: DEBUG oslo_concurrency.lockutils [None req-655131d7-c6c8-4a6f-b695-23d6eadd8302 tempest-DeleteServersTestJSON-1020815436 tempest-DeleteServersTestJSON-1020815436-project-member] Acquiring lock "06d535fe-3b9c-4cfd-a4a4-3c2b248e5623" by "nova.context.set_target_cell..get_or_set_cached_cell_and_set_connections" {{(pid=95754) inner /opt/stack/data/venv/lib/python3.12/site-packages/oslo_concurrency/lockutils.py:511}}
Jun 08 14:44:02.004932 np0000002318 nova-scheduler[95754]: DEBUG oslo_concurrency.lockutils [None req-655131d7-c6c8-4a6f-b695-23d6eadd8302 tempest-DeleteServersTestJSON-1020815436 tempest-DeleteServersTestJSON-1020815436-project-member] Lock "06d535fe-3b9c-4cfd-a4a4-3c2b248e5623" acquired by "nova.context.set_target_cell..get_or_set_cached_cell_and_set_connections" :: waited 0.000s {{(pid=95754) inner /opt/stack/data/venv/lib/python3.12/site-packages/oslo_concurrency/lockutils.py:524}}
Jun 08 14:44:02.006923 np0000002318 nova-scheduler[95754]: DEBUG oslo_concurrency.lockutils [None req-655131d7-c6c8-4a6f-b695-23d6eadd8302 tempest-DeleteServersTestJSON-1020815436 tempest-DeleteServersTestJSON-1020815436-project-member] Lock "06d535fe-3b9c-4cfd-a4a4-3c2b248e5623" "released" by "nova.context.set_target_cell..get_or_set_cached_cell_and_set_connections" :: held 0.002s {{(pid=95754) inner /opt/stack/data/venv/lib/python3.12/site-packages/oslo_concurrency/lockutils.py:543}}
Jun 08 14:44:02.012565 np0000002318 nova-scheduler[95754]: INFO dbcounter [None req-655131d7-c6c8-4a6f-b695-23d6eadd8302 tempest-DeleteServersTestJSON-1020815436 tempest-DeleteServersTestJSON-1020815436-project-member] Registered counter for database nova_cell1
Jun 08 14:44:02.033273 np0000002318 nova-scheduler[95754]: DEBUG oslo.service.backend._threading.loopingcall [None req-85048c71-7ddb-4235-8153-3b27a061b58e None None] Dynamic interval looping call 'nova.service.Service.periodic_tasks' sleeping for 60.00 seconds {{(pid=95754) _run_loop /opt/stack/data/venv/lib/python3.12/site-packages/oslo_service/backend/_threading/loopingcall.py:125}}
Jun 08 14:44:02.062108 np0000002318 nova-scheduler[95754]: DEBUG oslo_db.sqlalchemy.engines [None req-655131d7-c6c8-4a6f-b695-23d6eadd8302 tempest-DeleteServersTestJSON-1020815436 tempest-DeleteServersTestJSON-1020815436-project-member] MySQL server mode set to STRICT_TRANS_TABLES,STRICT_ALL_TABLES,NO_ZERO_IN_DATE,NO_ZERO_DATE,ERROR_FOR_DIVISION_BY_ZERO,TRADITIONAL,NO_ENGINE_SUBSTITUTION {{(pid=95754) _check_effective_sql_mode /opt/stack/data/venv/lib/python3.12/site-packages/oslo_db/sqlalchemy/engines.py:325}}
Jun 08 14:44:02.075450 np0000002318 nova-scheduler[95754]: DEBUG dbcounter [-] [95754] Writer thread running {{(pid=95754) stat_writer /opt/stack/data/venv/lib/python3.12/site-packages/dbcounter.py:102}}
Jun 08 14:44:02.098753 np0000002318 nova-scheduler[95754]: DEBUG oslo_db.sqlalchemy.engines [None req-655131d7-c6c8-4a6f-b695-23d6eadd8302 tempest-DeleteServersTestJSON-1020815436 tempest-DeleteServersTestJSON-1020815436-project-member] Parent process 94528 forked (95754) with an open database connection, which is being discarded and recreated. {{(pid=95754) checkout /opt/stack/data/venv/lib/python3.12/site-packages/oslo_db/sqlalchemy/engines.py:402}}
Jun 08 14:44:02.137178 np0000002318 nova-scheduler[95754]: DEBUG dbcounter [-] [95754] Writer thread running {{(pid=95754) stat_writer /opt/stack/data/venv/lib/python3.12/site-packages/dbcounter.py:102}}
Jun 08 14:44:02.141101 np0000002318 nova-scheduler[95754]: DEBUG oslo_concurrency.lockutils [None req-655131d7-c6c8-4a6f-b695-23d6eadd8302 tempest-DeleteServersTestJSON-1020815436 tempest-DeleteServersTestJSON-1020815436-project-member] Acquiring lock "06d535fe-3b9c-4cfd-a4a4-3c2b248e5623" by "nova.context.set_target_cell..get_or_set_cached_cell_and_set_connections" {{(pid=95754) inner /opt/stack/data/venv/lib/python3.12/site-packages/oslo_concurrency/lockutils.py:511}}
Jun 08 14:44:02.141101 np0000002318 nova-scheduler[95754]: DEBUG oslo_concurrency.lockutils [None req-655131d7-c6c8-4a6f-b695-23d6eadd8302 tempest-DeleteServersTestJSON-1020815436 tempest-DeleteServersTestJSON-1020815436-project-member] Lock "06d535fe-3b9c-4cfd-a4a4-3c2b248e5623" acquired by "nova.context.set_target_cell..get_or_set_cached_cell_and_set_connections" :: waited 0.000s {{(pid=95754) inner /opt/stack/data/venv/lib/python3.12/site-packages/oslo_concurrency/lockutils.py:524}}
Jun 08 14:44:02.141101 np0000002318 nova-scheduler[95754]: DEBUG oslo_concurrency.lockutils [None req-655131d7-c6c8-4a6f-b695-23d6eadd8302 tempest-DeleteServersTestJSON-1020815436 tempest-DeleteServersTestJSON-1020815436-project-member] Lock "06d535fe-3b9c-4cfd-a4a4-3c2b248e5623" "released" by "nova.context.set_target_cell..get_or_set_cached_cell_and_set_connections" :: held 0.000s {{(pid=95754) inner /opt/stack/data/venv/lib/python3.12/site-packages/oslo_concurrency/lockutils.py:543}}
Jun 08 14:44:02.143351 np0000002318 nova-scheduler[95754]: DEBUG oslo_concurrency.lockutils [None req-655131d7-c6c8-4a6f-b695-23d6eadd8302 tempest-DeleteServersTestJSON-1020815436 tempest-DeleteServersTestJSON-1020815436-project-member] Acquiring lock "('np0000002318', 'np0000002318')" by "nova.scheduler.host_manager.HostState.update.._locked_update" {{(pid=95754) inner /opt/stack/data/venv/lib/python3.12/site-packages/oslo_concurrency/lockutils.py:511}}
Jun 08 14:44:02.143499 np0000002318 nova-scheduler[95754]: DEBUG oslo_concurrency.lockutils [None req-655131d7-c6c8-4a6f-b695-23d6eadd8302 tempest-DeleteServersTestJSON-1020815436 tempest-DeleteServersTestJSON-1020815436-project-member] Lock "('np0000002318', 'np0000002318')" acquired by "nova.scheduler.host_manager.HostState.update.._locked_update" :: waited 0.000s {{(pid=95754) inner /opt/stack/data/venv/lib/python3.12/site-packages/oslo_concurrency/lockutils.py:524}}
Jun 08 14:44:02.145735 np0000002318 nova-scheduler[95754]: DEBUG nova.scheduler.host_manager [None req-655131d7-c6c8-4a6f-b695-23d6eadd8302 tempest-DeleteServersTestJSON-1020815436 tempest-DeleteServersTestJSON-1020815436-project-member] Update host state from compute node: ComputeNode(cpu_allocation_ratio=4.0,cpu_info='{"arch": "x86_64", "model": "EPYC-Milan", "vendor": "AMD", "topology": {"cells": 1, "sockets": 12, "cores": 1, "threads": 1}, "maxphysaddr": {"mode": "emulate", "bits": 40}, "features": ["amd-psfd", "rdtscp", "cmp_legacy", "misalignsse", "amd-ssbd", "fma", "no-nested-data-bp", "mce", "msr", "sha-ni", "abm", "mca", "ssbd", "sse4.2", "perfctr_core", "3dnowprefetch", "popcnt", "tsc_adjust", "nrip-save", "nx", "f16c", "sse4.1", "tsc-deadline", "mtrr", "cr8legacy", "osvw", "lm", "pause-filter", "fsrm", "mmx", "clzero", "pse36", "pae", "pku", "spec-ctrl", "pge", "ibpb", "svm", "xsaveopt", "invpcid", "cmov", "amd-stibp", "pat", "vpclmulqdq", "xsaveerptr", "pdpe1gb", "smap", "de", "pse", "topoext", "fsgsbase", "pschange-mc-no", "sep", "vaes", "ssse3", "pcid", "pfthreshold", "aes", "adx", "svme-addr-chk", "mds-no", "mmxext", "stibp", "wbnoinvd", "skip-l1dfl-vmentry", "bmi2", "umip", "lahf_lm", "vme", "syscall", "sse4a", "x2apic", "fpu", "stibp-always-on", "cx8", "erms", "virt-ssbd", "pclmuldq", "rdseed", "flushbyasid", "lfence-always-serializing", "rdctl-no", "xsave", "movbe", "tsc-scale", "vgif", "apic", "clwb", "arch-capabilities", "avx", "npt", "v-vmsave-vmload", "vmcb-clean", "ibrs", "clflushopt", "fxsr_opt", "xgetbv1", "sse", "fxsr", "xsaves", "tsc", "bmi1", "avx2", "rdpid", "rdrand", "gds-no", "arat", "hypervisor", "xsavec", "pni", "null-sel-clr-base", "clflush", "cx16", "smep", "lbrv", "sse2"]}',created_at=2026-06-08T14:41:40Z,current_workload=0,deleted=False,deleted_at=None,disk_allocation_ratio=1.0,disk_available_least=74,free_disk_gb=95,free_ram_mb=23518,host='np0000002318',host_ip=10.4.3.122,hypervisor_hostname='np0000002318',hypervisor_type='QEMU',hypervisor_version=8002002,id=1,local_gb=95,local_gb_used=0,mapped=1,memory_mb=24030,memory_mb_used=512,metrics='[]',numa_topology='{"nova_object.name": "NUMATopology", "nova_object.namespace": "nova", "nova_object.version": "1.2", "nova_object.data": {"cells": [{"nova_object.name": "NUMACell", "nova_object.namespace": "nova", "nova_object.version": "1.5", "nova_object.data": {"id": 0, "cpuset": [0, 1, 2, 3, 4, 5, 6, 7, 8, 9, 10, 11], "pcpuset": [0, 1, 2, 3, 4, 5, 6, 7, 8, 9, 10, 11], "memory": 24030, "cpu_usage": 0, "memory_usage": 0, "pinned_cpus": [], "siblings": [[6], [2], [5], [11], [8], [4], [1], [7], [10], [0], [3], [9]], "mempages": [{"nova_object.name": "NUMAPagesTopology", "nova_object.namespace": "nova", "nova_object.version": "1.1", "nova_object.data": {"size_kb": 4, "total": 6151796, "used": 0, "reserved": 0}, "nova_object.changes": ["total", "used", "reserved", "size_kb"]}, {"nova_object.name": "NUMAPagesTopology", "nova_object.namespace": "nova", "nova_object.version": "1.1", "nova_object.data": {"size_kb": 2048, "total": 0, "used": 0, "reserved": 0}, "nova_object.changes": ["total", "used", "reserved", "size_kb"]}, {"nova_object.name": "NUMAPagesTopology", "nova_object.namespace": "nova", "nova_object.version": "1.1", "nova_object.data": {"size_kb": 1048576, "total": 0, "used": 0, "reserved": 0}, "nova_object.changes": ["total", "used", "reserved", "size_kb"]}], "network_metadata": {"nova_object.name": "NetworkMetadata", "nova_object.namespace": "nova", "nova_object.version": "1.0", "nova_object.data": {"physnets": [], "tunneled": false}, "nova_object.changes": ["tunneled", "physnets"]}, "socket": null}, "nova_object.changes": ["cpuset", "id", "mempages", "pcpuset", "memory_usage", "memory", "siblings", "pinned_cpus", "cpu_usage", "network_metadata", "socket"]}]}, "nova_object.changes": ["cells"]}',pci_device_pools=PciDevicePoolList,ram_allocation_ratio=1.0,running_vms=0,service_id=2,stats={failed_builds='0',uptime=' 14:43:25 up 28 min, 2 users, load average: 1.37, 1.43, 0.81
Jun 08 14:44:02.145735 np0000002318 nova-scheduler[95754]: '},supported_hv_specs=[HVSpec,HVSpec,HVSpec,HVSpec,HVSpec,HVSpec,HVSpec,HVSpec,HVSpec,HVSpec,HVSpec,HVSpec,HVSpec,HVSpec,HVSpec,HVSpec,HVSpec,HVSpec,HVSpec,HVSpec,HVSpec,HVSpec,HVSpec,HVSpec,HVSpec],updated_at=2026-06-08T14:43:28Z,uuid=d44a1efa-b95e-48f8-a9c8-c15ee95c5d21,vcpus=12,vcpus_used=0) {{(pid=95754) _locked_update /opt/stack/nova/nova/scheduler/host_manager.py:168}}
Jun 08 14:44:02.145735 np0000002318 nova-scheduler[95754]: DEBUG nova.scheduler.host_manager [None req-655131d7-c6c8-4a6f-b695-23d6eadd8302 tempest-DeleteServersTestJSON-1020815436 tempest-DeleteServersTestJSON-1020815436-project-member] Update host state with aggregates: [] {{(pid=95754) _locked_update /opt/stack/nova/nova/scheduler/host_manager.py:171}}
Jun 08 14:44:02.145735 np0000002318 nova-scheduler[95754]: DEBUG nova.scheduler.host_manager [None req-655131d7-c6c8-4a6f-b695-23d6eadd8302 tempest-DeleteServersTestJSON-1020815436 tempest-DeleteServersTestJSON-1020815436-project-member] Update host state with service dict: {'id': 2, 'uuid': 'ec40708c-334d-4367-bad0-51c52d6d7cc5', 'host': 'np0000002318', 'binary': 'nova-compute', 'topic': 'compute', 'report_count': 2, 'disabled': False, 'disabled_reason': None, 'last_seen_up': datetime.datetime(2026, 6, 8, 14, 43, 49, tzinfo=datetime.timezone.utc), 'forced_down': False, 'version': 72, 'created_at': datetime.datetime(2026, 6, 8, 14, 41, 39, tzinfo=datetime.timezone.utc), 'updated_at': datetime.datetime(2026, 6, 8, 14, 43, 49, tzinfo=datetime.timezone.utc), 'deleted_at': None, 'deleted': False} {{(pid=95754) _locked_update /opt/stack/nova/nova/scheduler/host_manager.py:174}}
Jun 08 14:44:02.145735 np0000002318 nova-scheduler[95754]: DEBUG nova.scheduler.host_manager [None req-655131d7-c6c8-4a6f-b695-23d6eadd8302 tempest-DeleteServersTestJSON-1020815436 tempest-DeleteServersTestJSON-1020815436-project-member] Update host state with instances: [] {{(pid=95754) _locked_update /opt/stack/nova/nova/scheduler/host_manager.py:177}}
Jun 08 14:44:02.145993 np0000002318 nova-scheduler[95754]: DEBUG oslo_concurrency.lockutils [None req-655131d7-c6c8-4a6f-b695-23d6eadd8302 tempest-DeleteServersTestJSON-1020815436 tempest-DeleteServersTestJSON-1020815436-project-member] Lock "('np0000002318', 'np0000002318')" "released" by "nova.scheduler.host_manager.HostState.update.._locked_update" :: held 0.002s {{(pid=95754) inner /opt/stack/data/venv/lib/python3.12/site-packages/oslo_concurrency/lockutils.py:543}}
Jun 08 14:44:02.145993 np0000002318 nova-scheduler[95754]: DEBUG nova.filters [None req-655131d7-c6c8-4a6f-b695-23d6eadd8302 tempest-DeleteServersTestJSON-1020815436 tempest-DeleteServersTestJSON-1020815436-project-member] Starting with 1 host(s) {{(pid=95754) get_filtered_objects /opt/stack/nova/nova/filters.py:70}}
Jun 08 14:44:02.146155 np0000002318 nova-scheduler[95754]: DEBUG nova.filters [None req-655131d7-c6c8-4a6f-b695-23d6eadd8302 tempest-DeleteServersTestJSON-1020815436 tempest-DeleteServersTestJSON-1020815436-project-member] Filter ComputeFilter returned 1 host(s) {{(pid=95754) get_filtered_objects /opt/stack/nova/nova/filters.py:102}}
Jun 08 14:44:02.146314 np0000002318 nova-scheduler[95754]: DEBUG nova.filters [None req-655131d7-c6c8-4a6f-b695-23d6eadd8302 tempest-DeleteServersTestJSON-1020815436 tempest-DeleteServersTestJSON-1020815436-project-member] Filter ComputeCapabilitiesFilter returned 1 host(s) {{(pid=95754) get_filtered_objects /opt/stack/nova/nova/filters.py:102}}
Jun 08 14:44:02.146536 np0000002318 nova-scheduler[95754]: DEBUG nova.filters [None req-655131d7-c6c8-4a6f-b695-23d6eadd8302 tempest-DeleteServersTestJSON-1020815436 tempest-DeleteServersTestJSON-1020815436-project-member] Filter ImagePropertiesFilter returned 1 host(s) {{(pid=95754) get_filtered_objects /opt/stack/nova/nova/filters.py:102}}
Jun 08 14:44:02.146610 np0000002318 nova-scheduler[95754]: DEBUG nova.filters [None req-655131d7-c6c8-4a6f-b695-23d6eadd8302 tempest-DeleteServersTestJSON-1020815436 tempest-DeleteServersTestJSON-1020815436-project-member] Filter ServerGroupAntiAffinityFilter returned 1 host(s) {{(pid=95754) get_filtered_objects /opt/stack/nova/nova/filters.py:102}}
Jun 08 14:44:02.146736 np0000002318 nova-scheduler[95754]: DEBUG nova.filters [None req-655131d7-c6c8-4a6f-b695-23d6eadd8302 tempest-DeleteServersTestJSON-1020815436 tempest-DeleteServersTestJSON-1020815436-project-member] Filter ServerGroupAffinityFilter returned 1 host(s) {{(pid=95754) get_filtered_objects /opt/stack/nova/nova/filters.py:102}}
Jun 08 14:44:02.149068 np0000002318 nova-scheduler[95754]: DEBUG nova.filters [None req-655131d7-c6c8-4a6f-b695-23d6eadd8302 tempest-DeleteServersTestJSON-1020815436 tempest-DeleteServersTestJSON-1020815436-project-member] Filter SameHostFilter returned 1 host(s) {{(pid=95754) get_filtered_objects /opt/stack/nova/nova/filters.py:102}}
Jun 08 14:44:02.149068 np0000002318 nova-scheduler[95754]: DEBUG nova.filters [None req-655131d7-c6c8-4a6f-b695-23d6eadd8302 tempest-DeleteServersTestJSON-1020815436 tempest-DeleteServersTestJSON-1020815436-project-member] Filter DifferentHostFilter returned 1 host(s) {{(pid=95754) get_filtered_objects /opt/stack/nova/nova/filters.py:102}}
Jun 08 14:44:02.149068 np0000002318 nova-scheduler[95754]: DEBUG nova.scheduler.manager [None req-655131d7-c6c8-4a6f-b695-23d6eadd8302 tempest-DeleteServersTestJSON-1020815436 tempest-DeleteServersTestJSON-1020815436-project-member] Filtered [(np0000002318, np0000002318) ram: 23518MB disk: 75776MB io_ops: 0 instances: 0, allocation_candidates: 1] {{(pid=95754) _get_sorted_hosts /opt/stack/nova/nova/scheduler/manager.py:743}}
Jun 08 14:44:02.149068 np0000002318 nova-scheduler[95754]: DEBUG nova.scheduler.manager [None req-655131d7-c6c8-4a6f-b695-23d6eadd8302 tempest-DeleteServersTestJSON-1020815436 tempest-DeleteServersTestJSON-1020815436-project-member] Weighed [WeighedHost [host: (np0000002318, np0000002318) ram: 23518MB disk: 75776MB io_ops: 0 instances: 0, allocation_candidates: 1, weight: 0.0]] {{(pid=95754) _get_sorted_hosts /opt/stack/nova/nova/scheduler/manager.py:765}}
Jun 08 14:44:02.149068 np0000002318 nova-scheduler[95754]: DEBUG nova.scheduler.utils [None req-655131d7-c6c8-4a6f-b695-23d6eadd8302 tempest-DeleteServersTestJSON-1020815436 tempest-DeleteServersTestJSON-1020815436-project-member] Attempting to claim resources in the placement API for instance 0d8d7992-06b1-4d18-b564-b45e12dbd152 {{(pid=95754) claim_resources /opt/stack/nova/nova/scheduler/utils.py:1345}}
Jun 08 14:44:02.306797 np0000002318 nova-scheduler[95754]: DEBUG nova.scheduler.manager [None req-655131d7-c6c8-4a6f-b695-23d6eadd8302 tempest-DeleteServersTestJSON-1020815436 tempest-DeleteServersTestJSON-1020815436-project-member] [instance: 0d8d7992-06b1-4d18-b564-b45e12dbd152] Selected host: (np0000002318, np0000002318) ram: 23518MB disk: 75776MB io_ops: 0 instances: 0, allocation_candidates: 1 {{(pid=95754) _consume_selected_host /opt/stack/nova/nova/scheduler/manager.py:625}}
Jun 08 14:44:02.307132 np0000002318 nova-scheduler[95754]: DEBUG oslo_concurrency.lockutils [None req-655131d7-c6c8-4a6f-b695-23d6eadd8302 tempest-DeleteServersTestJSON-1020815436 tempest-DeleteServersTestJSON-1020815436-project-member] Acquiring lock "('np0000002318', 'np0000002318')" by "nova.scheduler.host_manager.HostState.consume_from_request.._locked" {{(pid=95754) inner /opt/stack/data/venv/lib/python3.12/site-packages/oslo_concurrency/lockutils.py:511}}
Jun 08 14:44:02.307335 np0000002318 nova-scheduler[95754]: DEBUG oslo_concurrency.lockutils [None req-655131d7-c6c8-4a6f-b695-23d6eadd8302 tempest-DeleteServersTestJSON-1020815436 tempest-DeleteServersTestJSON-1020815436-project-member] Lock "('np0000002318', 'np0000002318')" acquired by "nova.scheduler.host_manager.HostState.consume_from_request.._locked" :: waited 0.000s {{(pid=95754) inner /opt/stack/data/venv/lib/python3.12/site-packages/oslo_concurrency/lockutils.py:524}}
Jun 08 14:44:02.307493 np0000002318 nova-scheduler[95754]: DEBUG oslo_concurrency.lockutils [None req-655131d7-c6c8-4a6f-b695-23d6eadd8302 tempest-DeleteServersTestJSON-1020815436 tempest-DeleteServersTestJSON-1020815436-project-member] Lock "('np0000002318', 'np0000002318')" "released" by "nova.scheduler.host_manager.HostState.consume_from_request.._locked" :: held 0.000s {{(pid=95754) inner /opt/stack/data/venv/lib/python3.12/site-packages/oslo_concurrency/lockutils.py:543}}
Jun 08 14:44:02.374475 np0000002318 nova-scheduler[95734]: INFO nova.utils [None req-12081a8b-a158-4134-bcf0-5cad91cfc3ff tempest-ServersNegativeTestJSON-1843465776 tempest-ServersNegativeTestJSON-1843465776-project-member] The cell worker thread pool ForkProcess-1.cell_worker is initialized
Jun 08 14:44:02.374806 np0000002318 nova-scheduler[95734]: DEBUG oslo_concurrency.lockutils [None req-12081a8b-a158-4134-bcf0-5cad91cfc3ff tempest-ServersNegativeTestJSON-1843465776 tempest-ServersNegativeTestJSON-1843465776-project-member] Acquiring lock "06d535fe-3b9c-4cfd-a4a4-3c2b248e5623" by "nova.context.set_target_cell..get_or_set_cached_cell_and_set_connections" {{(pid=95734) inner /opt/stack/data/venv/lib/python3.12/site-packages/oslo_concurrency/lockutils.py:511}}
Jun 08 14:44:02.375001 np0000002318 nova-scheduler[95734]: DEBUG oslo_concurrency.lockutils [None req-12081a8b-a158-4134-bcf0-5cad91cfc3ff tempest-ServersNegativeTestJSON-1843465776 tempest-ServersNegativeTestJSON-1843465776-project-member] Lock "06d535fe-3b9c-4cfd-a4a4-3c2b248e5623" acquired by "nova.context.set_target_cell..get_or_set_cached_cell_and_set_connections" :: waited 0.000s {{(pid=95734) inner /opt/stack/data/venv/lib/python3.12/site-packages/oslo_concurrency/lockutils.py:524}}
Jun 08 14:44:02.376212 np0000002318 nova-scheduler[95734]: DEBUG oslo_concurrency.lockutils [None req-12081a8b-a158-4134-bcf0-5cad91cfc3ff tempest-ServersNegativeTestJSON-1843465776 tempest-ServersNegativeTestJSON-1843465776-project-member] Lock "06d535fe-3b9c-4cfd-a4a4-3c2b248e5623" "released" by "nova.context.set_target_cell..get_or_set_cached_cell_and_set_connections" :: held 0.001s {{(pid=95734) inner /opt/stack/data/venv/lib/python3.12/site-packages/oslo_concurrency/lockutils.py:543}}
Jun 08 14:44:02.378448 np0000002318 nova-scheduler[95734]: INFO dbcounter [None req-12081a8b-a158-4134-bcf0-5cad91cfc3ff tempest-ServersNegativeTestJSON-1843465776 tempest-ServersNegativeTestJSON-1843465776-project-member] Registered counter for database nova_cell1
Jun 08 14:44:02.422426 np0000002318 nova-scheduler[95734]: DEBUG oslo_db.sqlalchemy.engines [None req-12081a8b-a158-4134-bcf0-5cad91cfc3ff tempest-ServersNegativeTestJSON-1843465776 tempest-ServersNegativeTestJSON-1843465776-project-member] MySQL server mode set to STRICT_TRANS_TABLES,STRICT_ALL_TABLES,NO_ZERO_IN_DATE,NO_ZERO_DATE,ERROR_FOR_DIVISION_BY_ZERO,TRADITIONAL,NO_ENGINE_SUBSTITUTION {{(pid=95734) _check_effective_sql_mode /opt/stack/data/venv/lib/python3.12/site-packages/oslo_db/sqlalchemy/engines.py:325}}
Jun 08 14:44:02.428192 np0000002318 nova-scheduler[95734]: DEBUG dbcounter [-] [95734] Writer thread running {{(pid=95734) stat_writer /opt/stack/data/venv/lib/python3.12/site-packages/dbcounter.py:102}}
Jun 08 14:44:02.482751 np0000002318 nova-scheduler[95734]: DEBUG dbcounter [-] [95734] Writer thread running {{(pid=95734) stat_writer /opt/stack/data/venv/lib/python3.12/site-packages/dbcounter.py:102}}
Jun 08 14:44:02.488505 np0000002318 nova-scheduler[95734]: DEBUG oslo_concurrency.lockutils [None req-12081a8b-a158-4134-bcf0-5cad91cfc3ff tempest-ServersNegativeTestJSON-1843465776 tempest-ServersNegativeTestJSON-1843465776-project-member] Acquiring lock "06d535fe-3b9c-4cfd-a4a4-3c2b248e5623" by "nova.context.set_target_cell..get_or_set_cached_cell_and_set_connections" {{(pid=95734) inner /opt/stack/data/venv/lib/python3.12/site-packages/oslo_concurrency/lockutils.py:511}}
Jun 08 14:44:02.488639 np0000002318 nova-scheduler[95734]: DEBUG oslo_concurrency.lockutils [None req-12081a8b-a158-4134-bcf0-5cad91cfc3ff tempest-ServersNegativeTestJSON-1843465776 tempest-ServersNegativeTestJSON-1843465776-project-member] Lock "06d535fe-3b9c-4cfd-a4a4-3c2b248e5623" acquired by "nova.context.set_target_cell..get_or_set_cached_cell_and_set_connections" :: waited 0.000s {{(pid=95734) inner /opt/stack/data/venv/lib/python3.12/site-packages/oslo_concurrency/lockutils.py:524}}
Jun 08 14:44:02.488791 np0000002318 nova-scheduler[95734]: DEBUG oslo_concurrency.lockutils [None req-12081a8b-a158-4134-bcf0-5cad91cfc3ff tempest-ServersNegativeTestJSON-1843465776 tempest-ServersNegativeTestJSON-1843465776-project-member] Lock "06d535fe-3b9c-4cfd-a4a4-3c2b248e5623" "released" by "nova.context.set_target_cell..get_or_set_cached_cell_and_set_connections" :: held 0.000s {{(pid=95734) inner /opt/stack/data/venv/lib/python3.12/site-packages/oslo_concurrency/lockutils.py:543}}
Jun 08 14:44:02.491910 np0000002318 nova-scheduler[95734]: DEBUG oslo_concurrency.lockutils [None req-12081a8b-a158-4134-bcf0-5cad91cfc3ff tempest-ServersNegativeTestJSON-1843465776 tempest-ServersNegativeTestJSON-1843465776-project-member] Acquiring lock "('np0000002318', 'np0000002318')" by "nova.scheduler.host_manager.HostState.update.._locked_update" {{(pid=95734) inner /opt/stack/data/venv/lib/python3.12/site-packages/oslo_concurrency/lockutils.py:511}}
Jun 08 14:44:02.492012 np0000002318 nova-scheduler[95734]: DEBUG oslo_concurrency.lockutils [None req-12081a8b-a158-4134-bcf0-5cad91cfc3ff tempest-ServersNegativeTestJSON-1843465776 tempest-ServersNegativeTestJSON-1843465776-project-member] Lock "('np0000002318', 'np0000002318')" acquired by "nova.scheduler.host_manager.HostState.update.._locked_update" :: waited 0.000s {{(pid=95734) inner /opt/stack/data/venv/lib/python3.12/site-packages/oslo_concurrency/lockutils.py:524}}
