Jun 08 14:41:15.964670 np0000002318 devstack@neutron-api.service[89983]: DEBUG ovsdbapp.backend.ovs_idl.transaction [None req-d5068da0-d6fd-43b5-8c68-654758f0bd18 None None] Running txn n=1 command(idx=0): CheckRevisionNumberCommand(_result=None, name=lrp-08df116f-2a67-4ac1-83d3-6bde54867573, resource={'id': '08df116f-2a67-4ac1-83d3-6bde54867573', 'name': '', 'network_id': '3f1a310b-0826-4296-91f2-542e2f85fd18', 'project_id': 'c7315150d5184ca19b9fcc1b22b10a22', 'mac_address': 'fa:16:3e:4a:96:af', 'admin_state_up': True, 'status': 'ACTIVE', 'device_id': '9a552f13-9907-4a14-82e1-ef81c8a3c5a1', 'device_owner': 'network:router_interface', 'standard_attr_id': 24, 'fixed_ips': [{'subnet_id': '2b55476b-1d16-4d19-843c-4d63a1c95473', 'ip_address': 'fdca:193b:8953::1'}], 'allowed_address_pairs': [], 'extra_dhcp_opts': [], 'security_groups': [], 'description': '', 'binding:vnic_type': 'normal', 'binding:profile': {}, 'binding:host_id': '', 'binding:vif_type': 'unbound', 'binding:vif_details': {}, 'port_security_enabled': False, 'tags': [], 'created_at': '2026-06-08T14:41:06Z', 'updated_at': '2026-06-08T14:41:10Z', 'revision_number': 4, 'tenant_id': 'c7315150d5184ca19b9fcc1b22b10a22'}, resource_type=router_ports, if_exists=True) {{(pid=89983) do_commit /opt/stack/data/venv/lib/python3.12/site-packages/ovsdbapp/backend/ovs_idl/transaction.py:89}}
Jun 08 14:41:15.964896 np0000002318 devstack@neutron-api.service[89983]: DEBUG ovsdbapp.backend.ovs_idl.transaction [None req-d5068da0-d6fd-43b5-8c68-654758f0bd18 None None] Running txn n=1 command(idx=1): UpdateLRouterPortCommand(_result=None, name=lrp-08df116f-2a67-4ac1-83d3-6bde54867573, columns={'external_ids': {'neutron:revision_number': '4', 'neutron:subnet_ids': '2b55476b-1d16-4d19-843c-4d63a1c95473', 'neutron:network_name': 'neutron-3f1a310b-0826-4296-91f2-542e2f85fd18', 'neutron:is_ext_gw': 'False', 'neutron:router_name': 'neutron-9a552f13-9907-4a14-82e1-ef81c8a3c5a1'}, 'options': {}, 'networks': ['fdca:193b:8953::1/64'], 'ipv6_ra_configs': {'address_mode': 'slaac', 'send_periodic': 'true', 'mtu': '1372'}}, if_exists=False) {{(pid=89983) do_commit /opt/stack/data/venv/lib/python3.12/site-packages/ovsdbapp/backend/ovs_idl/transaction.py:89}}
Jun 08 14:41:15.965664 np0000002318 devstack@neutron-api.service[89983]: DEBUG ovsdbapp.backend.ovs_idl.transaction [None req-d5068da0-d6fd-43b5-8c68-654758f0bd18 None None] Running txn n=1 command(idx=2): SetLRouterPortInLSwitchPortCommand(_result=None, lswitch_port=08df116f-2a67-4ac1-83d3-6bde54867573, lrouter_port=lrp-08df116f-2a67-4ac1-83d3-6bde54867573, is_gw_port=False, if_exists=True, lsp_address=router) {{(pid=89983) do_commit /opt/stack/data/venv/lib/python3.12/site-packages/ovsdbapp/backend/ovs_idl/transaction.py:89}}
Jun 08 14:41:15.965664 np0000002318 devstack@neutron-api.service[89983]: DEBUG ovsdbapp.backend.ovs_idl.transaction [None req-d5068da0-d6fd-43b5-8c68-654758f0bd18 None None] Transaction caused no change {{(pid=89983) do_commit /opt/stack/data/venv/lib/python3.12/site-packages/ovsdbapp/backend/ovs_idl/transaction.py:129}}
Jun 08 14:41:19.811633 np0000002318 devstack@neutron-api.service[89983]: DEBUG futurist.periodics [-] Submitting periodic callback 'neutron.plugins.ml2.drivers.ovn.mech_driver.ovsdb.maintenance.HashRingHealthCheckPeriodics.touch_hash_ring_node' {{(pid=89983) _process_scheduled /opt/stack/data/venv/lib/python3.12/site-packages/futurist/periodics.py:784}}
Jun 08 14:41:19.812073 np0000002318 devstack@neutron-api.service[89983]: DEBUG neutron.plugins.ml2.drivers.ovn.mech_driver.ovsdb.maintenance [-] Touching Hash Ring node "c2ed576da86857a4ab0e22aecae9b4bd" from periodic health check thread {{(pid=89983) touch_hash_ring_node /opt/stack/neutron/neutron/plugins/ml2/drivers/ovn/mech_driver/ovsdb/maintenance.py:1421}}
Jun 08 14:41:20.687028 np0000002318 devstack@neutron-api.service[89982]: DEBUG futurist.periodics [-] Submitting periodic callback 'neutron.plugins.ml2.drivers.ovn.mech_driver.ovsdb.maintenance.HashRingHealthCheckPeriodics.touch_hash_ring_node' {{(pid=89982) _process_scheduled /opt/stack/data/venv/lib/python3.12/site-packages/futurist/periodics.py:784}}
Jun 08 14:41:20.687028 np0000002318 devstack@neutron-api.service[89982]: DEBUG neutron.plugins.ml2.drivers.ovn.mech_driver.ovsdb.maintenance [-] Touching Hash Ring node "3901fafae4075c2eba990212b84e164a" from periodic health check thread {{(pid=89982) touch_hash_ring_node /opt/stack/neutron/neutron/plugins/ml2/drivers/ovn/mech_driver/ovsdb/maintenance.py:1421}}
Jun 08 14:41:20.748213 np0000002318 devstack@neutron-api.service[89981]: DEBUG futurist.periodics [-] Submitting periodic callback 'neutron.plugins.ml2.drivers.ovn.mech_driver.ovsdb.maintenance.HashRingHealthCheckPeriodics.touch_hash_ring_node' {{(pid=89981) _process_scheduled /opt/stack/data/venv/lib/python3.12/site-packages/futurist/periodics.py:784}}
Jun 08 14:41:20.748599 np0000002318 devstack@neutron-api.service[89981]: DEBUG neutron.plugins.ml2.drivers.ovn.mech_driver.ovsdb.maintenance [-] Touching Hash Ring node "408c6e50ca985b34b4b203a2c3ab5002" from periodic health check thread {{(pid=89981) touch_hash_ring_node /opt/stack/neutron/neutron/plugins/ml2/drivers/ovn/mech_driver/ovsdb/maintenance.py:1421}}
Jun 08 14:41:29.820597 np0000002318 devstack@neutron-api.service[89983]: DEBUG dbcounter [-] [89983] Writing DB stats neutron:SELECT=3150,neutron:INSERT=730,neutron:DELETE=12,neutron:UPDATE=121 {{(pid=89983) stat_writer /opt/stack/data/venv/lib/python3.12/site-packages/dbcounter.py:115}}
Jun 08 14:41:30.714452 np0000002318 devstack@neutron-api.service[89982]: DEBUG dbcounter [-] [89982] Writing DB stats neutron:SELECT=1533,neutron:INSERT=20,neutron:DELETE=7,neutron:UPDATE=43 {{(pid=89982) stat_writer /opt/stack/data/venv/lib/python3.12/site-packages/dbcounter.py:115}}
Jun 08 14:41:30.756756 np0000002318 devstack@neutron-api.service[89981]: DEBUG dbcounter [-] [89981] Writing DB stats neutron:SELECT=2003,neutron:INSERT=56,neutron:DELETE=10,neutron:UPDATE=56 {{(pid=89981) stat_writer /opt/stack/data/venv/lib/python3.12/site-packages/dbcounter.py:115}}
Jun 08 14:41:34.812238 np0000002318 devstack@neutron-api.service[89983]: DEBUG futurist.periodics [-] Submitting periodic callback 'neutron.plugins.ml2.drivers.ovn.mech_driver.ovsdb.maintenance.HashRingHealthCheckPeriodics.touch_hash_ring_node' {{(pid=89983) _process_scheduled /opt/stack/data/venv/lib/python3.12/site-packages/futurist/periodics.py:784}}
Jun 08 14:41:34.813493 np0000002318 devstack@neutron-api.service[89983]: DEBUG neutron.plugins.ml2.drivers.ovn.mech_driver.ovsdb.maintenance [-] Touching Hash Ring node "c2ed576da86857a4ab0e22aecae9b4bd" from periodic health check thread {{(pid=89983) touch_hash_ring_node /opt/stack/neutron/neutron/plugins/ml2/drivers/ovn/mech_driver/ovsdb/maintenance.py:1421}}
Jun 08 14:41:35.687592 np0000002318 devstack@neutron-api.service[89982]: DEBUG futurist.periodics [-] Submitting periodic callback 'neutron.plugins.ml2.drivers.ovn.mech_driver.ovsdb.maintenance.HashRingHealthCheckPeriodics.touch_hash_ring_node' {{(pid=89982) _process_scheduled /opt/stack/data/venv/lib/python3.12/site-packages/futurist/periodics.py:784}}
Jun 08 14:41:35.687952 np0000002318 devstack@neutron-api.service[89982]: DEBUG neutron.plugins.ml2.drivers.ovn.mech_driver.ovsdb.maintenance [-] Touching Hash Ring node "3901fafae4075c2eba990212b84e164a" from periodic health check thread {{(pid=89982) touch_hash_ring_node /opt/stack/neutron/neutron/plugins/ml2/drivers/ovn/mech_driver/ovsdb/maintenance.py:1421}}
Jun 08 14:41:35.749259 np0000002318 devstack@neutron-api.service[89981]: DEBUG futurist.periodics [-] Submitting periodic callback 'neutron.plugins.ml2.drivers.ovn.mech_driver.ovsdb.maintenance.HashRingHealthCheckPeriodics.touch_hash_ring_node' {{(pid=89981) _process_scheduled /opt/stack/data/venv/lib/python3.12/site-packages/futurist/periodics.py:784}}
Jun 08 14:41:35.749259 np0000002318 devstack@neutron-api.service[89981]: DEBUG neutron.plugins.ml2.drivers.ovn.mech_driver.ovsdb.maintenance [-] Touching Hash Ring node "408c6e50ca985b34b4b203a2c3ab5002" from periodic health check thread {{(pid=89981) touch_hash_ring_node /opt/stack/neutron/neutron/plugins/ml2/drivers/ovn/mech_driver/ovsdb/maintenance.py:1421}}
Jun 08 14:41:44.820522 np0000002318 devstack@neutron-api.service[89983]: DEBUG dbcounter [-] [89983] Writing DB stats neutron:UPDATE=1,neutron:SELECT=1 {{(pid=89983) stat_writer /opt/stack/data/venv/lib/python3.12/site-packages/dbcounter.py:115}}
Jun 08 14:41:45.694321 np0000002318 devstack@neutron-api.service[89982]: DEBUG dbcounter [-] [89982] Writing DB stats neutron:UPDATE=1,neutron:SELECT=1 {{(pid=89982) stat_writer /opt/stack/data/venv/lib/python3.12/site-packages/dbcounter.py:115}}
Jun 08 14:41:45.757076 np0000002318 devstack@neutron-api.service[89981]: DEBUG dbcounter [-] [89981] Writing DB stats neutron:UPDATE=1,neutron:SELECT=1 {{(pid=89981) stat_writer /opt/stack/data/venv/lib/python3.12/site-packages/dbcounter.py:115}}
Jun 08 14:41:49.813704 np0000002318 devstack@neutron-api.service[89983]: DEBUG futurist.periodics [-] Submitting periodic callback 'neutron.plugins.ml2.drivers.ovn.mech_driver.ovsdb.maintenance.HashRingHealthCheckPeriodics.touch_hash_ring_node' {{(pid=89983) _process_scheduled /opt/stack/data/venv/lib/python3.12/site-packages/futurist/periodics.py:784}}
Jun 08 14:41:49.814080 np0000002318 devstack@neutron-api.service[89983]: DEBUG neutron.plugins.ml2.drivers.ovn.mech_driver.ovsdb.maintenance [-] Touching Hash Ring node "c2ed576da86857a4ab0e22aecae9b4bd" from periodic health check thread {{(pid=89983) touch_hash_ring_node /opt/stack/neutron/neutron/plugins/ml2/drivers/ovn/mech_driver/ovsdb/maintenance.py:1421}}
Jun 08 14:41:50.688000 np0000002318 devstack@neutron-api.service[89982]: DEBUG futurist.periodics [-] Submitting periodic callback 'neutron.plugins.ml2.drivers.ovn.mech_driver.ovsdb.maintenance.HashRingHealthCheckPeriodics.touch_hash_ring_node' {{(pid=89982) _process_scheduled /opt/stack/data/venv/lib/python3.12/site-packages/futurist/periodics.py:784}}
Jun 08 14:41:50.688329 np0000002318 devstack@neutron-api.service[89982]: DEBUG neutron.plugins.ml2.drivers.ovn.mech_driver.ovsdb.maintenance [-] Touching Hash Ring node "3901fafae4075c2eba990212b84e164a" from periodic health check thread {{(pid=89982) touch_hash_ring_node /opt/stack/neutron/neutron/plugins/ml2/drivers/ovn/mech_driver/ovsdb/maintenance.py:1421}}
Jun 08 14:41:50.749208 np0000002318 devstack@neutron-api.service[89981]: DEBUG futurist.periodics [-] Submitting periodic callback 'neutron.plugins.ml2.drivers.ovn.mech_driver.ovsdb.maintenance.HashRingHealthCheckPeriodics.touch_hash_ring_node' {{(pid=89981) _process_scheduled /opt/stack/data/venv/lib/python3.12/site-packages/futurist/periodics.py:784}}
Jun 08 14:41:50.749643 np0000002318 devstack@neutron-api.service[89981]: DEBUG neutron.plugins.ml2.drivers.ovn.mech_driver.ovsdb.maintenance [-] Touching Hash Ring node "408c6e50ca985b34b4b203a2c3ab5002" from periodic health check thread {{(pid=89981) touch_hash_ring_node /opt/stack/neutron/neutron/plugins/ml2/drivers/ovn/mech_driver/ovsdb/maintenance.py:1421}}
Jun 08 14:41:59.819084 np0000002318 devstack@neutron-api.service[89983]: DEBUG dbcounter [-] [89983] Writing DB stats neutron:UPDATE=1,neutron:SELECT=1 {{(pid=89983) stat_writer /opt/stack/data/venv/lib/python3.12/site-packages/dbcounter.py:115}}
Jun 08 14:42:00.694115 np0000002318 devstack@neutron-api.service[89982]: DEBUG dbcounter [-] [89982] Writing DB stats neutron:UPDATE=1,neutron:SELECT=1 {{(pid=89982) stat_writer /opt/stack/data/venv/lib/python3.12/site-packages/dbcounter.py:115}}
Jun 08 14:42:00.755991 np0000002318 devstack@neutron-api.service[89981]: DEBUG dbcounter [-] [89981] Writing DB stats neutron:UPDATE=1,neutron:SELECT=1 {{(pid=89981) stat_writer /opt/stack/data/venv/lib/python3.12/site-packages/dbcounter.py:115}}
Jun 08 14:42:04.814169 np0000002318 devstack@neutron-api.service[89983]: DEBUG futurist.periodics [-] Submitting periodic callback 'neutron.plugins.ml2.drivers.ovn.mech_driver.ovsdb.maintenance.HashRingHealthCheckPeriodics.touch_hash_ring_node' {{(pid=89983) _process_scheduled /opt/stack/data/venv/lib/python3.12/site-packages/futurist/periodics.py:784}}
Jun 08 14:42:04.814535 np0000002318 devstack@neutron-api.service[89983]: DEBUG neutron.plugins.ml2.drivers.ovn.mech_driver.ovsdb.maintenance [-] Touching Hash Ring node "c2ed576da86857a4ab0e22aecae9b4bd" from periodic health check thread {{(pid=89983) touch_hash_ring_node /opt/stack/neutron/neutron/plugins/ml2/drivers/ovn/mech_driver/ovsdb/maintenance.py:1421}}
Jun 08 14:42:05.688482 np0000002318 devstack@neutron-api.service[89982]: DEBUG futurist.periodics [-] Submitting periodic callback 'neutron.plugins.ml2.drivers.ovn.mech_driver.ovsdb.maintenance.HashRingHealthCheckPeriodics.touch_hash_ring_node' {{(pid=89982) _process_scheduled /opt/stack/data/venv/lib/python3.12/site-packages/futurist/periodics.py:784}}
Jun 08 14:42:05.688923 np0000002318 devstack@neutron-api.service[89982]: DEBUG neutron.plugins.ml2.drivers.ovn.mech_driver.ovsdb.maintenance [-] Touching Hash Ring node "3901fafae4075c2eba990212b84e164a" from periodic health check thread {{(pid=89982) touch_hash_ring_node /opt/stack/neutron/neutron/plugins/ml2/drivers/ovn/mech_driver/ovsdb/maintenance.py:1421}}
Jun 08 14:42:05.749639 np0000002318 devstack@neutron-api.service[89981]: DEBUG futurist.periodics [-] Submitting periodic callback 'neutron.plugins.ml2.drivers.ovn.mech_driver.ovsdb.maintenance.HashRingHealthCheckPeriodics.touch_hash_ring_node' {{(pid=89981) _process_scheduled /opt/stack/data/venv/lib/python3.12/site-packages/futurist/periodics.py:784}}
Jun 08 14:42:05.750022 np0000002318 devstack@neutron-api.service[89981]: DEBUG neutron.plugins.ml2.drivers.ovn.mech_driver.ovsdb.maintenance [-] Touching Hash Ring node "408c6e50ca985b34b4b203a2c3ab5002" from periodic health check thread {{(pid=89981) touch_hash_ring_node /opt/stack/neutron/neutron/plugins/ml2/drivers/ovn/mech_driver/ovsdb/maintenance.py:1421}}
Jun 08 14:42:09.332537 np0000002318 devstack@neutron-api.service[89981]: DEBUG neutron.api.wsgi [None req-c5589d89-ad9c-483c-bb0a-bd5a11a955c3 admin admin] Missing Content-Type {{(pid=89981) get_content_type /opt/stack/neutron/neutron/api/wsgi.py:80}}
Jun 08 14:42:09.332980 np0000002318 devstack@neutron-api.service[89981]: DEBUG neutron.api.wsgi [None req-c5589d89-ad9c-483c-bb0a-bd5a11a955c3 admin admin] https://10.4.3.122/networking/v2.0/extensions returned with HTTP 200 {{(pid=89981) __call__ /opt/stack/neutron/neutron/api/wsgi.py:540}}
Jun 08 14:42:09.332980 np0000002318 devstack@neutron-api.service[89981]: [pid: 89981|app: 0|req: 11/34] 10.4.3.122 () {64 vars in 1292 bytes} [Mon Jun 8 14:42:09 2026] GET /networking/v2.0/extensions => generated 15873 bytes in 3 msecs (HTTP/1.1 200) 4 headers in 159 bytes (1 switches on core 0)
Jun 08 14:42:09.585659 np0000002318 devstack@neutron-api.service[89983]: INFO neutron.pecan_wsgi.hooks.translation [None req-81655ef6-e214-4f26-9d8f-6d54f0b4c425 admin admin] GET failed (client error): The resource could not be found.
Jun 08 14:42:09.586308 np0000002318 devstack@neutron-api.service[89983]: [pid: 89983|app: 0|req: 13/35] 10.4.3.122 () {64 vars in 1294 bytes} [Mon Jun 8 14:42:09 2026] GET /networking/v2.0/networks/public => generated 108 bytes in 8 msecs (HTTP/1.1 404) 4 headers in 164 bytes (1 switches on core 0)
Jun 08 14:42:09.625511 np0000002318 devstack@neutron-api.service[89982]: DEBUG neutron.pecan_wsgi.hooks.policy_enforcement [None req-b4e26ebe-24c4-4bec-af3c-ea9c573197ff admin admin] Attributes excluded by policy engine: ['standard_attr_id'] {{(pid=89982) _exclude_attributes_by_policy /opt/stack/neutron/neutron/pecan_wsgi/hooks/policy_enforcement.py:256}}
Jun 08 14:42:09.626154 np0000002318 devstack@neutron-api.service[89982]: [pid: 89982|app: 0|req: 12/36] 10.4.3.122 () {64 vars in 1309 bytes} [Mon Jun 8 14:42:09 2026] GET /networking/v2.0/networks?name=public => generated 759 bytes in 34 msecs (HTTP/1.1 200) 4 headers in 157 bytes (1 switches on core 0)
Jun 08 14:42:09.812135 np0000002318 devstack@neutron-api.service[89981]: DEBUG neutron.api.v2.base [None req-9dbaeed5-7ee4-4686-8759-3376ab576d13 admin admin] Request body: {'network': {'name': 'shared', 'admin_state_up': True, 'shared': True}} {{(pid=89981) prepare_request_body /opt/stack/neutron/neutron/api/v2/base.py:727}}
Jun 08 14:42:09.822358 np0000002318 devstack@neutron-api.service[89981]: DEBUG neutron.pecan_wsgi.hooks.quota_enforcement [None req-9dbaeed5-7ee4-4686-8759-3376ab576d13 admin admin] Made reservation on behalf of c7315150d5184ca19b9fcc1b22b10a22 for: {'network': 1} {{(pid=89981) before /opt/stack/neutron/neutron/pecan_wsgi/hooks/quota_enforcement.py:66}}
Jun 08 14:42:09.824871 np0000002318 devstack@neutron-api.service[89981]: DEBUG neutron_lib.callbacks.manager [None req-9dbaeed5-7ee4-4686-8759-3376ab576d13 admin admin] Publish callbacks ['neutron.plugins.ml2.plugin.SecurityGroupDbMixin._ensure_default_security_group_handler-32572652'] for network (None), before_create {{(pid=89981) _notify_loop /opt/stack/data/venv/lib/python3.12/site-packages/neutron_lib/callbacks/manager.py:184}}
Jun 08 14:42:09.850739 np0000002318 devstack@neutron-api.service[89981]: WARNING neutron.services.revisions.revision_plugin [None req-9dbaeed5-7ee4-4686-8759-3376ab576d13 admin admin] Could not find related network for resource to bump revision.
Jun 08 14:42:09.875401 np0000002318 devstack@neutron-api.service[89981]: DEBUG neutron.plugins.ml2.drivers.helpers [None req-9dbaeed5-7ee4-4686-8759-3376ab576d13 admin admin] geneve segment allocate from pool success with {'geneve_vni': 54088} {{(pid=89981) allocate_partially_specified_segment /opt/stack/neutron/neutron/plugins/ml2/drivers/helpers.py:142}}
Jun 08 14:42:09.881519 np0000002318 devstack@neutron-api.service[89981]: DEBUG neutron_lib.callbacks.manager [None req-9dbaeed5-7ee4-4686-8759-3376ab576d13 admin admin] Publish callbacks ['neutron.plugins.ml2.plugin.Ml2Plugin._handle_segment_change-32856912'] for segment (28ca0fa1-3353-49b1-99f2-2634319ac0e5), precommit_create {{(pid=89981) _notify_loop /opt/stack/data/venv/lib/python3.12/site-packages/neutron_lib/callbacks/manager.py:184}}
Jun 08 14:42:09.881671 np0000002318 devstack@neutron-api.service[89981]: INFO neutron.db.segments_db [None req-9dbaeed5-7ee4-4686-8759-3376ab576d13 admin admin] Added segment 28ca0fa1-3353-49b1-99f2-2634319ac0e5 of type geneve for network 5ef57d68-1e47-4ead-8408-4e1233f1d59b
Jun 08 14:42:09.892784 np0000002318 devstack@neutron-api.service[89981]: DEBUG neutron_lib.callbacks.manager [None req-9dbaeed5-7ee4-4686-8759-3376ab576d13 admin admin] Publish callbacks ['neutron.services.auto_allocate.db._ensure_external_network_default_value_callback-7940133988716'] for network (5ef57d68-1e47-4ead-8408-4e1233f1d59b), precommit_create {{(pid=89981) _notify_loop /opt/stack/data/venv/lib/python3.12/site-packages/neutron_lib/callbacks/manager.py:184}}
Jun 08 14:42:09.902066 np0000002318 devstack@neutron-api.service[89981]: DEBUG neutron.plugins.ml2.drivers.ovn.mech_driver.mech_driver [None req-9dbaeed5-7ee4-4686-8759-3376ab576d13 admin admin] Validating network segment with type geneve, segmentation ID 54088, physical network None {{(pid=89981) _validate_network_segments /opt/stack/neutron/neutron/plugins/ml2/drivers/ovn/mech_driver/mech_driver.py:643}}
Jun 08 14:42:09.902173 np0000002318 devstack@neutron-api.service[89981]: DEBUG neutron.db.ovn_revision_numbers_db [None req-9dbaeed5-7ee4-4686-8759-3376ab576d13 admin admin] create_initial_revision uuid=5ef57d68-1e47-4ead-8408-4e1233f1d59b, type=networks, rev=-1 {{(pid=89981) create_initial_revision /opt/stack/neutron/neutron/db/ovn_revision_numbers_db.py:98}}
Jun 08 14:42:09.907613 np0000002318 devstack@neutron-api.service[89981]: DEBUG neutron_lib.callbacks.manager [None req-9dbaeed5-7ee4-4686-8759-3376ab576d13 admin admin] Publish callbacks ['neutron.plugins.ml2.ovo_rpc._ObjectChangeHandler.handle_event-2522075'] for network (5ef57d68-1e47-4ead-8408-4e1233f1d59b), after_create {{(pid=89981) _notify_loop /opt/stack/data/venv/lib/python3.12/site-packages/neutron_lib/callbacks/manager.py:184}}
Jun 08 14:42:09.921638 np0000002318 devstack@neutron-api.service[89981]: DEBUG neutron.api.rpc.handlers.resources_rpc [None req-9dbaeed5-7ee4-4686-8759-3376ab576d13 admin admin] Pushing event updated for resources: {'Network': ['ID=5ef57d68-1e47-4ead-8408-4e1233f1d59b,revision_number=1']} {{(pid=89981) push /opt/stack/neutron/neutron/api/rpc/handlers/resources_rpc.py:237}}
Jun 08 14:42:09.925935 np0000002318 devstack@neutron-api.service[89981]: DEBUG ovsdbapp.backend.ovs_idl.transaction [None req-867e5eef-2bb9-4d87-a4cd-caf936d10ca0 None None] Running txn n=1 command(idx=0): CheckLivenessCommand(_result=None) {{(pid=89981) do_commit /opt/stack/data/venv/lib/python3.12/site-packages/ovsdbapp/backend/ovs_idl/transaction.py:89}}
Jun 08 14:42:09.929942 np0000002318 devstack@neutron-api.service[89983]: DEBUG neutron.plugins.ml2.drivers.ovn.mech_driver.ovsdb.ovsdb_monitor [None req-dbfe3da0-1f21-43f4-bf73-a34ffb58ae1a None None] ChassisAgentWriteEvent : Matched Chassis_Private, update, None None {{(pid=89983) matches /opt/stack/neutron/neutron/plugins/ml2/drivers/ovn/mech_driver/ovsdb/ovsdb_monitor.py:64}}
Jun 08 14:42:09.930176 np0000002318 devstack@neutron-api.service[89982]: DEBUG neutron.plugins.ml2.drivers.ovn.mech_driver.ovsdb.ovsdb_monitor [None req-16f8a8a7-bfba-47e0-a22f-8d0679f5f809 None None] ChassisAgentWriteEvent : Matched Chassis_Private, update, None None {{(pid=89982) matches /opt/stack/neutron/neutron/plugins/ml2/drivers/ovn/mech_driver/ovsdb/ovsdb_monitor.py:64}}
Jun 08 14:42:09.930306 np0000002318 devstack@neutron-api.service[89981]: DEBUG neutron.plugins.ml2.drivers.ovn.mech_driver.ovsdb.ovsdb_monitor [None req-131ba96e-001c-4dc0-86a7-15d9033badf8 None None] ChassisAgentWriteEvent : Matched Chassis_Private, update, None None {{(pid=89981) matches /opt/stack/neutron/neutron/plugins/ml2/drivers/ovn/mech_driver/ovsdb/ovsdb_monitor.py:64}}
Jun 08 14:42:09.937929 np0000002318 devstack@neutron-api.service[89981]: DEBUG neutron.common.ovn.hash_ring_manager [None req-867e5eef-2bb9-4d87-a4cd-caf936d10ca0 None None] Hash Ring loaded. 3 active nodes. 0 offline nodes {{(pid=89981) _load_hash_ring /opt/stack/neutron/neutron/common/ovn/hash_ring_manager.py:102}}
Jun 08 14:42:09.938355 np0000002318 devstack@neutron-api.service[89983]: DEBUG neutron.common.ovn.hash_ring_manager [None req-d5068da0-d6fd-43b5-8c68-654758f0bd18 None None] Hash Ring loaded. 3 active nodes. 0 offline nodes {{(pid=89983) _load_hash_ring /opt/stack/neutron/neutron/common/ovn/hash_ring_manager.py:102}}
Jun 08 14:42:09.938486 np0000002318 devstack@neutron-api.service[89982]: DEBUG neutron.common.ovn.hash_ring_manager [None req-b3451d92-7d1e-4d2d-9992-889c45aeb32c None None] Hash Ring loaded. 3 active nodes. 0 offline nodes {{(pid=89982) _load_hash_ring /opt/stack/neutron/neutron/common/ovn/hash_ring_manager.py:102}}
Jun 08 14:42:09.938525 np0000002318 devstack@neutron-api.service[89983]: DEBUG neutron.plugins.ml2.drivers.ovn.mech_driver.ovsdb.ovsdb_monitor [None req-d5068da0-d6fd-43b5-8c68-654758f0bd18 None None] Hash Ring: Node c2ed576da86857a4ab0e22aecae9b4bd (host: np0000002318) handling event "update" for row 53394d18-0611-4404-a2d4-884ba2a69320 (table: NB_Global) {{(pid=89983) notify /opt/stack/neutron/neutron/plugins/ml2/drivers/ovn/mech_driver/ovsdb/ovsdb_monitor.py:1015}}
Jun 08 14:42:09.938564 np0000002318 devstack@neutron-api.service[89981]: DEBUG neutron.common.ovn.hash_ring_manager [None req-131ba96e-001c-4dc0-86a7-15d9033badf8 None None] Hash Ring loaded. 3 active nodes. 0 offline nodes {{(pid=89981) _load_hash_ring /opt/stack/neutron/neutron/common/ovn/hash_ring_manager.py:102}}
Jun 08 14:42:09.939325 np0000002318 devstack@neutron-api.service[89982]: DEBUG neutron.common.ovn.hash_ring_manager [None req-16f8a8a7-bfba-47e0-a22f-8d0679f5f809 None None] Hash Ring loaded. 3 active nodes. 0 offline nodes {{(pid=89982) _load_hash_ring /opt/stack/neutron/neutron/common/ovn/hash_ring_manager.py:102}}
Jun 08 14:42:09.939393 np0000002318 devstack@neutron-api.service[89983]: DEBUG neutron.plugins.ml2.drivers.ovn.mech_driver.ovsdb.ovsdb_monitor [None req-d5068da0-d6fd-43b5-8c68-654758f0bd18 None None] Hash Ring: Node c2ed576da86857a4ab0e22aecae9b4bd (host: np0000002318) handling event "update" for row 53394d18-0611-4404-a2d4-884ba2a69320 (table: NB_Global) {{(pid=89983) notify /opt/stack/neutron/neutron/plugins/ml2/drivers/ovn/mech_driver/ovsdb/ovsdb_monitor.py:1015}}
Jun 08 14:42:09.941302 np0000002318 devstack@neutron-api.service[89983]: DEBUG neutron.plugins.ml2.drivers.ovn.mech_driver.ovsdb.ovsdb_monitor [None req-d5068da0-d6fd-43b5-8c68-654758f0bd18 None None] Hash Ring: Node c2ed576da86857a4ab0e22aecae9b4bd (host: np0000002318) handling event "update" for row 53394d18-0611-4404-a2d4-884ba2a69320 (table: NB_Global) {{(pid=89983) notify /opt/stack/neutron/neutron/plugins/ml2/drivers/ovn/mech_driver/ovsdb/ovsdb_monitor.py:1015}}
Jun 08 14:42:09.941302 np0000002318 devstack@neutron-api.service[89983]: DEBUG neutron.common.ovn.hash_ring_manager [None req-dbfe3da0-1f21-43f4-bf73-a34ffb58ae1a None None] Hash Ring loaded. 3 active nodes. 0 offline nodes {{(pid=89983) _load_hash_ring /opt/stack/neutron/neutron/common/ovn/hash_ring_manager.py:102}}
Jun 08 14:42:09.941302 np0000002318 devstack@neutron-api.service[89983]: DEBUG neutron.plugins.ml2.drivers.ovn.mech_driver.ovsdb.ovsdb_monitor [None req-dbfe3da0-1f21-43f4-bf73-a34ffb58ae1a None None] Hash Ring: Node c2ed576da86857a4ab0e22aecae9b4bd (host: np0000002318) handling event "update" for row 3f589a70-6f92-431c-ac6f-4d33e0ec0a72 (table: Chassis_Private) {{(pid=89983) notify /opt/stack/neutron/neutron/plugins/ml2/drivers/ovn/mech_driver/ovsdb/ovsdb_monitor.py:1015}}
Jun 08 14:42:09.941302 np0000002318 devstack@neutron-api.service[89983]: DEBUG neutron.plugins.ml2.drivers.ovn.mech_driver.ovsdb.ovsdb_monitor [None req-d5068da0-d6fd-43b5-8c68-654758f0bd18 None None] Hash Ring: Node c2ed576da86857a4ab0e22aecae9b4bd (host: np0000002318) handling event "update" for row 53394d18-0611-4404-a2d4-884ba2a69320 (table: NB_Global) {{(pid=89983) notify /opt/stack/neutron/neutron/plugins/ml2/drivers/ovn/mech_driver/ovsdb/ovsdb_monitor.py:1015}}
Jun 08 14:42:09.948230 np0000002318 devstack@neutron-api.service[89981]: DEBUG ovsdbapp.backend.ovs_idl.transaction [None req-867e5eef-2bb9-4d87-a4cd-caf936d10ca0 None None] Running txn n=1 command(idx=0): AddNetworkCommand(_result=None, network_uuid=5ef57d68-1e47-4ead-8408-4e1233f1d59b, may_exist=True, columns={'external_ids': {'neutron:network_name': 'shared', 'neutron:mtu': '1372', 'neutron:revision_number': '1', 'neutron:availability_zone_hints': '', 'neutron:provnet-network-type': 'geneve'}, 'other_config': {'mcast_snoop': 'false', 'mcast_flood_unregistered': 'false', 'vlan-passthru': 'false'}}) {{(pid=89981) do_commit /opt/stack/data/venv/lib/python3.12/site-packages/ovsdbapp/backend/ovs_idl/transaction.py:89}}
Jun 08 14:42:09.950789 np0000002318 devstack@neutron-api.service[89981]: DEBUG neutron.plugins.ml2.drivers.ovn.mech_driver.ovsdb.ovsdb_monitor [None req-867e5eef-2bb9-4d87-a4cd-caf936d10ca0 None None] Hash Ring: Node 408c6e50ca985b34b4b203a2c3ab5002 (host: np0000002318) handling event "create" for row 5ef57d68-1e47-4ead-8408-4e1233f1d59b (table: Logical_Switch) {{(pid=89981) notify /opt/stack/neutron/neutron/plugins/ml2/drivers/ovn/mech_driver/ovsdb/ovsdb_monitor.py:1015}}
Jun 08 14:42:09.953326 np0000002318 devstack@neutron-api.service[89982]: DEBUG neutron.plugins.ml2.drivers.ovn.mech_driver.ovsdb.ovsdb_monitor [None req-16f8a8a7-bfba-47e0-a22f-8d0679f5f809 None None] Hash Ring: Node 3901fafae4075c2eba990212b84e164a (host: np0000002318) handling event "create" for row e0784c0f-db25-49d2-b35c-b3b7e4adc490 (table: Datapath_Binding) {{(pid=89982) notify /opt/stack/neutron/neutron/plugins/ml2/drivers/ovn/mech_driver/ovsdb/ovsdb_monitor.py:1015}}
Jun 08 14:42:09.969241 np0000002318 devstack@neutron-api.service[89981]: INFO neutron.db.ovn_revision_numbers_db [None req-9dbaeed5-7ee4-4686-8759-3376ab576d13 admin admin] Successfully bumped revision number for resource 5ef57d68-1e47-4ead-8408-4e1233f1d59b (type: networks) to 1
Jun 08 14:42:09.981434 np0000002318 devstack@neutron-api.service[89981]: DEBUG neutron_lib.callbacks.manager [None req-9dbaeed5-7ee4-4686-8759-3376ab576d13 admin admin] Publish callbacks ['neutron.plugins.ml2.plugin.SecurityGroupDbMixin._ensure_default_security_group_handler-32572652'] for port (None), before_create {{(pid=89981) _notify_loop /opt/stack/data/venv/lib/python3.12/site-packages/neutron_lib/callbacks/manager.py:184}}
Jun 08 14:42:10.038646 np0000002318 devstack@neutron-api.service[89981]: DEBUG neutron_lib.callbacks.manager [None req-9dbaeed5-7ee4-4686-8759-3376ab576d13 admin admin] Publish callbacks ['neutron.plugins.ml2.drivers.ovn.mech_driver.mech_driver.OVNMechanismDriver._validate_allowed_address_pairs-33032862'] for allowed_address_pair (0dd577e4-f6c1-4386-a8a0-5edf3880df79), before_create {{(pid=89981) _notify_loop /opt/stack/data/venv/lib/python3.12/site-packages/neutron_lib/callbacks/manager.py:184}}
Jun 08 14:42:10.039099 np0000002318 devstack@neutron-api.service[89981]: DEBUG neutron_lib.callbacks.manager [None req-9dbaeed5-7ee4-4686-8759-3376ab576d13 admin admin] Publish callbacks [] for port (0dd577e4-f6c1-4386-a8a0-5edf3880df79), precommit_create {{(pid=89981) _notify_loop /opt/stack/data/venv/lib/python3.12/site-packages/neutron_lib/callbacks/manager.py:184}}
Jun 08 14:42:10.039417 np0000002318 devstack@neutron-api.service[89981]: DEBUG neutron.plugins.ml2.drivers.ovn.mech_driver.mech_driver [None req-9dbaeed5-7ee4-4686-8759-3376ab576d13 admin admin] No provisioning block for port 0dd577e4-f6c1-4386-a8a0-5edf3880df79 since it does not have a host {{(pid=89981) _is_port_provisioning_required /opt/stack/neutron/neutron/plugins/ml2/drivers/ovn/mech_driver/mech_driver.py:896}}
Jun 08 14:42:10.039547 np0000002318 devstack@neutron-api.service[89981]: DEBUG neutron.db.ovn_revision_numbers_db [None req-9dbaeed5-7ee4-4686-8759-3376ab576d13 admin admin] create_initial_revision uuid=0dd577e4-f6c1-4386-a8a0-5edf3880df79, type=ports, rev=-1 {{(pid=89981) create_initial_revision /opt/stack/neutron/neutron/db/ovn_revision_numbers_db.py:98}}
Jun 08 14:42:10.064876 np0000002318 devstack@neutron-api.service[89981]: DEBUG neutron_lib.callbacks.manager [None req-9dbaeed5-7ee4-4686-8759-3376ab576d13 admin admin] Publish callbacks ['neutron.plugins.ml2.ovo_rpc._ObjectChangeHandler.handle_event-2522063'] for port (0dd577e4-f6c1-4386-a8a0-5edf3880df79), after_create {{(pid=89981) _notify_loop /opt/stack/data/venv/lib/python3.12/site-packages/neutron_lib/callbacks/manager.py:184}}
Jun 08 14:42:10.091920 np0000002318 devstack@neutron-api.service[89981]: DEBUG neutron.api.rpc.handlers.resources_rpc [None req-9dbaeed5-7ee4-4686-8759-3376ab576d13 admin admin] Pushing event updated for resources: {'Port': ['ID=0dd577e4-f6c1-4386-a8a0-5edf3880df79,revision_number=1']} {{(pid=89981) push /opt/stack/neutron/neutron/api/rpc/handlers/resources_rpc.py:237}}
Jun 08 14:42:10.096950 np0000002318 devstack@neutron-api.service[89981]: DEBUG ovsdbapp.backend.ovs_idl.transaction [None req-867e5eef-2bb9-4d87-a4cd-caf936d10ca0 None None] Running txn n=1 command(idx=0): AddLSwitchPortCommand(_result=None, lport=0dd577e4-f6c1-4386-a8a0-5edf3880df79, lswitch=neutron-5ef57d68-1e47-4ead-8408-4e1233f1d59b, may_exist=True, network_uuid=5ef57d68-1e47-4ead-8408-4e1233f1d59b, columns={'addresses': ['fa:16:3e:25:91:46'], 'external_ids': {'neutron:port_name': '', 'neutron:device_id': 'ovnmeta-5ef57d68-1e47-4ead-8408-4e1233f1d59b', 'neutron:project_id': 'c7315150d5184ca19b9fcc1b22b10a22', 'neutron:cidrs': '', 'neutron:device_owner': 'network:distributed', 'neutron:subnet_pool_addr_scope4': '', 'neutron:subnet_pool_addr_scope6': '', 'neutron:network_name': 'neutron-5ef57d68-1e47-4ead-8408-4e1233f1d59b', 'neutron:security_group_ids': '', 'neutron:revision_number': '1', 'neutron:vnic_type': 'normal', 'neutron:port_capabilities': '', 'neutron:mtu': '1372'}, 'parent_name': [], 'tag': [], 'enabled': True, 'options': {}, 'type': 'localport', 'port_security': [], 'dhcpv4_options': [], 'dhcpv6_options': []}) {{(pid=89981) do_commit /opt/stack/data/venv/lib/python3.12/site-packages/ovsdbapp/backend/ovs_idl/transaction.py:89}}
Jun 08 14:42:10.097423 np0000002318 devstack@neutron-api.service[89981]: DEBUG ovsdbapp.backend.ovs_idl.transaction [None req-867e5eef-2bb9-4d87-a4cd-caf936d10ca0 None None] Running txn n=1 command(idx=1): QoSDelCommand(_result=None, switch=neutron-5ef57d68-1e47-4ead-8408-4e1233f1d59b, conditions=[('direction', '=', 'to-lport'), ('priority', '=', 2002), ('match', '=', 'outport == "0dd577e4-f6c1-4386-a8a0-5edf3880df79"')], if_exists=True) {{(pid=89981) do_commit /opt/stack/data/venv/lib/python3.12/site-packages/ovsdbapp/backend/ovs_idl/transaction.py:89}}
Jun 08 14:42:10.097626 np0000002318 devstack@neutron-api.service[89981]: DEBUG ovsdbapp.backend.ovs_idl.transaction [None req-867e5eef-2bb9-4d87-a4cd-caf936d10ca0 None None] Running txn n=1 command(idx=2): QoSDelCommand(_result=None, switch=neutron-5ef57d68-1e47-4ead-8408-4e1233f1d59b, conditions=[('direction', '=', 'from-lport'), ('priority', '=', 2002), ('match', '=', 'inport == "0dd577e4-f6c1-4386-a8a0-5edf3880df79"')], if_exists=True) {{(pid=89981) do_commit /opt/stack/data/venv/lib/python3.12/site-packages/ovsdbapp/backend/ovs_idl/transaction.py:89}}
Jun 08 14:42:10.100290 np0000002318 devstack@neutron-api.service[89981]: DEBUG neutron.plugins.ml2.drivers.ovn.mech_driver.ovsdb.ovsdb_monitor [None req-867e5eef-2bb9-4d87-a4cd-caf936d10ca0 None None] Hash Ring: Node 408c6e50ca985b34b4b203a2c3ab5002 (host: np0000002318) handling event "update" for row 5ef57d68-1e47-4ead-8408-4e1233f1d59b (table: Logical_Switch) {{(pid=89981) notify /opt/stack/neutron/neutron/plugins/ml2/drivers/ovn/mech_driver/ovsdb/ovsdb_monitor.py:1015}}
Jun 08 14:42:10.100584 np0000002318 devstack@neutron-api.service[89981]: DEBUG neutron.plugins.ml2.drivers.ovn.mech_driver.ovsdb.ovsdb_monitor [None req-867e5eef-2bb9-4d87-a4cd-caf936d10ca0 None None] Hash Ring: Node 408c6e50ca985b34b4b203a2c3ab5002 (host: np0000002318) handling event "create" for row 2b469cb5-0ddc-434f-902e-0ac0ab9ec372 (table: Logical_Switch_Port) {{(pid=89981) notify /opt/stack/neutron/neutron/plugins/ml2/drivers/ovn/mech_driver/ovsdb/ovsdb_monitor.py:1015}}
Jun 08 14:42:10.101922 np0000002318 devstack@neutron-api.service[89981]: DEBUG ovsdbapp.backend.ovs_idl.event [None req-867e5eef-2bb9-4d87-a4cd-caf936d10ca0 None None] Matched CREATE: LogicalSwitchPortCreateEvent(events=('create',), table='Logical_Switch_Port', conditions=[], old_conditions=None), priority=20 to row=Logical_Switch_Port(uuid=2b469cb5-0ddc-434f-902e-0ac0ab9ec372, addresses=['fa:16:3e:25:91:46'], dhcpv4_options=[], dhcpv6_options=[], dynamic_addresses=[], enabled=True, external_ids={'neutron:cidrs': '', 'neutron:device_id': 'ovnmeta-5ef57d68-1e47-4ead-8408-4e1233f1d59b', 'neutron:device_owner': 'network:distributed', 'neutron:mtu': '1372', 'neutron:network_name': 'neutron-5ef57d68-1e47-4ead-8408-4e1233f1d59b', 'neutron:port_capabilities': '', 'neutron:port_name': '', 'neutron:project_id': 'c7315150d5184ca19b9fcc1b22b10a22', 'neutron:revision_number': '1', 'neutron:security_group_ids': '', 'neutron:subnet_pool_addr_scope4': '', 'neutron:subnet_pool_addr_scope6': '', 'neutron:vnic_type': 'normal'}, ha_chassis_group=[], mirror_rules=[], name='0dd577e4-f6c1-4386-a8a0-5edf3880df79', options={}, parent_name=[], port_security=[], tag=[], tag_request=[], type='localport', up=[]) old= {{(pid=89981) matches /opt/stack/data/venv/lib/python3.12/site-packages/ovsdbapp/backend/ovs_idl/event.py:55}}
Jun 08 14:42:10.104136 np0000002318 devstack@neutron-api.service[89983]: DEBUG neutron.plugins.ml2.drivers.ovn.mech_driver.ovsdb.ovsdb_monitor [None req-dbfe3da0-1f21-43f4-bf73-a34ffb58ae1a None None] Hash Ring: Node c2ed576da86857a4ab0e22aecae9b4bd (host: np0000002318) handling event "create" for row 1a786b47-0810-4c71-8f10-807dd09ad785 (table: Port_Binding) {{(pid=89983) notify /opt/stack/neutron/neutron/plugins/ml2/drivers/ovn/mech_driver/ovsdb/ovsdb_monitor.py:1015}}
Jun 08 14:42:10.104873 np0000002318 devstack@neutron-api.service[89981]: INFO neutron.plugins.ml2.drivers.ovn.mech_driver.mech_driver [None req-e1e71a5c-5342-49fe-97d3-1a1da0b0eb9e None None] OVN reports status down for port: 0dd577e4-f6c1-4386-a8a0-5edf3880df79
Jun 08 14:42:10.105348 np0000002318 devstack@neutron-api.service[89981]: DEBUG neutron.plugins.ml2.drivers.ovn.mech_driver.ovsdb.ovsdb_monitor [None req-867e5eef-2bb9-4d87-a4cd-caf936d10ca0 None None] Hash Ring: Node 408c6e50ca985b34b4b203a2c3ab5002 (host: np0000002318) handling event "update" for row 2b469cb5-0ddc-434f-902e-0ac0ab9ec372 (table: Logical_Switch_Port) {{(pid=89981) notify /opt/stack/neutron/neutron/plugins/ml2/drivers/ovn/mech_driver/ovsdb/ovsdb_monitor.py:1015}}
Jun 08 14:42:10.141868 np0000002318 devstack@neutron-api.service[89981]: DEBUG neutron.db.provisioning_blocks [None req-e1e71a5c-5342-49fe-97d3-1a1da0b0eb9e None None] Transition to ACTIVE for port object 0dd577e4-f6c1-4386-a8a0-5edf3880df79 will not be triggered until provisioned by entity L2. {{(pid=89981) add_provisioning_component /opt/stack/neutron/neutron/db/provisioning_blocks.py:74}}
Jun 08 14:42:10.142822 np0000002318 devstack@neutron-api.service[89981]: INFO neutron.db.ovn_revision_numbers_db [None req-9dbaeed5-7ee4-4686-8759-3376ab576d13 admin admin] Successfully bumped revision number for resource 0dd577e4-f6c1-4386-a8a0-5edf3880df79 (type: ports) to 1
Jun 08 14:42:10.150119 np0000002318 devstack@neutron-api.service[89981]: DEBUG neutron.pecan_wsgi.hooks.policy_enforcement [None req-9dbaeed5-7ee4-4686-8759-3376ab576d13 admin admin] Attributes excluded by policy engine: ['standard_attr_id'] {{(pid=89981) _exclude_attributes_by_policy /opt/stack/neutron/neutron/pecan_wsgi/hooks/policy_enforcement.py:256}}
Jun 08 14:42:10.150375 np0000002318 devstack@neutron-api.service[89981]: DEBUG neutron_lib.callbacks.manager [None req-9dbaeed5-7ee4-4686-8759-3376ab576d13 admin admin] Publish callbacks [] for network (None), before_response {{(pid=89981) _notify_loop /opt/stack/data/venv/lib/python3.12/site-packages/neutron_lib/callbacks/manager.py:184}}
Jun 08 14:42:10.166960 np0000002318 devstack@neutron-api.service[89981]: [pid: 89981|app: 0|req: 12/37] 10.4.3.122 () {68 vars in 1326 bytes} [Mon Jun 8 14:42:09 2026] POST /networking/v2.0/networks => generated 679 bytes in 357 msecs (HTTP/1.1 201) 4 headers in 162 bytes (1 switches on core 0)
Jun 08 14:42:10.169605 np0000002318 devstack@neutron-api.service[89981]: DEBUG neutron.plugins.ml2.plugin [None req-e1e71a5c-5342-49fe-97d3-1a1da0b0eb9e None None] Current status of the port 0dd577e4-f6c1-4386-a8a0-5edf3880df79 is: DOWN; New status is: DOWN {{(pid=89981) _update_individual_port_db_status /opt/stack/neutron/neutron/plugins/ml2/plugin.py:2470}}
Jun 08 14:42:10.170430 np0000002318 devstack@neutron-api.service[89981]: DEBUG ovsdbapp.backend.ovs_idl.transaction [None req-867e5eef-2bb9-4d87-a4cd-caf936d10ca0 None None] Running txn n=1 command(idx=0): DbRemoveCommand(_result=None, table=Logical_Switch_Port, record=0dd577e4-f6c1-4386-a8a0-5edf3880df79, column=external_ids, values=('neutron:host_id',), keyvalues={}, if_exists=True) {{(pid=89981) do_commit /opt/stack/data/venv/lib/python3.12/site-packages/ovsdbapp/backend/ovs_idl/transaction.py:89}}
Jun 08 14:42:10.347127 np0000002318 devstack@neutron-api.service[89983]: INFO neutron.pecan_wsgi.hooks.translation [None req-2a517c95-9bfd-45f1-acdb-9a2aff4609fe admin admin] GET failed (client error): The resource could not be found.
Jun 08 14:42:10.347793 np0000002318 devstack@neutron-api.service[89983]: [pid: 89983|app: 0|req: 14/38] 10.4.3.122 () {64 vars in 1294 bytes} [Mon Jun 8 14:42:10 2026] GET /networking/v2.0/networks/shared => generated 108 bytes in 7 msecs (HTTP/1.1 404) 4 headers in 164 bytes (1 switches on core 0)
Jun 08 14:42:10.379984 np0000002318 devstack@neutron-api.service[89982]: DEBUG neutron.pecan_wsgi.hooks.policy_enforcement [None req-aaeff5b5-74a1-4c1b-94e1-019da1bb318e admin admin] Attributes excluded by policy engine: ['standard_attr_id'] {{(pid=89982) _exclude_attributes_by_policy /opt/stack/neutron/neutron/pecan_wsgi/hooks/policy_enforcement.py:256}}
Jun 08 14:42:10.380774 np0000002318 devstack@neutron-api.service[89982]: [pid: 89982|app: 0|req: 13/39] 10.4.3.122 () {64 vars in 1309 bytes} [Mon Jun 8 14:42:10 2026] GET /networking/v2.0/networks?name=shared => generated 663 bytes in 25 msecs (HTTP/1.1 200) 4 headers in 157 bytes (1 switches on core 0)
Jun 08 14:42:10.391917 np0000002318 devstack@neutron-api.service[89981]: DEBUG neutron.api.v2.base [None req-9b52feb0-b38b-42f5-89e3-f25fdf0bea4e admin admin] Request body: {'subnet': {'name': 'shared-subnet', 'cidr': '192.168.233.0/24', 'description': 'shared-subnet', 'network_id': '5ef57d68-1e47-4ead-8408-4e1233f1d59b', 'ip_version': 4}} {{(pid=89981) prepare_request_body /opt/stack/neutron/neutron/api/v2/base.py:727}}
Jun 08 14:42:10.403617 np0000002318 devstack@neutron-api.service[89981]: DEBUG neutron.pecan_wsgi.hooks.quota_enforcement [None req-9b52feb0-b38b-42f5-89e3-f25fdf0bea4e admin admin] Made reservation on behalf of c7315150d5184ca19b9fcc1b22b10a22 for: {'subnet': 1} {{(pid=89981) before /opt/stack/neutron/neutron/pecan_wsgi/hooks/quota_enforcement.py:66}}
Jun 08 14:42:10.405725 np0000002318 devstack@neutron-api.service[89981]: DEBUG neutron_lib.callbacks.manager [None req-9b52feb0-b38b-42f5-89e3-f25fdf0bea4e admin admin] Publish callbacks [] for subnet (None), before_create {{(pid=89981) _notify_loop /opt/stack/data/venv/lib/python3.12/site-packages/neutron_lib/callbacks/manager.py:184}}
Jun 08 14:42:10.454103 np0000002318 devstack@neutron-api.service[89981]: DEBUG neutron.db.ovn_revision_numbers_db [None req-9b52feb0-b38b-42f5-89e3-f25fdf0bea4e admin admin] create_initial_revision uuid=fc2eb42d-33bf-49d0-a76a-b923d7b805ee, type=subnets, rev=-1 {{(pid=89981) create_initial_revision /opt/stack/neutron/neutron/db/ovn_revision_numbers_db.py:98}}
Jun 08 14:42:10.457550 np0000002318 devstack@neutron-api.service[89981]: DEBUG neutron_lib.callbacks.manager [None req-9b52feb0-b38b-42f5-89e3-f25fdf0bea4e admin admin] Publish callbacks ['neutron.plugins.ml2.ovo_rpc._ObjectChangeHandler.handle_event-2522030'] for subnet (fc2eb42d-33bf-49d0-a76a-b923d7b805ee), after_create {{(pid=89981) _notify_loop /opt/stack/data/venv/lib/python3.12/site-packages/neutron_lib/callbacks/manager.py:184}}
Jun 08 14:42:10.467725 np0000002318 devstack@neutron-api.service[89981]: DEBUG neutron.api.rpc.handlers.resources_rpc [None req-9b52feb0-b38b-42f5-89e3-f25fdf0bea4e admin admin] Pushing event updated for resources: {'Subnet': ['ID=fc2eb42d-33bf-49d0-a76a-b923d7b805ee,revision_number=0']} {{(pid=89981) push /opt/stack/neutron/neutron/api/rpc/handlers/resources_rpc.py:237}}
Jun 08 14:42:10.506590 np0000002318 devstack@neutron-api.service[89981]: DEBUG neutron_lib.callbacks.manager [None req-9b52feb0-b38b-42f5-89e3-f25fdf0bea4e admin admin] Publish callbacks ['neutron.plugins.ml2.plugin.SecurityGroupDbMixin._ensure_default_security_group_handler-32572652', 'neutron.services.ovn_l3.plugin.OVNL3RouterPlugin._port_update-7940133993212', 'neutron.db.l3_db.L3_NAT_dbonly_mixin._prevent_internal_ip_change_for_fip-7940135853100'] for port (0dd577e4-f6c1-4386-a8a0-5edf3880df79), before_update {{(pid=89981) _notify_loop /opt/stack/data/venv/lib/python3.12/site-packages/neutron_lib/callbacks/manager.py:184}}
Jun 08 14:42:10.578066 np0000002318 devstack@neutron-api.service[89981]: DEBUG neutron.db.db_base_plugin_common [None req-9b52feb0-b38b-42f5-89e3-f25fdf0bea4e admin admin] Allocated IP 192.168.233.2 (5ef57d68-1e47-4ead-8408-4e1233f1d59b/fc2eb42d-33bf-49d0-a76a-b923d7b805ee/0dd577e4-f6c1-4386-a8a0-5edf3880df79) {{(pid=89981) _store_ip_allocation /opt/stack/neutron/neutron/db/db_base_plugin_common.py:131}}
Jun 08 14:42:10.631627 np0000002318 devstack@neutron-api.service[89981]: DEBUG neutron_lib.callbacks.manager [None req-9b52feb0-b38b-42f5-89e3-f25fdf0bea4e admin admin] Publish callbacks [] for port (0dd577e4-f6c1-4386-a8a0-5edf3880df79), precommit_update {{(pid=89981) _notify_loop /opt/stack/data/venv/lib/python3.12/site-packages/neutron_lib/callbacks/manager.py:184}}
Jun 08 14:42:10.631779 np0000002318 devstack@neutron-api.service[89981]: DEBUG neutron.plugins.ml2.drivers.ovn.mech_driver.mech_driver [None req-9b52feb0-b38b-42f5-89e3-f25fdf0bea4e admin admin] No provisioning block for port 0dd577e4-f6c1-4386-a8a0-5edf3880df79 since it does not have a host {{(pid=89981) _is_port_provisioning_required /opt/stack/neutron/neutron/plugins/ml2/drivers/ovn/mech_driver/mech_driver.py:896}}
Jun 08 14:42:10.641730 np0000002318 devstack@neutron-api.service[89981]: DEBUG neutron_lib.callbacks.manager [None req-9b52feb0-b38b-42f5-89e3-f25fdf0bea4e admin admin] Publish callbacks ['neutron.plugins.ml2.ovo_rpc._ObjectChangeHandler.handle_event-2522063', 'neutron.services.ovn_l3.plugin.OVNL3RouterPlugin._port_update-7940133993212'] for port (0dd577e4-f6c1-4386-a8a0-5edf3880df79), after_update {{(pid=89981) _notify_loop /opt/stack/data/venv/lib/python3.12/site-packages/neutron_lib/callbacks/manager.py:184}}
Jun 08 14:42:10.667348 np0000002318 devstack@neutron-api.service[89981]: DEBUG neutron.api.rpc.handlers.resources_rpc [None req-9b52feb0-b38b-42f5-89e3-f25fdf0bea4e admin admin] Pushing event updated for resources: {'Port': ['ID=0dd577e4-f6c1-4386-a8a0-5edf3880df79,revision_number=2']} {{(pid=89981) push /opt/stack/neutron/neutron/api/rpc/handlers/resources_rpc.py:237}}
Jun 08 14:42:10.748325 np0000002318 devstack@neutron-api.service[89981]: DEBUG ovsdbapp.backend.ovs_idl.transaction [None req-867e5eef-2bb9-4d87-a4cd-caf936d10ca0 None None] Running txn n=1 command(idx=0): CheckRevisionNumberCommand(_result=None, name=0dd577e4-f6c1-4386-a8a0-5edf3880df79, resource={'id': '0dd577e4-f6c1-4386-a8a0-5edf3880df79', 'name': '', 'network_id': '5ef57d68-1e47-4ead-8408-4e1233f1d59b', 'project_id': 'c7315150d5184ca19b9fcc1b22b10a22', 'mac_address': 'fa:16:3e:25:91:46', 'admin_state_up': True, 'status': 'DOWN', 'device_id': 'ovnmeta-5ef57d68-1e47-4ead-8408-4e1233f1d59b', 'device_owner': 'network:distributed', 'standard_attr_id': 28, 'fixed_ips': [{'subnet_id': 'fc2eb42d-33bf-49d0-a76a-b923d7b805ee', 'ip_address': '192.168.233.2'}], 'allowed_address_pairs': [], 'extra_dhcp_opts': [], 'security_groups': [], 'description': '', 'binding:vnic_type': 'normal', 'binding:profile': {}, 'binding:host_id': '', 'binding:vif_type': 'unbound', 'binding:vif_details': {}, 'port_security_enabled': False, 'tags': [], 'created_at': '2026-06-08T14:42:09Z', 'updated_at': '2026-06-08T14:42:10Z', 'revision_number': 2, 'tenant_id': 'c7315150d5184ca19b9fcc1b22b10a22', 'network': {'id': '5ef57d68-1e47-4ead-8408-4e1233f1d59b', 'name': 'shared', 'tenant_id': 'c7315150d5184ca19b9fcc1b22b10a22', 'project_id': 'c7315150d5184ca19b9fcc1b22b10a22', 'admin_state_up': True, 'mtu': 1372, 'status': 'ACTIVE', 'subnets': ['fc2eb42d-33bf-49d0-a76a-b923d7b805ee'], 'standard_attr_id': 26, 'shared': True, 'availability_zone_hints': [], 'availability_zones': [], 'ipv4_address_scope': None, 'ipv6_address_scope': None, 'router:external': False, 'qinq': False, 'vlan_transparent': False, 'description': '', 'port_security_enabled': True, 'tags': [], 'created_at': '2026-06-08T14:42:09Z', 'updated_at': '2026-06-08T14:42:10Z', 'revision_number': 2, 'provider:network_type': 'geneve', 'provider:physical_network': None, 'provider:segmentation_id': 54088}}, resource_type=ports, if_exists=True) {{(pid=89981) do_commit /opt/stack/data/venv/lib/python3.12/site-packages/ovsdbapp/backend/ovs_idl/transaction.py:89}}
Jun 08 14:42:10.748640 np0000002318 devstack@neutron-api.service[89981]: DEBUG ovsdbapp.backend.ovs_idl.transaction [None req-867e5eef-2bb9-4d87-a4cd-caf936d10ca0 None None] Running txn n=1 command(idx=1): AddDHCPOptionsCommand(_result=None, columns={'cidr': '192.168.233.0/24', 'options': {'server_id': '192.168.233.1', 'lease_time': '43200', 'mtu': '1372', 'router': '192.168.233.1', 'server_mac': 'fa:16:3e:f1:bb:1b', 'dns_server': '{127.0.0.53}', 'classless_static_route': '{169.254.169.254/32,192.168.233.2, 0.0.0.0/0,192.168.233.1}'}, 'external_ids': {'subnet_id': 'fc2eb42d-33bf-49d0-a76a-b923d7b805ee', 'neutron:network_id': '5ef57d68-1e47-4ead-8408-4e1233f1d59b', 'neutron:revision_number': '0'}}, may_exist=True, subnet_id=fc2eb42d-33bf-49d0-a76a-b923d7b805ee, port_id=None, new_insert=False) {{(pid=89981) do_commit /opt/stack/data/venv/lib/python3.12/site-packages/ovsdbapp/backend/ovs_idl/transaction.py:89}}
