Jun 25 17:36:12.893944 np0000003626 nova-scheduler[93246]: DEBUG cotyledon.oslo_config_glue [-] oslo_limit.cafile = None {{(pid=93246) log_opt_values /opt/stack/data/venv/lib/python3.12/site-packages/oslo_config/cfg.py:3253}}
Jun 25 17:36:12.894001 np0000003626 nova-scheduler[93246]: DEBUG cotyledon.oslo_config_glue [-] oslo_limit.certfile = None {{(pid=93246) log_opt_values /opt/stack/data/venv/lib/python3.12/site-packages/oslo_config/cfg.py:3253}}
Jun 25 17:36:12.894060 np0000003626 nova-scheduler[93246]: DEBUG cotyledon.oslo_config_glue [-] oslo_limit.collect_timing = False {{(pid=93246) log_opt_values /opt/stack/data/venv/lib/python3.12/site-packages/oslo_config/cfg.py:3253}}
Jun 25 17:36:12.894129 np0000003626 nova-scheduler[93246]: DEBUG cotyledon.oslo_config_glue [-] oslo_limit.connect_retries = None {{(pid=93246) log_opt_values /opt/stack/data/venv/lib/python3.12/site-packages/oslo_config/cfg.py:3253}}
Jun 25 17:36:12.894186 np0000003626 nova-scheduler[93246]: DEBUG cotyledon.oslo_config_glue [-] oslo_limit.connect_retry_delay = None {{(pid=93246) log_opt_values /opt/stack/data/venv/lib/python3.12/site-packages/oslo_config/cfg.py:3253}}
Jun 25 17:36:12.894261 np0000003626 nova-scheduler[93246]: DEBUG cotyledon.oslo_config_glue [-] oslo_limit.endpoint_id = None {{(pid=93246) log_opt_values /opt/stack/data/venv/lib/python3.12/site-packages/oslo_config/cfg.py:3253}}
Jun 25 17:36:12.894318 np0000003626 nova-scheduler[93246]: DEBUG cotyledon.oslo_config_glue [-] oslo_limit.endpoint_interface = public {{(pid=93246) log_opt_values /opt/stack/data/venv/lib/python3.12/site-packages/oslo_config/cfg.py:3253}}
Jun 25 17:36:12.894383 np0000003626 nova-scheduler[93246]: DEBUG cotyledon.oslo_config_glue [-] oslo_limit.endpoint_override = None {{(pid=93246) log_opt_values /opt/stack/data/venv/lib/python3.12/site-packages/oslo_config/cfg.py:3253}}
Jun 25 17:36:12.894441 np0000003626 nova-scheduler[93246]: DEBUG cotyledon.oslo_config_glue [-] oslo_limit.endpoint_region_name = None {{(pid=93246) log_opt_values /opt/stack/data/venv/lib/python3.12/site-packages/oslo_config/cfg.py:3253}}
Jun 25 17:36:12.894512 np0000003626 nova-scheduler[93246]: DEBUG cotyledon.oslo_config_glue [-] oslo_limit.endpoint_service_name = None {{(pid=93246) log_opt_values /opt/stack/data/venv/lib/python3.12/site-packages/oslo_config/cfg.py:3253}}
Jun 25 17:36:12.894576 np0000003626 nova-scheduler[93246]: DEBUG cotyledon.oslo_config_glue [-] oslo_limit.endpoint_service_type = None {{(pid=93246) log_opt_values /opt/stack/data/venv/lib/python3.12/site-packages/oslo_config/cfg.py:3253}}
Jun 25 17:36:12.894637 np0000003626 nova-scheduler[93246]: DEBUG cotyledon.oslo_config_glue [-] oslo_limit.insecure = False {{(pid=93246) log_opt_values /opt/stack/data/venv/lib/python3.12/site-packages/oslo_config/cfg.py:3253}}
Jun 25 17:36:12.894689 np0000003626 nova-scheduler[93246]: DEBUG cotyledon.oslo_config_glue [-] oslo_limit.keyfile = None {{(pid=93246) log_opt_values /opt/stack/data/venv/lib/python3.12/site-packages/oslo_config/cfg.py:3253}}
Jun 25 17:36:12.894745 np0000003626 nova-scheduler[93246]: DEBUG cotyledon.oslo_config_glue [-] oslo_limit.max_version = None {{(pid=93246) log_opt_values /opt/stack/data/venv/lib/python3.12/site-packages/oslo_config/cfg.py:3253}}
Jun 25 17:36:12.894802 np0000003626 nova-scheduler[93246]: DEBUG cotyledon.oslo_config_glue [-] oslo_limit.min_version = None {{(pid=93246) log_opt_values /opt/stack/data/venv/lib/python3.12/site-packages/oslo_config/cfg.py:3253}}
Jun 25 17:36:12.894869 np0000003626 nova-scheduler[93246]: DEBUG cotyledon.oslo_config_glue [-] oslo_limit.region_name = None {{(pid=93246) log_opt_values /opt/stack/data/venv/lib/python3.12/site-packages/oslo_config/cfg.py:3253}}
Jun 25 17:36:12.894926 np0000003626 nova-scheduler[93246]: DEBUG cotyledon.oslo_config_glue [-] oslo_limit.retriable_status_codes = None {{(pid=93246) log_opt_values /opt/stack/data/venv/lib/python3.12/site-packages/oslo_config/cfg.py:3253}}
Jun 25 17:36:12.894991 np0000003626 nova-scheduler[93246]: DEBUG cotyledon.oslo_config_glue [-] oslo_limit.service_name = None {{(pid=93246) log_opt_values /opt/stack/data/venv/lib/python3.12/site-packages/oslo_config/cfg.py:3253}}
Jun 25 17:36:12.895050 np0000003626 nova-scheduler[93246]: DEBUG cotyledon.oslo_config_glue [-] oslo_limit.service_type = None {{(pid=93246) log_opt_values /opt/stack/data/venv/lib/python3.12/site-packages/oslo_config/cfg.py:3253}}
Jun 25 17:36:12.895107 np0000003626 nova-scheduler[93246]: DEBUG cotyledon.oslo_config_glue [-] oslo_limit.split_loggers = False {{(pid=93246) log_opt_values /opt/stack/data/venv/lib/python3.12/site-packages/oslo_config/cfg.py:3253}}
Jun 25 17:36:12.895162 np0000003626 nova-scheduler[93246]: DEBUG cotyledon.oslo_config_glue [-] oslo_limit.status_code_retries = None {{(pid=93246) log_opt_values /opt/stack/data/venv/lib/python3.12/site-packages/oslo_config/cfg.py:3253}}
Jun 25 17:36:12.895239 np0000003626 nova-scheduler[93246]: DEBUG cotyledon.oslo_config_glue [-] oslo_limit.status_code_retry_delay = None {{(pid=93246) log_opt_values /opt/stack/data/venv/lib/python3.12/site-packages/oslo_config/cfg.py:3253}}
Jun 25 17:36:12.895293 np0000003626 nova-scheduler[93246]: DEBUG cotyledon.oslo_config_glue [-] oslo_limit.timeout = None {{(pid=93246) log_opt_values /opt/stack/data/venv/lib/python3.12/site-packages/oslo_config/cfg.py:3253}}
Jun 25 17:36:12.895351 np0000003626 nova-scheduler[93246]: DEBUG cotyledon.oslo_config_glue [-] oslo_limit.valid_interfaces = None {{(pid=93246) log_opt_values /opt/stack/data/venv/lib/python3.12/site-packages/oslo_config/cfg.py:3253}}
Jun 25 17:36:12.895410 np0000003626 nova-scheduler[93246]: DEBUG cotyledon.oslo_config_glue [-] oslo_limit.version = None {{(pid=93246) log_opt_values /opt/stack/data/venv/lib/python3.12/site-packages/oslo_config/cfg.py:3253}}
Jun 25 17:36:12.895489 np0000003626 nova-scheduler[93246]: DEBUG cotyledon.oslo_config_glue [-] oslo_reports.file_event_handler = None {{(pid=93246) log_opt_values /opt/stack/data/venv/lib/python3.12/site-packages/oslo_config/cfg.py:3253}}
Jun 25 17:36:12.895558 np0000003626 nova-scheduler[93246]: DEBUG cotyledon.oslo_config_glue [-] oslo_reports.file_event_handler_interval = 1 {{(pid=93246) log_opt_values /opt/stack/data/venv/lib/python3.12/site-packages/oslo_config/cfg.py:3253}}
Jun 25 17:36:12.895626 np0000003626 nova-scheduler[93246]: DEBUG cotyledon.oslo_config_glue [-] oslo_reports.log_dir = None {{(pid=93246) log_opt_values /opt/stack/data/venv/lib/python3.12/site-packages/oslo_config/cfg.py:3253}}
Jun 25 17:36:12.895673 np0000003626 nova-scheduler[93246]: DEBUG cotyledon.oslo_config_glue [-] ******************************************************************************** {{(pid=93246) log_opt_values /opt/stack/data/venv/lib/python3.12/site-packages/oslo_config/cfg.py:3260}}
Jun 25 17:36:12.895850 np0000003626 nova-scheduler[93246]: DEBUG cotyledon._service_worker [-] Run service ServiceWrapper(2) [93246] {{(pid=93246) wait_forever /opt/stack/data/venv/lib/python3.12/site-packages/cotyledon/_service_worker.py:218}}
Jun 25 17:36:12.897651 np0000003626 nova-scheduler[93246]: INFO nova.service [-] Starting scheduler node (version 33.1.0)
Jun 25 17:36:12.898791 np0000003626 nova-scheduler[93239]: DEBUG dbcounter [-] [93239] Writer thread running {{(pid=93239) stat_writer /opt/stack/data/venv/lib/python3.12/site-packages/dbcounter.py:102}}
Jun 25 17:36:12.903076 np0000003626 nova-scheduler[93246]: INFO dbcounter [None req-364c32ae-ffb5-47e8-a811-db4978d4503d None None] Registered counter for database nova_cell0
Jun 25 17:36:12.918233 np0000003626 nova-scheduler[93239]: DEBUG nova.service [None req-3f7e205c-a2cd-4bc6-a096-5e4cd02dc03d None None] Creating RPC server for service: nova-scheduler on topic: scheduler {{(pid=93239) start /opt/stack/nova/nova/service.py:196}}
Jun 25 17:36:12.923797 np0000003626 nova-scheduler[93241]: DEBUG oslo_db.sqlalchemy.engines [None req-e372f73a-f106-4dbb-bcfe-83cce362da1a None None] MySQL server mode set to STRICT_TRANS_TABLES,STRICT_ALL_TABLES,NO_ZERO_IN_DATE,NO_ZERO_DATE,ERROR_FOR_DIVISION_BY_ZERO,TRADITIONAL,NO_ENGINE_SUBSTITUTION {{(pid=93241) _check_effective_sql_mode /opt/stack/data/venv/lib/python3.12/site-packages/oslo_db/sqlalchemy/engines.py:325}}
Jun 25 17:36:12.932944 np0000003626 nova-scheduler[93241]: DEBUG dbcounter [-] [93241] Writer thread running {{(pid=93241) stat_writer /opt/stack/data/venv/lib/python3.12/site-packages/dbcounter.py:102}}
Jun 25 17:36:12.936475 np0000003626 nova-scheduler[93241]: DEBUG nova.service [None req-e372f73a-f106-4dbb-bcfe-83cce362da1a None None] Creating RPC server for service: nova-scheduler on topic: scheduler {{(pid=93241) start /opt/stack/nova/nova/service.py:196}}
Jun 25 17:36:12.945227 np0000003626 nova-scheduler[93239]: DEBUG nova.service [None req-3f7e205c-a2cd-4bc6-a096-5e4cd02dc03d None None] Join ServiceGroup membership for this service scheduler {{(pid=93239) start /opt/stack/nova/nova/service.py:222}}
Jun 25 17:36:12.945584 np0000003626 nova-scheduler[93239]: DEBUG nova.servicegroup.drivers.db [None req-3f7e205c-a2cd-4bc6-a096-5e4cd02dc03d None None] DB_Driver: join new ServiceGroup member np0000003626 to the scheduler group, service = {{(pid=93239) join /opt/stack/nova/nova/servicegroup/drivers/db.py:44}}
Jun 25 17:36:12.953762 np0000003626 nova-scheduler[93246]: DEBUG oslo_db.sqlalchemy.engines [None req-364c32ae-ffb5-47e8-a811-db4978d4503d None None] MySQL server mode set to STRICT_TRANS_TABLES,STRICT_ALL_TABLES,NO_ZERO_IN_DATE,NO_ZERO_DATE,ERROR_FOR_DIVISION_BY_ZERO,TRADITIONAL,NO_ENGINE_SUBSTITUTION {{(pid=93246) _check_effective_sql_mode /opt/stack/data/venv/lib/python3.12/site-packages/oslo_db/sqlalchemy/engines.py:325}}
Jun 25 17:36:12.955816 np0000003626 nova-scheduler[93241]: DEBUG nova.service [None req-e372f73a-f106-4dbb-bcfe-83cce362da1a None None] Join ServiceGroup membership for this service scheduler {{(pid=93241) start /opt/stack/nova/nova/service.py:222}}
Jun 25 17:36:12.956100 np0000003626 nova-scheduler[93241]: DEBUG nova.servicegroup.drivers.db [None req-e372f73a-f106-4dbb-bcfe-83cce362da1a None None] DB_Driver: join new ServiceGroup member np0000003626 to the scheduler group, service = {{(pid=93241) join /opt/stack/nova/nova/servicegroup/drivers/db.py:44}}
Jun 25 17:36:12.965221 np0000003626 nova-scheduler[93246]: DEBUG dbcounter [-] [93246] Writer thread running {{(pid=93246) stat_writer /opt/stack/data/venv/lib/python3.12/site-packages/dbcounter.py:102}}
Jun 25 17:36:12.968779 np0000003626 nova-scheduler[93246]: DEBUG nova.service [None req-364c32ae-ffb5-47e8-a811-db4978d4503d None None] Creating RPC server for service: nova-scheduler on topic: scheduler {{(pid=93246) start /opt/stack/nova/nova/service.py:196}}
Jun 25 17:36:12.988171 np0000003626 nova-scheduler[93246]: DEBUG nova.service [None req-364c32ae-ffb5-47e8-a811-db4978d4503d None None] Join ServiceGroup membership for this service scheduler {{(pid=93246) start /opt/stack/nova/nova/service.py:222}}
Jun 25 17:36:12.988441 np0000003626 nova-scheduler[93246]: DEBUG nova.servicegroup.drivers.db [None req-364c32ae-ffb5-47e8-a811-db4978d4503d None None] DB_Driver: join new ServiceGroup member np0000003626 to the scheduler group, service = {{(pid=93246) join /opt/stack/nova/nova/servicegroup/drivers/db.py:44}}
Jun 25 17:36:13.950842 np0000003626 nova-scheduler[93239]: DEBUG oslo.service.backend._threading.loopingcall [None req-ad6ba0a9-bbb1-4515-a128-75c0723cc1e0 None None] Dynamic interval looping call 'nova.service.Service.periodic_tasks' sleeping for 60.00 seconds {{(pid=93239) _run_loop /opt/stack/data/venv/lib/python3.12/site-packages/oslo_service/backend/_threading/loopingcall.py:125}}
Jun 25 17:36:17.961365 np0000003626 nova-scheduler[93239]: DEBUG oslo.service.backend._threading.loopingcall [-] Fixed interval looping call 'nova.servicegroup.drivers.db.DbDriver._report_state' sleeping for 119.99 seconds {{(pid=93239) _run_loop /opt/stack/data/venv/lib/python3.12/site-packages/oslo_service/backend/_threading/loopingcall.py:125}}
Jun 25 17:36:17.969645 np0000003626 nova-scheduler[93241]: DEBUG oslo.service.backend._threading.loopingcall [-] Fixed interval looping call 'nova.servicegroup.drivers.db.DbDriver._report_state' sleeping for 119.99 seconds {{(pid=93241) _run_loop /opt/stack/data/venv/lib/python3.12/site-packages/oslo_service/backend/_threading/loopingcall.py:125}}
Jun 25 17:36:18.002707 np0000003626 nova-scheduler[93246]: DEBUG oslo.service.backend._threading.loopingcall [-] Fixed interval looping call 'nova.servicegroup.drivers.db.DbDriver._report_state' sleeping for 119.99 seconds {{(pid=93246) _run_loop /opt/stack/data/venv/lib/python3.12/site-packages/oslo_service/backend/_threading/loopingcall.py:125}}
Jun 25 17:36:21.547568 np0000003626 nova-scheduler[92035]: DEBUG dbcounter [-] [92035] Writing DB stats nova_api:SELECT=3 {{(pid=92035) stat_writer /opt/stack/data/venv/lib/python3.12/site-packages/dbcounter.py:115}}
Jun 25 17:36:21.677917 np0000003626 nova-scheduler[92035]: DEBUG dbcounter [-] [92035] Writing DB stats nova_cell0:SELECT=1 {{(pid=92035) stat_writer /opt/stack/data/venv/lib/python3.12/site-packages/dbcounter.py:115}}
Jun 25 17:36:21.682407 np0000003626 nova-scheduler[92035]: DEBUG dbcounter [-] [92035] Writing DB stats nova_cell1:SELECT=1 {{(pid=92035) stat_writer /opt/stack/data/venv/lib/python3.12/site-packages/dbcounter.py:115}}
Jun 25 17:36:27.955685 np0000003626 nova-scheduler[93239]: DEBUG dbcounter [-] [93239] Writing DB stats nova_cell0:SELECT=4,nova_cell0:INSERT=1,nova_cell0:UPDATE=1 {{(pid=93239) stat_writer /opt/stack/data/venv/lib/python3.12/site-packages/dbcounter.py:115}}
Jun 25 17:36:27.967454 np0000003626 nova-scheduler[93241]: DEBUG dbcounter [-] [93241] Writing DB stats nova_cell0:SELECT=3 {{(pid=93241) stat_writer /opt/stack/data/venv/lib/python3.12/site-packages/dbcounter.py:115}}
Jun 25 17:36:28.002102 np0000003626 nova-scheduler[93246]: DEBUG dbcounter [-] [93246] Writing DB stats nova_cell0:SELECT=3 {{(pid=93246) stat_writer /opt/stack/data/venv/lib/python3.12/site-packages/dbcounter.py:115}}
Jun 25 17:36:30.958357 np0000003626 nova-scheduler[93241]: DEBUG oslo.service.backend._threading.loopingcall [None req-050a882d-334d-49d2-839c-4f1e266d71af None None] Dynamic interval looping call 'nova.service.Service.periodic_tasks' sleeping for 60.00 seconds {{(pid=93241) _run_loop /opt/stack/data/venv/lib/python3.12/site-packages/oslo_service/backend/_threading/loopingcall.py:125}}
Jun 25 17:36:45.990487 np0000003626 nova-scheduler[93246]: DEBUG oslo.service.backend._threading.loopingcall [None req-60a25b22-2020-4f6c-98b7-94a7c3d1b8b0 None None] Dynamic interval looping call 'nova.service.Service.periodic_tasks' sleeping for 60.00 seconds {{(pid=93246) _run_loop /opt/stack/data/venv/lib/python3.12/site-packages/oslo_service/backend/_threading/loopingcall.py:125}}
Jun 25 17:37:13.951259 np0000003626 nova-scheduler[93239]: DEBUG oslo.service.backend._threading.loopingcall [None req-ad6ba0a9-bbb1-4515-a128-75c0723cc1e0 None None] Dynamic interval looping call 'nova.service.Service.periodic_tasks' sleeping for 60.00 seconds {{(pid=93239) _run_loop /opt/stack/data/venv/lib/python3.12/site-packages/oslo_service/backend/_threading/loopingcall.py:125}}
Jun 25 17:37:30.958899 np0000003626 nova-scheduler[93241]: DEBUG oslo.service.backend._threading.loopingcall [None req-050a882d-334d-49d2-839c-4f1e266d71af None None] Dynamic interval looping call 'nova.service.Service.periodic_tasks' sleeping for 60.00 seconds {{(pid=93241) _run_loop /opt/stack/data/venv/lib/python3.12/site-packages/oslo_service/backend/_threading/loopingcall.py:125}}
Jun 25 17:37:45.990983 np0000003626 nova-scheduler[93246]: DEBUG oslo.service.backend._threading.loopingcall [None req-60a25b22-2020-4f6c-98b7-94a7c3d1b8b0 None None] Dynamic interval looping call 'nova.service.Service.periodic_tasks' sleeping for 60.00 seconds {{(pid=93246) _run_loop /opt/stack/data/venv/lib/python3.12/site-packages/oslo_service/backend/_threading/loopingcall.py:125}}
Jun 25 17:38:13.951806 np0000003626 nova-scheduler[93239]: DEBUG oslo.service.backend._threading.loopingcall [None req-ad6ba0a9-bbb1-4515-a128-75c0723cc1e0 None None] Dynamic interval looping call 'nova.service.Service.periodic_tasks' sleeping for 60.00 seconds {{(pid=93239) _run_loop /opt/stack/data/venv/lib/python3.12/site-packages/oslo_service/backend/_threading/loopingcall.py:125}}
Jun 25 17:38:17.957808 np0000003626 nova-scheduler[93239]: DEBUG oslo.service.backend._threading.loopingcall [-] Fixed interval looping call 'nova.servicegroup.drivers.db.DbDriver._report_state' sleeping for 119.99 seconds {{(pid=93239) _run_loop /opt/stack/data/venv/lib/python3.12/site-packages/oslo_service/backend/_threading/loopingcall.py:125}}
Jun 25 17:38:17.962970 np0000003626 nova-scheduler[93241]: DEBUG oslo.service.backend._threading.loopingcall [-] Fixed interval looping call 'nova.servicegroup.drivers.db.DbDriver._report_state' sleeping for 120.00 seconds {{(pid=93241) _run_loop /opt/stack/data/venv/lib/python3.12/site-packages/oslo_service/backend/_threading/loopingcall.py:125}}
Jun 25 17:38:17.996026 np0000003626 nova-scheduler[93246]: DEBUG oslo.service.backend._threading.loopingcall [-] Fixed interval looping call 'nova.servicegroup.drivers.db.DbDriver._report_state' sleeping for 120.00 seconds {{(pid=93246) _run_loop /opt/stack/data/venv/lib/python3.12/site-packages/oslo_service/backend/_threading/loopingcall.py:125}}
Jun 25 17:38:27.954373 np0000003626 nova-scheduler[93239]: DEBUG dbcounter [-] [93239] Writing DB stats nova_cell0:SELECT=1,nova_cell0:UPDATE=1 {{(pid=93239) stat_writer /opt/stack/data/venv/lib/python3.12/site-packages/dbcounter.py:115}}
Jun 25 17:38:27.961478 np0000003626 nova-scheduler[93241]: DEBUG dbcounter [-] [93241] Writing DB stats nova_cell0:SELECT=1 {{(pid=93241) stat_writer /opt/stack/data/venv/lib/python3.12/site-packages/dbcounter.py:115}}
Jun 25 17:38:27.994431 np0000003626 nova-scheduler[93246]: DEBUG dbcounter [-] [93246] Writing DB stats nova_cell0:SELECT=1 {{(pid=93246) stat_writer /opt/stack/data/venv/lib/python3.12/site-packages/dbcounter.py:115}}
Jun 25 17:38:30.960979 np0000003626 nova-scheduler[93241]: DEBUG oslo.service.backend._threading.loopingcall [None req-050a882d-334d-49d2-839c-4f1e266d71af None None] Dynamic interval looping call 'nova.service.Service.periodic_tasks' sleeping for 60.00 seconds {{(pid=93241) _run_loop /opt/stack/data/venv/lib/python3.12/site-packages/oslo_service/backend/_threading/loopingcall.py:125}}
Jun 25 17:38:45.992649 np0000003626 nova-scheduler[93246]: DEBUG oslo.service.backend._threading.loopingcall [None req-60a25b22-2020-4f6c-98b7-94a7c3d1b8b0 None None] Dynamic interval looping call 'nova.service.Service.periodic_tasks' sleeping for 60.00 seconds {{(pid=93246) _run_loop /opt/stack/data/venv/lib/python3.12/site-packages/oslo_service/backend/_threading/loopingcall.py:125}}
Jun 25 17:38:49.516597 np0000003626 nova-scheduler[93239]: DEBUG nova.scheduler.manager [None req-935e4773-b794-41f2-be33-cce710ceb3fb tempest-DeleteServersTestJSON-1445899566 tempest-DeleteServersTestJSON-1445899566-project-member] Starting to schedule for instances: ['ba249f98-1831-472c-a294-446b69dd84e9'] {{(pid=93239) select_destinations /opt/stack/nova/nova/scheduler/manager.py:210}}
Jun 25 17:38:49.517235 np0000003626 nova-scheduler[93239]: DEBUG nova.scheduler.request_filter [None req-935e4773-b794-41f2-be33-cce710ceb3fb tempest-DeleteServersTestJSON-1445899566 tempest-DeleteServersTestJSON-1445899566-project-member] compute_status_filter request filter added forbidden trait COMPUTE_STATUS_DISABLED {{(pid=93239) compute_status_filter /opt/stack/nova/nova/scheduler/request_filter.py:253}}
Jun 25 17:38:49.517495 np0000003626 nova-scheduler[93239]: DEBUG nova.scheduler.request_filter [None req-935e4773-b794-41f2-be33-cce710ceb3fb tempest-DeleteServersTestJSON-1445899566 tempest-DeleteServersTestJSON-1445899566-project-member] Request filter 'compute_status_filter' took 0.0 seconds {{(pid=93239) wrapper /opt/stack/nova/nova/scheduler/request_filter.py:46}}
Jun 25 17:38:49.517849 np0000003626 nova-scheduler[93239]: DEBUG nova.scheduler.request_filter [None req-935e4773-b794-41f2-be33-cce710ceb3fb tempest-DeleteServersTestJSON-1445899566 tempest-DeleteServersTestJSON-1445899566-project-member] Request filter 'accelerators_filter' took 0.0 seconds {{(pid=93239) wrapper /opt/stack/nova/nova/scheduler/request_filter.py:46}}
Jun 25 17:38:49.518122 np0000003626 nova-scheduler[93239]: DEBUG nova.scheduler.request_filter [None req-935e4773-b794-41f2-be33-cce710ceb3fb tempest-DeleteServersTestJSON-1445899566 tempest-DeleteServersTestJSON-1445899566-project-member] Request filter 'packed_virtqueue_filter' took 0.0 seconds {{(pid=93239) wrapper /opt/stack/nova/nova/scheduler/request_filter.py:46}}
Jun 25 17:38:49.518437 np0000003626 nova-scheduler[93239]: DEBUG nova.scheduler.request_filter [None req-935e4773-b794-41f2-be33-cce710ceb3fb tempest-DeleteServersTestJSON-1445899566 tempest-DeleteServersTestJSON-1445899566-project-member] Request filter 'remote_managed_ports_filter' took 0.0 seconds {{(pid=93239) wrapper /opt/stack/nova/nova/scheduler/request_filter.py:46}}
Jun 25 17:38:49.518794 np0000003626 nova-scheduler[93239]: DEBUG nova.scheduler.request_filter [None req-935e4773-b794-41f2-be33-cce710ceb3fb tempest-DeleteServersTestJSON-1445899566 tempest-DeleteServersTestJSON-1445899566-project-member] ephemeral_encryption_filter skipped {{(pid=93239) ephemeral_encryption_filter /opt/stack/nova/nova/scheduler/request_filter.py:426}}
Jun 25 17:38:49.519037 np0000003626 nova-scheduler[93239]: DEBUG nova.scheduler.request_filter [None req-935e4773-b794-41f2-be33-cce710ceb3fb tempest-DeleteServersTestJSON-1445899566 tempest-DeleteServersTestJSON-1445899566-project-member] virtio_sound_filter skipped {{(pid=93239) virtio_sound_filter /opt/stack/nova/nova/scheduler/request_filter.py:460}}
Jun 25 17:38:49.519325 np0000003626 nova-scheduler[93239]: DEBUG nova.scheduler.request_filter [None req-935e4773-b794-41f2-be33-cce710ceb3fb tempest-DeleteServersTestJSON-1445899566 tempest-DeleteServersTestJSON-1445899566-project-member] tpm_secret_security_filter skipped {{(pid=93239) tpm_secret_security_filter /opt/stack/nova/nova/scheduler/request_filter.py:477}}
Jun 25 17:38:50.271986 np0000003626 nova-scheduler[93239]: INFO nova.utils [None req-935e4773-b794-41f2-be33-cce710ceb3fb tempest-DeleteServersTestJSON-1445899566 tempest-DeleteServersTestJSON-1445899566-project-member] The cell worker thread pool ForkProcess-1.cell_worker is initialized
Jun 25 17:38:50.272346 np0000003626 nova-scheduler[93239]: DEBUG oslo_concurrency.lockutils [None req-935e4773-b794-41f2-be33-cce710ceb3fb tempest-DeleteServersTestJSON-1445899566 tempest-DeleteServersTestJSON-1445899566-project-member] Acquiring lock "2f5c5ead-d19a-4348-ad49-b22f227616ca" by "nova.context.set_target_cell..get_or_set_cached_cell_and_set_connections" {{(pid=93239) inner /opt/stack/data/venv/lib/python3.12/site-packages/oslo_concurrency/lockutils.py:511}}
Jun 25 17:38:50.272534 np0000003626 nova-scheduler[93239]: DEBUG oslo_concurrency.lockutils [None req-935e4773-b794-41f2-be33-cce710ceb3fb tempest-DeleteServersTestJSON-1445899566 tempest-DeleteServersTestJSON-1445899566-project-member] Lock "2f5c5ead-d19a-4348-ad49-b22f227616ca" acquired by "nova.context.set_target_cell..get_or_set_cached_cell_and_set_connections" :: waited 0.000s {{(pid=93239) inner /opt/stack/data/venv/lib/python3.12/site-packages/oslo_concurrency/lockutils.py:524}}
Jun 25 17:38:50.273947 np0000003626 nova-scheduler[93239]: DEBUG oslo_concurrency.lockutils [None req-935e4773-b794-41f2-be33-cce710ceb3fb tempest-DeleteServersTestJSON-1445899566 tempest-DeleteServersTestJSON-1445899566-project-member] Lock "2f5c5ead-d19a-4348-ad49-b22f227616ca" "released" by "nova.context.set_target_cell..get_or_set_cached_cell_and_set_connections" :: held 0.001s {{(pid=93239) inner /opt/stack/data/venv/lib/python3.12/site-packages/oslo_concurrency/lockutils.py:543}}
Jun 25 17:38:50.276032 np0000003626 nova-scheduler[93239]: INFO dbcounter [None req-935e4773-b794-41f2-be33-cce710ceb3fb tempest-DeleteServersTestJSON-1445899566 tempest-DeleteServersTestJSON-1445899566-project-member] Registered counter for database nova_cell1
Jun 25 17:38:50.308475 np0000003626 nova-scheduler[93239]: DEBUG oslo_db.sqlalchemy.engines [None req-935e4773-b794-41f2-be33-cce710ceb3fb tempest-DeleteServersTestJSON-1445899566 tempest-DeleteServersTestJSON-1445899566-project-member] MySQL server mode set to STRICT_TRANS_TABLES,STRICT_ALL_TABLES,NO_ZERO_IN_DATE,NO_ZERO_DATE,ERROR_FOR_DIVISION_BY_ZERO,TRADITIONAL,NO_ENGINE_SUBSTITUTION {{(pid=93239) _check_effective_sql_mode /opt/stack/data/venv/lib/python3.12/site-packages/oslo_db/sqlalchemy/engines.py:325}}
Jun 25 17:38:50.315384 np0000003626 nova-scheduler[93239]: DEBUG dbcounter [-] [93239] Writer thread running {{(pid=93239) stat_writer /opt/stack/data/venv/lib/python3.12/site-packages/dbcounter.py:102}}
Jun 25 17:38:50.333941 np0000003626 nova-scheduler[93239]: DEBUG oslo_db.sqlalchemy.engines [None req-935e4773-b794-41f2-be33-cce710ceb3fb tempest-DeleteServersTestJSON-1445899566 tempest-DeleteServersTestJSON-1445899566-project-member] Parent process 92035 forked (93239) with an open database connection, which is being discarded and recreated. {{(pid=93239) checkout /opt/stack/data/venv/lib/python3.12/site-packages/oslo_db/sqlalchemy/engines.py:402}}
Jun 25 17:38:50.374468 np0000003626 nova-scheduler[93239]: DEBUG dbcounter [-] [93239] Writer thread running {{(pid=93239) stat_writer /opt/stack/data/venv/lib/python3.12/site-packages/dbcounter.py:102}}
Jun 25 17:38:50.384655 np0000003626 nova-scheduler[93239]: DEBUG oslo_concurrency.lockutils [None req-935e4773-b794-41f2-be33-cce710ceb3fb tempest-DeleteServersTestJSON-1445899566 tempest-DeleteServersTestJSON-1445899566-project-member] Acquiring lock "2f5c5ead-d19a-4348-ad49-b22f227616ca" by "nova.context.set_target_cell..get_or_set_cached_cell_and_set_connections" {{(pid=93239) inner /opt/stack/data/venv/lib/python3.12/site-packages/oslo_concurrency/lockutils.py:511}}
Jun 25 17:38:50.384851 np0000003626 nova-scheduler[93239]: DEBUG oslo_concurrency.lockutils [None req-935e4773-b794-41f2-be33-cce710ceb3fb tempest-DeleteServersTestJSON-1445899566 tempest-DeleteServersTestJSON-1445899566-project-member] Lock "2f5c5ead-d19a-4348-ad49-b22f227616ca" acquired by "nova.context.set_target_cell..get_or_set_cached_cell_and_set_connections" :: waited 0.000s {{(pid=93239) inner /opt/stack/data/venv/lib/python3.12/site-packages/oslo_concurrency/lockutils.py:524}}
Jun 25 17:38:50.385138 np0000003626 nova-scheduler[93239]: DEBUG oslo_concurrency.lockutils [None req-935e4773-b794-41f2-be33-cce710ceb3fb tempest-DeleteServersTestJSON-1445899566 tempest-DeleteServersTestJSON-1445899566-project-member] Lock "2f5c5ead-d19a-4348-ad49-b22f227616ca" "released" by "nova.context.set_target_cell..get_or_set_cached_cell_and_set_connections" :: held 0.000s {{(pid=93239) inner /opt/stack/data/venv/lib/python3.12/site-packages/oslo_concurrency/lockutils.py:543}}
Jun 25 17:38:50.389457 np0000003626 nova-scheduler[93239]: DEBUG oslo_concurrency.lockutils [None req-935e4773-b794-41f2-be33-cce710ceb3fb tempest-DeleteServersTestJSON-1445899566 tempest-DeleteServersTestJSON-1445899566-project-member] Acquiring lock "('np0000003626', 'np0000003626')" by "nova.scheduler.host_manager.HostState.update.._locked_update" {{(pid=93239) inner /opt/stack/data/venv/lib/python3.12/site-packages/oslo_concurrency/lockutils.py:511}}
Jun 25 17:38:50.389603 np0000003626 nova-scheduler[93239]: DEBUG oslo_concurrency.lockutils [None req-935e4773-b794-41f2-be33-cce710ceb3fb tempest-DeleteServersTestJSON-1445899566 tempest-DeleteServersTestJSON-1445899566-project-member] Lock "('np0000003626', 'np0000003626')" acquired by "nova.scheduler.host_manager.HostState.update.._locked_update" :: waited 0.000s {{(pid=93239) inner /opt/stack/data/venv/lib/python3.12/site-packages/oslo_concurrency/lockutils.py:524}}
Jun 25 17:38:50.390725 np0000003626 nova-scheduler[93239]: DEBUG nova.scheduler.host_manager [None req-935e4773-b794-41f2-be33-cce710ceb3fb tempest-DeleteServersTestJSON-1445899566 tempest-DeleteServersTestJSON-1445899566-project-member] Update host state from compute node: ComputeNode(cpu_allocation_ratio=4.0,cpu_info='{"arch": "x86_64", "model": "EPYC-Milan", "vendor": "AMD", "topology": {"cells": 1, "sockets": 16, "cores": 1, "threads": 1}, "maxphysaddr": {"mode": "emulate", "bits": 40}, "features": ["sep", "stibp", "fpu", "hypervisor", "vme", "tsc", "mca", "pse", "cx8", "topoext", "smep", "mmx", "rdseed", "stibp-always-on", "tsc_adjust", "ssse3", "cr8legacy", "xgetbv1", "lahf_lm", "pause-filter", "arat", "mmxext", "pae", "xsave", "fxsr_opt", "cx16", "fsrm", "x2apic", "xsaveopt", "null-sel-clr-base", "amd-psfd", "nx", "sse4.1", "amd-ssbd", "mds-no", "clwb", "avx2", "sse4.2", "xsavec", "skip-l1dfl-vmentry", "ssbd", "pni", "vmcb-clean", "mce", "v-vmsave-vmload", "pat", "pse36", "abm", "fsgsbase", "fma", "nrip-save", "sha-ni", "bmi1", "sse", "sse2", "xsaveerptr", "cmov", "vgif", "pku", "osvw", "gds-no", "amd-stibp", "ibpb", "syscall", "avx", "svme-addr-chk", "perfctr_core", "clflushopt", "sse4a", "bmi2", "aes", "rdctl-no", "vaes", "erms", "lbrv", "spec-ctrl", "pschange-mc-no", "rdrand", "clflush", "clzero", "cmp_legacy", "popcnt", "umip", "tsc-deadline", "arch-capabilities", "tsc-scale", "lm", "flushbyasid", "vpclmulqdq", "apic", "lfence-always-serializing", "3dnowprefetch", "pclmuldq", "wbnoinvd", "npt", "movbe", "mtrr", "no-nested-data-bp", "pge", "adx", "ibrs", "f16c", "svm", "smap", "virt-ssbd", "pfthreshold", "xsaves", "pdpe1gb", "invpcid", "misalignsse", "pcid", "de", "rdtscp", "rdpid", "msr", "fxsr"]}',created_at=2026-06-25T17:36:38Z,current_workload=0,deleted=False,deleted_at=None,disk_allocation_ratio=1.0,disk_available_least=73,free_disk_gb=95,free_ram_mb=62765,host='np0000003626',host_ip=10.4.3.44,hypervisor_hostname='np0000003626',hypervisor_type='QEMU',hypervisor_version=8002002,id=1,local_gb=95,local_gb_used=0,mapped=1,memory_mb=63277,memory_mb_used=512,metrics='[]',numa_topology='{"nova_object.name": "NUMATopology", "nova_object.namespace": "nova", "nova_object.version": "1.2", "nova_object.data": {"cells": [{"nova_object.name": "NUMACell", "nova_object.namespace": "nova", "nova_object.version": "1.5", "nova_object.data": {"id": 0, "cpuset": [0, 1, 2, 3, 4, 5, 6, 7, 8, 9, 10, 11, 12, 13, 14, 15], "pcpuset": [0, 1, 2, 3, 4, 5, 6, 7, 8, 9, 10, 11, 12, 13, 14, 15], "memory": 63277, "cpu_usage": 0, "memory_usage": 0, "pinned_cpus": [], "siblings": [[6], [12], [2], [15], [5], [11], [8], [14], [4], [1], [7], [10], [0], [13], [3], [9]], "mempages": [{"nova_object.name": "NUMAPagesTopology", "nova_object.namespace": "nova", "nova_object.version": "1.1", "nova_object.data": {"size_kb": 4, "total": 16177930, "used": 0, "reserved": 0}, "nova_object.changes": ["size_kb", "used", "total", "reserved"]}, {"nova_object.name": "NUMAPagesTopology", "nova_object.namespace": "nova", "nova_object.version": "1.1", "nova_object.data": {"size_kb": 2048, "total": 41, "used": 0, "reserved": 0}, "nova_object.changes": ["size_kb", "used", "total", "reserved"]}, {"nova_object.name": "NUMAPagesTopology", "nova_object.namespace": "nova", "nova_object.version": "1.1", "nova_object.data": {"size_kb": 1048576, "total": 0, "used": 0, "reserved": 0}, "nova_object.changes": ["size_kb", "used", "total", "reserved"]}], "network_metadata": {"nova_object.name": "NetworkMetadata", "nova_object.namespace": "nova", "nova_object.version": "1.0", "nova_object.data": {"physnets": [], "tunneled": false}, "nova_object.changes": ["physnets", "tunneled"]}, "socket": null}, "nova_object.changes": ["network_metadata", "cpuset", "memory", "socket", "id", "memory_usage", "siblings", "pcpuset", "mempages", "cpu_usage", "pinned_cpus"]}]}, "nova_object.changes": ["cells"]}',pci_device_pools=PciDevicePoolList,ram_allocation_ratio=1.0,running_vms=0,service_id=3,stats={failed_builds='0',uptime=' 17:38:23 up 13 min, 2 users, load average: 1.45, 1.43, 0.81
Jun 25 17:38:50.390725 np0000003626 nova-scheduler[93239]: '},supported_hv_specs=[HVSpec,HVSpec,HVSpec,HVSpec,HVSpec,HVSpec,HVSpec,HVSpec,HVSpec,HVSpec,HVSpec,HVSpec,HVSpec,HVSpec,HVSpec,HVSpec,HVSpec,HVSpec,HVSpec,HVSpec,HVSpec,HVSpec,HVSpec,HVSpec,HVSpec],updated_at=2026-06-25T17:38:25Z,uuid=89569359-5eed-4578-ae94-13ec143ebe78,vcpus=16,vcpus_used=0) {{(pid=93239) _locked_update /opt/stack/nova/nova/scheduler/host_manager.py:168}}
Jun 25 17:38:50.393448 np0000003626 nova-scheduler[93239]: DEBUG nova.scheduler.host_manager [None req-935e4773-b794-41f2-be33-cce710ceb3fb tempest-DeleteServersTestJSON-1445899566 tempest-DeleteServersTestJSON-1445899566-project-member] Update host state with aggregates: [] {{(pid=93239) _locked_update /opt/stack/nova/nova/scheduler/host_manager.py:171}}
Jun 25 17:38:50.396607 np0000003626 nova-scheduler[93239]: DEBUG nova.scheduler.host_manager [None req-935e4773-b794-41f2-be33-cce710ceb3fb tempest-DeleteServersTestJSON-1445899566 tempest-DeleteServersTestJSON-1445899566-project-member] Update host state with service dict: {'id': 3, 'uuid': '5a420b65-be62-48b9-8f90-a64ca323ec68', 'host': 'np0000003626', 'binary': 'nova-compute', 'topic': 'compute', 'report_count': 2, 'disabled': False, 'disabled_reason': None, 'last_seen_up': datetime.datetime(2026, 6, 25, 17, 38, 47, tzinfo=datetime.timezone.utc), 'forced_down': False, 'version': 72, 'created_at': datetime.datetime(2026, 6, 25, 17, 36, 37, tzinfo=datetime.timezone.utc), 'updated_at': datetime.datetime(2026, 6, 25, 17, 38, 47, tzinfo=datetime.timezone.utc), 'deleted_at': None, 'deleted': False} {{(pid=93239) _locked_update /opt/stack/nova/nova/scheduler/host_manager.py:174}}
Jun 25 17:38:50.396780 np0000003626 nova-scheduler[93239]: DEBUG nova.scheduler.host_manager [None req-935e4773-b794-41f2-be33-cce710ceb3fb tempest-DeleteServersTestJSON-1445899566 tempest-DeleteServersTestJSON-1445899566-project-member] Update host state with instances: [] {{(pid=93239) _locked_update /opt/stack/nova/nova/scheduler/host_manager.py:177}}
Jun 25 17:38:50.397286 np0000003626 nova-scheduler[93239]: DEBUG oslo_concurrency.lockutils [None req-935e4773-b794-41f2-be33-cce710ceb3fb tempest-DeleteServersTestJSON-1445899566 tempest-DeleteServersTestJSON-1445899566-project-member] Lock "('np0000003626', 'np0000003626')" "released" by "nova.scheduler.host_manager.HostState.update.._locked_update" :: held 0.007s {{(pid=93239) inner /opt/stack/data/venv/lib/python3.12/site-packages/oslo_concurrency/lockutils.py:543}}
Jun 25 17:38:50.397391 np0000003626 nova-scheduler[93239]: DEBUG nova.filters [None req-935e4773-b794-41f2-be33-cce710ceb3fb tempest-DeleteServersTestJSON-1445899566 tempest-DeleteServersTestJSON-1445899566-project-member] Starting with 1 host(s) {{(pid=93239) get_filtered_objects /opt/stack/nova/nova/filters.py:70}}
Jun 25 17:38:50.397579 np0000003626 nova-scheduler[93239]: DEBUG nova.filters [None req-935e4773-b794-41f2-be33-cce710ceb3fb tempest-DeleteServersTestJSON-1445899566 tempest-DeleteServersTestJSON-1445899566-project-member] Filter ComputeFilter returned 1 host(s) {{(pid=93239) get_filtered_objects /opt/stack/nova/nova/filters.py:102}}
Jun 25 17:38:50.397704 np0000003626 nova-scheduler[93239]: DEBUG nova.filters [None req-935e4773-b794-41f2-be33-cce710ceb3fb tempest-DeleteServersTestJSON-1445899566 tempest-DeleteServersTestJSON-1445899566-project-member] Filter ComputeCapabilitiesFilter returned 1 host(s) {{(pid=93239) get_filtered_objects /opt/stack/nova/nova/filters.py:102}}
Jun 25 17:38:50.397927 np0000003626 nova-scheduler[93239]: DEBUG nova.filters [None req-935e4773-b794-41f2-be33-cce710ceb3fb tempest-DeleteServersTestJSON-1445899566 tempest-DeleteServersTestJSON-1445899566-project-member] Filter ImagePropertiesFilter returned 1 host(s) {{(pid=93239) get_filtered_objects /opt/stack/nova/nova/filters.py:102}}
Jun 25 17:38:50.398043 np0000003626 nova-scheduler[93239]: DEBUG nova.filters [None req-935e4773-b794-41f2-be33-cce710ceb3fb tempest-DeleteServersTestJSON-1445899566 tempest-DeleteServersTestJSON-1445899566-project-member] Filter ServerGroupAntiAffinityFilter returned 1 host(s) {{(pid=93239) get_filtered_objects /opt/stack/nova/nova/filters.py:102}}
Jun 25 17:38:50.398154 np0000003626 nova-scheduler[93239]: DEBUG nova.filters [None req-935e4773-b794-41f2-be33-cce710ceb3fb tempest-DeleteServersTestJSON-1445899566 tempest-DeleteServersTestJSON-1445899566-project-member] Filter ServerGroupAffinityFilter returned 1 host(s) {{(pid=93239) get_filtered_objects /opt/stack/nova/nova/filters.py:102}}
Jun 25 17:38:50.398308 np0000003626 nova-scheduler[93239]: DEBUG nova.filters [None req-935e4773-b794-41f2-be33-cce710ceb3fb tempest-DeleteServersTestJSON-1445899566 tempest-DeleteServersTestJSON-1445899566-project-member] Filter SameHostFilter returned 1 host(s) {{(pid=93239) get_filtered_objects /opt/stack/nova/nova/filters.py:102}}
Jun 25 17:38:50.398424 np0000003626 nova-scheduler[93239]: DEBUG nova.filters [None req-935e4773-b794-41f2-be33-cce710ceb3fb tempest-DeleteServersTestJSON-1445899566 tempest-DeleteServersTestJSON-1445899566-project-member] Filter DifferentHostFilter returned 1 host(s) {{(pid=93239) get_filtered_objects /opt/stack/nova/nova/filters.py:102}}
Jun 25 17:38:50.398743 np0000003626 nova-scheduler[93239]: DEBUG nova.scheduler.manager [None req-935e4773-b794-41f2-be33-cce710ceb3fb tempest-DeleteServersTestJSON-1445899566 tempest-DeleteServersTestJSON-1445899566-project-member] Filtered [(np0000003626, np0000003626) ram: 62765MB disk: 74752MB io_ops: 0 instances: 0, allocation_candidates: 1] {{(pid=93239) _get_sorted_hosts /opt/stack/nova/nova/scheduler/manager.py:743}}
Jun 25 17:38:50.398743 np0000003626 nova-scheduler[93239]: DEBUG nova.scheduler.manager [None req-935e4773-b794-41f2-be33-cce710ceb3fb tempest-DeleteServersTestJSON-1445899566 tempest-DeleteServersTestJSON-1445899566-project-member] Weighed [WeighedHost [host: (np0000003626, np0000003626) ram: 62765MB disk: 74752MB io_ops: 0 instances: 0, allocation_candidates: 1, weight: 0.0]] {{(pid=93239) _get_sorted_hosts /opt/stack/nova/nova/scheduler/manager.py:765}}
Jun 25 17:38:50.398942 np0000003626 nova-scheduler[93239]: DEBUG nova.scheduler.utils [None req-935e4773-b794-41f2-be33-cce710ceb3fb tempest-DeleteServersTestJSON-1445899566 tempest-DeleteServersTestJSON-1445899566-project-member] Attempting to claim resources in the placement API for instance ba249f98-1831-472c-a294-446b69dd84e9 {{(pid=93239) claim_resources /opt/stack/nova/nova/scheduler/utils.py:1345}}
Jun 25 17:38:50.574103 np0000003626 nova-scheduler[93239]: DEBUG nova.scheduler.manager [None req-935e4773-b794-41f2-be33-cce710ceb3fb tempest-DeleteServersTestJSON-1445899566 tempest-DeleteServersTestJSON-1445899566-project-member] [instance: ba249f98-1831-472c-a294-446b69dd84e9] Selected host: (np0000003626, np0000003626) ram: 62765MB disk: 74752MB io_ops: 0 instances: 0, allocation_candidates: 1 {{(pid=93239) _consume_selected_host /opt/stack/nova/nova/scheduler/manager.py:625}}
Jun 25 17:38:50.574932 np0000003626 nova-scheduler[93239]: DEBUG oslo_concurrency.lockutils [None req-935e4773-b794-41f2-be33-cce710ceb3fb tempest-DeleteServersTestJSON-1445899566 tempest-DeleteServersTestJSON-1445899566-project-member] Acquiring lock "('np0000003626', 'np0000003626')" by "nova.scheduler.host_manager.HostState.consume_from_request.._locked" {{(pid=93239) inner /opt/stack/data/venv/lib/python3.12/site-packages/oslo_concurrency/lockutils.py:511}}
Jun 25 17:38:50.574932 np0000003626 nova-scheduler[93239]: DEBUG oslo_concurrency.lockutils [None req-935e4773-b794-41f2-be33-cce710ceb3fb tempest-DeleteServersTestJSON-1445899566 tempest-DeleteServersTestJSON-1445899566-project-member] Lock "('np0000003626', 'np0000003626')" acquired by "nova.scheduler.host_manager.HostState.consume_from_request.._locked" :: waited 0.000s {{(pid=93239) inner /opt/stack/data/venv/lib/python3.12/site-packages/oslo_concurrency/lockutils.py:524}}
Jun 25 17:38:50.575045 np0000003626 nova-scheduler[93239]: DEBUG oslo_concurrency.lockutils [None req-935e4773-b794-41f2-be33-cce710ceb3fb tempest-DeleteServersTestJSON-1445899566 tempest-DeleteServersTestJSON-1445899566-project-member] Lock "('np0000003626', 'np0000003626')" "released" by "nova.scheduler.host_manager.HostState.consume_from_request.._locked" :: held 0.000s {{(pid=93239) inner /opt/stack/data/venv/lib/python3.12/site-packages/oslo_concurrency/lockutils.py:543}}
Jun 25 17:38:57.840979 np0000003626 nova-scheduler[93241]: DEBUG nova.scheduler.manager [None req-9f57673e-2beb-4d0c-8fab-3b77aefa3538 tempest-VolumesAdminNegativeTest-1810522035 tempest-VolumesAdminNegativeTest-1810522035-project-member] Starting to schedule for instances: ['b1796aef-7dc9-402f-8e9e-9a1d88827242'] {{(pid=93241) select_destinations /opt/stack/nova/nova/scheduler/manager.py:210}}
Jun 25 17:38:57.840979 np0000003626 nova-scheduler[93241]: DEBUG nova.scheduler.request_filter [None req-9f57673e-2beb-4d0c-8fab-3b77aefa3538 tempest-VolumesAdminNegativeTest-1810522035 tempest-VolumesAdminNegativeTest-1810522035-project-member] compute_status_filter request filter added forbidden trait COMPUTE_STATUS_DISABLED {{(pid=93241) compute_status_filter /opt/stack/nova/nova/scheduler/request_filter.py:253}}
Jun 25 17:38:57.840979 np0000003626 nova-scheduler[93241]: DEBUG nova.scheduler.request_filter [None req-9f57673e-2beb-4d0c-8fab-3b77aefa3538 tempest-VolumesAdminNegativeTest-1810522035 tempest-VolumesAdminNegativeTest-1810522035-project-member] Request filter 'compute_status_filter' took 0.0 seconds {{(pid=93241) wrapper /opt/stack/nova/nova/scheduler/request_filter.py:46}}
Jun 25 17:38:57.840979 np0000003626 nova-scheduler[93241]: DEBUG nova.scheduler.request_filter [None req-9f57673e-2beb-4d0c-8fab-3b77aefa3538 tempest-VolumesAdminNegativeTest-1810522035 tempest-VolumesAdminNegativeTest-1810522035-project-member] Request filter 'accelerators_filter' took 0.0 seconds {{(pid=93241) wrapper /opt/stack/nova/nova/scheduler/request_filter.py:46}}
Jun 25 17:38:57.843133 np0000003626 nova-scheduler[93241]: DEBUG nova.scheduler.request_filter [None req-9f57673e-2beb-4d0c-8fab-3b77aefa3538 tempest-VolumesAdminNegativeTest-1810522035 tempest-VolumesAdminNegativeTest-1810522035-project-member] Request filter 'packed_virtqueue_filter' took 0.0 seconds {{(pid=93241) wrapper /opt/stack/nova/nova/scheduler/request_filter.py:46}}
Jun 25 17:38:57.843133 np0000003626 nova-scheduler[93241]: DEBUG nova.scheduler.request_filter [None req-9f57673e-2beb-4d0c-8fab-3b77aefa3538 tempest-VolumesAdminNegativeTest-1810522035 tempest-VolumesAdminNegativeTest-1810522035-project-member] Request filter 'remote_managed_ports_filter' took 0.0 seconds {{(pid=93241) wrapper /opt/stack/nova/nova/scheduler/request_filter.py:46}}
Jun 25 17:38:57.843133 np0000003626 nova-scheduler[93241]: DEBUG nova.scheduler.request_filter [None req-9f57673e-2beb-4d0c-8fab-3b77aefa3538 tempest-VolumesAdminNegativeTest-1810522035 tempest-VolumesAdminNegativeTest-1810522035-project-member] ephemeral_encryption_filter skipped {{(pid=93241) ephemeral_encryption_filter /opt/stack/nova/nova/scheduler/request_filter.py:426}}
Jun 25 17:38:57.843522 np0000003626 nova-scheduler[93241]: DEBUG nova.scheduler.request_filter [None req-9f57673e-2beb-4d0c-8fab-3b77aefa3538 tempest-VolumesAdminNegativeTest-1810522035 tempest-VolumesAdminNegativeTest-1810522035-project-member] virtio_sound_filter skipped {{(pid=93241) virtio_sound_filter /opt/stack/nova/nova/scheduler/request_filter.py:460}}
Jun 25 17:38:57.845178 np0000003626 nova-scheduler[93241]: DEBUG nova.scheduler.request_filter [None req-9f57673e-2beb-4d0c-8fab-3b77aefa3538 tempest-VolumesAdminNegativeTest-1810522035 tempest-VolumesAdminNegativeTest-1810522035-project-member] tpm_secret_security_filter skipped {{(pid=93241) tpm_secret_security_filter /opt/stack/nova/nova/scheduler/request_filter.py:477}}
Jun 25 17:38:57.962602 np0000003626 nova-scheduler[93241]: INFO nova.utils [None req-9f57673e-2beb-4d0c-8fab-3b77aefa3538 tempest-VolumesAdminNegativeTest-1810522035 tempest-VolumesAdminNegativeTest-1810522035-project-member] The cell worker thread pool ForkProcess-2.cell_worker is initialized
Jun 25 17:38:57.962925 np0000003626 nova-scheduler[93241]: DEBUG oslo_concurrency.lockutils [None req-9f57673e-2beb-4d0c-8fab-3b77aefa3538 tempest-VolumesAdminNegativeTest-1810522035 tempest-VolumesAdminNegativeTest-1810522035-project-member] Acquiring lock "2f5c5ead-d19a-4348-ad49-b22f227616ca" by "nova.context.set_target_cell..get_or_set_cached_cell_and_set_connections" {{(pid=93241) inner /opt/stack/data/venv/lib/python3.12/site-packages/oslo_concurrency/lockutils.py:511}}
Jun 25 17:38:57.963109 np0000003626 nova-scheduler[93241]: DEBUG oslo_concurrency.lockutils [None req-9f57673e-2beb-4d0c-8fab-3b77aefa3538 tempest-VolumesAdminNegativeTest-1810522035 tempest-VolumesAdminNegativeTest-1810522035-project-member] Lock "2f5c5ead-d19a-4348-ad49-b22f227616ca" acquired by "nova.context.set_target_cell..get_or_set_cached_cell_and_set_connections" :: waited 0.000s {{(pid=93241) inner /opt/stack/data/venv/lib/python3.12/site-packages/oslo_concurrency/lockutils.py:524}}
Jun 25 17:38:57.964720 np0000003626 nova-scheduler[93241]: DEBUG oslo_concurrency.lockutils [None req-9f57673e-2beb-4d0c-8fab-3b77aefa3538 tempest-VolumesAdminNegativeTest-1810522035 tempest-VolumesAdminNegativeTest-1810522035-project-member] Lock "2f5c5ead-d19a-4348-ad49-b22f227616ca" "released" by "nova.context.set_target_cell..get_or_set_cached_cell_and_set_connections" :: held 0.001s {{(pid=93241) inner /opt/stack/data/venv/lib/python3.12/site-packages/oslo_concurrency/lockutils.py:543}}
Jun 25 17:38:57.966528 np0000003626 nova-scheduler[93241]: INFO dbcounter [None req-9f57673e-2beb-4d0c-8fab-3b77aefa3538 tempest-VolumesAdminNegativeTest-1810522035 tempest-VolumesAdminNegativeTest-1810522035-project-member] Registered counter for database nova_cell1
Jun 25 17:38:57.995142 np0000003626 nova-scheduler[93241]: DEBUG oslo_db.sqlalchemy.engines [None req-9f57673e-2beb-4d0c-8fab-3b77aefa3538 tempest-VolumesAdminNegativeTest-1810522035 tempest-VolumesAdminNegativeTest-1810522035-project-member] MySQL server mode set to STRICT_TRANS_TABLES,STRICT_ALL_TABLES,NO_ZERO_IN_DATE,NO_ZERO_DATE,ERROR_FOR_DIVISION_BY_ZERO,TRADITIONAL,NO_ENGINE_SUBSTITUTION {{(pid=93241) _check_effective_sql_mode /opt/stack/data/venv/lib/python3.12/site-packages/oslo_db/sqlalchemy/engines.py:325}}
Jun 25 17:38:58.000377 np0000003626 nova-scheduler[93241]: DEBUG dbcounter [-] [93241] Writer thread running {{(pid=93241) stat_writer /opt/stack/data/venv/lib/python3.12/site-packages/dbcounter.py:102}}
Jun 25 17:38:58.050193 np0000003626 nova-scheduler[93241]: DEBUG dbcounter [-] [93241] Writer thread running {{(pid=93241) stat_writer /opt/stack/data/venv/lib/python3.12/site-packages/dbcounter.py:102}}
Jun 25 17:38:58.054125 np0000003626 nova-scheduler[93241]: DEBUG oslo_concurrency.lockutils [None req-9f57673e-2beb-4d0c-8fab-3b77aefa3538 tempest-VolumesAdminNegativeTest-1810522035 tempest-VolumesAdminNegativeTest-1810522035-project-member] Acquiring lock "2f5c5ead-d19a-4348-ad49-b22f227616ca" by "nova.context.set_target_cell..get_or_set_cached_cell_and_set_connections" {{(pid=93241) inner /opt/stack/data/venv/lib/python3.12/site-packages/oslo_concurrency/lockutils.py:511}}
Jun 25 17:38:58.054125 np0000003626 nova-scheduler[93241]: DEBUG oslo_concurrency.lockutils [None req-9f57673e-2beb-4d0c-8fab-3b77aefa3538 tempest-VolumesAdminNegativeTest-1810522035 tempest-VolumesAdminNegativeTest-1810522035-project-member] Lock "2f5c5ead-d19a-4348-ad49-b22f227616ca" acquired by "nova.context.set_target_cell..get_or_set_cached_cell_and_set_connections" :: waited 0.000s {{(pid=93241) inner /opt/stack/data/venv/lib/python3.12/site-packages/oslo_concurrency/lockutils.py:524}}
Jun 25 17:38:58.054125 np0000003626 nova-scheduler[93241]: DEBUG oslo_concurrency.lockutils [None req-9f57673e-2beb-4d0c-8fab-3b77aefa3538 tempest-VolumesAdminNegativeTest-1810522035 tempest-VolumesAdminNegativeTest-1810522035-project-member] Lock "2f5c5ead-d19a-4348-ad49-b22f227616ca" "released" by "nova.context.set_target_cell..get_or_set_cached_cell_and_set_connections" :: held 0.000s {{(pid=93241) inner /opt/stack/data/venv/lib/python3.12/site-packages/oslo_concurrency/lockutils.py:543}}
Jun 25 17:38:58.058984 np0000003626 nova-scheduler[93241]: DEBUG oslo_concurrency.lockutils [None req-9f57673e-2beb-4d0c-8fab-3b77aefa3538 tempest-VolumesAdminNegativeTest-1810522035 tempest-VolumesAdminNegativeTest-1810522035-project-member] Acquiring lock "('np0000003626', 'np0000003626')" by "nova.scheduler.host_manager.HostState.update.._locked_update" {{(pid=93241) inner /opt/stack/data/venv/lib/python3.12/site-packages/oslo_concurrency/lockutils.py:511}}
Jun 25 17:38:58.059337 np0000003626 nova-scheduler[93241]: DEBUG oslo_concurrency.lockutils [None req-9f57673e-2beb-4d0c-8fab-3b77aefa3538 tempest-VolumesAdminNegativeTest-1810522035 tempest-VolumesAdminNegativeTest-1810522035-project-member] Lock "('np0000003626', 'np0000003626')" acquired by "nova.scheduler.host_manager.HostState.update.._locked_update" :: waited 0.000s {{(pid=93241) inner /opt/stack/data/venv/lib/python3.12/site-packages/oslo_concurrency/lockutils.py:524}}
