May 20 14:58:54.702312 np0000001076 neutron-periodic-workers[88861]: DEBUG cotyledon.oslo_config_glue [-] ovn.dns_records_ovn_owned = False {{(pid=88861) log_opt_values /opt/stack/data/venv/lib/python3.12/site-packages/oslo_config/cfg.py:3256}}
May 20 14:58:54.702312 np0000001076 neutron-periodic-workers[88861]: DEBUG cotyledon.oslo_config_glue [-] ovn.dns_servers = [] {{(pid=88861) log_opt_values /opt/stack/data/venv/lib/python3.12/site-packages/oslo_config/cfg.py:3256}}
May 20 14:58:54.702578 np0000001076 neutron-periodic-workers[88861]: DEBUG cotyledon.oslo_config_glue [-] ovn.enable_distributed_floating_ip = False {{(pid=88861) log_opt_values /opt/stack/data/venv/lib/python3.12/site-packages/oslo_config/cfg.py:3256}}
May 20 14:58:54.702578 np0000001076 neutron-periodic-workers[88861]: DEBUG cotyledon.oslo_config_glue [-] ovn.fdb_age_threshold = 300 {{(pid=88861) log_opt_values /opt/stack/data/venv/lib/python3.12/site-packages/oslo_config/cfg.py:3256}}
May 20 14:58:54.702578 np0000001076 neutron-periodic-workers[88861]: DEBUG cotyledon.oslo_config_glue [-] ovn.ha_failover_strategy = normal {{(pid=88861) log_opt_values /opt/stack/data/venv/lib/python3.12/site-packages/oslo_config/cfg.py:3256}}
May 20 14:58:54.702578 np0000001076 neutron-periodic-workers[88861]: DEBUG cotyledon.oslo_config_glue [-] ovn.live_migration_activation_strategy = rarp {{(pid=88861) log_opt_values /opt/stack/data/venv/lib/python3.12/site-packages/oslo_config/cfg.py:3256}}
May 20 14:58:54.702578 np0000001076 neutron-periodic-workers[88861]: DEBUG cotyledon.oslo_config_glue [-] ovn.localnet_learn_fdb = False {{(pid=88861) log_opt_values /opt/stack/data/venv/lib/python3.12/site-packages/oslo_config/cfg.py:3256}}
May 20 14:58:54.702578 np0000001076 neutron-periodic-workers[88861]: DEBUG cotyledon.oslo_config_glue [-] ovn.mac_binding_age_threshold = 300 {{(pid=88861) log_opt_values /opt/stack/data/venv/lib/python3.12/site-packages/oslo_config/cfg.py:3256}}
May 20 14:58:54.702578 np0000001076 neutron-periodic-workers[88861]: DEBUG cotyledon.oslo_config_glue [-] ovn.neutron_sync_mode = log {{(pid=88861) log_opt_values /opt/stack/data/venv/lib/python3.12/site-packages/oslo_config/cfg.py:3256}}
May 20 14:58:54.702578 np0000001076 neutron-periodic-workers[88861]: DEBUG cotyledon.oslo_config_glue [-] ovn.ovn_dhcp4_global_options = {} {{(pid=88861) log_opt_values /opt/stack/data/venv/lib/python3.12/site-packages/oslo_config/cfg.py:3256}}
May 20 14:58:54.702578 np0000001076 neutron-periodic-workers[88861]: DEBUG cotyledon.oslo_config_glue [-] ovn.ovn_dhcp6_global_options = {} {{(pid=88861) log_opt_values /opt/stack/data/venv/lib/python3.12/site-packages/oslo_config/cfg.py:3256}}
May 20 14:58:54.702999 np0000001076 neutron-periodic-workers[88861]: DEBUG cotyledon.oslo_config_glue [-] ovn.ovn_l3_scheduler = leastloaded {{(pid=88861) log_opt_values /opt/stack/data/venv/lib/python3.12/site-packages/oslo_config/cfg.py:3256}}
May 20 14:58:54.702999 np0000001076 neutron-periodic-workers[88861]: DEBUG cotyledon.oslo_config_glue [-] ovn.ovn_metadata_enabled = True {{(pid=88861) log_opt_values /opt/stack/data/venv/lib/python3.12/site-packages/oslo_config/cfg.py:3256}}
May 20 14:58:54.702999 np0000001076 neutron-periodic-workers[88861]: DEBUG cotyledon.oslo_config_glue [-] ovn.ovn_nb_ca_cert = /opt/stack/data/CA/int-ca/ca-chain.pem {{(pid=88861) log_opt_values /opt/stack/data/venv/lib/python3.12/site-packages/oslo_config/cfg.py:3256}}
May 20 14:58:54.702999 np0000001076 neutron-periodic-workers[88861]: DEBUG cotyledon.oslo_config_glue [-] ovn.ovn_nb_certificate = /opt/stack/data/CA/int-ca/devstack-cert.crt {{(pid=88861) log_opt_values /opt/stack/data/venv/lib/python3.12/site-packages/oslo_config/cfg.py:3256}}
May 20 14:58:54.702999 np0000001076 neutron-periodic-workers[88861]: DEBUG cotyledon.oslo_config_glue [-] ovn.ovn_nb_connection = ['ssl:10.4.3.199:6641'] {{(pid=88861) log_opt_values /opt/stack/data/venv/lib/python3.12/site-packages/oslo_config/cfg.py:3256}}
May 20 14:58:54.702999 np0000001076 neutron-periodic-workers[88861]: DEBUG cotyledon.oslo_config_glue [-] ovn.ovn_nb_private_key = /opt/stack/data/CA/int-ca/private/devstack-cert.key {{(pid=88861) log_opt_values /opt/stack/data/venv/lib/python3.12/site-packages/oslo_config/cfg.py:3256}}
May 20 14:58:54.702999 np0000001076 neutron-periodic-workers[88861]: DEBUG cotyledon.oslo_config_glue [-] ovn.ovn_router_indirect_snat = False {{(pid=88861) log_opt_values /opt/stack/data/venv/lib/python3.12/site-packages/oslo_config/cfg.py:3256}}
May 20 14:58:54.702999 np0000001076 neutron-periodic-workers[88861]: DEBUG cotyledon.oslo_config_glue [-] ovn.ovn_sb_ca_cert = /opt/stack/data/CA/int-ca/ca-chain.pem {{(pid=88861) log_opt_values /opt/stack/data/venv/lib/python3.12/site-packages/oslo_config/cfg.py:3256}}
May 20 14:58:54.703255 np0000001076 neutron-periodic-workers[88861]: DEBUG cotyledon.oslo_config_glue [-] ovn.ovn_sb_certificate = /opt/stack/data/CA/int-ca/devstack-cert.crt {{(pid=88861) log_opt_values /opt/stack/data/venv/lib/python3.12/site-packages/oslo_config/cfg.py:3256}}
May 20 14:58:54.703255 np0000001076 neutron-periodic-workers[88861]: DEBUG cotyledon.oslo_config_glue [-] ovn.ovn_sb_connection = ['ssl:10.4.3.199:6642'] {{(pid=88861) log_opt_values /opt/stack/data/venv/lib/python3.12/site-packages/oslo_config/cfg.py:3256}}
May 20 14:58:54.703255 np0000001076 neutron-periodic-workers[88861]: DEBUG cotyledon.oslo_config_glue [-] ovn.ovn_sb_private_key = /opt/stack/data/CA/int-ca/private/devstack-cert.key {{(pid=88861) log_opt_values /opt/stack/data/venv/lib/python3.12/site-packages/oslo_config/cfg.py:3256}}
May 20 14:58:54.703255 np0000001076 neutron-periodic-workers[88861]: DEBUG cotyledon.oslo_config_glue [-] ovn.ovs_create_tap = False {{(pid=88861) log_opt_values /opt/stack/data/venv/lib/python3.12/site-packages/oslo_config/cfg.py:3256}}
May 20 14:58:54.703255 np0000001076 neutron-periodic-workers[88861]: DEBUG cotyledon.oslo_config_glue [-] ovn.ovsdb_connection_timeout = 180 {{(pid=88861) log_opt_values /opt/stack/data/venv/lib/python3.12/site-packages/oslo_config/cfg.py:3256}}
May 20 14:58:54.703255 np0000001076 neutron-periodic-workers[88861]: DEBUG cotyledon.oslo_config_glue [-] ovn.ovsdb_log_level = INFO {{(pid=88861) log_opt_values /opt/stack/data/venv/lib/python3.12/site-packages/oslo_config/cfg.py:3256}}
May 20 14:58:54.703255 np0000001076 neutron-periodic-workers[88861]: DEBUG cotyledon.oslo_config_glue [-] ovn.ovsdb_probe_interval = 60000 {{(pid=88861) log_opt_values /opt/stack/data/venv/lib/python3.12/site-packages/oslo_config/cfg.py:3256}}
May 20 14:58:54.703255 np0000001076 neutron-periodic-workers[88861]: DEBUG cotyledon.oslo_config_glue [-] ovn.ovsdb_retry_max_interval = 180 {{(pid=88861) log_opt_values /opt/stack/data/venv/lib/python3.12/site-packages/oslo_config/cfg.py:3256}}
May 20 14:58:54.703255 np0000001076 neutron-periodic-workers[88861]: DEBUG cotyledon.oslo_config_glue [-] ovn.stateless_nat_enabled = False {{(pid=88861) log_opt_values /opt/stack/data/venv/lib/python3.12/site-packages/oslo_config/cfg.py:3256}}
May 20 14:58:54.703528 np0000001076 neutron-periodic-workers[88861]: DEBUG cotyledon.oslo_config_glue [-] ovn.vhost_sock_dir = /var/run/openvswitch {{(pid=88861) log_opt_values /opt/stack/data/venv/lib/python3.12/site-packages/oslo_config/cfg.py:3256}}
May 20 14:58:54.703528 np0000001076 neutron-periodic-workers[88861]: DEBUG cotyledon.oslo_config_glue [-] OVS.bridge_mac_table_size = 50000 {{(pid=88861) log_opt_values /opt/stack/data/venv/lib/python3.12/site-packages/oslo_config/cfg.py:3256}}
May 20 14:58:54.703528 np0000001076 neutron-periodic-workers[88861]: DEBUG cotyledon.oslo_config_glue [-] OVS.igmp_flood = False {{(pid=88861) log_opt_values /opt/stack/data/venv/lib/python3.12/site-packages/oslo_config/cfg.py:3256}}
May 20 14:58:54.703528 np0000001076 neutron-periodic-workers[88861]: DEBUG cotyledon.oslo_config_glue [-] OVS.igmp_flood_reports = True {{(pid=88861) log_opt_values /opt/stack/data/venv/lib/python3.12/site-packages/oslo_config/cfg.py:3256}}
May 20 14:58:54.703528 np0000001076 neutron-periodic-workers[88861]: DEBUG cotyledon.oslo_config_glue [-] OVS.igmp_flood_unregistered = False {{(pid=88861) log_opt_values /opt/stack/data/venv/lib/python3.12/site-packages/oslo_config/cfg.py:3256}}
May 20 14:58:54.703528 np0000001076 neutron-periodic-workers[88861]: DEBUG cotyledon.oslo_config_glue [-] OVS.igmp_snooping_enable = False {{(pid=88861) log_opt_values /opt/stack/data/venv/lib/python3.12/site-packages/oslo_config/cfg.py:3256}}
May 20 14:58:54.703528 np0000001076 neutron-periodic-workers[88861]: DEBUG cotyledon.oslo_config_glue [-] OVS.ovsdb_timeout = 10 {{(pid=88861) log_opt_values /opt/stack/data/venv/lib/python3.12/site-packages/oslo_config/cfg.py:3256}}
May 20 14:58:54.703528 np0000001076 neutron-periodic-workers[88861]: DEBUG cotyledon.oslo_config_glue [-] ovn_nb_global.fdb_removal_limit = 0 {{(pid=88861) log_opt_values /opt/stack/data/venv/lib/python3.12/site-packages/oslo_config/cfg.py:3256}}
May 20 14:58:54.703528 np0000001076 neutron-periodic-workers[88861]: DEBUG cotyledon.oslo_config_glue [-] ovn_nb_global.ignore_lsp_down = False {{(pid=88861) log_opt_values /opt/stack/data/venv/lib/python3.12/site-packages/oslo_config/cfg.py:3256}}
May 20 14:58:54.703810 np0000001076 neutron-periodic-workers[88861]: DEBUG cotyledon.oslo_config_glue [-] ovn_nb_global.mac_binding_removal_limit = 0 {{(pid=88861) log_opt_values /opt/stack/data/venv/lib/python3.12/site-packages/oslo_config/cfg.py:3256}}
May 20 14:58:54.703810 np0000001076 neutron-periodic-workers[88861]: DEBUG cotyledon.oslo_config_glue [-] ******************************************************************************** {{(pid=88861) log_opt_values /opt/stack/data/venv/lib/python3.12/site-packages/oslo_config/cfg.py:3263}}
May 20 14:58:54.703810 np0000001076 neutron-periodic-workers[88861]: DEBUG cotyledon._service_worker [-] Run service ServiceWrapper(0) [88861] {{(pid=88861) wait_forever /opt/stack/data/venv/lib/python3.12/site-packages/cotyledon/_service_worker.py:218}}
May 20 14:59:04.390492 np0000001076 neutron-periodic-workers[88012]: DEBUG dbcounter [-] [88012] Writing DB stats neutron:SELECT=4 {{(pid=88012) stat_writer /opt/stack/data/venv/lib/python3.12/site-packages/dbcounter.py:115}}
May 20 14:59:33.674104 np0000001076 neutron-periodic-workers[88857]: DEBUG oslo_db.sqlalchemy.engines [None req-fde5a799-639f-4ac8-ae9f-fe6fa9a6ea58 None None] Parent process 88012 forked (88857) with an open database connection, which is being discarded and recreated. {{(pid=88857) checkout /opt/stack/data/venv/lib/python3.12/site-packages/oslo_db/sqlalchemy/engines.py:402}}
May 20 14:59:33.679569 np0000001076 neutron-periodic-workers[88857]: DEBUG dbcounter [-] [88857] Writer thread running {{(pid=88857) stat_writer /opt/stack/data/venv/lib/python3.12/site-packages/dbcounter.py:102}}
May 20 14:59:33.688322 np0000001076 neutron-periodic-workers[88857]: DEBUG oslo.service.backend._threading.loopingcall [None req-fde5a799-639f-4ac8-ae9f-fe6fa9a6ea58 None None] Fixed interval looping call 'neutron.plugins.ml2.plugin.DhcpAgentSchedulerDbMixin.remove_networks_from_down_agents' sleeping for 36.98 seconds {{(pid=88857) _run_loop /opt/stack/data/venv/lib/python3.12/site-packages/oslo_service/backend/_threading/loopingcall.py:125}}
May 20 14:59:43.687313 np0000001076 neutron-periodic-workers[88857]: DEBUG dbcounter [-] [88857] Writing DB stats neutron:SELECT=3 {{(pid=88857) stat_writer /opt/stack/data/venv/lib/python3.12/site-packages/dbcounter.py:115}}
May 20 15:00:08.714677 np0000001076 neutron-periodic-workers[88861]: DEBUG dbcounter [-] [88861] Writer thread running {{(pid=88861) stat_writer /opt/stack/data/venv/lib/python3.12/site-packages/dbcounter.py:102}}
May 20 15:00:08.717817 np0000001076 neutron-periodic-workers[88861]: DEBUG neutron.db.agents_db [None req-1cb270d3-9847-4379-af71-d102068d7d80 None None] Agent healthcheck: found 0 active agents {{(pid=88861) agent_health_check /opt/stack/neutron/neutron/db/agents_db.py:322}}
May 20 15:00:08.718035 np0000001076 neutron-periodic-workers[88861]: DEBUG oslo.service.backend._threading.loopingcall [None req-1cb270d3-9847-4379-af71-d102068d7d80 None None] Fixed interval looping call 'neutron.plugins.ml2.plugin.AgentDbMixin.agent_health_check' sleeping for 36.99 seconds {{(pid=88861) _run_loop /opt/stack/data/venv/lib/python3.12/site-packages/oslo_service/backend/_threading/loopingcall.py:125}}
May 20 15:00:10.675280 np0000001076 neutron-periodic-workers[88857]: DEBUG oslo.service.backend._threading.loopingcall [None req-fde5a799-639f-4ac8-ae9f-fe6fa9a6ea58 None None] Fixed interval looping call 'neutron.plugins.ml2.plugin.DhcpAgentSchedulerDbMixin.remove_networks_from_down_agents' sleeping for 36.99 seconds {{(pid=88857) _run_loop /opt/stack/data/venv/lib/python3.12/site-packages/oslo_service/backend/_threading/loopingcall.py:125}}
May 20 15:00:18.715150 np0000001076 neutron-periodic-workers[88861]: DEBUG dbcounter [-] [88861] Writing DB stats neutron:SELECT=1 {{(pid=88861) stat_writer /opt/stack/data/venv/lib/python3.12/site-packages/dbcounter.py:115}}
May 20 15:00:20.674231 np0000001076 neutron-periodic-workers[88857]: DEBUG dbcounter [-] [88857] Writing DB stats neutron:SELECT=3 {{(pid=88857) stat_writer /opt/stack/data/venv/lib/python3.12/site-packages/dbcounter.py:115}}
May 20 15:00:45.711145 np0000001076 neutron-periodic-workers[88861]: DEBUG neutron.db.agents_db [None req-1cb270d3-9847-4379-af71-d102068d7d80 None None] Agent healthcheck: found 0 active agents {{(pid=88861) agent_health_check /opt/stack/neutron/neutron/db/agents_db.py:322}}
May 20 15:00:45.711653 np0000001076 neutron-periodic-workers[88861]: DEBUG oslo.service.backend._threading.loopingcall [None req-1cb270d3-9847-4379-af71-d102068d7d80 None None] Fixed interval looping call 'neutron.plugins.ml2.plugin.AgentDbMixin.agent_health_check' sleeping for 37.00 seconds {{(pid=88861) _run_loop /opt/stack/data/venv/lib/python3.12/site-packages/oslo_service/backend/_threading/loopingcall.py:125}}
May 20 15:00:47.672037 np0000001076 neutron-periodic-workers[88857]: DEBUG oslo.service.backend._threading.loopingcall [None req-fde5a799-639f-4ac8-ae9f-fe6fa9a6ea58 None None] Fixed interval looping call 'neutron.plugins.ml2.plugin.DhcpAgentSchedulerDbMixin.remove_networks_from_down_agents' sleeping for 36.99 seconds {{(pid=88857) _run_loop /opt/stack/data/venv/lib/python3.12/site-packages/oslo_service/backend/_threading/loopingcall.py:125}}
May 20 15:00:54.712704 np0000001076 neutron-periodic-workers[88870]: DEBUG dbcounter [-] [88870] Writer thread running {{(pid=88870) stat_writer /opt/stack/data/venv/lib/python3.12/site-packages/dbcounter.py:102}}
May 20 15:00:54.714669 np0000001076 neutron-periodic-workers[88870]: DEBUG oslo.service.backend._threading.loopingcall [None req-f00309d7-edf7-4d50-8af3-d8c5d0bcd317 None None] Fixed interval looping call 'neutron.db.quota.driver_nolock.DbQuotaNoLockDriver._remove_expired_reservations' sleeping for 119.99 seconds {{(pid=88870) _run_loop /opt/stack/data/venv/lib/python3.12/site-packages/oslo_service/backend/_threading/loopingcall.py:125}}
May 20 15:00:55.710281 np0000001076 neutron-periodic-workers[88861]: DEBUG dbcounter [-] [88861] Writing DB stats neutron:SELECT=1 {{(pid=88861) stat_writer /opt/stack/data/venv/lib/python3.12/site-packages/dbcounter.py:115}}
May 20 15:00:57.671426 np0000001076 neutron-periodic-workers[88857]: DEBUG dbcounter [-] [88857] Writing DB stats neutron:SELECT=3 {{(pid=88857) stat_writer /opt/stack/data/venv/lib/python3.12/site-packages/dbcounter.py:115}}
May 20 15:01:04.713174 np0000001076 neutron-periodic-workers[88870]: DEBUG dbcounter [-] [88870] Writing DB stats neutron:DELETE=1 {{(pid=88870) stat_writer /opt/stack/data/venv/lib/python3.12/site-packages/dbcounter.py:115}}
May 20 15:01:22.714745 np0000001076 neutron-periodic-workers[88861]: DEBUG neutron.db.agents_db [None req-1cb270d3-9847-4379-af71-d102068d7d80 None None] Agent healthcheck: found 0 active agents {{(pid=88861) agent_health_check /opt/stack/neutron/neutron/db/agents_db.py:322}}
May 20 15:01:22.715296 np0000001076 neutron-periodic-workers[88861]: DEBUG oslo.service.backend._threading.loopingcall [None req-1cb270d3-9847-4379-af71-d102068d7d80 None None] Fixed interval looping call 'neutron.plugins.ml2.plugin.AgentDbMixin.agent_health_check' sleeping for 37.00 seconds {{(pid=88861) _run_loop /opt/stack/data/venv/lib/python3.12/site-packages/oslo_service/backend/_threading/loopingcall.py:125}}
May 20 15:01:24.667710 np0000001076 neutron-periodic-workers[88857]: DEBUG oslo.service.backend._threading.loopingcall [None req-fde5a799-639f-4ac8-ae9f-fe6fa9a6ea58 None None] Fixed interval looping call 'neutron.plugins.ml2.plugin.DhcpAgentSchedulerDbMixin.remove_networks_from_down_agents' sleeping for 36.99 seconds {{(pid=88857) _run_loop /opt/stack/data/venv/lib/python3.12/site-packages/oslo_service/backend/_threading/loopingcall.py:125}}
May 20 15:01:32.713648 np0000001076 neutron-periodic-workers[88861]: DEBUG dbcounter [-] [88861] Writing DB stats neutron:SELECT=1 {{(pid=88861) stat_writer /opt/stack/data/venv/lib/python3.12/site-packages/dbcounter.py:115}}
May 20 15:01:34.666965 np0000001076 neutron-periodic-workers[88857]: DEBUG dbcounter [-] [88857] Writing DB stats neutron:SELECT=3 {{(pid=88857) stat_writer /opt/stack/data/venv/lib/python3.12/site-packages/dbcounter.py:115}}
May 20 15:01:49.697969 np0000001076 neutron-periodic-workers[88850]: DEBUG dbcounter [-] [88850] Writer thread running {{(pid=88850) stat_writer /opt/stack/data/venv/lib/python3.12/site-packages/dbcounter.py:102}}
May 20 15:01:49.707559 np0000001076 neutron-periodic-workers[88850]: DEBUG oslo.service.backend._threading.loopingcall [None req-05e2c47d-3520-4d2e-bae3-4bac41da1aa5 None None] Fixed interval looping call 'neutron.services.ovn_l3.plugin.L3_NAT_dbonly_mixin._clean_garbage' sleeping for 299.95 seconds {{(pid=88850) _run_loop /opt/stack/data/venv/lib/python3.12/site-packages/oslo_service/backend/_threading/loopingcall.py:125}}
May 20 15:01:59.698788 np0000001076 neutron-periodic-workers[88850]: DEBUG dbcounter [-] [88850] Writing DB stats neutron:SELECT=1 {{(pid=88850) stat_writer /opt/stack/data/venv/lib/python3.12/site-packages/dbcounter.py:115}}
May 20 15:01:59.718200 np0000001076 neutron-periodic-workers[88861]: DEBUG neutron.db.agents_db [None req-1cb270d3-9847-4379-af71-d102068d7d80 None None] Agent healthcheck: found 0 active agents {{(pid=88861) agent_health_check /opt/stack/neutron/neutron/db/agents_db.py:322}}
May 20 15:01:59.718580 np0000001076 neutron-periodic-workers[88861]: DEBUG oslo.service.backend._threading.loopingcall [None req-1cb270d3-9847-4379-af71-d102068d7d80 None None] Fixed interval looping call 'neutron.plugins.ml2.plugin.AgentDbMixin.agent_health_check' sleeping for 37.00 seconds {{(pid=88861) _run_loop /opt/stack/data/venv/lib/python3.12/site-packages/oslo_service/backend/_threading/loopingcall.py:125}}
May 20 15:02:01.663702 np0000001076 neutron-periodic-workers[88857]: DEBUG oslo.service.backend._threading.loopingcall [None req-fde5a799-639f-4ac8-ae9f-fe6fa9a6ea58 None None] Fixed interval looping call 'neutron.plugins.ml2.plugin.DhcpAgentSchedulerDbMixin.remove_networks_from_down_agents' sleeping for 37.00 seconds {{(pid=88857) _run_loop /opt/stack/data/venv/lib/python3.12/site-packages/oslo_service/backend/_threading/loopingcall.py:125}}
May 20 15:02:09.717766 np0000001076 neutron-periodic-workers[88861]: DEBUG dbcounter [-] [88861] Writing DB stats neutron:SELECT=1 {{(pid=88861) stat_writer /opt/stack/data/venv/lib/python3.12/site-packages/dbcounter.py:115}}
May 20 15:02:11.662847 np0000001076 neutron-periodic-workers[88857]: DEBUG dbcounter [-] [88857] Writing DB stats neutron:SELECT=3 {{(pid=88857) stat_writer /opt/stack/data/venv/lib/python3.12/site-packages/dbcounter.py:115}}
May 20 15:02:36.723330 np0000001076 neutron-periodic-workers[88861]: DEBUG neutron.db.agents_db [None req-1cb270d3-9847-4379-af71-d102068d7d80 None None] Agent healthcheck: found 0 active agents {{(pid=88861) agent_health_check /opt/stack/neutron/neutron/db/agents_db.py:322}}
May 20 15:02:36.723839 np0000001076 neutron-periodic-workers[88861]: DEBUG oslo.service.backend._threading.loopingcall [None req-1cb270d3-9847-4379-af71-d102068d7d80 None None] Fixed interval looping call 'neutron.plugins.ml2.plugin.AgentDbMixin.agent_health_check' sleeping for 37.00 seconds {{(pid=88861) _run_loop /opt/stack/data/venv/lib/python3.12/site-packages/oslo_service/backend/_threading/loopingcall.py:125}}
May 20 15:02:38.675470 np0000001076 neutron-periodic-workers[88857]: DEBUG oslo.service.backend._threading.loopingcall [None req-fde5a799-639f-4ac8-ae9f-fe6fa9a6ea58 None None] Fixed interval looping call 'neutron.plugins.ml2.plugin.DhcpAgentSchedulerDbMixin.remove_networks_from_down_agents' sleeping for 36.99 seconds {{(pid=88857) _run_loop /opt/stack/data/venv/lib/python3.12/site-packages/oslo_service/backend/_threading/loopingcall.py:125}}
May 20 15:02:46.723140 np0000001076 neutron-periodic-workers[88861]: DEBUG dbcounter [-] [88861] Writing DB stats neutron:SELECT=1 {{(pid=88861) stat_writer /opt/stack/data/venv/lib/python3.12/site-packages/dbcounter.py:115}}
May 20 15:02:48.674267 np0000001076 neutron-periodic-workers[88857]: DEBUG dbcounter [-] [88857] Writing DB stats neutron:SELECT=3 {{(pid=88857) stat_writer /opt/stack/data/venv/lib/python3.12/site-packages/dbcounter.py:115}}
May 20 15:02:54.708688 np0000001076 neutron-periodic-workers[88870]: DEBUG oslo.service.backend._threading.loopingcall [None req-f00309d7-edf7-4d50-8af3-d8c5d0bcd317 None None] Fixed interval looping call 'neutron.db.quota.driver_nolock.DbQuotaNoLockDriver._remove_expired_reservations' sleeping for 120.00 seconds {{(pid=88870) _run_loop /opt/stack/data/venv/lib/python3.12/site-packages/oslo_service/backend/_threading/loopingcall.py:125}}
May 20 15:03:04.727777 np0000001076 neutron-periodic-workers[88870]: DEBUG dbcounter [-] [88870] Writing DB stats neutron:DELETE=1 {{(pid=88870) stat_writer /opt/stack/data/venv/lib/python3.12/site-packages/dbcounter.py:115}}
May 20 15:03:13.731030 np0000001076 neutron-periodic-workers[88861]: DEBUG neutron.db.agents_db [None req-1cb270d3-9847-4379-af71-d102068d7d80 None None] Agent healthcheck: found 0 active agents {{(pid=88861) agent_health_check /opt/stack/neutron/neutron/db/agents_db.py:322}}
May 20 15:03:13.742701 np0000001076 neutron-periodic-workers[88861]: DEBUG oslo.service.backend._threading.loopingcall [None req-1cb270d3-9847-4379-af71-d102068d7d80 None None] Fixed interval looping call 'neutron.plugins.ml2.plugin.AgentDbMixin.agent_health_check' sleeping for 36.99 seconds {{(pid=88861) _run_loop /opt/stack/data/venv/lib/python3.12/site-packages/oslo_service/backend/_threading/loopingcall.py:125}}
May 20 15:03:15.731777 np0000001076 neutron-periodic-workers[88857]: DEBUG oslo.service.backend._threading.loopingcall [None req-fde5a799-639f-4ac8-ae9f-fe6fa9a6ea58 None None] Fixed interval looping call 'neutron.plugins.ml2.plugin.DhcpAgentSchedulerDbMixin.remove_networks_from_down_agents' sleeping for 36.93 seconds {{(pid=88857) _run_loop /opt/stack/data/venv/lib/python3.12/site-packages/oslo_service/backend/_threading/loopingcall.py:125}}
May 20 15:03:23.729666 np0000001076 neutron-periodic-workers[88861]: DEBUG dbcounter [-] [88861] Writing DB stats neutron:SELECT=1 {{(pid=88861) stat_writer /opt/stack/data/venv/lib/python3.12/site-packages/dbcounter.py:115}}
May 20 15:03:25.685226 np0000001076 neutron-periodic-workers[88857]: DEBUG dbcounter [-] [88857] Writing DB stats neutron:SELECT=3 {{(pid=88857) stat_writer /opt/stack/data/venv/lib/python3.12/site-packages/dbcounter.py:115}}
May 20 15:03:50.725954 np0000001076 neutron-periodic-workers[88861]: DEBUG neutron.db.agents_db [None req-1cb270d3-9847-4379-af71-d102068d7d80 None None] Agent healthcheck: found 0 active agents {{(pid=88861) agent_health_check /opt/stack/neutron/neutron/db/agents_db.py:322}}
May 20 15:03:50.726340 np0000001076 neutron-periodic-workers[88861]: DEBUG oslo.service.backend._threading.loopingcall [None req-1cb270d3-9847-4379-af71-d102068d7d80 None None] Fixed interval looping call 'neutron.plugins.ml2.plugin.AgentDbMixin.agent_health_check' sleeping for 37.00 seconds {{(pid=88861) _run_loop /opt/stack/data/venv/lib/python3.12/site-packages/oslo_service/backend/_threading/loopingcall.py:125}}
May 20 15:03:52.673162 np0000001076 neutron-periodic-workers[88857]: DEBUG oslo.service.backend._threading.loopingcall [None req-fde5a799-639f-4ac8-ae9f-fe6fa9a6ea58 None None] Fixed interval looping call 'neutron.plugins.ml2.plugin.DhcpAgentSchedulerDbMixin.remove_networks_from_down_agents' sleeping for 36.99 seconds {{(pid=88857) _run_loop /opt/stack/data/venv/lib/python3.12/site-packages/oslo_service/backend/_threading/loopingcall.py:125}}
May 20 15:04:00.724146 np0000001076 neutron-periodic-workers[88861]: DEBUG dbcounter [-] [88861] Writing DB stats neutron:SELECT=1 {{(pid=88861) stat_writer /opt/stack/data/venv/lib/python3.12/site-packages/dbcounter.py:115}}
May 20 15:04:02.671746 np0000001076 neutron-periodic-workers[88857]: DEBUG dbcounter [-] [88857] Writing DB stats neutron:SELECT=3 {{(pid=88857) stat_writer /opt/stack/data/venv/lib/python3.12/site-packages/dbcounter.py:115}}
May 20 15:04:27.732299 np0000001076 neutron-periodic-workers[88861]: DEBUG neutron.db.agents_db [None req-1cb270d3-9847-4379-af71-d102068d7d80 None None] Agent healthcheck: found 0 active agents {{(pid=88861) agent_health_check /opt/stack/neutron/neutron/db/agents_db.py:322}}
May 20 15:04:27.732299 np0000001076 neutron-periodic-workers[88861]: DEBUG oslo.service.backend._threading.loopingcall [None req-1cb270d3-9847-4379-af71-d102068d7d80 None None] Fixed interval looping call 'neutron.plugins.ml2.plugin.AgentDbMixin.agent_health_check' sleeping for 36.99 seconds {{(pid=88861) _run_loop /opt/stack/data/venv/lib/python3.12/site-packages/oslo_service/backend/_threading/loopingcall.py:125}}
May 20 15:04:29.673333 np0000001076 neutron-periodic-workers[88857]: DEBUG oslo.service.backend._threading.loopingcall [None req-fde5a799-639f-4ac8-ae9f-fe6fa9a6ea58 None None] Fixed interval looping call 'neutron.plugins.ml2.plugin.DhcpAgentSchedulerDbMixin.remove_networks_from_down_agents' sleeping for 36.99 seconds {{(pid=88857) _run_loop /opt/stack/data/venv/lib/python3.12/site-packages/oslo_service/backend/_threading/loopingcall.py:125}}
May 20 15:04:37.731008 np0000001076 neutron-periodic-workers[88861]: DEBUG dbcounter [-] [88861] Writing DB stats neutron:SELECT=1 {{(pid=88861) stat_writer /opt/stack/data/venv/lib/python3.12/site-packages/dbcounter.py:115}}
May 20 15:04:39.672170 np0000001076 neutron-periodic-workers[88857]: DEBUG dbcounter [-] [88857] Writing DB stats neutron:SELECT=3 {{(pid=88857) stat_writer /opt/stack/data/venv/lib/python3.12/site-packages/dbcounter.py:115}}
May 20 15:04:54.715163 np0000001076 neutron-periodic-workers[88870]: DEBUG oslo.service.backend._threading.loopingcall [None req-f00309d7-edf7-4d50-8af3-d8c5d0bcd317 None None] Fixed interval looping call 'neutron.db.quota.driver_nolock.DbQuotaNoLockDriver._remove_expired_reservations' sleeping for 120.00 seconds {{(pid=88870) _run_loop /opt/stack/data/venv/lib/python3.12/site-packages/oslo_service/backend/_threading/loopingcall.py:125}}
May 20 15:05:04.711380 np0000001076 neutron-periodic-workers[88870]: DEBUG dbcounter [-] [88870] Writing DB stats neutron:DELETE=1 {{(pid=88870) stat_writer /opt/stack/data/venv/lib/python3.12/site-packages/dbcounter.py:115}}
May 20 15:05:04.726187 np0000001076 neutron-periodic-workers[88861]: DEBUG neutron.db.agents_db [None req-1cb270d3-9847-4379-af71-d102068d7d80 None None] Agent healthcheck: found 0 active agents {{(pid=88861) agent_health_check /opt/stack/neutron/neutron/db/agents_db.py:322}}
May 20 15:05:04.726606 np0000001076 neutron-periodic-workers[88861]: DEBUG oslo.service.backend._threading.loopingcall [None req-1cb270d3-9847-4379-af71-d102068d7d80 None None] Fixed interval looping call 'neutron.plugins.ml2.plugin.AgentDbMixin.agent_health_check' sleeping for 37.00 seconds {{(pid=88861) _run_loop /opt/stack/data/venv/lib/python3.12/site-packages/oslo_service/backend/_threading/loopingcall.py:125}}
May 20 15:05:06.677938 np0000001076 neutron-periodic-workers[88857]: DEBUG oslo.service.backend._threading.loopingcall [None req-fde5a799-639f-4ac8-ae9f-fe6fa9a6ea58 None None] Fixed interval looping call 'neutron.plugins.ml2.plugin.DhcpAgentSchedulerDbMixin.remove_networks_from_down_agents' sleeping for 36.99 seconds {{(pid=88857) _run_loop /opt/stack/data/venv/lib/python3.12/site-packages/oslo_service/backend/_threading/loopingcall.py:125}}
May 20 15:05:14.725693 np0000001076 neutron-periodic-workers[88861]: DEBUG dbcounter [-] [88861] Writing DB stats neutron:SELECT=1 {{(pid=88861) stat_writer /opt/stack/data/venv/lib/python3.12/site-packages/dbcounter.py:115}}
May 20 15:05:16.677499 np0000001076 neutron-periodic-workers[88857]: DEBUG dbcounter [-] [88857] Writing DB stats neutron:SELECT=3 {{(pid=88857) stat_writer /opt/stack/data/venv/lib/python3.12/site-packages/dbcounter.py:115}}
May 20 15:05:41.735641 np0000001076 neutron-periodic-workers[88861]: DEBUG neutron.db.agents_db [None req-1cb270d3-9847-4379-af71-d102068d7d80 None None] Agent healthcheck: found 0 active agents {{(pid=88861) agent_health_check /opt/stack/neutron/neutron/db/agents_db.py:322}}
May 20 15:05:41.736630 np0000001076 neutron-periodic-workers[88861]: DEBUG oslo.service.backend._threading.loopingcall [None req-1cb270d3-9847-4379-af71-d102068d7d80 None None] Fixed interval looping call 'neutron.plugins.ml2.plugin.AgentDbMixin.agent_health_check' sleeping for 36.99 seconds {{(pid=88861) _run_loop /opt/stack/data/venv/lib/python3.12/site-packages/oslo_service/backend/_threading/loopingcall.py:125}}
May 20 15:05:43.680015 np0000001076 neutron-periodic-workers[88857]: DEBUG oslo.service.backend._threading.loopingcall [None req-fde5a799-639f-4ac8-ae9f-fe6fa9a6ea58 None None] Fixed interval looping call 'neutron.plugins.ml2.plugin.DhcpAgentSchedulerDbMixin.remove_networks_from_down_agents' sleeping for 36.99 seconds {{(pid=88857) _run_loop /opt/stack/data/venv/lib/python3.12/site-packages/oslo_service/backend/_threading/loopingcall.py:125}}
May 20 15:05:51.731412 np0000001076 neutron-periodic-workers[88861]: DEBUG dbcounter [-] [88861] Writing DB stats neutron:SELECT=1 {{(pid=88861) stat_writer /opt/stack/data/venv/lib/python3.12/site-packages/dbcounter.py:115}}
May 20 15:05:53.676647 np0000001076 neutron-periodic-workers[88857]: DEBUG dbcounter [-] [88857] Writing DB stats neutron:SELECT=3 {{(pid=88857) stat_writer /opt/stack/data/venv/lib/python3.12/site-packages/dbcounter.py:115}}
May 20 15:06:18.734251 np0000001076 neutron-periodic-workers[88861]: DEBUG neutron.db.agents_db [None req-1cb270d3-9847-4379-af71-d102068d7d80 None None] Agent healthcheck: found 0 active agents {{(pid=88861) agent_health_check /opt/stack/neutron/neutron/db/agents_db.py:322}}
May 20 15:06:18.734870 np0000001076 neutron-periodic-workers[88861]: DEBUG oslo.service.backend._threading.loopingcall [None req-1cb270d3-9847-4379-af71-d102068d7d80 None None] Fixed interval looping call 'neutron.plugins.ml2.plugin.AgentDbMixin.agent_health_check' sleeping for 36.99 seconds {{(pid=88861) _run_loop /opt/stack/data/venv/lib/python3.12/site-packages/oslo_service/backend/_threading/loopingcall.py:125}}
May 20 15:06:20.679272 np0000001076 neutron-periodic-workers[88857]: DEBUG oslo.service.backend._threading.loopingcall [None req-fde5a799-639f-4ac8-ae9f-fe6fa9a6ea58 None None] Fixed interval looping call 'neutron.plugins.ml2.plugin.DhcpAgentSchedulerDbMixin.remove_networks_from_down_agents' sleeping for 36.99 seconds {{(pid=88857) _run_loop /opt/stack/data/venv/lib/python3.12/site-packages/oslo_service/backend/_threading/loopingcall.py:125}}
May 20 15:06:28.731946 np0000001076 neutron-periodic-workers[88861]: DEBUG dbcounter [-] [88861] Writing DB stats neutron:SELECT=1 {{(pid=88861) stat_writer /opt/stack/data/venv/lib/python3.12/site-packages/dbcounter.py:115}}
May 20 15:06:30.678305 np0000001076 neutron-periodic-workers[88857]: DEBUG dbcounter [-] [88857] Writing DB stats neutron:SELECT=3 {{(pid=88857) stat_writer /opt/stack/data/venv/lib/python3.12/site-packages/dbcounter.py:115}}
May 20 15:06:49.674665 np0000001076 neutron-periodic-workers[88850]: DEBUG oslo.service.backend._threading.loopingcall [None req-05e2c47d-3520-4d2e-bae3-4bac41da1aa5 None None] Fixed interval looping call 'neutron.services.ovn_l3.plugin.L3_NAT_dbonly_mixin._clean_garbage' sleeping for 299.98 seconds {{(pid=88850) _run_loop /opt/stack/data/venv/lib/python3.12/site-packages/oslo_service/backend/_threading/loopingcall.py:125}}
May 20 15:06:54.716657 np0000001076 neutron-periodic-workers[88870]: DEBUG oslo.service.backend._threading.loopingcall [None req-f00309d7-edf7-4d50-8af3-d8c5d0bcd317 None None] Fixed interval looping call 'neutron.db.quota.driver_nolock.DbQuotaNoLockDriver._remove_expired_reservations' sleeping for 120.00 seconds {{(pid=88870) _run_loop /opt/stack/data/venv/lib/python3.12/site-packages/oslo_service/backend/_threading/loopingcall.py:125}}
May 20 15:06:55.728742 np0000001076 neutron-periodic-workers[88861]: DEBUG neutron.db.agents_db [None req-1cb270d3-9847-4379-af71-d102068d7d80 None None] Agent healthcheck: found 0 active agents {{(pid=88861) agent_health_check /opt/stack/neutron/neutron/db/agents_db.py:322}}
May 20 15:06:55.729290 np0000001076 neutron-periodic-workers[88861]: DEBUG oslo.service.backend._threading.loopingcall [None req-1cb270d3-9847-4379-af71-d102068d7d80 None None] Fixed interval looping call 'neutron.plugins.ml2.plugin.AgentDbMixin.agent_health_check' sleeping for 37.00 seconds {{(pid=88861) _run_loop /opt/stack/data/venv/lib/python3.12/site-packages/oslo_service/backend/_threading/loopingcall.py:125}}
May 20 15:06:57.674885 np0000001076 neutron-periodic-workers[88857]: DEBUG oslo.service.backend._threading.loopingcall [None req-fde5a799-639f-4ac8-ae9f-fe6fa9a6ea58 None None] Fixed interval looping call 'neutron.plugins.ml2.plugin.DhcpAgentSchedulerDbMixin.remove_networks_from_down_agents' sleeping for 36.99 seconds {{(pid=88857) _run_loop /opt/stack/data/venv/lib/python3.12/site-packages/oslo_service/backend/_threading/loopingcall.py:125}}
May 20 15:06:59.661942 np0000001076 neutron-periodic-workers[88850]: DEBUG dbcounter [-] [88850] Writing DB stats neutron:SELECT=1 {{(pid=88850) stat_writer /opt/stack/data/venv/lib/python3.12/site-packages/dbcounter.py:115}}
May 20 15:07:04.716705 np0000001076 neutron-periodic-workers[88870]: DEBUG dbcounter [-] [88870] Writing DB stats neutron:DELETE=1 {{(pid=88870) stat_writer /opt/stack/data/venv/lib/python3.12/site-packages/dbcounter.py:115}}
May 20 15:07:05.727444 np0000001076 neutron-periodic-workers[88861]: DEBUG dbcounter [-] [88861] Writing DB stats neutron:SELECT=1 {{(pid=88861) stat_writer /opt/stack/data/venv/lib/python3.12/site-packages/dbcounter.py:115}}
May 20 15:07:07.674077 np0000001076 neutron-periodic-workers[88857]: DEBUG dbcounter [-] [88857] Writing DB stats neutron:SELECT=3 {{(pid=88857) stat_writer /opt/stack/data/venv/lib/python3.12/site-packages/dbcounter.py:115}}
May 20 15:07:32.732906 np0000001076 neutron-periodic-workers[88861]: DEBUG neutron.db.agents_db [None req-1cb270d3-9847-4379-af71-d102068d7d80 None None] Agent healthcheck: found 0 active agents {{(pid=88861) agent_health_check /opt/stack/neutron/neutron/db/agents_db.py:322}}
May 20 15:07:32.732906 np0000001076 neutron-periodic-workers[88861]: DEBUG oslo.service.backend._threading.loopingcall [None req-1cb270d3-9847-4379-af71-d102068d7d80 None None] Fixed interval looping call 'neutron.plugins.ml2.plugin.AgentDbMixin.agent_health_check' sleeping for 37.00 seconds {{(pid=88861) _run_loop /opt/stack/data/venv/lib/python3.12/site-packages/oslo_service/backend/_threading/loopingcall.py:125}}
May 20 15:07:34.673677 np0000001076 neutron-periodic-workers[88857]: DEBUG oslo.service.backend._threading.loopingcall [None req-fde5a799-639f-4ac8-ae9f-fe6fa9a6ea58 None None] Fixed interval looping call 'neutron.plugins.ml2.plugin.DhcpAgentSchedulerDbMixin.remove_networks_from_down_agents' sleeping for 36.99 seconds {{(pid=88857) _run_loop /opt/stack/data/venv/lib/python3.12/site-packages/oslo_service/backend/_threading/loopingcall.py:125}}
May 20 15:07:42.731342 np0000001076 neutron-periodic-workers[88861]: DEBUG dbcounter [-] [88861] Writing DB stats neutron:SELECT=1 {{(pid=88861) stat_writer /opt/stack/data/venv/lib/python3.12/site-packages/dbcounter.py:115}}
May 20 15:07:44.672824 np0000001076 neutron-periodic-workers[88857]: DEBUG dbcounter [-] [88857] Writing DB stats neutron:SELECT=3 {{(pid=88857) stat_writer /opt/stack/data/venv/lib/python3.12/site-packages/dbcounter.py:115}}
May 20 15:08:09.739160 np0000001076 neutron-periodic-workers[88861]: DEBUG neutron.db.agents_db [None req-1cb270d3-9847-4379-af71-d102068d7d80 None None] Agent healthcheck: found 0 active agents {{(pid=88861) agent_health_check /opt/stack/neutron/neutron/db/agents_db.py:322}}
May 20 15:08:09.739160 np0000001076 neutron-periodic-workers[88861]: DEBUG oslo.service.backend._threading.loopingcall [None req-1cb270d3-9847-4379-af71-d102068d7d80 None None] Fixed interval looping call 'neutron.plugins.ml2.plugin.AgentDbMixin.agent_health_check' sleeping for 36.99 seconds {{(pid=88861) _run_loop /opt/stack/data/venv/lib/python3.12/site-packages/oslo_service/backend/_threading/loopingcall.py:125}}
May 20 15:08:11.671506 np0000001076 neutron-periodic-workers[88857]: DEBUG oslo.service.backend._threading.loopingcall [None req-fde5a799-639f-4ac8-ae9f-fe6fa9a6ea58 None None] Fixed interval looping call 'neutron.plugins.ml2.plugin.DhcpAgentSchedulerDbMixin.remove_networks_from_down_agents' sleeping for 36.99 seconds {{(pid=88857) _run_loop /opt/stack/data/venv/lib/python3.12/site-packages/oslo_service/backend/_threading/loopingcall.py:125}}
May 20 15:08:19.737796 np0000001076 neutron-periodic-workers[88861]: DEBUG dbcounter [-] [88861] Writing DB stats neutron:SELECT=1 {{(pid=88861) stat_writer /opt/stack/data/venv/lib/python3.12/site-packages/dbcounter.py:115}}
May 20 15:08:21.670668 np0000001076 neutron-periodic-workers[88857]: DEBUG dbcounter [-] [88857] Writing DB stats neutron:SELECT=3 {{(pid=88857) stat_writer /opt/stack/data/venv/lib/python3.12/site-packages/dbcounter.py:115}}
May 20 15:08:46.734491 np0000001076 neutron-periodic-workers[88861]: DEBUG neutron.db.agents_db [None req-1cb270d3-9847-4379-af71-d102068d7d80 None None] Agent healthcheck: found 0 active agents {{(pid=88861) agent_health_check /opt/stack/neutron/neutron/db/agents_db.py:322}}
May 20 15:08:46.734491 np0000001076 neutron-periodic-workers[88861]: DEBUG oslo.service.backend._threading.loopingcall [None req-1cb270d3-9847-4379-af71-d102068d7d80 None None] Fixed interval looping call 'neutron.plugins.ml2.plugin.AgentDbMixin.agent_health_check' sleeping for 37.00 seconds {{(pid=88861) _run_loop /opt/stack/data/venv/lib/python3.12/site-packages/oslo_service/backend/_threading/loopingcall.py:125}}
May 20 15:08:48.682271 np0000001076 neutron-periodic-workers[88857]: DEBUG oslo.service.backend._threading.loopingcall [None req-fde5a799-639f-4ac8-ae9f-fe6fa9a6ea58 None None] Fixed interval looping call 'neutron.plugins.ml2.plugin.DhcpAgentSchedulerDbMixin.remove_networks_from_down_agents' sleeping for 36.98 seconds {{(pid=88857) _run_loop /opt/stack/data/venv/lib/python3.12/site-packages/oslo_service/backend/_threading/loopingcall.py:125}}
May 20 15:08:54.719360 np0000001076 neutron-periodic-workers[88870]: DEBUG oslo.service.backend._threading.loopingcall [None req-f00309d7-edf7-4d50-8af3-d8c5d0bcd317 None None] Fixed interval looping call 'neutron.db.quota.driver_nolock.DbQuotaNoLockDriver._remove_expired_reservations' sleeping for 120.00 seconds {{(pid=88870) _run_loop /opt/stack/data/venv/lib/python3.12/site-packages/oslo_service/backend/_threading/loopingcall.py:125}}
May 20 15:08:56.732419 np0000001076 neutron-periodic-workers[88861]: DEBUG dbcounter [-] [88861] Writing DB stats neutron:SELECT=1 {{(pid=88861) stat_writer /opt/stack/data/venv/lib/python3.12/site-packages/dbcounter.py:115}}
May 20 15:08:58.679462 np0000001076 neutron-periodic-workers[88857]: DEBUG dbcounter [-] [88857] Writing DB stats neutron:SELECT=3 {{(pid=88857) stat_writer /opt/stack/data/venv/lib/python3.12/site-packages/dbcounter.py:115}}
May 20 15:09:04.720282 np0000001076 neutron-periodic-workers[88870]: DEBUG dbcounter [-] [88870] Writing DB stats neutron:DELETE=1 {{(pid=88870) stat_writer /opt/stack/data/venv/lib/python3.12/site-packages/dbcounter.py:115}}
May 20 15:09:23.736403 np0000001076 neutron-periodic-workers[88861]: DEBUG neutron.db.agents_db [None req-1cb270d3-9847-4379-af71-d102068d7d80 None None] Agent healthcheck: found 0 active agents {{(pid=88861) agent_health_check /opt/stack/neutron/neutron/db/agents_db.py:322}}
May 20 15:09:23.736912 np0000001076 neutron-periodic-workers[88861]: DEBUG oslo.service.backend._threading.loopingcall [None req-1cb270d3-9847-4379-af71-d102068d7d80 None None] Fixed interval looping call 'neutron.plugins.ml2.plugin.AgentDbMixin.agent_health_check' sleeping for 37.00 seconds {{(pid=88861) _run_loop /opt/stack/data/venv/lib/python3.12/site-packages/oslo_service/backend/_threading/loopingcall.py:125}}
May 20 15:09:25.674026 np0000001076 neutron-periodic-workers[88857]: DEBUG oslo.service.backend._threading.loopingcall [None req-fde5a799-639f-4ac8-ae9f-fe6fa9a6ea58 None None] Fixed interval looping call 'neutron.plugins.ml2.plugin.DhcpAgentSchedulerDbMixin.remove_networks_from_down_agents' sleeping for 36.99 seconds {{(pid=88857) _run_loop /opt/stack/data/venv/lib/python3.12/site-packages/oslo_service/backend/_threading/loopingcall.py:125}}
May 20 15:09:33.735681 np0000001076 neutron-periodic-workers[88861]: DEBUG dbcounter [-] [88861] Writing DB stats neutron:SELECT=1 {{(pid=88861) stat_writer /opt/stack/data/venv/lib/python3.12/site-packages/dbcounter.py:115}}
May 20 15:09:35.671554 np0000001076 neutron-periodic-workers[88857]: DEBUG dbcounter [-] [88857] Writing DB stats neutron:SELECT=3 {{(pid=88857) stat_writer /opt/stack/data/venv/lib/python3.12/site-packages/dbcounter.py:115}}
May 20 15:10:00.740384 np0000001076 neutron-periodic-workers[88861]: DEBUG neutron.db.agents_db [None req-1cb270d3-9847-4379-af71-d102068d7d80 None None] Agent healthcheck: found 0 active agents {{(pid=88861) agent_health_check /opt/stack/neutron/neutron/db/agents_db.py:322}}
May 20 15:10:00.740944 np0000001076 neutron-periodic-workers[88861]: DEBUG oslo.service.backend._threading.loopingcall [None req-1cb270d3-9847-4379-af71-d102068d7d80 None None] Fixed interval looping call 'neutron.plugins.ml2.plugin.AgentDbMixin.agent_health_check' sleeping for 37.00 seconds {{(pid=88861) _run_loop /opt/stack/data/venv/lib/python3.12/site-packages/oslo_service/backend/_threading/loopingcall.py:125}}
May 20 15:10:02.669553 np0000001076 neutron-periodic-workers[88857]: DEBUG oslo.service.backend._threading.loopingcall [None req-fde5a799-639f-4ac8-ae9f-fe6fa9a6ea58 None None] Fixed interval looping call 'neutron.plugins.ml2.plugin.DhcpAgentSchedulerDbMixin.remove_networks_from_down_agents' sleeping for 36.99 seconds {{(pid=88857) _run_loop /opt/stack/data/venv/lib/python3.12/site-packages/oslo_service/backend/_threading/loopingcall.py:125}}
May 20 15:10:10.741575 np0000001076 neutron-periodic-workers[88861]: DEBUG dbcounter [-] [88861] Writing DB stats neutron:SELECT=1 {{(pid=88861) stat_writer /opt/stack/data/venv/lib/python3.12/site-packages/dbcounter.py:115}}
May 20 15:10:12.672527 np0000001076 neutron-periodic-workers[88857]: DEBUG dbcounter [-] [88857] Writing DB stats neutron:SELECT=3 {{(pid=88857) stat_writer /opt/stack/data/venv/lib/python3.12/site-packages/dbcounter.py:115}}
May 20 15:10:37.745826 np0000001076 neutron-periodic-workers[88861]: DEBUG neutron.db.agents_db [None req-1cb270d3-9847-4379-af71-d102068d7d80 None None] Agent healthcheck: found 0 active agents {{(pid=88861) agent_health_check /opt/stack/neutron/neutron/db/agents_db.py:322}}
May 20 15:10:37.746394 np0000001076 neutron-periodic-workers[88861]: DEBUG oslo.service.backend._threading.loopingcall [None req-1cb270d3-9847-4379-af71-d102068d7d80 None None] Fixed interval looping call 'neutron.plugins.ml2.plugin.AgentDbMixin.agent_health_check' sleeping for 36.99 seconds {{(pid=88861) _run_loop /opt/stack/data/venv/lib/python3.12/site-packages/oslo_service/backend/_threading/loopingcall.py:125}}
May 20 15:10:39.669952 np0000001076 neutron-periodic-workers[88857]: DEBUG oslo.service.backend._threading.loopingcall [None req-fde5a799-639f-4ac8-ae9f-fe6fa9a6ea58 None None] Fixed interval looping call 'neutron.plugins.ml2.plugin.DhcpAgentSchedulerDbMixin.remove_networks_from_down_agents' sleeping for 37.00 seconds {{(pid=88857) _run_loop /opt/stack/data/venv/lib/python3.12/site-packages/oslo_service/backend/_threading/loopingcall.py:125}}
May 20 15:10:47.743487 np0000001076 neutron-periodic-workers[88861]: DEBUG dbcounter [-] [88861] Writing DB stats neutron:SELECT=1 {{(pid=88861) stat_writer /opt/stack/data/venv/lib/python3.12/site-packages/dbcounter.py:115}}
May 20 15:10:49.669329 np0000001076 neutron-periodic-workers[88857]: DEBUG dbcounter [-] [88857] Writing DB stats neutron:SELECT=3 {{(pid=88857) stat_writer /opt/stack/data/venv/lib/python3.12/site-packages/dbcounter.py:115}}
May 20 15:10:54.731704 np0000001076 neutron-periodic-workers[88870]: DEBUG oslo.service.backend._threading.loopingcall [None req-f00309d7-edf7-4d50-8af3-d8c5d0bcd317 None None] Fixed interval looping call 'neutron.db.quota.driver_nolock.DbQuotaNoLockDriver._remove_expired_reservations' sleeping for 119.99 seconds {{(pid=88870) _run_loop /opt/stack/data/venv/lib/python3.12/site-packages/oslo_service/backend/_threading/loopingcall.py:125}}
May 20 15:11:04.726025 np0000001076 neutron-periodic-workers[88870]: DEBUG dbcounter [-] [88870] Writing DB stats neutron:DELETE=1 {{(pid=88870) stat_writer /opt/stack/data/venv/lib/python3.12/site-packages/dbcounter.py:115}}
May 20 15:11:14.742085 np0000001076 neutron-periodic-workers[88861]: DEBUG neutron.db.agents_db [None req-1cb270d3-9847-4379-af71-d102068d7d80 None None] Agent healthcheck: found 0 active agents {{(pid=88861) agent_health_check /opt/stack/neutron/neutron/db/agents_db.py:322}}
May 20 15:11:14.742085 np0000001076 neutron-periodic-workers[88861]: DEBUG oslo.service.backend._threading.loopingcall [None req-1cb270d3-9847-4379-af71-d102068d7d80 None None] Fixed interval looping call 'neutron.plugins.ml2.plugin.AgentDbMixin.agent_health_check' sleeping for 36.99 seconds {{(pid=88861) _run_loop /opt/stack/data/venv/lib/python3.12/site-packages/oslo_service/backend/_threading/loopingcall.py:125}}
May 20 15:11:16.676650 np0000001076 neutron-periodic-workers[88857]: DEBUG oslo.service.backend._threading.loopingcall [None req-fde5a799-639f-4ac8-ae9f-fe6fa9a6ea58 None None] Fixed interval looping call 'neutron.plugins.ml2.plugin.DhcpAgentSchedulerDbMixin.remove_networks_from_down_agents' sleeping for 36.99 seconds {{(pid=88857) _run_loop /opt/stack/data/venv/lib/python3.12/site-packages/oslo_service/backend/_threading/loopingcall.py:125}}
May 20 15:11:24.740252 np0000001076 neutron-periodic-workers[88861]: DEBUG dbcounter [-] [88861] Writing DB stats neutron:SELECT=1 {{(pid=88861) stat_writer /opt/stack/data/venv/lib/python3.12/site-packages/dbcounter.py:115}}
May 20 15:11:26.678228 np0000001076 neutron-periodic-workers[88857]: DEBUG dbcounter [-] [88857] Writing DB stats neutron:SELECT=3 {{(pid=88857) stat_writer /opt/stack/data/venv/lib/python3.12/site-packages/dbcounter.py:115}}
May 20 15:11:49.669744 np0000001076 neutron-periodic-workers[88850]: DEBUG oslo.service.backend._threading.loopingcall [None req-05e2c47d-3520-4d2e-bae3-4bac41da1aa5 None None] Fixed interval looping call 'neutron.services.ovn_l3.plugin.L3_NAT_dbonly_mixin._clean_garbage' sleeping for 299.99 seconds {{(pid=88850) _run_loop /opt/stack/data/venv/lib/python3.12/site-packages/oslo_service/backend/_threading/loopingcall.py:125}}
May 20 15:11:51.735201 np0000001076 neutron-periodic-workers[88861]: DEBUG neutron.db.agents_db [None req-1cb270d3-9847-4379-af71-d102068d7d80 None None] Agent healthcheck: found 0 active agents {{(pid=88861) agent_health_check /opt/stack/neutron/neutron/db/agents_db.py:322}}
May 20 15:11:51.735201 np0000001076 neutron-periodic-workers[88861]: DEBUG oslo.service.backend._threading.loopingcall [None req-1cb270d3-9847-4379-af71-d102068d7d80 None None] Fixed interval looping call 'neutron.plugins.ml2.plugin.AgentDbMixin.agent_health_check' sleeping for 37.00 seconds {{(pid=88861) _run_loop /opt/stack/data/venv/lib/python3.12/site-packages/oslo_service/backend/_threading/loopingcall.py:125}}
May 20 15:11:53.677052 np0000001076 neutron-periodic-workers[88857]: DEBUG oslo.service.backend._threading.loopingcall [None req-fde5a799-639f-4ac8-ae9f-fe6fa9a6ea58 None None] Fixed interval looping call 'neutron.plugins.ml2.plugin.DhcpAgentSchedulerDbMixin.remove_networks_from_down_agents' sleeping for 36.99 seconds {{(pid=88857) _run_loop /opt/stack/data/venv/lib/python3.12/site-packages/oslo_service/backend/_threading/loopingcall.py:125}}
May 20 15:11:59.657703 np0000001076 neutron-periodic-workers[88850]: DEBUG dbcounter [-] [88850] Writing DB stats neutron:SELECT=1 {{(pid=88850) stat_writer /opt/stack/data/venv/lib/python3.12/site-packages/dbcounter.py:115}}
May 20 15:12:01.733887 np0000001076 neutron-periodic-workers[88861]: DEBUG dbcounter [-] [88861] Writing DB stats neutron:SELECT=1 {{(pid=88861) stat_writer /opt/stack/data/venv/lib/python3.12/site-packages/dbcounter.py:115}}
