Aug 03 21:51:58.757607 np0000006380 devstack@g-api.service[99758]: DEBUG glance.api.middleware.version_negotiation [None req-c2e76615-9b3a-4c9b-80f3-d682306fbd85 tempest-VolumesCloneTest-225822984 tempest-VolumesCloneTest-225822984-project-member] new path /v2/schemas/image {{(pid=99758) process_request /opt/stack/glance/glance/api/middleware/version_negotiation.py:70}}
Aug 03 21:51:58.759608 np0000006380 devstack@g-api.service[99758]: [pid: 99758|app: 0|req: 160/468] 127.0.0.1 () {44 vars in 1051 bytes} [Mon Aug 3 21:51:58 2026] GET /v2/schemas/image => generated 6083 bytes in 2 msecs (HTTP/1.1 200) 4 headers in 158 bytes (1 switches on core 0)
Aug 03 21:51:59.133263 np0000006380 devstack@g-api.service[99757]: DEBUG glance.api.middleware.version_negotiation [None req-c2e76615-9b3a-4c9b-80f3-d682306fbd85 tempest-VolumesCloneTest-225822984 tempest-VolumesCloneTest-225822984-project-member] Determining version of request: GET /versions Accept: */* {{(pid=99757) process_request /opt/stack/glance/glance/api/middleware/version_negotiation.py:44}}
Aug 03 21:51:59.134239 np0000006380 devstack@g-api.service[99757]: [pid: 99757|app: 0|req: 152/469] 127.0.0.1 () {44 vars in 1035 bytes} [Mon Aug 3 21:51:59 2026] GET /versions => generated 1501 bytes in 1 msecs (HTTP/1.1 200) 3 headers in 92 bytes (1 switches on core 0)
Aug 03 21:51:59.141213 np0000006380 devstack@g-api.service[99756]: DEBUG glance.api.middleware.version_negotiation [None req-c2e76615-9b3a-4c9b-80f3-d682306fbd85 tempest-VolumesCloneTest-225822984 tempest-VolumesCloneTest-225822984-project-member] Determining version of request: GET /v2/images/5b53a0bb-cc38-4c6f-bf11-a074905e30fe/locations Accept: */* {{(pid=99756) process_request /opt/stack/glance/glance/api/middleware/version_negotiation.py:44}}
Aug 03 21:51:59.141464 np0000006380 devstack@g-api.service[99756]: DEBUG glance.api.middleware.version_negotiation [None req-c2e76615-9b3a-4c9b-80f3-d682306fbd85 tempest-VolumesCloneTest-225822984 tempest-VolumesCloneTest-225822984-project-member] Using url versioning {{(pid=99756) process_request /opt/stack/glance/glance/api/middleware/version_negotiation.py:57}}
Aug 03 21:51:59.141620 np0000006380 devstack@g-api.service[99756]: DEBUG glance.api.middleware.version_negotiation [None req-c2e76615-9b3a-4c9b-80f3-d682306fbd85 tempest-VolumesCloneTest-225822984 tempest-VolumesCloneTest-225822984-project-member] Matched version: v2 {{(pid=99756) process_request /opt/stack/glance/glance/api/middleware/version_negotiation.py:69}}
Aug 03 21:51:59.141721 np0000006380 devstack@g-api.service[99756]: DEBUG glance.api.middleware.version_negotiation [None req-c2e76615-9b3a-4c9b-80f3-d682306fbd85 tempest-VolumesCloneTest-225822984 tempest-VolumesCloneTest-225822984-project-member] new path /v2/images/5b53a0bb-cc38-4c6f-bf11-a074905e30fe/locations {{(pid=99756) process_request /opt/stack/glance/glance/api/middleware/version_negotiation.py:70}}
Aug 03 21:51:59.218927 np0000006380 devstack@g-api.service[99756]: [pid: 99756|app: 0|req: 158/470] 127.0.0.1 () {44 vars in 1131 bytes} [Mon Aug 3 21:51:59 2026] GET /v2/images/5b53a0bb-cc38-4c6f-bf11-a074905e30fe/locations => generated 92 bytes in 78 msecs (HTTP/1.1 200) 4 headers in 156 bytes (1 switches on core 0)
Aug 03 21:51:59.227537 np0000006380 devstack@g-api.service[99758]: DEBUG glance.api.middleware.version_negotiation [None req-c2e76615-9b3a-4c9b-80f3-d682306fbd85 tempest-VolumesCloneTest-225822984 tempest-VolumesCloneTest-225822984-project-member] Determining version of request: GET /v2/images/5b53a0bb-cc38-4c6f-bf11-a074905e30fe Accept: */* {{(pid=99758) process_request /opt/stack/glance/glance/api/middleware/version_negotiation.py:44}}
Aug 03 21:51:59.227660 np0000006380 devstack@g-api.service[99758]: DEBUG glance.api.middleware.version_negotiation [None req-c2e76615-9b3a-4c9b-80f3-d682306fbd85 tempest-VolumesCloneTest-225822984 tempest-VolumesCloneTest-225822984-project-member] Using url versioning {{(pid=99758) process_request /opt/stack/glance/glance/api/middleware/version_negotiation.py:57}}
Aug 03 21:51:59.227779 np0000006380 devstack@g-api.service[99758]: DEBUG glance.api.middleware.version_negotiation [None req-c2e76615-9b3a-4c9b-80f3-d682306fbd85 tempest-VolumesCloneTest-225822984 tempest-VolumesCloneTest-225822984-project-member] Matched version: v2 {{(pid=99758) process_request /opt/stack/glance/glance/api/middleware/version_negotiation.py:69}}
Aug 03 21:51:59.227900 np0000006380 devstack@g-api.service[99758]: DEBUG glance.api.middleware.version_negotiation [None req-c2e76615-9b3a-4c9b-80f3-d682306fbd85 tempest-VolumesCloneTest-225822984 tempest-VolumesCloneTest-225822984-project-member] new path /v2/images/5b53a0bb-cc38-4c6f-bf11-a074905e30fe {{(pid=99758) process_request /opt/stack/glance/glance/api/middleware/version_negotiation.py:70}}
Aug 03 21:51:59.236848 np0000006380 devstack@g-api.service[99758]: [pid: 99758|app: 0|req: 161/471] 127.0.0.1 () {44 vars in 1111 bytes} [Mon Aug 3 21:51:59 2026] GET /v2/images/5b53a0bb-cc38-4c6f-bf11-a074905e30fe => generated 1044 bytes in 9 msecs (HTTP/1.1 200) 4 headers in 158 bytes (1 switches on core 0)
Aug 03 21:51:59.246215 np0000006380 devstack@g-api.service[99757]: DEBUG glance.api.middleware.version_negotiation [None req-c2e76615-9b3a-4c9b-80f3-d682306fbd85 tempest-VolumesCloneTest-225822984 tempest-VolumesCloneTest-225822984-project-member] Determining version of request: GET /v2/schemas/image Accept: */* {{(pid=99757) process_request /opt/stack/glance/glance/api/middleware/version_negotiation.py:44}}
Aug 03 21:51:59.246215 np0000006380 devstack@g-api.service[99757]: DEBUG glance.api.middleware.version_negotiation [None req-c2e76615-9b3a-4c9b-80f3-d682306fbd85 tempest-VolumesCloneTest-225822984 tempest-VolumesCloneTest-225822984-project-member] Using url versioning {{(pid=99757) process_request /opt/stack/glance/glance/api/middleware/version_negotiation.py:57}}
Aug 03 21:51:59.246406 np0000006380 devstack@g-api.service[99757]: DEBUG glance.api.middleware.version_negotiation [None req-c2e76615-9b3a-4c9b-80f3-d682306fbd85 tempest-VolumesCloneTest-225822984 tempest-VolumesCloneTest-225822984-project-member] Matched version: v2 {{(pid=99757) process_request /opt/stack/glance/glance/api/middleware/version_negotiation.py:69}}
Aug 03 21:51:59.246406 np0000006380 devstack@g-api.service[99757]: DEBUG glance.api.middleware.version_negotiation [None req-c2e76615-9b3a-4c9b-80f3-d682306fbd85 tempest-VolumesCloneTest-225822984 tempest-VolumesCloneTest-225822984-project-member] new path /v2/schemas/image {{(pid=99757) process_request /opt/stack/glance/glance/api/middleware/version_negotiation.py:70}}
Aug 03 21:51:59.248709 np0000006380 devstack@g-api.service[99757]: [pid: 99757|app: 0|req: 153/472] 127.0.0.1 () {44 vars in 1051 bytes} [Mon Aug 3 21:51:59 2026] GET /v2/schemas/image => generated 6083 bytes in 2 msecs (HTTP/1.1 200) 4 headers in 158 bytes (1 switches on core 0)
Aug 03 21:51:59.259246 np0000006380 devstack@g-api.service[99756]: DEBUG glance.api.middleware.version_negotiation [None req-c2e76615-9b3a-4c9b-80f3-d682306fbd85 service glance] Determining version of request: GET /v2/schemas/image Accept: */* {{(pid=99756) process_request /opt/stack/glance/glance/api/middleware/version_negotiation.py:44}}
Aug 03 21:51:59.259246 np0000006380 devstack@g-api.service[99756]: DEBUG glance.api.middleware.version_negotiation [None req-c2e76615-9b3a-4c9b-80f3-d682306fbd85 service glance] Using url versioning {{(pid=99756) process_request /opt/stack/glance/glance/api/middleware/version_negotiation.py:57}}
Aug 03 21:51:59.259390 np0000006380 devstack@g-api.service[99756]: DEBUG glance.api.middleware.version_negotiation [None req-c2e76615-9b3a-4c9b-80f3-d682306fbd85 service glance] Matched version: v2 {{(pid=99756) process_request /opt/stack/glance/glance/api/middleware/version_negotiation.py:69}}
Aug 03 21:51:59.259535 np0000006380 devstack@g-api.service[99756]: DEBUG glance.api.middleware.version_negotiation [None req-c2e76615-9b3a-4c9b-80f3-d682306fbd85 service glance] new path /v2/schemas/image {{(pid=99756) process_request /opt/stack/glance/glance/api/middleware/version_negotiation.py:70}}
Aug 03 21:51:59.261557 np0000006380 devstack@g-api.service[99756]: [pid: 99756|app: 0|req: 159/473] 127.0.0.1 () {44 vars in 1051 bytes} [Mon Aug 3 21:51:59 2026] GET /v2/schemas/image => generated 6083 bytes in 3 msecs (HTTP/1.1 200) 4 headers in 158 bytes (1 switches on core 0)
Aug 03 21:52:02.313187 np0000006380 devstack@g-api.service[99758]: DEBUG glance.api.middleware.version_negotiation [None req-c2e76615-9b3a-4c9b-80f3-d682306fbd85 tempest-VolumesCloneTest-225822984 tempest-VolumesCloneTest-225822984-project-member] Determining version of request: GET / Accept: application/json {{(pid=99758) process_request /opt/stack/glance/glance/api/middleware/version_negotiation.py:44}}
Aug 03 21:52:02.313900 np0000006380 devstack@g-api.service[99758]: DEBUG glance.api.middleware.version_negotiation [None req-c2e76615-9b3a-4c9b-80f3-d682306fbd85 tempest-VolumesCloneTest-225822984 tempest-VolumesCloneTest-225822984-project-member] Using url versioning {{(pid=99758) process_request /opt/stack/glance/glance/api/middleware/version_negotiation.py:57}}
Aug 03 21:52:02.314064 np0000006380 devstack@g-api.service[99758]: DEBUG glance.api.middleware.version_negotiation [None req-c2e76615-9b3a-4c9b-80f3-d682306fbd85 tempest-VolumesCloneTest-225822984 tempest-VolumesCloneTest-225822984-project-member] Unknown version. Returning version choices. {{(pid=99758) process_request /opt/stack/glance/glance/api/middleware/version_negotiation.py:64}}
Aug 03 21:52:02.315219 np0000006380 devstack@g-api.service[99758]: [pid: 99758|app: 0|req: 162/474] 127.0.0.1 () {38 vars in 538 bytes} [Mon Aug 3 21:52:02 2026] GET / => generated 1501 bytes in 2 msecs (HTTP/1.1 300) 3 headers in 106 bytes (1 switches on core 0)
Aug 03 21:52:03.748009 np0000006380 devstack@g-api.service[99757]: DEBUG glance.api.middleware.version_negotiation [None req-c2e76615-9b3a-4c9b-80f3-d682306fbd85 tempest-VolumesCloneTest-225822984 tempest-VolumesCloneTest-225822984-project-member] Determining version of request: GET /v2/schemas/image Accept: */* {{(pid=99757) process_request /opt/stack/glance/glance/api/middleware/version_negotiation.py:44}}
Aug 03 21:52:03.748009 np0000006380 devstack@g-api.service[99757]: DEBUG glance.api.middleware.version_negotiation [None req-c2e76615-9b3a-4c9b-80f3-d682306fbd85 tempest-VolumesCloneTest-225822984 tempest-VolumesCloneTest-225822984-project-member] Using url versioning {{(pid=99757) process_request /opt/stack/glance/glance/api/middleware/version_negotiation.py:57}}
Aug 03 21:52:03.748009 np0000006380 devstack@g-api.service[99757]: DEBUG glance.api.middleware.version_negotiation [None req-c2e76615-9b3a-4c9b-80f3-d682306fbd85 tempest-VolumesCloneTest-225822984 tempest-VolumesCloneTest-225822984-project-member] Matched version: v2 {{(pid=99757) process_request /opt/stack/glance/glance/api/middleware/version_negotiation.py:69}}
Aug 03 21:52:03.748009 np0000006380 devstack@g-api.service[99757]: DEBUG glance.api.middleware.version_negotiation [None req-c2e76615-9b3a-4c9b-80f3-d682306fbd85 tempest-VolumesCloneTest-225822984 tempest-VolumesCloneTest-225822984-project-member] new path /v2/schemas/image {{(pid=99757) process_request /opt/stack/glance/glance/api/middleware/version_negotiation.py:70}}
Aug 03 21:52:03.752191 np0000006380 devstack@g-api.service[99757]: [pid: 99757|app: 0|req: 154/475] 127.0.0.1 () {44 vars in 1051 bytes} [Mon Aug 3 21:52:03 2026] GET /v2/schemas/image => generated 6083 bytes in 5 msecs (HTTP/1.1 200) 4 headers in 158 bytes (1 switches on core 0)
Aug 03 21:52:03.760539 np0000006380 devstack@g-api.service[99756]: DEBUG glance.api.middleware.version_negotiation [None req-c2e76615-9b3a-4c9b-80f3-d682306fbd85 tempest-VolumesCloneTest-225822984 tempest-VolumesCloneTest-225822984-project-member] Determining version of request: POST /v2/images Accept: */* {{(pid=99756) process_request /opt/stack/glance/glance/api/middleware/version_negotiation.py:44}}
Aug 03 21:52:03.761120 np0000006380 devstack@g-api.service[99756]: DEBUG glance.api.middleware.version_negotiation [None req-c2e76615-9b3a-4c9b-80f3-d682306fbd85 tempest-VolumesCloneTest-225822984 tempest-VolumesCloneTest-225822984-project-member] Using url versioning {{(pid=99756) process_request /opt/stack/glance/glance/api/middleware/version_negotiation.py:57}}
Aug 03 21:52:03.761120 np0000006380 devstack@g-api.service[99756]: DEBUG glance.api.middleware.version_negotiation [None req-c2e76615-9b3a-4c9b-80f3-d682306fbd85 tempest-VolumesCloneTest-225822984 tempest-VolumesCloneTest-225822984-project-member] Matched version: v2 {{(pid=99756) process_request /opt/stack/glance/glance/api/middleware/version_negotiation.py:69}}
Aug 03 21:52:03.761120 np0000006380 devstack@g-api.service[99756]: DEBUG glance.api.middleware.version_negotiation [None req-c2e76615-9b3a-4c9b-80f3-d682306fbd85 tempest-VolumesCloneTest-225822984 tempest-VolumesCloneTest-225822984-project-member] new path /v2/images {{(pid=99756) process_request /opt/stack/glance/glance/api/middleware/version_negotiation.py:70}}
Aug 03 21:52:04.193751 np0000006380 devstack@g-api.service[99756]: [pid: 99756|app: 0|req: 160/476] 127.0.0.1 () {46 vars in 1051 bytes} [Mon Aug 3 21:52:03 2026] POST /v2/images => generated 649 bytes in 433 msecs (HTTP/1.1 201) 6 headers in 315 bytes (1 switches on core 0)
Aug 03 21:52:04.205364 np0000006380 devstack@g-api.service[99758]: DEBUG glance.api.middleware.version_negotiation [None req-c2e76615-9b3a-4c9b-80f3-d682306fbd85 tempest-VolumesCloneTest-225822984 tempest-VolumesCloneTest-225822984-project-member] Determining version of request: GET /v2/images/fada1e35-4866-49fa-8367-68235840a050 Accept: application/json {{(pid=99758) process_request /opt/stack/glance/glance/api/middleware/version_negotiation.py:44}}
Aug 03 21:52:04.205827 np0000006380 devstack@g-api.service[99758]: DEBUG glance.api.middleware.version_negotiation [None req-c2e76615-9b3a-4c9b-80f3-d682306fbd85 tempest-VolumesCloneTest-225822984 tempest-VolumesCloneTest-225822984-project-member] Using url versioning {{(pid=99758) process_request /opt/stack/glance/glance/api/middleware/version_negotiation.py:57}}
Aug 03 21:52:04.205827 np0000006380 devstack@g-api.service[99758]: DEBUG glance.api.middleware.version_negotiation [None req-c2e76615-9b3a-4c9b-80f3-d682306fbd85 tempest-VolumesCloneTest-225822984 tempest-VolumesCloneTest-225822984-project-member] Matched version: v2 {{(pid=99758) process_request /opt/stack/glance/glance/api/middleware/version_negotiation.py:69}}
Aug 03 21:52:04.205827 np0000006380 devstack@g-api.service[99758]: DEBUG glance.api.middleware.version_negotiation [None req-c2e76615-9b3a-4c9b-80f3-d682306fbd85 tempest-VolumesCloneTest-225822984 tempest-VolumesCloneTest-225822984-project-member] new path /v2/images/fada1e35-4866-49fa-8367-68235840a050 {{(pid=99758) process_request /opt/stack/glance/glance/api/middleware/version_negotiation.py:70}}
Aug 03 21:52:04.215617 np0000006380 devstack@g-api.service[99758]: [pid: 99758|app: 0|req: 163/477] 127.0.0.1 () {40 vars in 834 bytes} [Mon Aug 3 21:52:04 2026] GET /v2/images/fada1e35-4866-49fa-8367-68235840a050 => generated 649 bytes in 10 msecs (HTTP/1.1 200) 4 headers in 157 bytes (1 switches on core 0)
Aug 03 21:52:04.415865 np0000006380 devstack@g-api.service[99757]: DEBUG glance.api.middleware.version_negotiation [None req-4c34ea93-968d-42a3-896d-96eb6d49584b tempest-TestImageHashVerification-1606709366 tempest-TestImageHashVerification-1606709366-project-member] Determining version of request: PUT /v2/images/fada1e35-4866-49fa-8367-68235840a050/file Accept: */* {{(pid=99757) process_request /opt/stack/glance/glance/api/middleware/version_negotiation.py:44}}
Aug 03 21:52:04.416098 np0000006380 devstack@g-api.service[99757]: DEBUG glance.api.middleware.version_negotiation [None req-4c34ea93-968d-42a3-896d-96eb6d49584b tempest-TestImageHashVerification-1606709366 tempest-TestImageHashVerification-1606709366-project-member] Using url versioning {{(pid=99757) process_request /opt/stack/glance/glance/api/middleware/version_negotiation.py:57}}
Aug 03 21:52:04.416285 np0000006380 devstack@g-api.service[99757]: DEBUG glance.api.middleware.version_negotiation [None req-4c34ea93-968d-42a3-896d-96eb6d49584b tempest-TestImageHashVerification-1606709366 tempest-TestImageHashVerification-1606709366-project-member] Matched version: v2 {{(pid=99757) process_request /opt/stack/glance/glance/api/middleware/version_negotiation.py:69}}
Aug 03 21:52:04.416447 np0000006380 devstack@g-api.service[99757]: DEBUG glance.api.middleware.version_negotiation [None req-4c34ea93-968d-42a3-896d-96eb6d49584b tempest-TestImageHashVerification-1606709366 tempest-TestImageHashVerification-1606709366-project-member] new path /v2/images/fada1e35-4866-49fa-8367-68235840a050/file {{(pid=99757) process_request /opt/stack/glance/glance/api/middleware/version_negotiation.py:70}}
Aug 03 21:52:04.859383 np0000006380 devstack@g-api.service[99757]: INFO glance.api.v2.image_data [None req-4c34ea93-968d-42a3-896d-96eb6d49584b tempest-TestImageHashVerification-1606709366 tempest-TestImageHashVerification-1606709366-project-member] Unable to create trust: no such option collect_timing in group [keystone_authtoken] Use the existing user token.
Aug 03 21:52:05.222770 np0000006380 devstack@g-api.service[99756]: DEBUG glance.api.middleware.version_negotiation [None req-4c34ea93-968d-42a3-896d-96eb6d49584b tempest-TestImageHashVerification-1606709366 tempest-TestImageHashVerification-1606709366-project-member] Determining version of request: GET /v2/images/fada1e35-4866-49fa-8367-68235840a050 Accept: application/json {{(pid=99756) process_request /opt/stack/glance/glance/api/middleware/version_negotiation.py:44}}
Aug 03 21:52:05.223210 np0000006380 devstack@g-api.service[99756]: DEBUG glance.api.middleware.version_negotiation [None req-4c34ea93-968d-42a3-896d-96eb6d49584b tempest-TestImageHashVerification-1606709366 tempest-TestImageHashVerification-1606709366-project-member] Using url versioning {{(pid=99756) process_request /opt/stack/glance/glance/api/middleware/version_negotiation.py:57}}
Aug 03 21:52:05.223210 np0000006380 devstack@g-api.service[99756]: DEBUG glance.api.middleware.version_negotiation [None req-4c34ea93-968d-42a3-896d-96eb6d49584b tempest-TestImageHashVerification-1606709366 tempest-TestImageHashVerification-1606709366-project-member] Matched version: v2 {{(pid=99756) process_request /opt/stack/glance/glance/api/middleware/version_negotiation.py:69}}
Aug 03 21:52:05.223342 np0000006380 devstack@g-api.service[99756]: DEBUG glance.api.middleware.version_negotiation [None req-4c34ea93-968d-42a3-896d-96eb6d49584b tempest-TestImageHashVerification-1606709366 tempest-TestImageHashVerification-1606709366-project-member] new path /v2/images/fada1e35-4866-49fa-8367-68235840a050 {{(pid=99756) process_request /opt/stack/glance/glance/api/middleware/version_negotiation.py:70}}
Aug 03 21:52:05.245819 np0000006380 devstack@g-api.service[99756]: [pid: 99756|app: 0|req: 161/478] 127.0.0.1 () {40 vars in 834 bytes} [Mon Aug 3 21:52:05 2026] GET /v2/images/fada1e35-4866-49fa-8367-68235840a050 => generated 649 bytes in 23 msecs (HTTP/1.1 200) 4 headers in 157 bytes (1 switches on core 0)
Aug 03 21:52:05.283367 np0000006380 devstack@g-api.service[99757]: DEBUG glance.location [None req-4c34ea93-968d-42a3-896d-96eb6d49584b tempest-TestImageHashVerification-1606709366 tempest-TestImageHashVerification-1606709366-project-member] Enabling in-flight format inspection for raw {{(pid=99757) set_data /opt/stack/glance/glance/location.py:596}}
Aug 03 21:52:05.284507 np0000006380 devstack@g-api.service[99757]: DEBUG glance_store.backend [None req-4c34ea93-968d-42a3-896d-96eb6d49584b tempest-TestImageHashVerification-1606709366 tempest-TestImageHashVerification-1606709366-project-member] Attempting to import store swift {{(pid=99757) _load_store /opt/stack/data/venv/lib/python3.12/site-packages/glance_store/backend.py:215}}
Aug 03 21:52:05.285234 np0000006380 devstack@g-api.service[99757]: DEBUG glance_store.capabilities [None req-4c34ea93-968d-42a3-896d-96eb6d49584b tempest-TestImageHashVerification-1606709366 tempest-TestImageHashVerification-1606709366-project-member] Store glance_store._drivers.swift.store.SingleTenantStore doesn't support updating dynamic storage capabilities. Please overwrite 'update_capabilities' method of the store to implement updating logics if needed. {{(pid=99757) update_capabilities /opt/stack/data/venv/lib/python3.12/site-packages/glance_store/capabilities.py:91}}
Aug 03 21:52:05.285332 np0000006380 devstack@g-api.service[99757]: DEBUG glance_store.driver [None req-4c34ea93-968d-42a3-896d-96eb6d49584b tempest-TestImageHashVerification-1606709366 tempest-TestImageHashVerification-1606709366-project-member] Late loading location class glance_store._drivers.swift.store.StoreLocation {{(pid=99757) get_store_location_class /opt/stack/data/venv/lib/python3.12/site-packages/glance_store/driver.py:134}}
Aug 03 21:52:05.285425 np0000006380 devstack@g-api.service[99757]: DEBUG glance_store.location [None req-4c34ea93-968d-42a3-896d-96eb6d49584b tempest-TestImageHashVerification-1606709366 tempest-TestImageHashVerification-1606709366-project-member] Registering scheme swift+https with {'store': , 'location_class': , 'store_entry': 'swift'} {{(pid=99757) register_scheme_map /opt/stack/data/venv/lib/python3.12/site-packages/glance_store/location.py:146}}
Aug 03 21:52:05.285495 np0000006380 devstack@g-api.service[99757]: DEBUG glance_store.location [None req-4c34ea93-968d-42a3-896d-96eb6d49584b tempest-TestImageHashVerification-1606709366 tempest-TestImageHashVerification-1606709366-project-member] Registering scheme swift+https with {'store': , 'location_class': , 'store_entry': 'swift'} {{(pid=99757) register_scheme_map /opt/stack/data/venv/lib/python3.12/site-packages/glance_store/location.py:146}}
Aug 03 21:52:05.285572 np0000006380 devstack@g-api.service[99757]: DEBUG glance_store.location [None req-4c34ea93-968d-42a3-896d-96eb6d49584b tempest-TestImageHashVerification-1606709366 tempest-TestImageHashVerification-1606709366-project-member] Registering scheme swift with {'store': , 'location_class': , 'store_entry': 'swift'} {{(pid=99757) register_scheme_map /opt/stack/data/venv/lib/python3.12/site-packages/glance_store/location.py:146}}
Aug 03 21:52:05.285639 np0000006380 devstack@g-api.service[99757]: DEBUG glance_store.location [None req-4c34ea93-968d-42a3-896d-96eb6d49584b tempest-TestImageHashVerification-1606709366 tempest-TestImageHashVerification-1606709366-project-member] Registering scheme swift+https with {'store': , 'location_class': , 'store_entry': 'swift'} {{(pid=99757) register_scheme_map /opt/stack/data/venv/lib/python3.12/site-packages/glance_store/location.py:146}}
Aug 03 21:52:05.285714 np0000006380 devstack@g-api.service[99757]: DEBUG glance_store.location [None req-4c34ea93-968d-42a3-896d-96eb6d49584b tempest-TestImageHashVerification-1606709366 tempest-TestImageHashVerification-1606709366-project-member] Registering scheme swift with {'store': , 'location_class': , 'store_entry': 'swift'} {{(pid=99757) register_scheme_map /opt/stack/data/venv/lib/python3.12/site-packages/glance_store/location.py:146}}
Aug 03 21:52:05.285776 np0000006380 devstack@g-api.service[99757]: DEBUG glance_store.location [None req-4c34ea93-968d-42a3-896d-96eb6d49584b tempest-TestImageHashVerification-1606709366 tempest-TestImageHashVerification-1606709366-project-member] Registering scheme swift+http with {'store': , 'location_class': , 'store_entry': 'swift'} {{(pid=99757) register_scheme_map /opt/stack/data/venv/lib/python3.12/site-packages/glance_store/location.py:146}}
Aug 03 21:52:05.286544 np0000006380 devstack@g-api.service[99757]: DEBUG glance_store.location [None req-4c34ea93-968d-42a3-896d-96eb6d49584b tempest-TestImageHashVerification-1606709366 tempest-TestImageHashVerification-1606709366-project-member] Registering scheme swift+https with {'store': , 'location_class': , 'store_entry': 'swift'} {{(pid=99757) register_scheme_map /opt/stack/data/venv/lib/python3.12/site-packages/glance_store/location.py:146}}
Aug 03 21:52:05.286544 np0000006380 devstack@g-api.service[99757]: DEBUG glance_store.location [None req-4c34ea93-968d-42a3-896d-96eb6d49584b tempest-TestImageHashVerification-1606709366 tempest-TestImageHashVerification-1606709366-project-member] Registering scheme swift with {'store': , 'location_class': , 'store_entry': 'swift'} {{(pid=99757) register_scheme_map /opt/stack/data/venv/lib/python3.12/site-packages/glance_store/location.py:146}}
Aug 03 21:52:05.286544 np0000006380 devstack@g-api.service[99757]: DEBUG glance_store.location [None req-4c34ea93-968d-42a3-896d-96eb6d49584b tempest-TestImageHashVerification-1606709366 tempest-TestImageHashVerification-1606709366-project-member] Registering scheme swift+http with {'store': , 'location_class': , 'store_entry': 'swift'} {{(pid=99757) register_scheme_map /opt/stack/data/venv/lib/python3.12/site-packages/glance_store/location.py:146}}
Aug 03 21:52:05.286544 np0000006380 devstack@g-api.service[99757]: DEBUG glance_store.location [None req-4c34ea93-968d-42a3-896d-96eb6d49584b tempest-TestImageHashVerification-1606709366 tempest-TestImageHashVerification-1606709366-project-member] Registering scheme swift+config with {'store': , 'location_class': , 'store_entry': 'swift'} {{(pid=99757) register_scheme_map /opt/stack/data/venv/lib/python3.12/site-packages/glance_store/location.py:146}}
Aug 03 21:52:05.422459 np0000006380 devstack@g-api.service[99757]: DEBUG swiftclient [None req-4c34ea93-968d-42a3-896d-96eb6d49584b tempest-TestImageHashVerification-1606709366 tempest-TestImageHashVerification-1606709366-project-member] REQ: curl -i https://10.4.3.97:8080/v1/AUTH_8db62e482a864ad999bbe230229803c9/glance -I -H "X-Auth-Token: gAAAAABqcQ2FCRV9..." {{(pid=99757) http_log /opt/stack/data/venv/lib/python3.12/site-packages/swiftclient/client.py:160}}
Aug 03 21:52:05.422582 np0000006380 devstack@g-api.service[99757]: DEBUG swiftclient [None req-4c34ea93-968d-42a3-896d-96eb6d49584b tempest-TestImageHashVerification-1606709366 tempest-TestImageHashVerification-1606709366-project-member] RESP STATUS: 204 No Content {{(pid=99757) http_log /opt/stack/data/venv/lib/python3.12/site-packages/swiftclient/client.py:161}}
Aug 03 21:52:05.422807 np0000006380 devstack@g-api.service[99757]: DEBUG swiftclient [None req-4c34ea93-968d-42a3-896d-96eb6d49584b tempest-TestImageHashVerification-1606709366 tempest-TestImageHashVerification-1606709366-project-member] RESP HEADERS: {'Date': 'Mon, 03 Aug 2026 21:52:05 GMT', 'Server': 'Apache/2.4.58 (Ubuntu)', 'Content-Type': 'text/plain; charset=utf-8', 'X-Container-Object-Count': '3', 'X-Container-Bytes-Used': '64356352', 'X-Timestamp': '1785793433.87607', 'Last-Modified': 'Mon, 03 Aug 2026 21:43:54 GMT', 'Accept-Ranges': 'bytes', 'X-Storage-Policy': 'Policy-0', 'X-Container-Sharding': 'False', 'Vary': 'Accept', 'X-Trans-Id': 'txc69e57f171aa417983ddb-006a710d85', 'X-Openstack-Request-Id': 'txc69e57f171aa417983ddb-006a710d85', 'Connection': 'close'} {{(pid=99757) http_log /opt/stack/data/venv/lib/python3.12/site-packages/swiftclient/client.py:162}}
Aug 03 21:52:05.422995 np0000006380 devstack@g-api.service[99757]: DEBUG glance_store._drivers.swift.store [None req-4c34ea93-968d-42a3-896d-96eb6d49584b tempest-TestImageHashVerification-1606709366 tempest-TestImageHashVerification-1606709366-project-member] Adding image object 'fada1e35-4866-49fa-8367-68235840a050' to Swift {{(pid=99757) add /opt/stack/data/venv/lib/python3.12/site-packages/glance_store/_drivers/swift/store.py:970}}
Aug 03 21:52:05.423068 np0000006380 devstack@g-api.service[99757]: DEBUG glance_store._drivers.swift.store [None req-4c34ea93-968d-42a3-896d-96eb6d49584b tempest-TestImageHashVerification-1606709366 tempest-TestImageHashVerification-1606709366-project-member] Cannot determine image size because it is either not provided in the request or chunked-transfer encoding is used. Adding image as a segmented object to Swift. {{(pid=99757) add /opt/stack/data/venv/lib/python3.12/site-packages/glance_store/_drivers/swift/store.py:994}}
Aug 03 21:52:05.428078 np0000006380 devstack@g-api.service[99757]: DEBUG oslo_utils.imageutils.format_inspector [None req-4c34ea93-968d-42a3-896d-96eb6d49584b tempest-TestImageHashVerification-1606709366 tempest-TestImageHashVerification-1606709366-project-member] Format inspector for vmdk does not match, excluding from consideration (Signature KDMV not found: b'\x00\x00\x00\x00') {{(pid=99757) _process_chunk /opt/stack/data/venv/lib/python3.12/site-packages/oslo_utils/imageutils/format_inspector.py:1758}}
Aug 03 21:52:05.434306 np0000006380 devstack@g-api.service[99757]: DEBUG oslo_utils.imageutils.format_inspector [None req-4c34ea93-968d-42a3-896d-96eb6d49584b tempest-TestImageHashVerification-1606709366 tempest-TestImageHashVerification-1606709366-project-member] Format inspector for vhdx does not match, excluding from consideration (Region signature not found at 30000) {{(pid=99757) _process_chunk /opt/stack/data/venv/lib/python3.12/site-packages/oslo_utils/imageutils/format_inspector.py:1758}}
Aug 03 21:52:06.260478 np0000006380 devstack@g-api.service[99758]: DEBUG glance.api.middleware.version_negotiation [None req-9766d69b-7763-4374-8b39-845407f0cd3b tempest-TestImageHashVerification-1606709366 tempest-TestImageHashVerification-1606709366-project-member] Determining version of request: GET /v2/images/fada1e35-4866-49fa-8367-68235840a050 Accept: application/json {{(pid=99758) process_request /opt/stack/glance/glance/api/middleware/version_negotiation.py:44}}
Aug 03 21:52:06.260478 np0000006380 devstack@g-api.service[99758]: DEBUG glance.api.middleware.version_negotiation [None req-9766d69b-7763-4374-8b39-845407f0cd3b tempest-TestImageHashVerification-1606709366 tempest-TestImageHashVerification-1606709366-project-member] Using url versioning {{(pid=99758) process_request /opt/stack/glance/glance/api/middleware/version_negotiation.py:57}}
Aug 03 21:52:06.260478 np0000006380 devstack@g-api.service[99758]: DEBUG glance.api.middleware.version_negotiation [None req-9766d69b-7763-4374-8b39-845407f0cd3b tempest-TestImageHashVerification-1606709366 tempest-TestImageHashVerification-1606709366-project-member] Matched version: v2 {{(pid=99758) process_request /opt/stack/glance/glance/api/middleware/version_negotiation.py:69}}
Aug 03 21:52:06.260478 np0000006380 devstack@g-api.service[99758]: DEBUG glance.api.middleware.version_negotiation [None req-9766d69b-7763-4374-8b39-845407f0cd3b tempest-TestImageHashVerification-1606709366 tempest-TestImageHashVerification-1606709366-project-member] new path /v2/images/fada1e35-4866-49fa-8367-68235840a050 {{(pid=99758) process_request /opt/stack/glance/glance/api/middleware/version_negotiation.py:70}}
Aug 03 21:52:06.278479 np0000006380 devstack@g-api.service[99758]: [pid: 99758|app: 0|req: 164/479] 127.0.0.1 () {40 vars in 834 bytes} [Mon Aug 3 21:52:06 2026] GET /v2/images/fada1e35-4866-49fa-8367-68235840a050 => generated 649 bytes in 19 msecs (HTTP/1.1 200) 4 headers in 157 bytes (1 switches on core 0)
Aug 03 21:52:07.287438 np0000006380 devstack@g-api.service[99756]: DEBUG glance.api.middleware.version_negotiation [None req-49698d65-af2c-4c14-9eb0-552c6532b3f0 tempest-TestImageHashVerification-1606709366 tempest-TestImageHashVerification-1606709366-project-member] Determining version of request: GET /v2/images/fada1e35-4866-49fa-8367-68235840a050 Accept: application/json {{(pid=99756) process_request /opt/stack/glance/glance/api/middleware/version_negotiation.py:44}}
Aug 03 21:52:07.287893 np0000006380 devstack@g-api.service[99756]: DEBUG glance.api.middleware.version_negotiation [None req-49698d65-af2c-4c14-9eb0-552c6532b3f0 tempest-TestImageHashVerification-1606709366 tempest-TestImageHashVerification-1606709366-project-member] Using url versioning {{(pid=99756) process_request /opt/stack/glance/glance/api/middleware/version_negotiation.py:57}}
Aug 03 21:52:07.287893 np0000006380 devstack@g-api.service[99756]: DEBUG glance.api.middleware.version_negotiation [None req-49698d65-af2c-4c14-9eb0-552c6532b3f0 tempest-TestImageHashVerification-1606709366 tempest-TestImageHashVerification-1606709366-project-member] Matched version: v2 {{(pid=99756) process_request /opt/stack/glance/glance/api/middleware/version_negotiation.py:69}}
Aug 03 21:52:07.287893 np0000006380 devstack@g-api.service[99756]: DEBUG glance.api.middleware.version_negotiation [None req-49698d65-af2c-4c14-9eb0-552c6532b3f0 tempest-TestImageHashVerification-1606709366 tempest-TestImageHashVerification-1606709366-project-member] new path /v2/images/fada1e35-4866-49fa-8367-68235840a050 {{(pid=99756) process_request /opt/stack/glance/glance/api/middleware/version_negotiation.py:70}}
Aug 03 21:52:07.296899 np0000006380 devstack@g-api.service[99756]: [pid: 99756|app: 0|req: 162/480] 127.0.0.1 () {40 vars in 834 bytes} [Mon Aug 3 21:52:07 2026] GET /v2/images/fada1e35-4866-49fa-8367-68235840a050 => generated 649 bytes in 9 msecs (HTTP/1.1 200) 4 headers in 157 bytes (1 switches on core 0)
Aug 03 21:52:07.325112 np0000006380 devstack@g-api.service[99757]: DEBUG swiftclient [None req-4c34ea93-968d-42a3-896d-96eb6d49584b tempest-TestImageHashVerification-1606709366 tempest-TestImageHashVerification-1606709366-project-member] REQ: curl -i https://10.4.3.97:8080/v1/AUTH_8db62e482a864ad999bbe230229803c9/glance/fada1e35-4866-49fa-8367-68235840a050-00001 -X PUT -H "X-Auth-Token: gAAAAABqcQ2FCRV9..." {{(pid=99757) http_log /opt/stack/data/venv/lib/python3.12/site-packages/swiftclient/client.py:160}}
Aug 03 21:52:07.325421 np0000006380 devstack@g-api.service[99757]: DEBUG swiftclient [None req-4c34ea93-968d-42a3-896d-96eb6d49584b tempest-TestImageHashVerification-1606709366 tempest-TestImageHashVerification-1606709366-project-member] RESP STATUS: 201 Created {{(pid=99757) http_log /opt/stack/data/venv/lib/python3.12/site-packages/swiftclient/client.py:161}}
Aug 03 21:52:07.325421 np0000006380 devstack@g-api.service[99757]: DEBUG swiftclient [None req-4c34ea93-968d-42a3-896d-96eb6d49584b tempest-TestImageHashVerification-1606709366 tempest-TestImageHashVerification-1606709366-project-member] RESP HEADERS: {'Date': 'Mon, 03 Aug 2026 21:52:07 GMT', 'Server': 'Apache/2.4.58 (Ubuntu)', 'Content-Type': 'text/html; charset=UTF-8', 'Content-Length': '0', 'Etag': 'eda9a9889837ac4bc81d6387d92c1bec', 'Last-Modified': 'Mon, 03 Aug 2026 21:52:06 GMT', 'X-Trans-Id': 'tx3421c947dd0745f385511-006a710d85', 'X-Openstack-Request-Id': 'tx3421c947dd0745f385511-006a710d85', 'Connection': 'close'} {{(pid=99757) http_log /opt/stack/data/venv/lib/python3.12/site-packages/swiftclient/client.py:162}}
Aug 03 21:52:07.325533 np0000006380 devstack@g-api.service[99757]: DEBUG glance_store._drivers.swift.store [None req-4c34ea93-968d-42a3-896d-96eb6d49584b tempest-TestImageHashVerification-1606709366 tempest-TestImageHashVerification-1606709366-project-member] Wrote chunk fada1e35-4866-49fa-8367-68235840a050-00001 (1/?) of length 204800000 to Swift returning MD5 of content: eda9a9889837ac4bc81d6387d92c1bec {{(pid=99757) add /opt/stack/data/venv/lib/python3.12/site-packages/glance_store/_drivers/swift/store.py:1059}}
Aug 03 21:52:08.304729 np0000006380 devstack@g-api.service[99758]: DEBUG glance.api.middleware.version_negotiation [None req-8affa966-185d-425d-8a7a-8cb12b1a84f7 tempest-TestImageHashVerification-1606709366 tempest-TestImageHashVerification-1606709366-project-member] Determining version of request: GET /v2/images/fada1e35-4866-49fa-8367-68235840a050 Accept: application/json {{(pid=99758) process_request /opt/stack/glance/glance/api/middleware/version_negotiation.py:44}}
Aug 03 21:52:08.305132 np0000006380 devstack@g-api.service[99758]: DEBUG glance.api.middleware.version_negotiation [None req-8affa966-185d-425d-8a7a-8cb12b1a84f7 tempest-TestImageHashVerification-1606709366 tempest-TestImageHashVerification-1606709366-project-member] Using url versioning {{(pid=99758) process_request /opt/stack/glance/glance/api/middleware/version_negotiation.py:57}}
Aug 03 21:52:08.305294 np0000006380 devstack@g-api.service[99758]: DEBUG glance.api.middleware.version_negotiation [None req-8affa966-185d-425d-8a7a-8cb12b1a84f7 tempest-TestImageHashVerification-1606709366 tempest-TestImageHashVerification-1606709366-project-member] Matched version: v2 {{(pid=99758) process_request /opt/stack/glance/glance/api/middleware/version_negotiation.py:69}}
Aug 03 21:52:08.305415 np0000006380 devstack@g-api.service[99758]: DEBUG glance.api.middleware.version_negotiation [None req-8affa966-185d-425d-8a7a-8cb12b1a84f7 tempest-TestImageHashVerification-1606709366 tempest-TestImageHashVerification-1606709366-project-member] new path /v2/images/fada1e35-4866-49fa-8367-68235840a050 {{(pid=99758) process_request /opt/stack/glance/glance/api/middleware/version_negotiation.py:70}}
Aug 03 21:52:08.317949 np0000006380 devstack@g-api.service[99758]: [pid: 99758|app: 0|req: 165/481] 127.0.0.1 () {40 vars in 834 bytes} [Mon Aug 3 21:52:08 2026] GET /v2/images/fada1e35-4866-49fa-8367-68235840a050 => generated 649 bytes in 13 msecs (HTTP/1.1 200) 4 headers in 157 bytes (1 switches on core 0)
Aug 03 21:52:09.202624 np0000006380 devstack@g-api.service[99757]: DEBUG swiftclient [None req-4c34ea93-968d-42a3-896d-96eb6d49584b tempest-TestImageHashVerification-1606709366 tempest-TestImageHashVerification-1606709366-project-member] REQ: curl -i https://10.4.3.97:8080/v1/AUTH_8db62e482a864ad999bbe230229803c9/glance/fada1e35-4866-49fa-8367-68235840a050-00002 -X PUT -H "X-Auth-Token: gAAAAABqcQ2FCRV9..." {{(pid=99757) http_log /opt/stack/data/venv/lib/python3.12/site-packages/swiftclient/client.py:160}}
Aug 03 21:52:09.202923 np0000006380 devstack@g-api.service[99757]: DEBUG swiftclient [None req-4c34ea93-968d-42a3-896d-96eb6d49584b tempest-TestImageHashVerification-1606709366 tempest-TestImageHashVerification-1606709366-project-member] RESP STATUS: 201 Created {{(pid=99757) http_log /opt/stack/data/venv/lib/python3.12/site-packages/swiftclient/client.py:161}}
Aug 03 21:52:09.202975 np0000006380 devstack@g-api.service[99757]: DEBUG swiftclient [None req-4c34ea93-968d-42a3-896d-96eb6d49584b tempest-TestImageHashVerification-1606709366 tempest-TestImageHashVerification-1606709366-project-member] RESP HEADERS: {'Date': 'Mon, 03 Aug 2026 21:52:09 GMT', 'Server': 'Apache/2.4.58 (Ubuntu)', 'Content-Type': 'text/html; charset=UTF-8', 'Content-Length': '0', 'Etag': 'eda9a9889837ac4bc81d6387d92c1bec', 'Last-Modified': 'Mon, 03 Aug 2026 21:52:08 GMT', 'X-Trans-Id': 'tx362a934fdf3a4ddebb70c-006a710d87', 'X-Openstack-Request-Id': 'tx362a934fdf3a4ddebb70c-006a710d87', 'Connection': 'close'} {{(pid=99757) http_log /opt/stack/data/venv/lib/python3.12/site-packages/swiftclient/client.py:162}}
Aug 03 21:52:09.203119 np0000006380 devstack@g-api.service[99757]: DEBUG glance_store._drivers.swift.store [None req-4c34ea93-968d-42a3-896d-96eb6d49584b tempest-TestImageHashVerification-1606709366 tempest-TestImageHashVerification-1606709366-project-member] Wrote chunk fada1e35-4866-49fa-8367-68235840a050-00002 (2/?) of length 204800000 to Swift returning MD5 of content: eda9a9889837ac4bc81d6387d92c1bec {{(pid=99757) add /opt/stack/data/venv/lib/python3.12/site-packages/glance_store/_drivers/swift/store.py:1059}}
Aug 03 21:52:09.327924 np0000006380 devstack@g-api.service[99756]: DEBUG glance.api.middleware.version_negotiation [None req-4fbb1351-2957-47c2-b7ab-2a66d3433629 tempest-TestImageHashVerification-1606709366 tempest-TestImageHashVerification-1606709366-project-member] Determining version of request: GET /v2/images/fada1e35-4866-49fa-8367-68235840a050 Accept: application/json {{(pid=99756) process_request /opt/stack/glance/glance/api/middleware/version_negotiation.py:44}}
Aug 03 21:52:09.328460 np0000006380 devstack@g-api.service[99756]: DEBUG glance.api.middleware.version_negotiation [None req-4fbb1351-2957-47c2-b7ab-2a66d3433629 tempest-TestImageHashVerification-1606709366 tempest-TestImageHashVerification-1606709366-project-member] Using url versioning {{(pid=99756) process_request /opt/stack/glance/glance/api/middleware/version_negotiation.py:57}}
Aug 03 21:52:09.328460 np0000006380 devstack@g-api.service[99756]: DEBUG glance.api.middleware.version_negotiation [None req-4fbb1351-2957-47c2-b7ab-2a66d3433629 tempest-TestImageHashVerification-1606709366 tempest-TestImageHashVerification-1606709366-project-member] Matched version: v2 {{(pid=99756) process_request /opt/stack/glance/glance/api/middleware/version_negotiation.py:69}}
Aug 03 21:52:09.328781 np0000006380 devstack@g-api.service[99756]: DEBUG glance.api.middleware.version_negotiation [None req-4fbb1351-2957-47c2-b7ab-2a66d3433629 tempest-TestImageHashVerification-1606709366 tempest-TestImageHashVerification-1606709366-project-member] new path /v2/images/fada1e35-4866-49fa-8367-68235840a050 {{(pid=99756) process_request /opt/stack/glance/glance/api/middleware/version_negotiation.py:70}}
Aug 03 21:52:09.347206 np0000006380 devstack@g-api.service[99756]: [pid: 99756|app: 0|req: 163/482] 127.0.0.1 () {40 vars in 834 bytes} [Mon Aug 3 21:52:09 2026] GET /v2/images/fada1e35-4866-49fa-8367-68235840a050 => generated 649 bytes in 20 msecs (HTTP/1.1 200) 4 headers in 157 bytes (1 switches on core 0)
Aug 03 21:52:10.360731 np0000006380 devstack@g-api.service[99758]: DEBUG glance.api.middleware.version_negotiation [None req-12a35dc1-691a-4c6f-a9d4-45f3ff21d92e tempest-TestImageHashVerification-1606709366 tempest-TestImageHashVerification-1606709366-project-member] Determining version of request: GET /v2/images/fada1e35-4866-49fa-8367-68235840a050 Accept: application/json {{(pid=99758) process_request /opt/stack/glance/glance/api/middleware/version_negotiation.py:44}}
Aug 03 21:52:10.361206 np0000006380 devstack@g-api.service[99758]: DEBUG glance.api.middleware.version_negotiation [None req-12a35dc1-691a-4c6f-a9d4-45f3ff21d92e tempest-TestImageHashVerification-1606709366 tempest-TestImageHashVerification-1606709366-project-member] Using url versioning {{(pid=99758) process_request /opt/stack/glance/glance/api/middleware/version_negotiation.py:57}}
Aug 03 21:52:10.361206 np0000006380 devstack@g-api.service[99758]: DEBUG glance.api.middleware.version_negotiation [None req-12a35dc1-691a-4c6f-a9d4-45f3ff21d92e tempest-TestImageHashVerification-1606709366 tempest-TestImageHashVerification-1606709366-project-member] Matched version: v2 {{(pid=99758) process_request /opt/stack/glance/glance/api/middleware/version_negotiation.py:69}}
Aug 03 21:52:10.361321 np0000006380 devstack@g-api.service[99758]: DEBUG glance.api.middleware.version_negotiation [None req-12a35dc1-691a-4c6f-a9d4-45f3ff21d92e tempest-TestImageHashVerification-1606709366 tempest-TestImageHashVerification-1606709366-project-member] new path /v2/images/fada1e35-4866-49fa-8367-68235840a050 {{(pid=99758) process_request /opt/stack/glance/glance/api/middleware/version_negotiation.py:70}}
Aug 03 21:52:10.371814 np0000006380 devstack@g-api.service[99758]: [pid: 99758|app: 0|req: 166/483] 127.0.0.1 () {40 vars in 834 bytes} [Mon Aug 3 21:52:10 2026] GET /v2/images/fada1e35-4866-49fa-8367-68235840a050 => generated 649 bytes in 11 msecs (HTTP/1.1 200) 4 headers in 157 bytes (1 switches on core 0)
Aug 03 21:52:11.364194 np0000006380 devstack@g-api.service[99757]: DEBUG swiftclient [None req-4c34ea93-968d-42a3-896d-96eb6d49584b tempest-TestImageHashVerification-1606709366 tempest-TestImageHashVerification-1606709366-project-member] REQ: curl -i https://10.4.3.97:8080/v1/AUTH_8db62e482a864ad999bbe230229803c9/glance/fada1e35-4866-49fa-8367-68235840a050-00003 -X PUT -H "X-Auth-Token: gAAAAABqcQ2FCRV9..." {{(pid=99757) http_log /opt/stack/data/venv/lib/python3.12/site-packages/swiftclient/client.py:160}}
Aug 03 21:52:11.364529 np0000006380 devstack@g-api.service[99757]: DEBUG swiftclient [None req-4c34ea93-968d-42a3-896d-96eb6d49584b tempest-TestImageHashVerification-1606709366 tempest-TestImageHashVerification-1606709366-project-member] RESP STATUS: 201 Created {{(pid=99757) http_log /opt/stack/data/venv/lib/python3.12/site-packages/swiftclient/client.py:161}}
Aug 03 21:52:11.364529 np0000006380 devstack@g-api.service[99757]: DEBUG swiftclient [None req-4c34ea93-968d-42a3-896d-96eb6d49584b tempest-TestImageHashVerification-1606709366 tempest-TestImageHashVerification-1606709366-project-member] RESP HEADERS: {'Date': 'Mon, 03 Aug 2026 21:52:11 GMT', 'Server': 'Apache/2.4.58 (Ubuntu)', 'Content-Type': 'text/html; charset=UTF-8', 'Content-Length': '0', 'Etag': 'eda9a9889837ac4bc81d6387d92c1bec', 'Last-Modified': 'Mon, 03 Aug 2026 21:52:10 GMT', 'X-Trans-Id': 'txcdf47be1c7dc497999633-006a710d89', 'X-Openstack-Request-Id': 'txcdf47be1c7dc497999633-006a710d89', 'Connection': 'close'} {{(pid=99757) http_log /opt/stack/data/venv/lib/python3.12/site-packages/swiftclient/client.py:162}}
Aug 03 21:52:11.364652 np0000006380 devstack@g-api.service[99757]: DEBUG glance_store._drivers.swift.store [None req-4c34ea93-968d-42a3-896d-96eb6d49584b tempest-TestImageHashVerification-1606709366 tempest-TestImageHashVerification-1606709366-project-member] Wrote chunk fada1e35-4866-49fa-8367-68235840a050-00003 (3/?) of length 204800000 to Swift returning MD5 of content: eda9a9889837ac4bc81d6387d92c1bec {{(pid=99757) add /opt/stack/data/venv/lib/python3.12/site-packages/glance_store/_drivers/swift/store.py:1059}}
Aug 03 21:52:11.383057 np0000006380 devstack@g-api.service[99756]: DEBUG glance.api.middleware.version_negotiation [None req-3e05eb48-2228-44a7-b029-8695fdff6353 tempest-TestImageHashVerification-1606709366 tempest-TestImageHashVerification-1606709366-project-member] Determining version of request: GET /v2/images/fada1e35-4866-49fa-8367-68235840a050 Accept: application/json {{(pid=99756) process_request /opt/stack/glance/glance/api/middleware/version_negotiation.py:44}}
Aug 03 21:52:11.384130 np0000006380 devstack@g-api.service[99756]: DEBUG glance.api.middleware.version_negotiation [None req-3e05eb48-2228-44a7-b029-8695fdff6353 tempest-TestImageHashVerification-1606709366 tempest-TestImageHashVerification-1606709366-project-member] Using url versioning {{(pid=99756) process_request /opt/stack/glance/glance/api/middleware/version_negotiation.py:57}}
Aug 03 21:52:11.384339 np0000006380 devstack@g-api.service[99756]: DEBUG glance.api.middleware.version_negotiation [None req-3e05eb48-2228-44a7-b029-8695fdff6353 tempest-TestImageHashVerification-1606709366 tempest-TestImageHashVerification-1606709366-project-member] Matched version: v2 {{(pid=99756) process_request /opt/stack/glance/glance/api/middleware/version_negotiation.py:69}}
Aug 03 21:52:11.384521 np0000006380 devstack@g-api.service[99756]: DEBUG glance.api.middleware.version_negotiation [None req-3e05eb48-2228-44a7-b029-8695fdff6353 tempest-TestImageHashVerification-1606709366 tempest-TestImageHashVerification-1606709366-project-member] new path /v2/images/fada1e35-4866-49fa-8367-68235840a050 {{(pid=99756) process_request /opt/stack/glance/glance/api/middleware/version_negotiation.py:70}}
Aug 03 21:52:11.403511 np0000006380 devstack@g-api.service[99756]: [pid: 99756|app: 0|req: 164/484] 127.0.0.1 () {40 vars in 834 bytes} [Mon Aug 3 21:52:11 2026] GET /v2/images/fada1e35-4866-49fa-8367-68235840a050 => generated 649 bytes in 21 msecs (HTTP/1.1 200) 4 headers in 157 bytes (1 switches on core 0)
Aug 03 21:52:12.415365 np0000006380 devstack@g-api.service[99758]: DEBUG glance.api.middleware.version_negotiation [None req-4e96f73f-152a-4c4f-ae6e-7b83652db6e1 tempest-TestImageHashVerification-1606709366 tempest-TestImageHashVerification-1606709366-project-member] Determining version of request: GET /v2/images/fada1e35-4866-49fa-8367-68235840a050 Accept: application/json {{(pid=99758) process_request /opt/stack/glance/glance/api/middleware/version_negotiation.py:44}}
Aug 03 21:52:12.415787 np0000006380 devstack@g-api.service[99758]: DEBUG glance.api.middleware.version_negotiation [None req-4e96f73f-152a-4c4f-ae6e-7b83652db6e1 tempest-TestImageHashVerification-1606709366 tempest-TestImageHashVerification-1606709366-project-member] Using url versioning {{(pid=99758) process_request /opt/stack/glance/glance/api/middleware/version_negotiation.py:57}}
Aug 03 21:52:12.415787 np0000006380 devstack@g-api.service[99758]: DEBUG glance.api.middleware.version_negotiation [None req-4e96f73f-152a-4c4f-ae6e-7b83652db6e1 tempest-TestImageHashVerification-1606709366 tempest-TestImageHashVerification-1606709366-project-member] Matched version: v2 {{(pid=99758) process_request /opt/stack/glance/glance/api/middleware/version_negotiation.py:69}}
Aug 03 21:52:12.415787 np0000006380 devstack@g-api.service[99758]: DEBUG glance.api.middleware.version_negotiation [None req-4e96f73f-152a-4c4f-ae6e-7b83652db6e1 tempest-TestImageHashVerification-1606709366 tempest-TestImageHashVerification-1606709366-project-member] new path /v2/images/fada1e35-4866-49fa-8367-68235840a050 {{(pid=99758) process_request /opt/stack/glance/glance/api/middleware/version_negotiation.py:70}}
Aug 03 21:52:12.426641 np0000006380 devstack@g-api.service[99758]: [pid: 99758|app: 0|req: 167/485] 127.0.0.1 () {40 vars in 834 bytes} [Mon Aug 3 21:52:12 2026] GET /v2/images/fada1e35-4866-49fa-8367-68235840a050 => generated 649 bytes in 11 msecs (HTTP/1.1 200) 4 headers in 157 bytes (1 switches on core 0)
