Jul 23 10:24:16.603906 np0000005753 devstack@g-api.service[99760]: DEBUG glance.api.middleware.version_negotiation [None req-3baed85a-863e-4223-9931-42c40b37cf90 tempest-VolumesNegativeTest-2005039969 tempest-VolumesNegativeTest-2005039969-project-member] Matched version: v2 {{(pid=99760) process_request /opt/stack/glance/glance/api/middleware/version_negotiation.py:69}}
Jul 23 10:24:16.603906 np0000005753 devstack@g-api.service[99760]: DEBUG glance.api.middleware.version_negotiation [None req-3baed85a-863e-4223-9931-42c40b37cf90 tempest-VolumesNegativeTest-2005039969 tempest-VolumesNegativeTest-2005039969-project-member] new path /v2/images/5c3a356e-42dd-4f75-998e-006f90c1cf82 {{(pid=99760) process_request /opt/stack/glance/glance/api/middleware/version_negotiation.py:70}}
Jul 23 10:24:16.628262 np0000005753 devstack@g-api.service[99760]: [pid: 99760|app: 0|req: 124/383] 127.0.0.1 () {44 vars in 1111 bytes} [Thu Jul 23 10:24:16 2026] GET /v2/images/5c3a356e-42dd-4f75-998e-006f90c1cf82 => generated 817 bytes in 25 msecs (HTTP/1.1 200) 4 headers in 157 bytes (1 switches on core 0)
Jul 23 10:24:16.637154 np0000005753 devstack@g-api.service[99759]: DEBUG glance.api.middleware.version_negotiation [None req-3baed85a-863e-4223-9931-42c40b37cf90 tempest-VolumesNegativeTest-2005039969 tempest-VolumesNegativeTest-2005039969-project-member] Determining version of request: GET /v2/schemas/image Accept: */* {{(pid=99759) process_request /opt/stack/glance/glance/api/middleware/version_negotiation.py:44}}
Jul 23 10:24:16.637407 np0000005753 devstack@g-api.service[99759]: DEBUG glance.api.middleware.version_negotiation [None req-3baed85a-863e-4223-9931-42c40b37cf90 tempest-VolumesNegativeTest-2005039969 tempest-VolumesNegativeTest-2005039969-project-member] Using url versioning {{(pid=99759) process_request /opt/stack/glance/glance/api/middleware/version_negotiation.py:57}}
Jul 23 10:24:16.637747 np0000005753 devstack@g-api.service[99759]: DEBUG glance.api.middleware.version_negotiation [None req-3baed85a-863e-4223-9931-42c40b37cf90 tempest-VolumesNegativeTest-2005039969 tempest-VolumesNegativeTest-2005039969-project-member] Matched version: v2 {{(pid=99759) process_request /opt/stack/glance/glance/api/middleware/version_negotiation.py:69}}
Jul 23 10:24:16.637918 np0000005753 devstack@g-api.service[99759]: DEBUG glance.api.middleware.version_negotiation [None req-3baed85a-863e-4223-9931-42c40b37cf90 tempest-VolumesNegativeTest-2005039969 tempest-VolumesNegativeTest-2005039969-project-member] new path /v2/schemas/image {{(pid=99759) process_request /opt/stack/glance/glance/api/middleware/version_negotiation.py:70}}
Jul 23 10:24:16.641364 np0000005753 devstack@g-api.service[99759]: [pid: 99759|app: 0|req: 134/384] 127.0.0.1 () {44 vars in 1051 bytes} [Thu Jul 23 10:24:16 2026] GET /v2/schemas/image => generated 6083 bytes in 4 msecs (HTTP/1.1 200) 4 headers in 158 bytes (1 switches on core 0)
Jul 23 10:24:16.655392 np0000005753 devstack@g-api.service[99761]: DEBUG glance.api.middleware.version_negotiation [None req-3baed85a-863e-4223-9931-42c40b37cf90 tempest-VolumesNegativeTest-2005039969 tempest-VolumesNegativeTest-2005039969-project-member] Determining version of request: GET /v2/schemas/image Accept: */* {{(pid=99761) process_request /opt/stack/glance/glance/api/middleware/version_negotiation.py:44}}
Jul 23 10:24:16.655652 np0000005753 devstack@g-api.service[99761]: DEBUG glance.api.middleware.version_negotiation [None req-3baed85a-863e-4223-9931-42c40b37cf90 tempest-VolumesNegativeTest-2005039969 tempest-VolumesNegativeTest-2005039969-project-member] Using url versioning {{(pid=99761) process_request /opt/stack/glance/glance/api/middleware/version_negotiation.py:57}}
Jul 23 10:24:16.655838 np0000005753 devstack@g-api.service[99761]: DEBUG glance.api.middleware.version_negotiation [None req-3baed85a-863e-4223-9931-42c40b37cf90 tempest-VolumesNegativeTest-2005039969 tempest-VolumesNegativeTest-2005039969-project-member] Matched version: v2 {{(pid=99761) process_request /opt/stack/glance/glance/api/middleware/version_negotiation.py:69}}
Jul 23 10:24:16.655992 np0000005753 devstack@g-api.service[99761]: DEBUG glance.api.middleware.version_negotiation [None req-3baed85a-863e-4223-9931-42c40b37cf90 tempest-VolumesNegativeTest-2005039969 tempest-VolumesNegativeTest-2005039969-project-member] new path /v2/schemas/image {{(pid=99761) process_request /opt/stack/glance/glance/api/middleware/version_negotiation.py:70}}
Jul 23 10:24:16.659149 np0000005753 devstack@g-api.service[99761]: [pid: 99761|app: 0|req: 127/385] 127.0.0.1 () {44 vars in 1051 bytes} [Thu Jul 23 10:24:16 2026] GET /v2/schemas/image => generated 6083 bytes in 4 msecs (HTTP/1.1 200) 4 headers in 158 bytes (1 switches on core 0)
Jul 23 10:24:16.684568 np0000005753 devstack@g-api.service[99760]: DEBUG glance.api.middleware.version_negotiation [None req-3baed85a-863e-4223-9931-42c40b37cf90 tempest-VolumesNegativeTest-2005039969 tempest-VolumesNegativeTest-2005039969-project-member] Determining version of request: GET /v2/images/5c3a356e-42dd-4f75-998e-006f90c1cf82 Accept: */* {{(pid=99760) process_request /opt/stack/glance/glance/api/middleware/version_negotiation.py:44}}
Jul 23 10:24:16.684752 np0000005753 devstack@g-api.service[99760]: DEBUG glance.api.middleware.version_negotiation [None req-3baed85a-863e-4223-9931-42c40b37cf90 tempest-VolumesNegativeTest-2005039969 tempest-VolumesNegativeTest-2005039969-project-member] Using url versioning {{(pid=99760) process_request /opt/stack/glance/glance/api/middleware/version_negotiation.py:57}}
Jul 23 10:24:16.684898 np0000005753 devstack@g-api.service[99760]: DEBUG glance.api.middleware.version_negotiation [None req-3baed85a-863e-4223-9931-42c40b37cf90 tempest-VolumesNegativeTest-2005039969 tempest-VolumesNegativeTest-2005039969-project-member] Matched version: v2 {{(pid=99760) process_request /opt/stack/glance/glance/api/middleware/version_negotiation.py:69}}
Jul 23 10:24:16.684980 np0000005753 devstack@g-api.service[99760]: DEBUG glance.api.middleware.version_negotiation [None req-3baed85a-863e-4223-9931-42c40b37cf90 tempest-VolumesNegativeTest-2005039969 tempest-VolumesNegativeTest-2005039969-project-member] new path /v2/images/5c3a356e-42dd-4f75-998e-006f90c1cf82 {{(pid=99760) process_request /opt/stack/glance/glance/api/middleware/version_negotiation.py:70}}
Jul 23 10:24:16.697255 np0000005753 devstack@g-api.service[99760]: [pid: 99760|app: 0|req: 125/386] 127.0.0.1 () {44 vars in 1111 bytes} [Thu Jul 23 10:24:16 2026] GET /v2/images/5c3a356e-42dd-4f75-998e-006f90c1cf82 => generated 817 bytes in 13 msecs (HTTP/1.1 200) 4 headers in 157 bytes (1 switches on core 0)
Jul 23 10:24:16.710998 np0000005753 devstack@g-api.service[99759]: DEBUG glance.api.middleware.version_negotiation [None req-3baed85a-863e-4223-9931-42c40b37cf90 tempest-VolumesNegativeTest-2005039969 tempest-VolumesNegativeTest-2005039969-project-member] Determining version of request: GET /v2/schemas/image Accept: */* {{(pid=99759) process_request /opt/stack/glance/glance/api/middleware/version_negotiation.py:44}}
Jul 23 10:24:16.710998 np0000005753 devstack@g-api.service[99759]: DEBUG glance.api.middleware.version_negotiation [None req-3baed85a-863e-4223-9931-42c40b37cf90 tempest-VolumesNegativeTest-2005039969 tempest-VolumesNegativeTest-2005039969-project-member] Using url versioning {{(pid=99759) process_request /opt/stack/glance/glance/api/middleware/version_negotiation.py:57}}
Jul 23 10:24:16.710998 np0000005753 devstack@g-api.service[99759]: DEBUG glance.api.middleware.version_negotiation [None req-3baed85a-863e-4223-9931-42c40b37cf90 tempest-VolumesNegativeTest-2005039969 tempest-VolumesNegativeTest-2005039969-project-member] Matched version: v2 {{(pid=99759) process_request /opt/stack/glance/glance/api/middleware/version_negotiation.py:69}}
Jul 23 10:24:16.710998 np0000005753 devstack@g-api.service[99759]: DEBUG glance.api.middleware.version_negotiation [None req-3baed85a-863e-4223-9931-42c40b37cf90 tempest-VolumesNegativeTest-2005039969 tempest-VolumesNegativeTest-2005039969-project-member] new path /v2/schemas/image {{(pid=99759) process_request /opt/stack/glance/glance/api/middleware/version_negotiation.py:70}}
Jul 23 10:24:16.714475 np0000005753 devstack@g-api.service[99759]: [pid: 99759|app: 0|req: 135/387] 127.0.0.1 () {44 vars in 1051 bytes} [Thu Jul 23 10:24:16 2026] GET /v2/schemas/image => generated 6083 bytes in 5 msecs (HTTP/1.1 200) 4 headers in 158 bytes (1 switches on core 0)
Jul 23 10:24:16.736692 np0000005753 devstack@g-api.service[99761]: DEBUG glance.api.middleware.version_negotiation [None req-3baed85a-863e-4223-9931-42c40b37cf90 tempest-VolumesNegativeTest-2005039969 tempest-VolumesNegativeTest-2005039969-project-member] Determining version of request: POST /v2/images/5c3a356e-42dd-4f75-998e-006f90c1cf82/actions/reactivate Accept: application/json {{(pid=99761) process_request /opt/stack/glance/glance/api/middleware/version_negotiation.py:44}}
Jul 23 10:24:16.736920 np0000005753 devstack@g-api.service[99761]: DEBUG glance.api.middleware.version_negotiation [None req-3baed85a-863e-4223-9931-42c40b37cf90 tempest-VolumesNegativeTest-2005039969 tempest-VolumesNegativeTest-2005039969-project-member] Using url versioning {{(pid=99761) process_request /opt/stack/glance/glance/api/middleware/version_negotiation.py:57}}
Jul 23 10:24:16.737096 np0000005753 devstack@g-api.service[99761]: DEBUG glance.api.middleware.version_negotiation [None req-3baed85a-863e-4223-9931-42c40b37cf90 tempest-VolumesNegativeTest-2005039969 tempest-VolumesNegativeTest-2005039969-project-member] Matched version: v2 {{(pid=99761) process_request /opt/stack/glance/glance/api/middleware/version_negotiation.py:69}}
Jul 23 10:24:16.737212 np0000005753 devstack@g-api.service[99761]: DEBUG glance.api.middleware.version_negotiation [None req-3baed85a-863e-4223-9931-42c40b37cf90 tempest-VolumesNegativeTest-2005039969 tempest-VolumesNegativeTest-2005039969-project-member] new path /v2/images/5c3a356e-42dd-4f75-998e-006f90c1cf82/actions/reactivate {{(pid=99761) process_request /opt/stack/glance/glance/api/middleware/version_negotiation.py:70}}
Jul 23 10:24:16.788940 np0000005753 devstack@g-api.service[99761]: INFO glance.api.v2.image_actions [None req-9a1aebc2-8414-4c16-9459-efd6db23cf01 tempest-VolumesNegativeTest-2005039969 tempest-VolumesNegativeTest-2005039969-project-member] Image 5c3a356e-42dd-4f75-998e-006f90c1cf82 is reactivated
Jul 23 10:24:16.789486 np0000005753 devstack@g-api.service[99761]: [pid: 99761|app: 0|req: 128/388] 127.0.0.1 () {42 vars in 892 bytes} [Thu Jul 23 10:24:16 2026] POST /v2/images/5c3a356e-42dd-4f75-998e-006f90c1cf82/actions/reactivate => generated 0 bytes in 53 msecs (HTTP/1.1 204) 4 headers in 171 bytes (1 switches on core 0)
Jul 23 10:24:16.801724 np0000005753 devstack@g-api.service[99760]: DEBUG glance.api.middleware.version_negotiation [None req-3baed85a-863e-4223-9931-42c40b37cf90 tempest-VolumesNegativeTest-2005039969 tempest-VolumesNegativeTest-2005039969-project-member] Determining version of request: DELETE /v2/images/5c3a356e-42dd-4f75-998e-006f90c1cf82 Accept: application/json {{(pid=99760) process_request /opt/stack/glance/glance/api/middleware/version_negotiation.py:44}}
Jul 23 10:24:16.802312 np0000005753 devstack@g-api.service[99760]: DEBUG glance.api.middleware.version_negotiation [None req-3baed85a-863e-4223-9931-42c40b37cf90 tempest-VolumesNegativeTest-2005039969 tempest-VolumesNegativeTest-2005039969-project-member] Using url versioning {{(pid=99760) process_request /opt/stack/glance/glance/api/middleware/version_negotiation.py:57}}
Jul 23 10:24:16.802526 np0000005753 devstack@g-api.service[99760]: DEBUG glance.api.middleware.version_negotiation [None req-3baed85a-863e-4223-9931-42c40b37cf90 tempest-VolumesNegativeTest-2005039969 tempest-VolumesNegativeTest-2005039969-project-member] Matched version: v2 {{(pid=99760) process_request /opt/stack/glance/glance/api/middleware/version_negotiation.py:69}}
Jul 23 10:24:16.802698 np0000005753 devstack@g-api.service[99760]: DEBUG glance.api.middleware.version_negotiation [None req-3baed85a-863e-4223-9931-42c40b37cf90 tempest-VolumesNegativeTest-2005039969 tempest-VolumesNegativeTest-2005039969-project-member] new path /v2/images/5c3a356e-42dd-4f75-998e-006f90c1cf82 {{(pid=99760) process_request /opt/stack/glance/glance/api/middleware/version_negotiation.py:70}}
Jul 23 10:24:16.814084 np0000005753 devstack@g-api.service[99760]: WARNING glance.api.v2.images [None req-e3673ea4-fb1f-4c7c-a3f7-a7ec5702219a tempest-VolumesNegativeTest-2005039969 tempest-VolumesNegativeTest-2005039969-project-member] After upload to backend, deletion of staged image data has failed because it cannot be found at /tmp/staging//5c3a356e-42dd-4f75-998e-006f90c1cf82
Jul 23 10:24:16.814592 np0000005753 devstack@g-api.service[99760]: DEBUG glance_store.backend [None req-e3673ea4-fb1f-4c7c-a3f7-a7ec5702219a tempest-VolumesNegativeTest-2005039969 tempest-VolumesNegativeTest-2005039969-project-member] Attempting to import store swift {{(pid=99760) _load_store /opt/stack/data/venv/lib/python3.12/site-packages/glance_store/backend.py:215}}
Jul 23 10:24:16.819914 np0000005753 devstack@g-api.service[99760]: DEBUG glance_store.capabilities [None req-e3673ea4-fb1f-4c7c-a3f7-a7ec5702219a tempest-VolumesNegativeTest-2005039969 tempest-VolumesNegativeTest-2005039969-project-member] Store glance_store._drivers.swift.store.SingleTenantStore doesn't support updating dynamic storage capabilities. Please overwrite 'update_capabilities' method of the store to implement updating logics if needed. {{(pid=99760) update_capabilities /opt/stack/data/venv/lib/python3.12/site-packages/glance_store/capabilities.py:91}}
Jul 23 10:24:16.820077 np0000005753 devstack@g-api.service[99760]: DEBUG glance_store.driver [None req-e3673ea4-fb1f-4c7c-a3f7-a7ec5702219a tempest-VolumesNegativeTest-2005039969 tempest-VolumesNegativeTest-2005039969-project-member] Late loading location class glance_store._drivers.swift.store.StoreLocation {{(pid=99760) get_store_location_class /opt/stack/data/venv/lib/python3.12/site-packages/glance_store/driver.py:134}}
Jul 23 10:24:16.820152 np0000005753 devstack@g-api.service[99760]: DEBUG glance_store.location [None req-e3673ea4-fb1f-4c7c-a3f7-a7ec5702219a tempest-VolumesNegativeTest-2005039969 tempest-VolumesNegativeTest-2005039969-project-member] Registering scheme swift+https with {'store': , 'location_class': , 'store_entry': 'swift'} {{(pid=99760) register_scheme_map /opt/stack/data/venv/lib/python3.12/site-packages/glance_store/location.py:146}}
Jul 23 10:24:16.820227 np0000005753 devstack@g-api.service[99760]: DEBUG glance_store.location [None req-e3673ea4-fb1f-4c7c-a3f7-a7ec5702219a tempest-VolumesNegativeTest-2005039969 tempest-VolumesNegativeTest-2005039969-project-member] Registering scheme swift+https with {'store': , 'location_class': , 'store_entry': 'swift'} {{(pid=99760) register_scheme_map /opt/stack/data/venv/lib/python3.12/site-packages/glance_store/location.py:146}}
Jul 23 10:24:16.820302 np0000005753 devstack@g-api.service[99760]: DEBUG glance_store.location [None req-e3673ea4-fb1f-4c7c-a3f7-a7ec5702219a tempest-VolumesNegativeTest-2005039969 tempest-VolumesNegativeTest-2005039969-project-member] Registering scheme swift with {'store': , 'location_class': , 'store_entry': 'swift'} {{(pid=99760) register_scheme_map /opt/stack/data/venv/lib/python3.12/site-packages/glance_store/location.py:146}}
Jul 23 10:24:16.820370 np0000005753 devstack@g-api.service[99760]: DEBUG glance_store.location [None req-e3673ea4-fb1f-4c7c-a3f7-a7ec5702219a tempest-VolumesNegativeTest-2005039969 tempest-VolumesNegativeTest-2005039969-project-member] Registering scheme swift+https with {'store': , 'location_class': , 'store_entry': 'swift'} {{(pid=99760) register_scheme_map /opt/stack/data/venv/lib/python3.12/site-packages/glance_store/location.py:146}}
Jul 23 10:24:16.820426 np0000005753 devstack@g-api.service[99760]: DEBUG glance_store.location [None req-e3673ea4-fb1f-4c7c-a3f7-a7ec5702219a tempest-VolumesNegativeTest-2005039969 tempest-VolumesNegativeTest-2005039969-project-member] Registering scheme swift with {'store': , 'location_class': , 'store_entry': 'swift'} {{(pid=99760) register_scheme_map /opt/stack/data/venv/lib/python3.12/site-packages/glance_store/location.py:146}}
Jul 23 10:24:16.820486 np0000005753 devstack@g-api.service[99760]: DEBUG glance_store.location [None req-e3673ea4-fb1f-4c7c-a3f7-a7ec5702219a tempest-VolumesNegativeTest-2005039969 tempest-VolumesNegativeTest-2005039969-project-member] Registering scheme swift+http with {'store': , 'location_class': , 'store_entry': 'swift'} {{(pid=99760) register_scheme_map /opt/stack/data/venv/lib/python3.12/site-packages/glance_store/location.py:146}}
Jul 23 10:24:16.820573 np0000005753 devstack@g-api.service[99760]: DEBUG glance_store.location [None req-e3673ea4-fb1f-4c7c-a3f7-a7ec5702219a tempest-VolumesNegativeTest-2005039969 tempest-VolumesNegativeTest-2005039969-project-member] Registering scheme swift+https with {'store': , 'location_class': , 'store_entry': 'swift'} {{(pid=99760) register_scheme_map /opt/stack/data/venv/lib/python3.12/site-packages/glance_store/location.py:146}}
Jul 23 10:24:16.820678 np0000005753 devstack@g-api.service[99760]: DEBUG glance_store.location [None req-e3673ea4-fb1f-4c7c-a3f7-a7ec5702219a tempest-VolumesNegativeTest-2005039969 tempest-VolumesNegativeTest-2005039969-project-member] Registering scheme swift with {'store': , 'location_class': , 'store_entry': 'swift'} {{(pid=99760) register_scheme_map /opt/stack/data/venv/lib/python3.12/site-packages/glance_store/location.py:146}}
Jul 23 10:24:16.820738 np0000005753 devstack@g-api.service[99760]: DEBUG glance_store.location [None req-e3673ea4-fb1f-4c7c-a3f7-a7ec5702219a tempest-VolumesNegativeTest-2005039969 tempest-VolumesNegativeTest-2005039969-project-member] Registering scheme swift+http with {'store': , 'location_class': , 'store_entry': 'swift'} {{(pid=99760) register_scheme_map /opt/stack/data/venv/lib/python3.12/site-packages/glance_store/location.py:146}}
Jul 23 10:24:16.822145 np0000005753 devstack@g-api.service[99760]: DEBUG glance_store.location [None req-e3673ea4-fb1f-4c7c-a3f7-a7ec5702219a tempest-VolumesNegativeTest-2005039969 tempest-VolumesNegativeTest-2005039969-project-member] Registering scheme swift+config with {'store': , 'location_class': , 'store_entry': 'swift'} {{(pid=99760) register_scheme_map /opt/stack/data/venv/lib/python3.12/site-packages/glance_store/location.py:146}}
Jul 23 10:24:16.822145 np0000005753 devstack@g-api.service[99760]: DEBUG keystoneclient.auth.identity.v3.base [None req-e3673ea4-fb1f-4c7c-a3f7-a7ec5702219a tempest-VolumesNegativeTest-2005039969 tempest-VolumesNegativeTest-2005039969-project-member] Making authentication request to https://10.4.3.61/identity/v3/auth/tokens {{(pid=99760) get_auth_ref /opt/stack/data/venv/lib/python3.12/site-packages/keystoneclient/auth/identity/v3/base.py:185}}
Jul 23 10:24:16.914477 np0000005753 devstack@g-api.service[99760]: DEBUG keystoneclient.auth.identity.v3.base [None req-e3673ea4-fb1f-4c7c-a3f7-a7ec5702219a tempest-VolumesNegativeTest-2005039969 tempest-VolumesNegativeTest-2005039969-project-member] {"token": {"methods": ["password"], "user": {"domain": {"id": "default", "name": "Default"}, "id": "5e3f7275c375459583950479a85815a6", "name": "glance-swift", "password_expires_at": null}, "audit_ids": ["TzffpRv5SkyxDOvUonlbXw"], "expires_at": "2026-07-23T11:24:16.000000Z", "issued_at": "2026-07-23T10:24:16.000000Z", "project": {"domain": {"id": "default", "name": "Default"}, "id": "d1ae748fbb214ef69c6c8f70b5c9aa2d", "name": "service"}, "is_domain": false, "roles": [{"id": "593cbef538274598a2530815ce9dbee9", "name": "ResellerAdmin"}, {"id": "2ad54ab1bdf34347a6b41e60c1859b32", "name": "service"}], "catalog": [{"endpoints": [{"id": "2eb52acfa8f44e958a8e11755cd735e4", "interface": "public", "region_id": "RegionOne", "url": "https://10.4.3.61/volume/v3", "region": "RegionOne"}], "id": "0b8dba30a6a64771a58e0cd589699d1b", "type": "block-storage", "name": "cinder"}, {"endpoints": [{"id": "fc623cab74d54ba68f4eb9bfdaecc50c", "interface": "public", "region_id": "RegionOne", "url": "https://10.4.3.61/compute/v2.1", "region": "RegionOne"}], "id": "13d178cc0eca4feebbbe35230640f5bd", "type": "compute", "name": "nova"}, {"endpoints": [{"id": "06df7678565f41c0820b11e614a8885d", "interface": "admin", "region_id": "RegionOne", "url": "https://10.4.3.61:8080", "region": "RegionOne"}, {"id": "d5d42c9888f64c62b97f7ebf539c7845", "interface": "public", "region_id": "RegionOne", "url": "https://10.4.3.61:8080/v1/AUTH_d1ae748fbb214ef69c6c8f70b5c9aa2d", "region": "RegionOne"}], "id": "4ccee9a4b9a54112b78de2fb56aae2c6", "type": "object-store", "name": "swift"}, {"endpoints": [{"id": "c77cdfb306334eaba90e6bc54864830d", "interface": "public", "region_id": "RegionOne", "url": "https://10.4.3.61/identity", "region": "RegionOne"}], "id": "4e412f41576c4a95945a2c9db7930aa6", "type": "identity", "name": "keystone"}, {"endpoints": [{"id": "1afa077e092a44b5a281627184c89b6e", "interface": "public", "region_id": "RegionOne", "url": "https://10.4.3.61/placement", "region": "RegionOne"}], "id": "72557dc8a7884bcea3171747782bfe32", "type": "placement", "name": "placement"}, {"endpoints": [{"id": "497fc9b2c54d42b5a0ac4e39ff1bbbf5", "interface": "public", "region_id": "RegionOne", "url": "https://10.4.3.61/image", "region": "RegionOne"}], "id": "9e80691e95db48eeaa0ce7abb03b5ce1", "type": "image", "name": "glance"}, {"endpoints": [{"id": "16c5e3ce1e84458dbd9e4a44c1c1b7c4", "interface": "public", "region_id": "RegionOne", "url": "https://10.4.3.61/compute/v2/d1ae748fbb214ef69c6c8f70b5c9aa2d", "region": "RegionOne"}], "id": "b464c0d20cb04370863db512b4360c52", "type": "compute_legacy", "name": "nova_legacy"}, {"endpoints": [{"id": "389fc457d35845ec81350a195dcd926e", "interface": "public", "region_id": "RegionOne", "url": "https://10.4.3.61/networking", "region": "RegionOne"}], "id": "dc878749251e4e40a46fccec96943b15", "type": "network", "name": "neutron"}]}} {{(pid=99760) get_auth_ref /opt/stack/data/venv/lib/python3.12/site-packages/keystoneclient/auth/identity/v3/base.py:190}}
Jul 23 10:24:16.915090 np0000005753 devstack@g-api.service[99760]: DEBUG keystoneclient.httpclient [None req-e3673ea4-fb1f-4c7c-a3f7-a7ec5702219a tempest-VolumesNegativeTest-2005039969 tempest-VolumesNegativeTest-2005039969-project-member] Failed to find endpoint for management url admin endpoint for identity service not found {{(pid=99760) _process_management_url /opt/stack/data/venv/lib/python3.12/site-packages/keystoneclient/httpclient.py:670}}
Jul 23 10:24:16.964704 np0000005753 devstack@g-api.service[99759]: DEBUG glance.api.middleware.version_negotiation [None req-3baed85a-863e-4223-9931-42c40b37cf90 tempest-VolumesNegativeTest-2005039969 tempest-VolumesNegativeTest-2005039969-project-member] Determining version of request: GET /v2/images/adc3e210-0b00-4673-82e9-6be8c33ac30a Accept: */* {{(pid=99759) process_request /opt/stack/glance/glance/api/middleware/version_negotiation.py:44}}
Jul 23 10:24:16.964704 np0000005753 devstack@g-api.service[99759]: DEBUG glance.api.middleware.version_negotiation [None req-3baed85a-863e-4223-9931-42c40b37cf90 tempest-VolumesNegativeTest-2005039969 tempest-VolumesNegativeTest-2005039969-project-member] Using url versioning {{(pid=99759) process_request /opt/stack/glance/glance/api/middleware/version_negotiation.py:57}}
Jul 23 10:24:16.964704 np0000005753 devstack@g-api.service[99759]: DEBUG glance.api.middleware.version_negotiation [None req-3baed85a-863e-4223-9931-42c40b37cf90 tempest-VolumesNegativeTest-2005039969 tempest-VolumesNegativeTest-2005039969-project-member] Matched version: v2 {{(pid=99759) process_request /opt/stack/glance/glance/api/middleware/version_negotiation.py:69}}
Jul 23 10:24:16.964704 np0000005753 devstack@g-api.service[99759]: DEBUG glance.api.middleware.version_negotiation [None req-3baed85a-863e-4223-9931-42c40b37cf90 tempest-VolumesNegativeTest-2005039969 tempest-VolumesNegativeTest-2005039969-project-member] new path /v2/images/adc3e210-0b00-4673-82e9-6be8c33ac30a {{(pid=99759) process_request /opt/stack/glance/glance/api/middleware/version_negotiation.py:70}}
Jul 23 10:24:16.976054 np0000005753 devstack@g-api.service[99759]: [pid: 99759|app: 0|req: 136/389] 127.0.0.1 () {44 vars in 1111 bytes} [Thu Jul 23 10:24:16 2026] GET /v2/images/adc3e210-0b00-4673-82e9-6be8c33ac30a => generated 1044 bytes in 12 msecs (HTTP/1.1 200) 4 headers in 158 bytes (1 switches on core 0)
Jul 23 10:24:17.016329 np0000005753 devstack@g-api.service[99761]: DEBUG glance.api.middleware.version_negotiation [None req-9a1aebc2-8414-4c16-9459-efd6db23cf01 tempest-VolumesNegativeTest-2005039969 tempest-VolumesNegativeTest-2005039969-project-member] Determining version of request: GET /v2/schemas/image Accept: */* {{(pid=99761) process_request /opt/stack/glance/glance/api/middleware/version_negotiation.py:44}}
Jul 23 10:24:17.016721 np0000005753 devstack@g-api.service[99761]: DEBUG glance.api.middleware.version_negotiation [None req-9a1aebc2-8414-4c16-9459-efd6db23cf01 tempest-VolumesNegativeTest-2005039969 tempest-VolumesNegativeTest-2005039969-project-member] Using url versioning {{(pid=99761) process_request /opt/stack/glance/glance/api/middleware/version_negotiation.py:57}}
Jul 23 10:24:17.017363 np0000005753 devstack@g-api.service[99761]: DEBUG glance.api.middleware.version_negotiation [None req-9a1aebc2-8414-4c16-9459-efd6db23cf01 tempest-VolumesNegativeTest-2005039969 tempest-VolumesNegativeTest-2005039969-project-member] Matched version: v2 {{(pid=99761) process_request /opt/stack/glance/glance/api/middleware/version_negotiation.py:69}}
Jul 23 10:24:17.017644 np0000005753 devstack@g-api.service[99761]: DEBUG glance.api.middleware.version_negotiation [None req-9a1aebc2-8414-4c16-9459-efd6db23cf01 tempest-VolumesNegativeTest-2005039969 tempest-VolumesNegativeTest-2005039969-project-member] new path /v2/schemas/image {{(pid=99761) process_request /opt/stack/glance/glance/api/middleware/version_negotiation.py:70}}
Jul 23 10:24:17.023890 np0000005753 devstack@g-api.service[99761]: [pid: 99761|app: 0|req: 129/390] 127.0.0.1 () {44 vars in 1051 bytes} [Thu Jul 23 10:24:17 2026] GET /v2/schemas/image => generated 6083 bytes in 8 msecs (HTTP/1.1 200) 4 headers in 158 bytes (1 switches on core 0)
Jul 23 10:24:17.024869 np0000005753 devstack@g-api.service[99760]: DEBUG swiftclient [None req-e3673ea4-fb1f-4c7c-a3f7-a7ec5702219a tempest-VolumesNegativeTest-2005039969 tempest-VolumesNegativeTest-2005039969-project-member] REQ: curl -i https://10.4.3.61:8080/v1/AUTH_d1ae748fbb214ef69c6c8f70b5c9aa2d/glance/5c3a356e-42dd-4f75-998e-006f90c1cf82 -I -H "X-Auth-Token: gAAAAABqYevQEPYL..." {{(pid=99760) http_log /opt/stack/data/venv/lib/python3.12/site-packages/swiftclient/client.py:160}}
Jul 23 10:24:17.025023 np0000005753 devstack@g-api.service[99760]: DEBUG swiftclient [None req-e3673ea4-fb1f-4c7c-a3f7-a7ec5702219a tempest-VolumesNegativeTest-2005039969 tempest-VolumesNegativeTest-2005039969-project-member] RESP STATUS: 200 OK {{(pid=99760) http_log /opt/stack/data/venv/lib/python3.12/site-packages/swiftclient/client.py:161}}
Jul 23 10:24:17.025275 np0000005753 devstack@g-api.service[99760]: DEBUG swiftclient [None req-e3673ea4-fb1f-4c7c-a3f7-a7ec5702219a tempest-VolumesNegativeTest-2005039969 tempest-VolumesNegativeTest-2005039969-project-member] RESP HEADERS: {'Date': 'Thu, 23 Jul 2026 10:24:17 GMT', 'Server': 'Apache/2.4.58 (Ubuntu)', 'Content-Type': 'application/octet-stream', 'Content-Length': '1024', 'Etag': '6f1afb85cc0b667f782b9bd28814a9c3', 'Last-Modified': 'Thu, 23 Jul 2026 10:24:17 GMT', 'X-Timestamp': '1784802256.29722', 'Accept-Ranges': 'bytes', 'X-Trans-Id': 'txa085ad0c10914910901e7-006a61ebd0', 'X-Openstack-Request-Id': 'txa085ad0c10914910901e7-006a61ebd0', 'Connection': 'close'} {{(pid=99760) http_log /opt/stack/data/venv/lib/python3.12/site-packages/swiftclient/client.py:162}}
Jul 23 10:24:17.045384 np0000005753 devstack@g-api.service[99760]: DEBUG swiftclient [None req-e3673ea4-fb1f-4c7c-a3f7-a7ec5702219a tempest-VolumesNegativeTest-2005039969 tempest-VolumesNegativeTest-2005039969-project-member] REQ: curl -i https://10.4.3.61:8080/v1/AUTH_d1ae748fbb214ef69c6c8f70b5c9aa2d/glance/5c3a356e-42dd-4f75-998e-006f90c1cf82 DELETE -H "X-Auth-Token: gAAAAABqYevQEPYL..." {{(pid=99760) http_log /opt/stack/data/venv/lib/python3.12/site-packages/swiftclient/client.py:160}}
Jul 23 10:24:17.045454 np0000005753 devstack@g-api.service[99760]: DEBUG swiftclient [None req-e3673ea4-fb1f-4c7c-a3f7-a7ec5702219a tempest-VolumesNegativeTest-2005039969 tempest-VolumesNegativeTest-2005039969-project-member] RESP STATUS: 204 No Content {{(pid=99760) http_log /opt/stack/data/venv/lib/python3.12/site-packages/swiftclient/client.py:161}}
Jul 23 10:24:17.045616 np0000005753 devstack@g-api.service[99760]: DEBUG swiftclient [None req-e3673ea4-fb1f-4c7c-a3f7-a7ec5702219a tempest-VolumesNegativeTest-2005039969 tempest-VolumesNegativeTest-2005039969-project-member] RESP HEADERS: {'Date': 'Thu, 23 Jul 2026 10:24:17 GMT', 'Server': 'Apache/2.4.58 (Ubuntu)', 'Content-Type': 'text/html; charset=UTF-8', 'X-Trans-Id': 'tx5272eb1391b449d98f7df-006a61ebd1', 'X-Openstack-Request-Id': 'tx5272eb1391b449d98f7df-006a61ebd1', 'Connection': 'close'} {{(pid=99760) http_log /opt/stack/data/venv/lib/python3.12/site-packages/swiftclient/client.py:162}}
Jul 23 10:24:17.089649 np0000005753 devstack@g-api.service[99759]: DEBUG glance.api.middleware.version_negotiation [None req-54f9cb88-ea6e-491e-a88b-d1c7e5cd4946 tempest-ServerStableDeviceRescueTest-1286986144 tempest-ServerStableDeviceRescueTest-1286986144-project-member] Determining version of request: GET /v2/images/de4d2ebf-2845-40ed-b9a7-262acfd1978f Accept: */* {{(pid=99759) process_request /opt/stack/glance/glance/api/middleware/version_negotiation.py:44}}
Jul 23 10:24:17.089649 np0000005753 devstack@g-api.service[99759]: DEBUG glance.api.middleware.version_negotiation [None req-54f9cb88-ea6e-491e-a88b-d1c7e5cd4946 tempest-ServerStableDeviceRescueTest-1286986144 tempest-ServerStableDeviceRescueTest-1286986144-project-member] Using url versioning {{(pid=99759) process_request /opt/stack/glance/glance/api/middleware/version_negotiation.py:57}}
Jul 23 10:24:17.089649 np0000005753 devstack@g-api.service[99759]: DEBUG glance.api.middleware.version_negotiation [None req-54f9cb88-ea6e-491e-a88b-d1c7e5cd4946 tempest-ServerStableDeviceRescueTest-1286986144 tempest-ServerStableDeviceRescueTest-1286986144-project-member] Matched version: v2 {{(pid=99759) process_request /opt/stack/glance/glance/api/middleware/version_negotiation.py:69}}
Jul 23 10:24:17.089649 np0000005753 devstack@g-api.service[99759]: DEBUG glance.api.middleware.version_negotiation [None req-54f9cb88-ea6e-491e-a88b-d1c7e5cd4946 tempest-ServerStableDeviceRescueTest-1286986144 tempest-ServerStableDeviceRescueTest-1286986144-project-member] new path /v2/images/de4d2ebf-2845-40ed-b9a7-262acfd1978f {{(pid=99759) process_request /opt/stack/glance/glance/api/middleware/version_negotiation.py:70}}
Jul 23 10:24:17.103931 np0000005753 devstack@g-api.service[99760]: [pid: 99760|app: 0|req: 126/391] 127.0.0.1 () {40 vars in 837 bytes} [Thu Jul 23 10:24:16 2026] DELETE /v2/images/5c3a356e-42dd-4f75-998e-006f90c1cf82 => generated 0 bytes in 301 msecs (HTTP/1.1 204) 4 headers in 171 bytes (1 switches on core 0)
Jul 23 10:24:17.104041 np0000005753 devstack@g-api.service[99759]: [pid: 99759|app: 0|req: 137/392] 127.0.0.1 () {44 vars in 1111 bytes} [Thu Jul 23 10:24:17 2026] GET /v2/images/de4d2ebf-2845-40ed-b9a7-262acfd1978f => generated 1672 bytes in 15 msecs (HTTP/1.1 200) 4 headers in 158 bytes (1 switches on core 0)
Jul 23 10:24:17.111103 np0000005753 devstack@g-api.service[99761]: DEBUG glance.api.middleware.version_negotiation [None req-54f9cb88-ea6e-491e-a88b-d1c7e5cd4946 tempest-ServerStableDeviceRescueTest-1286986144 tempest-ServerStableDeviceRescueTest-1286986144-project-member] Determining version of request: POST /v2/images Accept: application/json {{(pid=99761) process_request /opt/stack/glance/glance/api/middleware/version_negotiation.py:44}}
Jul 23 10:24:17.111308 np0000005753 devstack@g-api.service[99761]: DEBUG glance.api.middleware.version_negotiation [None req-54f9cb88-ea6e-491e-a88b-d1c7e5cd4946 tempest-ServerStableDeviceRescueTest-1286986144 tempest-ServerStableDeviceRescueTest-1286986144-project-member] Using url versioning {{(pid=99761) process_request /opt/stack/glance/glance/api/middleware/version_negotiation.py:57}}
Jul 23 10:24:17.111467 np0000005753 devstack@g-api.service[99761]: DEBUG glance.api.middleware.version_negotiation [None req-54f9cb88-ea6e-491e-a88b-d1c7e5cd4946 tempest-ServerStableDeviceRescueTest-1286986144 tempest-ServerStableDeviceRescueTest-1286986144-project-member] Matched version: v2 {{(pid=99761) process_request /opt/stack/glance/glance/api/middleware/version_negotiation.py:69}}
Jul 23 10:24:17.111676 np0000005753 devstack@g-api.service[99761]: DEBUG glance.api.middleware.version_negotiation [None req-54f9cb88-ea6e-491e-a88b-d1c7e5cd4946 tempest-ServerStableDeviceRescueTest-1286986144 tempest-ServerStableDeviceRescueTest-1286986144-project-member] new path /v2/images {{(pid=99761) process_request /opt/stack/glance/glance/api/middleware/version_negotiation.py:70}}
Jul 23 10:24:17.148389 np0000005753 devstack@g-api.service[99760]: DEBUG glance.api.middleware.version_negotiation [None req-e3673ea4-fb1f-4c7c-a3f7-a7ec5702219a tempest-VolumesNegativeTest-2005039969 tempest-VolumesNegativeTest-2005039969-project-member] Determining version of request: GET /v2/images/de4d2ebf-2845-40ed-b9a7-262acfd1978f/file Accept: */* {{(pid=99760) process_request /opt/stack/glance/glance/api/middleware/version_negotiation.py:44}}
Jul 23 10:24:17.148576 np0000005753 devstack@g-api.service[99760]: DEBUG glance.api.middleware.version_negotiation [None req-e3673ea4-fb1f-4c7c-a3f7-a7ec5702219a tempest-VolumesNegativeTest-2005039969 tempest-VolumesNegativeTest-2005039969-project-member] Using url versioning {{(pid=99760) process_request /opt/stack/glance/glance/api/middleware/version_negotiation.py:57}}
Jul 23 10:24:17.148797 np0000005753 devstack@g-api.service[99760]: DEBUG glance.api.middleware.version_negotiation [None req-e3673ea4-fb1f-4c7c-a3f7-a7ec5702219a tempest-VolumesNegativeTest-2005039969 tempest-VolumesNegativeTest-2005039969-project-member] Matched version: v2 {{(pid=99760) process_request /opt/stack/glance/glance/api/middleware/version_negotiation.py:69}}
Jul 23 10:24:17.149007 np0000005753 devstack@g-api.service[99760]: DEBUG glance.api.middleware.version_negotiation [None req-e3673ea4-fb1f-4c7c-a3f7-a7ec5702219a tempest-VolumesNegativeTest-2005039969 tempest-VolumesNegativeTest-2005039969-project-member] new path /v2/images/de4d2ebf-2845-40ed-b9a7-262acfd1978f/file {{(pid=99760) process_request /opt/stack/glance/glance/api/middleware/version_negotiation.py:70}}
Jul 23 10:24:17.161124 np0000005753 devstack@g-api.service[99760]: DEBUG glance_store.backend [None req-54f9cb88-ea6e-491e-a88b-d1c7e5cd4946 tempest-ServerStableDeviceRescueTest-1286986144 tempest-ServerStableDeviceRescueTest-1286986144-project-member] Attempting to import store swift {{(pid=99760) _load_store /opt/stack/data/venv/lib/python3.12/site-packages/glance_store/backend.py:215}}
Jul 23 10:24:17.162499 np0000005753 devstack@g-api.service[99760]: DEBUG glance_store.capabilities [None req-54f9cb88-ea6e-491e-a88b-d1c7e5cd4946 tempest-ServerStableDeviceRescueTest-1286986144 tempest-ServerStableDeviceRescueTest-1286986144-project-member] Store glance_store._drivers.swift.store.SingleTenantStore doesn't support updating dynamic storage capabilities. Please overwrite 'update_capabilities' method of the store to implement updating logics if needed. {{(pid=99760) update_capabilities /opt/stack/data/venv/lib/python3.12/site-packages/glance_store/capabilities.py:91}}
Jul 23 10:24:17.162615 np0000005753 devstack@g-api.service[99760]: DEBUG glance_store.driver [None req-54f9cb88-ea6e-491e-a88b-d1c7e5cd4946 tempest-ServerStableDeviceRescueTest-1286986144 tempest-ServerStableDeviceRescueTest-1286986144-project-member] Late loading location class glance_store._drivers.swift.store.StoreLocation {{(pid=99760) get_store_location_class /opt/stack/data/venv/lib/python3.12/site-packages/glance_store/driver.py:134}}
Jul 23 10:24:17.162730 np0000005753 devstack@g-api.service[99760]: DEBUG glance_store.location [None req-54f9cb88-ea6e-491e-a88b-d1c7e5cd4946 tempest-ServerStableDeviceRescueTest-1286986144 tempest-ServerStableDeviceRescueTest-1286986144-project-member] Registering scheme swift+https with {'store': , 'location_class': , 'store_entry': 'swift'} {{(pid=99760) register_scheme_map /opt/stack/data/venv/lib/python3.12/site-packages/glance_store/location.py:146}}
Jul 23 10:24:17.162804 np0000005753 devstack@g-api.service[99760]: DEBUG glance_store.location [None req-54f9cb88-ea6e-491e-a88b-d1c7e5cd4946 tempest-ServerStableDeviceRescueTest-1286986144 tempest-ServerStableDeviceRescueTest-1286986144-project-member] Registering scheme swift+https with {'store': , 'location_class': , 'store_entry': 'swift'} {{(pid=99760) register_scheme_map /opt/stack/data/venv/lib/python3.12/site-packages/glance_store/location.py:146}}
Jul 23 10:24:17.162870 np0000005753 devstack@g-api.service[99760]: DEBUG glance_store.location [None req-54f9cb88-ea6e-491e-a88b-d1c7e5cd4946 tempest-ServerStableDeviceRescueTest-1286986144 tempest-ServerStableDeviceRescueTest-1286986144-project-member] Registering scheme swift with {'store': , 'location_class': , 'store_entry': 'swift'} {{(pid=99760) register_scheme_map /opt/stack/data/venv/lib/python3.12/site-packages/glance_store/location.py:146}}
Jul 23 10:24:17.162939 np0000005753 devstack@g-api.service[99760]: DEBUG glance_store.location [None req-54f9cb88-ea6e-491e-a88b-d1c7e5cd4946 tempest-ServerStableDeviceRescueTest-1286986144 tempest-ServerStableDeviceRescueTest-1286986144-project-member] Registering scheme swift+https with {'store': , 'location_class': , 'store_entry': 'swift'} {{(pid=99760) register_scheme_map /opt/stack/data/venv/lib/python3.12/site-packages/glance_store/location.py:146}}
Jul 23 10:24:17.162995 np0000005753 devstack@g-api.service[99760]: DEBUG glance_store.location [None req-54f9cb88-ea6e-491e-a88b-d1c7e5cd4946 tempest-ServerStableDeviceRescueTest-1286986144 tempest-ServerStableDeviceRescueTest-1286986144-project-member] Registering scheme swift with {'store': , 'location_class': , 'store_entry': 'swift'} {{(pid=99760) register_scheme_map /opt/stack/data/venv/lib/python3.12/site-packages/glance_store/location.py:146}}
Jul 23 10:24:17.163068 np0000005753 devstack@g-api.service[99760]: DEBUG glance_store.location [None req-54f9cb88-ea6e-491e-a88b-d1c7e5cd4946 tempest-ServerStableDeviceRescueTest-1286986144 tempest-ServerStableDeviceRescueTest-1286986144-project-member] Registering scheme swift+http with {'store': , 'location_class': , 'store_entry': 'swift'} {{(pid=99760) register_scheme_map /opt/stack/data/venv/lib/python3.12/site-packages/glance_store/location.py:146}}
Jul 23 10:24:17.163205 np0000005753 devstack@g-api.service[99760]: DEBUG glance_store.location [None req-54f9cb88-ea6e-491e-a88b-d1c7e5cd4946 tempest-ServerStableDeviceRescueTest-1286986144 tempest-ServerStableDeviceRescueTest-1286986144-project-member] Registering scheme swift+https with {'store': , 'location_class': , 'store_entry': 'swift'} {{(pid=99760) register_scheme_map /opt/stack/data/venv/lib/python3.12/site-packages/glance_store/location.py:146}}
Jul 23 10:24:17.163382 np0000005753 devstack@g-api.service[99760]: DEBUG glance_store.location [None req-54f9cb88-ea6e-491e-a88b-d1c7e5cd4946 tempest-ServerStableDeviceRescueTest-1286986144 tempest-ServerStableDeviceRescueTest-1286986144-project-member] Registering scheme swift with {'store': , 'location_class': , 'store_entry': 'swift'} {{(pid=99760) register_scheme_map /opt/stack/data/venv/lib/python3.12/site-packages/glance_store/location.py:146}}
Jul 23 10:24:17.163473 np0000005753 devstack@g-api.service[99760]: DEBUG glance_store.location [None req-54f9cb88-ea6e-491e-a88b-d1c7e5cd4946 tempest-ServerStableDeviceRescueTest-1286986144 tempest-ServerStableDeviceRescueTest-1286986144-project-member] Registering scheme swift+http with {'store': , 'location_class': , 'store_entry': 'swift'} {{(pid=99760) register_scheme_map /opt/stack/data/venv/lib/python3.12/site-packages/glance_store/location.py:146}}
Jul 23 10:24:17.163596 np0000005753 devstack@g-api.service[99760]: DEBUG glance_store.location [None req-54f9cb88-ea6e-491e-a88b-d1c7e5cd4946 tempest-ServerStableDeviceRescueTest-1286986144 tempest-ServerStableDeviceRescueTest-1286986144-project-member] Registering scheme swift+config with {'store': , 'location_class': , 'store_entry': 'swift'} {{(pid=99760) register_scheme_map /opt/stack/data/venv/lib/python3.12/site-packages/glance_store/location.py:146}}
Jul 23 10:24:17.554940 np0000005753 devstack@g-api.service[99760]: DEBUG swiftclient [None req-54f9cb88-ea6e-491e-a88b-d1c7e5cd4946 tempest-ServerStableDeviceRescueTest-1286986144 tempest-ServerStableDeviceRescueTest-1286986144-project-member] REQ: curl -i https://10.4.3.61:8080/v1/AUTH_d1ae748fbb214ef69c6c8f70b5c9aa2d/glance/de4d2ebf-2845-40ed-b9a7-262acfd1978f -X GET -H "X-Auth-Token: gAAAAABqYevRI6sU..." {{(pid=99760) http_log /opt/stack/data/venv/lib/python3.12/site-packages/swiftclient/client.py:160}}
Jul 23 10:24:17.555818 np0000005753 devstack@g-api.service[99760]: DEBUG swiftclient [None req-54f9cb88-ea6e-491e-a88b-d1c7e5cd4946 tempest-ServerStableDeviceRescueTest-1286986144 tempest-ServerStableDeviceRescueTest-1286986144-project-member] RESP STATUS: 200 OK {{(pid=99760) http_log /opt/stack/data/venv/lib/python3.12/site-packages/swiftclient/client.py:161}}
Jul 23 10:24:17.558911 np0000005753 devstack@g-api.service[99760]: DEBUG swiftclient [None req-54f9cb88-ea6e-491e-a88b-d1c7e5cd4946 tempest-ServerStableDeviceRescueTest-1286986144 tempest-ServerStableDeviceRescueTest-1286986144-project-member] RESP HEADERS: {'Date': 'Thu, 23 Jul 2026 10:24:17 GMT', 'Server': 'Apache/2.4.58 (Ubuntu)', 'Content-Type': 'application/octet-stream', 'X-Object-Manifest': 'glance/de4d2ebf-2845-40ed-b9a7-262acfd1978f-', 'Last-Modified': 'Thu, 23 Jul 2026 10:24:12 GMT', 'X-Timestamp': '1784802251.51394', 'Accept-Ranges': 'bytes', 'Content-Length': '53608448', 'Etag': '"d6f10fbe391d83c7b85d405f8b47ef77"', 'X-Trans-Id': 'txa4640b41eecc47d497c18-006a61ebd1', 'X-Openstack-Request-Id': 'txa4640b41eecc47d497c18-006a61ebd1', 'Connection': 'close'} {{(pid=99760) http_log /opt/stack/data/venv/lib/python3.12/site-packages/swiftclient/client.py:162}}
Jul 23 10:24:17.570315 np0000005753 devstack@g-api.service[99760]: DEBUG glance.image_cache [None req-54f9cb88-ea6e-491e-a88b-d1c7e5cd4946 tempest-ServerStableDeviceRescueTest-1286986144 tempest-ServerStableDeviceRescueTest-1286986144-project-member] Tee'ing image 'de4d2ebf-2845-40ed-b9a7-262acfd1978f' into cache {{(pid=99760) get_caching_iter /opt/stack/glance/glance/image_cache/__init__.py:356}}
Jul 23 10:24:17.746574 np0000005753 devstack@g-api.service[99761]: [pid: 99761|app: 0|req: 130/393] 127.0.0.1 () {42 vars in 782 bytes} [Thu Jul 23 10:24:17 2026] POST /v2/images => generated 651 bytes in 635 msecs (HTTP/1.1 201) 6 headers in 315 bytes (1 switches on core 0)
Jul 23 10:24:17.758952 np0000005753 devstack@g-api.service[99759]: DEBUG glance.api.middleware.version_negotiation [None req-54f9cb88-ea6e-491e-a88b-d1c7e5cd4946 tempest-ServerStableDeviceRescueTest-1286986144 tempest-ServerStableDeviceRescueTest-1286986144-project-member] Determining version of request: PUT /v2/images/481079aa-22ab-4df4-b6df-bd51853ae9d0/file Accept: {{(pid=99759) process_request /opt/stack/glance/glance/api/middleware/version_negotiation.py:44}}
Jul 23 10:24:17.758952 np0000005753 devstack@g-api.service[99759]: DEBUG glance.api.middleware.version_negotiation [None req-54f9cb88-ea6e-491e-a88b-d1c7e5cd4946 tempest-ServerStableDeviceRescueTest-1286986144 tempest-ServerStableDeviceRescueTest-1286986144-project-member] Using url versioning {{(pid=99759) process_request /opt/stack/glance/glance/api/middleware/version_negotiation.py:57}}
Jul 23 10:24:17.758952 np0000005753 devstack@g-api.service[99759]: DEBUG glance.api.middleware.version_negotiation [None req-54f9cb88-ea6e-491e-a88b-d1c7e5cd4946 tempest-ServerStableDeviceRescueTest-1286986144 tempest-ServerStableDeviceRescueTest-1286986144-project-member] Matched version: v2 {{(pid=99759) process_request /opt/stack/glance/glance/api/middleware/version_negotiation.py:69}}
Jul 23 10:24:17.758952 np0000005753 devstack@g-api.service[99759]: DEBUG glance.api.middleware.version_negotiation [None req-54f9cb88-ea6e-491e-a88b-d1c7e5cd4946 tempest-ServerStableDeviceRescueTest-1286986144 tempest-ServerStableDeviceRescueTest-1286986144-project-member] new path /v2/images/481079aa-22ab-4df4-b6df-bd51853ae9d0/file {{(pid=99759) process_request /opt/stack/glance/glance/api/middleware/version_negotiation.py:70}}
Jul 23 10:24:17.955468 np0000005753 devstack@g-api.service[99760]: DEBUG glance.image_cache.drivers.centralized_db [None req-54f9cb88-ea6e-491e-a88b-d1c7e5cd4946 tempest-ServerStableDeviceRescueTest-1286986144 tempest-ServerStableDeviceRescueTest-1286986144-project-member] Fetch finished, moving '/opt/stack/data/glance/cache/incomplete/de4d2ebf-2845-40ed-b9a7-262acfd1978f' to '/opt/stack/data/glance/cache/de4d2ebf-2845-40ed-b9a7-262acfd1978f' {{(pid=99760) commit /opt/stack/glance/glance/image_cache/drivers/centralized_db.py:243}}
Jul 23 10:24:17.966396 np0000005753 devstack@g-api.service[99760]: DEBUG glance.image_cache.drivers.centralized_db [None req-54f9cb88-ea6e-491e-a88b-d1c7e5cd4946 tempest-ServerStableDeviceRescueTest-1286986144 tempest-ServerStableDeviceRescueTest-1286986144-project-member] Image cached successfully. {{(pid=99760) commit /opt/stack/glance/glance/image_cache/drivers/centralized_db.py:258}}
Jul 23 10:24:17.966497 np0000005753 devstack@g-api.service[99760]: [pid: 99760|app: 0|req: 127/394] 127.0.0.1 () {44 vars in 1121 bytes} [Thu Jul 23 10:24:17 2026] GET /v2/images/de4d2ebf-2845-40ed-b9a7-262acfd1978f/file => generated 53608448 bytes in 818 msecs (HTTP/1.1 200) 4 headers in 191 bytes (818 switches on core 0)
Jul 23 10:24:18.193781 np0000005753 devstack@g-api.service[99761]: DEBUG glance.api.middleware.version_negotiation [None req-a313bb9f-6501-47f3-8740-50af6d164d58 tempest-VolumesNegativeTest-2005039969 tempest-VolumesNegativeTest-2005039969-project-member] Determining version of request: GET /v2/images/de4d2ebf-2845-40ed-b9a7-262acfd1978f Accept: */* {{(pid=99761) process_request /opt/stack/glance/glance/api/middleware/version_negotiation.py:44}}
Jul 23 10:24:18.193781 np0000005753 devstack@g-api.service[99761]: DEBUG glance.api.middleware.version_negotiation [None req-a313bb9f-6501-47f3-8740-50af6d164d58 tempest-VolumesNegativeTest-2005039969 tempest-VolumesNegativeTest-2005039969-project-member] Using url versioning {{(pid=99761) process_request /opt/stack/glance/glance/api/middleware/version_negotiation.py:57}}
Jul 23 10:24:18.193781 np0000005753 devstack@g-api.service[99761]: DEBUG glance.api.middleware.version_negotiation [None req-a313bb9f-6501-47f3-8740-50af6d164d58 tempest-VolumesNegativeTest-2005039969 tempest-VolumesNegativeTest-2005039969-project-member] Matched version: v2 {{(pid=99761) process_request /opt/stack/glance/glance/api/middleware/version_negotiation.py:69}}
Jul 23 10:24:18.193781 np0000005753 devstack@g-api.service[99761]: DEBUG glance.api.middleware.version_negotiation [None req-a313bb9f-6501-47f3-8740-50af6d164d58 tempest-VolumesNegativeTest-2005039969 tempest-VolumesNegativeTest-2005039969-project-member] new path /v2/images/de4d2ebf-2845-40ed-b9a7-262acfd1978f {{(pid=99761) process_request /opt/stack/glance/glance/api/middleware/version_negotiation.py:70}}
Jul 23 10:24:18.217934 np0000005753 devstack@g-api.service[99761]: [pid: 99761|app: 0|req: 131/395] 127.0.0.1 () {44 vars in 1111 bytes} [Thu Jul 23 10:24:18 2026] GET /v2/images/de4d2ebf-2845-40ed-b9a7-262acfd1978f => generated 1672 bytes in 26 msecs (HTTP/1.1 200) 4 headers in 158 bytes (1 switches on core 0)
Jul 23 10:24:18.263623 np0000005753 devstack@g-api.service[99760]: DEBUG glance.api.middleware.version_negotiation [None req-54f9cb88-ea6e-491e-a88b-d1c7e5cd4946 tempest-ServerStableDeviceRescueTest-1286986144 tempest-ServerStableDeviceRescueTest-1286986144-project-member] Determining version of request: GET /v2/schemas/image Accept: */* {{(pid=99760) process_request /opt/stack/glance/glance/api/middleware/version_negotiation.py:44}}
Jul 23 10:24:18.264328 np0000005753 devstack@g-api.service[99760]: DEBUG glance.api.middleware.version_negotiation [None req-54f9cb88-ea6e-491e-a88b-d1c7e5cd4946 tempest-ServerStableDeviceRescueTest-1286986144 tempest-ServerStableDeviceRescueTest-1286986144-project-member] Using url versioning {{(pid=99760) process_request /opt/stack/glance/glance/api/middleware/version_negotiation.py:57}}
Jul 23 10:24:18.265236 np0000005753 devstack@g-api.service[99760]: DEBUG glance.api.middleware.version_negotiation [None req-54f9cb88-ea6e-491e-a88b-d1c7e5cd4946 tempest-ServerStableDeviceRescueTest-1286986144 tempest-ServerStableDeviceRescueTest-1286986144-project-member] Matched version: v2 {{(pid=99760) process_request /opt/stack/glance/glance/api/middleware/version_negotiation.py:69}}
