Jul 23 10:20:05.030854 np0000005753 devstack@n-api.service[84302]: DEBUG oslo_concurrency.lockutils [None req-683d4d4e-e3b7-4fed-bf5c-87842a420fd2 tempest-TaggedAttachmentsTest-1574150200 tempest-TaggedAttachmentsTest-1574150200-project-admin] Lock "821bba8f-c81f-4273-9c84-b26ee2ea6226" "released" by "nova.context.set_target_cell..get_or_set_cached_cell_and_set_connections" :: held 0.000s {{(pid=84302) inner /opt/stack/data/venv/lib/python3.12/site-packages/oslo_concurrency/lockutils.py:544}}
Jul 23 10:20:05.031138 np0000005753 devstack@n-api.service[84302]: DEBUG oslo_concurrency.lockutils [None req-683d4d4e-e3b7-4fed-bf5c-87842a420fd2 tempest-TaggedAttachmentsTest-1574150200 tempest-TaggedAttachmentsTest-1574150200-project-admin] Acquiring lock "821bba8f-c81f-4273-9c84-b26ee2ea6226" by "nova.context.set_target_cell..get_or_set_cached_cell_and_set_connections" {{(pid=84302) inner /opt/stack/data/venv/lib/python3.12/site-packages/oslo_concurrency/lockutils.py:512}}
Jul 23 10:20:05.031314 np0000005753 devstack@n-api.service[84302]: DEBUG oslo_concurrency.lockutils [None req-683d4d4e-e3b7-4fed-bf5c-87842a420fd2 tempest-TaggedAttachmentsTest-1574150200 tempest-TaggedAttachmentsTest-1574150200-project-admin] Lock "821bba8f-c81f-4273-9c84-b26ee2ea6226" acquired by "nova.context.set_target_cell..get_or_set_cached_cell_and_set_connections" :: waited 0.000s {{(pid=84302) inner /opt/stack/data/venv/lib/python3.12/site-packages/oslo_concurrency/lockutils.py:525}}
Jul 23 10:20:05.031377 np0000005753 devstack@n-api.service[84302]: DEBUG oslo_concurrency.lockutils [None req-683d4d4e-e3b7-4fed-bf5c-87842a420fd2 tempest-TaggedAttachmentsTest-1574150200 tempest-TaggedAttachmentsTest-1574150200-project-admin] Lock "821bba8f-c81f-4273-9c84-b26ee2ea6226" "released" by "nova.context.set_target_cell..get_or_set_cached_cell_and_set_connections" :: held 0.000s {{(pid=84302) inner /opt/stack/data/venv/lib/python3.12/site-packages/oslo_concurrency/lockutils.py:544}}
Jul 23 10:20:05.094255 np0000005753 devstack@n-api.service[84302]: INFO nova.api.openstack.requestlog [None req-683d4d4e-e3b7-4fed-bf5c-87842a420fd2 tempest-TaggedAttachmentsTest-1574150200 tempest-TaggedAttachmentsTest-1574150200-project-admin] 10.4.3.61 "GET /compute/v2.1/servers/08c428a9-1ed4-4ce5-8bc7-9ae6c91b2848/os-instance-actions/req-2f241777-79f8-42cf-bd9a-88c296cc9503" status: 200 len: 474 microversion: 2.49 time: 0.634532
Jul 23 10:20:05.094760 np0000005753 devstack@n-api.service[84302]: [pid: 84302|app: 0|req: 64/190] 10.4.3.61 () {68 vars in 1571 bytes} [Thu Jul 23 10:20:04 2026] GET /compute/v2.1/servers/08c428a9-1ed4-4ce5-8bc7-9ae6c91b2848/os-instance-actions/req-2f241777-79f8-42cf-bd9a-88c296cc9503 => generated 474 bytes in 635 msecs (HTTP/1.1 200) 9 headers in 359 bytes (1 switches on core 0)
Jul 23 10:20:05.277120 np0000005753 devstack@n-api.service[84304]: DEBUG nova.policy [None req-57c4c4c4-5edf-464c-8c83-f156071ef5ed tempest-AttachVolumeNegativeTest-1140595061 tempest-AttachVolumeNegativeTest-1140595061-project-member] Policy check for os_compute_api:os-extended-server-attributes failed with credentials {'is_admin': False, 'user_id': 'b00c6eae9fd84d6f8777661a4d44bf08', 'user_domain_id': 'default', 'system_scope': None, 'domain_id': None, 'project_id': 'f5addc474f84463b9540c848331e6a4d', 'project_domain_id': 'default', 'roles': ['member', 'reader'], 'is_admin_project': True, 'service_user_id': None, 'service_user_domain_id': None, 'service_project_id': None, 'service_project_domain_id': None, 'service_roles': []} {{(pid=84304) authorize /opt/stack/nova/nova/policy.py:192}}
Jul 23 10:20:05.289964 np0000005753 devstack@n-api.service[84304]: INFO nova.api.openstack.requestlog [None req-57c4c4c4-5edf-464c-8c83-f156071ef5ed tempest-AttachVolumeNegativeTest-1140595061 tempest-AttachVolumeNegativeTest-1140595061-project-member] 10.4.3.61 "GET /compute/v2.1/servers/31ee17f1-2e64-46cd-afa5-83585635d8a6" status: 200 len: 1550 microversion: 2.1 time: 0.336579
Jul 23 10:20:05.290359 np0000005753 devstack@n-api.service[84304]: [pid: 84304|app: 0|req: 60/191] 10.4.3.61 () {66 vars in 1347 bytes} [Thu Jul 23 10:20:04 2026] GET /compute/v2.1/servers/31ee17f1-2e64-46cd-afa5-83585635d8a6 => generated 1550 bytes in 337 msecs (HTTP/1.1 200) 9 headers in 358 bytes (1 switches on core 0)
Jul 23 10:20:05.314118 np0000005753 devstack@n-api.service[84302]: DEBUG nova.api.openstack.wsgi [None req-db5384db-d463-4d3a-bf6c-2d84bf3cb89f tempest-AttachVolumeNegativeTest-1140595061 tempest-AttachVolumeNegativeTest-1140595061-project-member] Calling method '>' {{(pid=84302) _process_stack /opt/stack/nova/nova/api/openstack/wsgi.py:551}}
Jul 23 10:20:05.316103 np0000005753 devstack@n-api.service[84302]: DEBUG nova.compute.api [None req-db5384db-d463-4d3a-bf6c-2d84bf3cb89f tempest-AttachVolumeNegativeTest-1140595061 tempest-AttachVolumeNegativeTest-1140595061-project-member] [instance: 31ee17f1-2e64-46cd-afa5-83585635d8a6] Fetching instance by UUID {{(pid=84302) get /opt/stack/nova/nova/compute/api.py:3068}}
Jul 23 10:20:05.320922 np0000005753 devstack@n-api.service[84302]: DEBUG oslo_concurrency.lockutils [None req-db5384db-d463-4d3a-bf6c-2d84bf3cb89f tempest-AttachVolumeNegativeTest-1140595061 tempest-AttachVolumeNegativeTest-1140595061-project-member] Acquiring lock "821bba8f-c81f-4273-9c84-b26ee2ea6226" by "nova.context.set_target_cell..get_or_set_cached_cell_and_set_connections" {{(pid=84302) inner /opt/stack/data/venv/lib/python3.12/site-packages/oslo_concurrency/lockutils.py:512}}
Jul 23 10:20:05.321269 np0000005753 devstack@n-api.service[84302]: DEBUG oslo_concurrency.lockutils [None req-db5384db-d463-4d3a-bf6c-2d84bf3cb89f tempest-AttachVolumeNegativeTest-1140595061 tempest-AttachVolumeNegativeTest-1140595061-project-member] Lock "821bba8f-c81f-4273-9c84-b26ee2ea6226" acquired by "nova.context.set_target_cell..get_or_set_cached_cell_and_set_connections" :: waited 0.001s {{(pid=84302) inner /opt/stack/data/venv/lib/python3.12/site-packages/oslo_concurrency/lockutils.py:525}}
Jul 23 10:20:05.321451 np0000005753 devstack@n-api.service[84302]: DEBUG oslo_concurrency.lockutils [None req-db5384db-d463-4d3a-bf6c-2d84bf3cb89f tempest-AttachVolumeNegativeTest-1140595061 tempest-AttachVolumeNegativeTest-1140595061-project-member] Lock "821bba8f-c81f-4273-9c84-b26ee2ea6226" "released" by "nova.context.set_target_cell..get_or_set_cached_cell_and_set_connections" :: held 0.000s {{(pid=84302) inner /opt/stack/data/venv/lib/python3.12/site-packages/oslo_concurrency/lockutils.py:544}}
Jul 23 10:20:05.322011 np0000005753 devstack@n-api.service[84302]: DEBUG oslo_concurrency.lockutils [None req-db5384db-d463-4d3a-bf6c-2d84bf3cb89f tempest-AttachVolumeNegativeTest-1140595061 tempest-AttachVolumeNegativeTest-1140595061-project-member] Acquiring lock "821bba8f-c81f-4273-9c84-b26ee2ea6226" by "nova.context.set_target_cell..get_or_set_cached_cell_and_set_connections" {{(pid=84302) inner /opt/stack/data/venv/lib/python3.12/site-packages/oslo_concurrency/lockutils.py:512}}
Jul 23 10:20:05.322716 np0000005753 devstack@n-api.service[84302]: DEBUG oslo_concurrency.lockutils [None req-db5384db-d463-4d3a-bf6c-2d84bf3cb89f tempest-AttachVolumeNegativeTest-1140595061 tempest-AttachVolumeNegativeTest-1140595061-project-member] Lock "821bba8f-c81f-4273-9c84-b26ee2ea6226" acquired by "nova.context.set_target_cell..get_or_set_cached_cell_and_set_connections" :: waited 0.000s {{(pid=84302) inner /opt/stack/data/venv/lib/python3.12/site-packages/oslo_concurrency/lockutils.py:525}}
Jul 23 10:20:05.322716 np0000005753 devstack@n-api.service[84302]: DEBUG oslo_concurrency.lockutils [None req-db5384db-d463-4d3a-bf6c-2d84bf3cb89f tempest-AttachVolumeNegativeTest-1140595061 tempest-AttachVolumeNegativeTest-1140595061-project-member] Lock "821bba8f-c81f-4273-9c84-b26ee2ea6226" "released" by "nova.context.set_target_cell..get_or_set_cached_cell_and_set_connections" :: held 0.000s {{(pid=84302) inner /opt/stack/data/venv/lib/python3.12/site-packages/oslo_concurrency/lockutils.py:544}}
Jul 23 10:20:05.345253 np0000005753 devstack@n-api.service[84302]: WARNING neutronclient.v2_0.client [None req-db5384db-d463-4d3a-bf6c-2d84bf3cb89f tempest-AttachVolumeNegativeTest-1140595061 tempest-AttachVolumeNegativeTest-1140595061-project-member] The python binding code in neutronclient is deprecated in favor of OpenstackSDK, please use that as this will be removed in a future release.
Jul 23 10:20:05.443369 np0000005753 devstack@n-api.service[84302]: INFO nova.api.openstack.requestlog [None req-db5384db-d463-4d3a-bf6c-2d84bf3cb89f tempest-AttachVolumeNegativeTest-1140595061 tempest-AttachVolumeNegativeTest-1140595061-project-member] 10.4.3.61 "GET /compute/v2.1/servers/31ee17f1-2e64-46cd-afa5-83585635d8a6/os-interface" status: 200 len: 283 microversion: 2.1 time: 0.131721
Jul 23 10:20:05.443904 np0000005753 devstack@n-api.service[84302]: [pid: 84302|app: 0|req: 65/192] 10.4.3.61 () {66 vars in 1386 bytes} [Thu Jul 23 10:20:05 2026] GET /compute/v2.1/servers/31ee17f1-2e64-46cd-afa5-83585635d8a6/os-interface => generated 283 bytes in 132 msecs (HTTP/1.1 200) 9 headers in 357 bytes (1 switches on core 0)
Jul 23 10:20:05.472054 np0000005753 devstack@n-api.service[84304]: DEBUG nova.api.openstack.wsgi [None req-1a70ee01-bcd1-4714-8a5c-b242c1302257 tempest-VolumesAssistedSnapshotsTest-1233780009 tempest-VolumesAssistedSnapshotsTest-1233780009-project-admin] Calling method '>' {{(pid=84304) _process_stack /opt/stack/nova/nova/api/openstack/wsgi.py:551}}
Jul 23 10:20:05.476142 np0000005753 devstack@n-api.service[84304]: DEBUG nova.compute.api [None req-1a70ee01-bcd1-4714-8a5c-b242c1302257 tempest-VolumesAssistedSnapshotsTest-1233780009 tempest-VolumesAssistedSnapshotsTest-1233780009-project-admin] [instance: aba38144-d8d3-43b3-8754-ee32fa919ab3] Fetching instance by UUID {{(pid=84304) get /opt/stack/nova/nova/compute/api.py:3068}}
Jul 23 10:20:05.485851 np0000005753 devstack@n-api.service[84304]: DEBUG oslo_concurrency.lockutils [None req-1a70ee01-bcd1-4714-8a5c-b242c1302257 tempest-VolumesAssistedSnapshotsTest-1233780009 tempest-VolumesAssistedSnapshotsTest-1233780009-project-admin] Acquiring lock "821bba8f-c81f-4273-9c84-b26ee2ea6226" by "nova.context.set_target_cell..get_or_set_cached_cell_and_set_connections" {{(pid=84304) inner /opt/stack/data/venv/lib/python3.12/site-packages/oslo_concurrency/lockutils.py:512}}
Jul 23 10:20:05.486094 np0000005753 devstack@n-api.service[84304]: DEBUG oslo_concurrency.lockutils [None req-1a70ee01-bcd1-4714-8a5c-b242c1302257 tempest-VolumesAssistedSnapshotsTest-1233780009 tempest-VolumesAssistedSnapshotsTest-1233780009-project-admin] Lock "821bba8f-c81f-4273-9c84-b26ee2ea6226" acquired by "nova.context.set_target_cell..get_or_set_cached_cell_and_set_connections" :: waited 0.001s {{(pid=84304) inner /opt/stack/data/venv/lib/python3.12/site-packages/oslo_concurrency/lockutils.py:525}}
Jul 23 10:20:05.486331 np0000005753 devstack@n-api.service[84304]: DEBUG oslo_concurrency.lockutils [None req-1a70ee01-bcd1-4714-8a5c-b242c1302257 tempest-VolumesAssistedSnapshotsTest-1233780009 tempest-VolumesAssistedSnapshotsTest-1233780009-project-admin] Lock "821bba8f-c81f-4273-9c84-b26ee2ea6226" "released" by "nova.context.set_target_cell..get_or_set_cached_cell_and_set_connections" :: held 0.000s {{(pid=84304) inner /opt/stack/data/venv/lib/python3.12/site-packages/oslo_concurrency/lockutils.py:544}}
Jul 23 10:20:05.486616 np0000005753 devstack@n-api.service[84304]: DEBUG oslo_concurrency.lockutils [None req-1a70ee01-bcd1-4714-8a5c-b242c1302257 tempest-VolumesAssistedSnapshotsTest-1233780009 tempest-VolumesAssistedSnapshotsTest-1233780009-project-admin] Acquiring lock "821bba8f-c81f-4273-9c84-b26ee2ea6226" by "nova.context.set_target_cell..get_or_set_cached_cell_and_set_connections" {{(pid=84304) inner /opt/stack/data/venv/lib/python3.12/site-packages/oslo_concurrency/lockutils.py:512}}
Jul 23 10:20:05.487385 np0000005753 devstack@n-api.service[84304]: DEBUG oslo_concurrency.lockutils [None req-1a70ee01-bcd1-4714-8a5c-b242c1302257 tempest-VolumesAssistedSnapshotsTest-1233780009 tempest-VolumesAssistedSnapshotsTest-1233780009-project-admin] Lock "821bba8f-c81f-4273-9c84-b26ee2ea6226" acquired by "nova.context.set_target_cell..get_or_set_cached_cell_and_set_connections" :: waited 0.000s {{(pid=84304) inner /opt/stack/data/venv/lib/python3.12/site-packages/oslo_concurrency/lockutils.py:525}}
Jul 23 10:20:05.487385 np0000005753 devstack@n-api.service[84304]: DEBUG oslo_concurrency.lockutils [None req-1a70ee01-bcd1-4714-8a5c-b242c1302257 tempest-VolumesAssistedSnapshotsTest-1233780009 tempest-VolumesAssistedSnapshotsTest-1233780009-project-admin] Lock "821bba8f-c81f-4273-9c84-b26ee2ea6226" "released" by "nova.context.set_target_cell..get_or_set_cached_cell_and_set_connections" :: held 0.000s {{(pid=84304) inner /opt/stack/data/venv/lib/python3.12/site-packages/oslo_concurrency/lockutils.py:544}}
Jul 23 10:20:05.530149 np0000005753 devstack@n-api.service[84302]: DEBUG nova.api.openstack.wsgi [None req-1cf1eba4-26d7-44c2-9cfa-9f565c266820 tempest-ServerActionsTestOtherA-987865112 tempest-ServerActionsTestOtherA-987865112-project-member] Action: 'create', calling method: >, body: {"server": {"name": "tempest-tempest.common.compute-instance-2032156540", "imageRef": "adc3e210-0b00-4673-82e9-6be8c33ac30a", "flavorRef": "42", "networks": [{"uuid": "f344e8a8-d95e-4760-8660-8eaa2103c603"}], "security_groups": [{"name": "tempest-securitygroup--1804560138"}], "key_name": "tempest-keypair-2071917244", "user_data": "IyEvYmluL3NoCmVjaG8gIlByaW50aW5nIGNpcnJvcyB1c2VyIGF1dGhvcml6ZWQga2V5cyIKY2F0IH5jaXJyb3MvLnNzaC9hdXRob3JpemVkX2tleXMgfHwgdHJ1ZQo="}} {{(pid=84302) _process_stack /opt/stack/nova/nova/api/openstack/wsgi.py:549}}
Jul 23 10:20:05.553947 np0000005753 devstack@n-api.service[84304]: INFO nova.api.openstack.requestlog [None req-1a70ee01-bcd1-4714-8a5c-b242c1302257 tempest-VolumesAssistedSnapshotsTest-1233780009 tempest-VolumesAssistedSnapshotsTest-1233780009-project-admin] 10.4.3.61 "GET /compute/v2.1/servers/aba38144-d8d3-43b3-8754-ee32fa919ab3/os-volume_attachments" status: 200 len: 25 microversion: 2.1 time: 0.084373
Jul 23 10:20:05.554316 np0000005753 devstack@n-api.service[84304]: [pid: 84304|app: 0|req: 61/193] 10.4.3.61 () {66 vars in 1413 bytes} [Thu Jul 23 10:20:05 2026] GET /compute/v2.1/servers/aba38144-d8d3-43b3-8754-ee32fa919ab3/os-volume_attachments => generated 25 bytes in 85 msecs (HTTP/1.1 200) 9 headers in 356 bytes (1 switches on core 0)
Jul 23 10:20:05.676797 np0000005753 devstack@n-api.service[84302]: DEBUG oslo_concurrency.lockutils [None req-1cf1eba4-26d7-44c2-9cfa-9f565c266820 tempest-ServerActionsTestOtherA-987865112 tempest-ServerActionsTestOtherA-987865112-project-member] Acquiring lock "00000000-0000-0000-0000-000000000000" by "nova.context.set_target_cell..get_or_set_cached_cell_and_set_connections" {{(pid=84302) inner /opt/stack/data/venv/lib/python3.12/site-packages/oslo_concurrency/lockutils.py:512}}
Jul 23 10:20:05.677397 np0000005753 devstack@n-api.service[84302]: DEBUG oslo_concurrency.lockutils [None req-1cf1eba4-26d7-44c2-9cfa-9f565c266820 tempest-ServerActionsTestOtherA-987865112 tempest-ServerActionsTestOtherA-987865112-project-member] Lock "00000000-0000-0000-0000-000000000000" acquired by "nova.context.set_target_cell..get_or_set_cached_cell_and_set_connections" :: waited 0.001s {{(pid=84302) inner /opt/stack/data/venv/lib/python3.12/site-packages/oslo_concurrency/lockutils.py:525}}
Jul 23 10:20:05.677996 np0000005753 devstack@n-api.service[84302]: DEBUG oslo_concurrency.lockutils [None req-1cf1eba4-26d7-44c2-9cfa-9f565c266820 tempest-ServerActionsTestOtherA-987865112 tempest-ServerActionsTestOtherA-987865112-project-member] Lock "00000000-0000-0000-0000-000000000000" "released" by "nova.context.set_target_cell..get_or_set_cached_cell_and_set_connections" :: held 0.001s {{(pid=84302) inner /opt/stack/data/venv/lib/python3.12/site-packages/oslo_concurrency/lockutils.py:544}}
Jul 23 10:20:05.679354 np0000005753 devstack@n-api.service[84302]: DEBUG oslo_concurrency.lockutils [None req-1cf1eba4-26d7-44c2-9cfa-9f565c266820 tempest-ServerActionsTestOtherA-987865112 tempest-ServerActionsTestOtherA-987865112-project-member] Acquiring lock "821bba8f-c81f-4273-9c84-b26ee2ea6226" by "nova.context.set_target_cell..get_or_set_cached_cell_and_set_connections" {{(pid=84302) inner /opt/stack/data/venv/lib/python3.12/site-packages/oslo_concurrency/lockutils.py:512}}
Jul 23 10:20:05.679909 np0000005753 devstack@n-api.service[84302]: DEBUG oslo_concurrency.lockutils [None req-1cf1eba4-26d7-44c2-9cfa-9f565c266820 tempest-ServerActionsTestOtherA-987865112 tempest-ServerActionsTestOtherA-987865112-project-member] Lock "821bba8f-c81f-4273-9c84-b26ee2ea6226" acquired by "nova.context.set_target_cell..get_or_set_cached_cell_and_set_connections" :: waited 0.001s {{(pid=84302) inner /opt/stack/data/venv/lib/python3.12/site-packages/oslo_concurrency/lockutils.py:525}}
Jul 23 10:20:05.680477 np0000005753 devstack@n-api.service[84302]: DEBUG oslo_concurrency.lockutils [None req-1cf1eba4-26d7-44c2-9cfa-9f565c266820 tempest-ServerActionsTestOtherA-987865112 tempest-ServerActionsTestOtherA-987865112-project-member] Lock "821bba8f-c81f-4273-9c84-b26ee2ea6226" "released" by "nova.context.set_target_cell..get_or_set_cached_cell_and_set_connections" :: held 0.000s {{(pid=84302) inner /opt/stack/data/venv/lib/python3.12/site-packages/oslo_concurrency/lockutils.py:544}}
Jul 23 10:20:05.692724 np0000005753 devstack@n-api.service[84302]: WARNING neutronclient.v2_0.client [None req-1cf1eba4-26d7-44c2-9cfa-9f565c266820 tempest-ServerActionsTestOtherA-987865112 tempest-ServerActionsTestOtherA-987865112-project-member] The python binding code in neutronclient is deprecated in favor of OpenstackSDK, please use that as this will be removed in a future release.
Jul 23 10:20:05.727594 np0000005753 devstack@n-api.service[84303]: WARNING neutronclient.v2_0.client [None req-22c0bcf0-5537-470b-a945-83ff61243b0a tempest-TaggedBootDevicesTest_v242-624312070 tempest-TaggedBootDevicesTest_v242-624312070-project-member] The python binding code in neutronclient is deprecated in favor of OpenstackSDK, please use that as this will be removed in a future release.
Jul 23 10:20:05.770373 np0000005753 devstack@n-api.service[84302]: DEBUG nova.network.neutron [None req-1cf1eba4-26d7-44c2-9cfa-9f565c266820 tempest-ServerActionsTestOtherA-987865112 tempest-ServerActionsTestOtherA-987865112-project-member] validate_networks() for [('f344e8a8-d95e-4760-8660-8eaa2103c603', None, None, None, None, None)] {{(pid=84302) validate_networks /opt/stack/nova/nova/network/neutron.py:2686}}
Jul 23 10:20:05.771237 np0000005753 devstack@n-api.service[84302]: WARNING neutronclient.v2_0.client [None req-1cf1eba4-26d7-44c2-9cfa-9f565c266820 tempest-ServerActionsTestOtherA-987865112 tempest-ServerActionsTestOtherA-987865112-project-member] The python binding code in neutronclient is deprecated in favor of OpenstackSDK, please use that as this will be removed in a future release.
Jul 23 10:20:06.113937 np0000005753 devstack@n-api.service[84304]: DEBUG nova.api.openstack.wsgi [None req-33a9ccf6-7c51-4e7c-84c0-8204cf548d25 tempest-TaggedAttachmentsTest-1574150200 tempest-TaggedAttachmentsTest-1574150200-project-admin] Calling method '>' {{(pid=84304) _process_stack /opt/stack/nova/nova/api/openstack/wsgi.py:551}}
Jul 23 10:20:06.115972 np0000005753 devstack@n-api.service[84304]: DEBUG nova.compute.api [None req-33a9ccf6-7c51-4e7c-84c0-8204cf548d25 tempest-TaggedAttachmentsTest-1574150200 tempest-TaggedAttachmentsTest-1574150200-project-admin] [instance: 08c428a9-1ed4-4ce5-8bc7-9ae6c91b2848] Fetching instance by UUID {{(pid=84304) get /opt/stack/nova/nova/compute/api.py:3068}}
Jul 23 10:20:06.123826 np0000005753 devstack@n-api.service[84304]: DEBUG oslo_concurrency.lockutils [None req-33a9ccf6-7c51-4e7c-84c0-8204cf548d25 tempest-TaggedAttachmentsTest-1574150200 tempest-TaggedAttachmentsTest-1574150200-project-admin] Acquiring lock "821bba8f-c81f-4273-9c84-b26ee2ea6226" by "nova.context.set_target_cell..get_or_set_cached_cell_and_set_connections" {{(pid=84304) inner /opt/stack/data/venv/lib/python3.12/site-packages/oslo_concurrency/lockutils.py:512}}
Jul 23 10:20:06.124152 np0000005753 devstack@n-api.service[84304]: DEBUG oslo_concurrency.lockutils [None req-33a9ccf6-7c51-4e7c-84c0-8204cf548d25 tempest-TaggedAttachmentsTest-1574150200 tempest-TaggedAttachmentsTest-1574150200-project-admin] Lock "821bba8f-c81f-4273-9c84-b26ee2ea6226" acquired by "nova.context.set_target_cell..get_or_set_cached_cell_and_set_connections" :: waited 0.001s {{(pid=84304) inner /opt/stack/data/venv/lib/python3.12/site-packages/oslo_concurrency/lockutils.py:525}}
Jul 23 10:20:06.124375 np0000005753 devstack@n-api.service[84304]: DEBUG oslo_concurrency.lockutils [None req-33a9ccf6-7c51-4e7c-84c0-8204cf548d25 tempest-TaggedAttachmentsTest-1574150200 tempest-TaggedAttachmentsTest-1574150200-project-admin] Lock "821bba8f-c81f-4273-9c84-b26ee2ea6226" "released" by "nova.context.set_target_cell..get_or_set_cached_cell_and_set_connections" :: held 0.000s {{(pid=84304) inner /opt/stack/data/venv/lib/python3.12/site-packages/oslo_concurrency/lockutils.py:544}}
Jul 23 10:20:06.124820 np0000005753 devstack@n-api.service[84304]: DEBUG oslo_concurrency.lockutils [None req-33a9ccf6-7c51-4e7c-84c0-8204cf548d25 tempest-TaggedAttachmentsTest-1574150200 tempest-TaggedAttachmentsTest-1574150200-project-admin] Acquiring lock "821bba8f-c81f-4273-9c84-b26ee2ea6226" by "nova.context.set_target_cell..get_or_set_cached_cell_and_set_connections" {{(pid=84304) inner /opt/stack/data/venv/lib/python3.12/site-packages/oslo_concurrency/lockutils.py:512}}
Jul 23 10:20:06.125010 np0000005753 devstack@n-api.service[84304]: DEBUG oslo_concurrency.lockutils [None req-33a9ccf6-7c51-4e7c-84c0-8204cf548d25 tempest-TaggedAttachmentsTest-1574150200 tempest-TaggedAttachmentsTest-1574150200-project-admin] Lock "821bba8f-c81f-4273-9c84-b26ee2ea6226" acquired by "nova.context.set_target_cell..get_or_set_cached_cell_and_set_connections" :: waited 0.000s {{(pid=84304) inner /opt/stack/data/venv/lib/python3.12/site-packages/oslo_concurrency/lockutils.py:525}}
Jul 23 10:20:06.126573 np0000005753 devstack@n-api.service[84304]: DEBUG oslo_concurrency.lockutils [None req-33a9ccf6-7c51-4e7c-84c0-8204cf548d25 tempest-TaggedAttachmentsTest-1574150200 tempest-TaggedAttachmentsTest-1574150200-project-admin] Lock "821bba8f-c81f-4273-9c84-b26ee2ea6226" "released" by "nova.context.set_target_cell..get_or_set_cached_cell_and_set_connections" :: held 0.000s {{(pid=84304) inner /opt/stack/data/venv/lib/python3.12/site-packages/oslo_concurrency/lockutils.py:544}}
Jul 23 10:20:06.164154 np0000005753 devstack@n-api.service[84302]: WARNING neutronclient.v2_0.client [None req-1cf1eba4-26d7-44c2-9cfa-9f565c266820 tempest-ServerActionsTestOtherA-987865112 tempest-ServerActionsTestOtherA-987865112-project-member] The python binding code in neutronclient is deprecated in favor of OpenstackSDK, please use that as this will be removed in a future release.
Jul 23 10:20:06.217861 np0000005753 devstack@n-api.service[84304]: INFO nova.api.openstack.requestlog [None req-33a9ccf6-7c51-4e7c-84c0-8204cf548d25 tempest-TaggedAttachmentsTest-1574150200 tempest-TaggedAttachmentsTest-1574150200-project-admin] 10.4.3.61 "GET /compute/v2.1/servers/08c428a9-1ed4-4ce5-8bc7-9ae6c91b2848/os-instance-actions/req-2f241777-79f8-42cf-bd9a-88c296cc9503" status: 200 len: 474 microversion: 2.49 time: 0.111390
Jul 23 10:20:06.219526 np0000005753 devstack@n-api.service[84304]: [pid: 84304|app: 0|req: 62/194] 10.4.3.61 () {68 vars in 1571 bytes} [Thu Jul 23 10:20:06 2026] GET /compute/v2.1/servers/08c428a9-1ed4-4ce5-8bc7-9ae6c91b2848/os-instance-actions/req-2f241777-79f8-42cf-bd9a-88c296cc9503 => generated 474 bytes in 113 msecs (HTTP/1.1 200) 9 headers in 359 bytes (1 switches on core 0)
Jul 23 10:20:06.229264 np0000005753 devstack@n-api.service[84304]: DEBUG nova.api.openstack.wsgi [req-2c9eeebb-388d-4408-bcdd-887bd39be3f3 req-f9bdcfd1-9c52-4aa2-8eef-c3b4df2c3f36 service nova] Action: 'create', calling method: >, body: {"events": [{"server_uuid": "08c428a9-1ed4-4ce5-8bc7-9ae6c91b2848", "name": "network-vif-unplugged", "status": "completed", "tag": "99eaef59-fd97-4841-9919-6fe499f9af8b"}]} {{(pid=84304) _process_stack /opt/stack/nova/nova/api/openstack/wsgi.py:549}}
Jul 23 10:20:06.241815 np0000005753 devstack@n-api.service[84304]: DEBUG oslo_concurrency.lockutils [req-2c9eeebb-388d-4408-bcdd-887bd39be3f3 req-f9bdcfd1-9c52-4aa2-8eef-c3b4df2c3f36 service nova] Acquiring lock "821bba8f-c81f-4273-9c84-b26ee2ea6226" by "nova.context.set_target_cell..get_or_set_cached_cell_and_set_connections" {{(pid=84304) inner /opt/stack/data/venv/lib/python3.12/site-packages/oslo_concurrency/lockutils.py:512}}
Jul 23 10:20:06.241994 np0000005753 devstack@n-api.service[84304]: DEBUG oslo_concurrency.lockutils [req-2c9eeebb-388d-4408-bcdd-887bd39be3f3 req-f9bdcfd1-9c52-4aa2-8eef-c3b4df2c3f36 service nova] Lock "821bba8f-c81f-4273-9c84-b26ee2ea6226" acquired by "nova.context.set_target_cell..get_or_set_cached_cell_and_set_connections" :: waited 0.000s {{(pid=84304) inner /opt/stack/data/venv/lib/python3.12/site-packages/oslo_concurrency/lockutils.py:525}}
Jul 23 10:20:06.242099 np0000005753 devstack@n-api.service[84304]: DEBUG oslo_concurrency.lockutils [req-2c9eeebb-388d-4408-bcdd-887bd39be3f3 req-f9bdcfd1-9c52-4aa2-8eef-c3b4df2c3f36 service nova] Lock "821bba8f-c81f-4273-9c84-b26ee2ea6226" "released" by "nova.context.set_target_cell..get_or_set_cached_cell_and_set_connections" :: held 0.000s {{(pid=84304) inner /opt/stack/data/venv/lib/python3.12/site-packages/oslo_concurrency/lockutils.py:544}}
Jul 23 10:20:06.259946 np0000005753 devstack@n-api.service[84304]: INFO nova.api.openstack.compute.server_external_events [req-2c9eeebb-388d-4408-bcdd-887bd39be3f3 req-f9bdcfd1-9c52-4aa2-8eef-c3b4df2c3f36 service nova] Creating event network-vif-unplugged:99eaef59-fd97-4841-9919-6fe499f9af8b for instance 08c428a9-1ed4-4ce5-8bc7-9ae6c91b2848 on np0000005753
Jul 23 10:20:06.259946 np0000005753 devstack@n-api.service[84304]: DEBUG nova.compute.rpcapi [req-2c9eeebb-388d-4408-bcdd-887bd39be3f3 req-f9bdcfd1-9c52-4aa2-8eef-c3b4df2c3f36 service nova] RPC: Sending the message to topic: compute-alt {{(pid=84304) prepare_for_alt_rpcserver /opt/stack/nova/nova/compute/rpcapi.py:595}}
Jul 23 10:20:06.264389 np0000005753 devstack@n-api.service[84304]: INFO nova.api.openstack.requestlog [req-2c9eeebb-388d-4408-bcdd-887bd39be3f3 req-f9bdcfd1-9c52-4aa2-8eef-c3b4df2c3f36 service nova] 10.4.3.61 "POST /compute/v2.1/os-server-external-events" status: 200 len: 185 microversion: 2.1 time: 0.044188
Jul 23 10:20:06.265368 np0000005753 devstack@n-api.service[84304]: [pid: 84304|app: 0|req: 63/195] 10.4.3.61 () {72 vars in 1425 bytes} [Thu Jul 23 10:20:06 2026] POST /compute/v2.1/os-server-external-events => generated 185 bytes in 45 msecs (HTTP/1.1 200) 9 headers in 357 bytes (1 switches on core 0)
Jul 23 10:20:06.268602 np0000005753 devstack@n-api.service[84304]: DEBUG nova.api.openstack.wsgi [None req-c3aaaa82-8e86-4487-b980-b60d53648f70 tempest-AttachSCSIVolumeTestJSON-99361132 tempest-AttachSCSIVolumeTestJSON-99361132-project-reader] Calling method '>' {{(pid=84304) _process_stack /opt/stack/nova/nova/api/openstack/wsgi.py:551}}
Jul 23 10:20:06.270889 np0000005753 devstack@n-api.service[84304]: DEBUG nova.compute.api [None req-c3aaaa82-8e86-4487-b980-b60d53648f70 tempest-AttachSCSIVolumeTestJSON-99361132 tempest-AttachSCSIVolumeTestJSON-99361132-project-reader] [instance: 5a414887-9e6e-4f46-adb4-0cbf288d221d] Fetching instance by UUID {{(pid=84304) get /opt/stack/nova/nova/compute/api.py:3068}}
Jul 23 10:20:06.274947 np0000005753 devstack@n-api.service[84304]: DEBUG oslo_concurrency.lockutils [None req-c3aaaa82-8e86-4487-b980-b60d53648f70 tempest-AttachSCSIVolumeTestJSON-99361132 tempest-AttachSCSIVolumeTestJSON-99361132-project-reader] Acquiring lock "821bba8f-c81f-4273-9c84-b26ee2ea6226" by "nova.context.set_target_cell..get_or_set_cached_cell_and_set_connections" {{(pid=84304) inner /opt/stack/data/venv/lib/python3.12/site-packages/oslo_concurrency/lockutils.py:512}}
Jul 23 10:20:06.275210 np0000005753 devstack@n-api.service[84304]: DEBUG oslo_concurrency.lockutils [None req-c3aaaa82-8e86-4487-b980-b60d53648f70 tempest-AttachSCSIVolumeTestJSON-99361132 tempest-AttachSCSIVolumeTestJSON-99361132-project-reader] Lock "821bba8f-c81f-4273-9c84-b26ee2ea6226" acquired by "nova.context.set_target_cell..get_or_set_cached_cell_and_set_connections" :: waited 0.000s {{(pid=84304) inner /opt/stack/data/venv/lib/python3.12/site-packages/oslo_concurrency/lockutils.py:525}}
Jul 23 10:20:06.275400 np0000005753 devstack@n-api.service[84304]: DEBUG oslo_concurrency.lockutils [None req-c3aaaa82-8e86-4487-b980-b60d53648f70 tempest-AttachSCSIVolumeTestJSON-99361132 tempest-AttachSCSIVolumeTestJSON-99361132-project-reader] Lock "821bba8f-c81f-4273-9c84-b26ee2ea6226" "released" by "nova.context.set_target_cell..get_or_set_cached_cell_and_set_connections" :: held 0.000s {{(pid=84304) inner /opt/stack/data/venv/lib/python3.12/site-packages/oslo_concurrency/lockutils.py:544}}
Jul 23 10:20:06.275760 np0000005753 devstack@n-api.service[84304]: DEBUG oslo_concurrency.lockutils [None req-c3aaaa82-8e86-4487-b980-b60d53648f70 tempest-AttachSCSIVolumeTestJSON-99361132 tempest-AttachSCSIVolumeTestJSON-99361132-project-reader] Acquiring lock "821bba8f-c81f-4273-9c84-b26ee2ea6226" by "nova.context.set_target_cell..get_or_set_cached_cell_and_set_connections" {{(pid=84304) inner /opt/stack/data/venv/lib/python3.12/site-packages/oslo_concurrency/lockutils.py:512}}
Jul 23 10:20:06.275911 np0000005753 devstack@n-api.service[84304]: DEBUG oslo_concurrency.lockutils [None req-c3aaaa82-8e86-4487-b980-b60d53648f70 tempest-AttachSCSIVolumeTestJSON-99361132 tempest-AttachSCSIVolumeTestJSON-99361132-project-reader] Lock "821bba8f-c81f-4273-9c84-b26ee2ea6226" acquired by "nova.context.set_target_cell..get_or_set_cached_cell_and_set_connections" :: waited 0.000s {{(pid=84304) inner /opt/stack/data/venv/lib/python3.12/site-packages/oslo_concurrency/lockutils.py:525}}
Jul 23 10:20:06.276084 np0000005753 devstack@n-api.service[84304]: DEBUG oslo_concurrency.lockutils [None req-c3aaaa82-8e86-4487-b980-b60d53648f70 tempest-AttachSCSIVolumeTestJSON-99361132 tempest-AttachSCSIVolumeTestJSON-99361132-project-reader] Lock "821bba8f-c81f-4273-9c84-b26ee2ea6226" "released" by "nova.context.set_target_cell..get_or_set_cached_cell_and_set_connections" :: held 0.000s {{(pid=84304) inner /opt/stack/data/venv/lib/python3.12/site-packages/oslo_concurrency/lockutils.py:544}}
Jul 23 10:20:06.319836 np0000005753 devstack@n-api.service[84304]: INFO nova.api.openstack.requestlog [None req-c3aaaa82-8e86-4487-b980-b60d53648f70 tempest-AttachSCSIVolumeTestJSON-99361132 tempest-AttachSCSIVolumeTestJSON-99361132-project-reader] 10.4.3.61 "GET /compute/v2.1/servers/5a414887-9e6e-4f46-adb4-0cbf288d221d/os-volume_attachments" status: 200 len: 197 microversion: 2.1 time: 0.053941
Jul 23 10:20:06.320245 np0000005753 devstack@n-api.service[84304]: [pid: 84304|app: 0|req: 64/196] 10.4.3.61 () {66 vars in 1413 bytes} [Thu Jul 23 10:20:06 2026] GET /compute/v2.1/servers/5a414887-9e6e-4f46-adb4-0cbf288d221d/os-volume_attachments => generated 197 bytes in 55 msecs (HTTP/1.1 200) 9 headers in 357 bytes (1 switches on core 0)
Jul 23 10:20:06.332868 np0000005753 devstack@n-api.service[84304]: DEBUG nova.api.openstack.wsgi [None req-46469e1b-4fc9-448e-a23b-aa0fdca3b80a tempest-AttachSCSIVolumeTestJSON-99361132 tempest-AttachSCSIVolumeTestJSON-99361132-project-member] Calling method '>' {{(pid=84304) _process_stack /opt/stack/nova/nova/api/openstack/wsgi.py:551}}
Jul 23 10:20:06.333093 np0000005753 devstack@n-api.service[84304]: DEBUG nova.compute.api [None req-46469e1b-4fc9-448e-a23b-aa0fdca3b80a tempest-AttachSCSIVolumeTestJSON-99361132 tempest-AttachSCSIVolumeTestJSON-99361132-project-member] [instance: 5a414887-9e6e-4f46-adb4-0cbf288d221d] Fetching instance by UUID {{(pid=84304) get /opt/stack/nova/nova/compute/api.py:3068}}
Jul 23 10:20:06.340982 np0000005753 devstack@n-api.service[84304]: DEBUG oslo_concurrency.lockutils [None req-46469e1b-4fc9-448e-a23b-aa0fdca3b80a tempest-AttachSCSIVolumeTestJSON-99361132 tempest-AttachSCSIVolumeTestJSON-99361132-project-member] Acquiring lock "821bba8f-c81f-4273-9c84-b26ee2ea6226" by "nova.context.set_target_cell..get_or_set_cached_cell_and_set_connections" {{(pid=84304) inner /opt/stack/data/venv/lib/python3.12/site-packages/oslo_concurrency/lockutils.py:512}}
Jul 23 10:20:06.342107 np0000005753 devstack@n-api.service[84304]: DEBUG oslo_concurrency.lockutils [None req-46469e1b-4fc9-448e-a23b-aa0fdca3b80a tempest-AttachSCSIVolumeTestJSON-99361132 tempest-AttachSCSIVolumeTestJSON-99361132-project-member] Lock "821bba8f-c81f-4273-9c84-b26ee2ea6226" acquired by "nova.context.set_target_cell..get_or_set_cached_cell_and_set_connections" :: waited 0.000s {{(pid=84304) inner /opt/stack/data/venv/lib/python3.12/site-packages/oslo_concurrency/lockutils.py:525}}
Jul 23 10:20:06.342107 np0000005753 devstack@n-api.service[84304]: DEBUG oslo_concurrency.lockutils [None req-46469e1b-4fc9-448e-a23b-aa0fdca3b80a tempest-AttachSCSIVolumeTestJSON-99361132 tempest-AttachSCSIVolumeTestJSON-99361132-project-member] Lock "821bba8f-c81f-4273-9c84-b26ee2ea6226" "released" by "nova.context.set_target_cell..get_or_set_cached_cell_and_set_connections" :: held 0.000s {{(pid=84304) inner /opt/stack/data/venv/lib/python3.12/site-packages/oslo_concurrency/lockutils.py:544}}
Jul 23 10:20:06.342107 np0000005753 devstack@n-api.service[84304]: DEBUG oslo_concurrency.lockutils [None req-46469e1b-4fc9-448e-a23b-aa0fdca3b80a tempest-AttachSCSIVolumeTestJSON-99361132 tempest-AttachSCSIVolumeTestJSON-99361132-project-member] Acquiring lock "821bba8f-c81f-4273-9c84-b26ee2ea6226" by "nova.context.set_target_cell..get_or_set_cached_cell_and_set_connections" {{(pid=84304) inner /opt/stack/data/venv/lib/python3.12/site-packages/oslo_concurrency/lockutils.py:512}}
Jul 23 10:20:06.342107 np0000005753 devstack@n-api.service[84304]: DEBUG oslo_concurrency.lockutils [None req-46469e1b-4fc9-448e-a23b-aa0fdca3b80a tempest-AttachSCSIVolumeTestJSON-99361132 tempest-AttachSCSIVolumeTestJSON-99361132-project-member] Lock "821bba8f-c81f-4273-9c84-b26ee2ea6226" acquired by "nova.context.set_target_cell..get_or_set_cached_cell_and_set_connections" :: waited 0.000s {{(pid=84304) inner /opt/stack/data/venv/lib/python3.12/site-packages/oslo_concurrency/lockutils.py:525}}
Jul 23 10:20:06.342329 np0000005753 devstack@n-api.service[84304]: DEBUG oslo_concurrency.lockutils [None req-46469e1b-4fc9-448e-a23b-aa0fdca3b80a tempest-AttachSCSIVolumeTestJSON-99361132 tempest-AttachSCSIVolumeTestJSON-99361132-project-member] Lock "821bba8f-c81f-4273-9c84-b26ee2ea6226" "released" by "nova.context.set_target_cell..get_or_set_cached_cell_and_set_connections" :: held 0.000s {{(pid=84304) inner /opt/stack/data/venv/lib/python3.12/site-packages/oslo_concurrency/lockutils.py:544}}
Jul 23 10:20:06.410368 np0000005753 devstack@n-api.service[84302]: DEBUG nova.virt.hardware [None req-1cf1eba4-26d7-44c2-9cfa-9f565c266820 tempest-ServerActionsTestOtherA-987865112 tempest-ServerActionsTestOtherA-987865112-project-member] Flavor limits 0:0:0 {{(pid=84302) get_cpu_topology_constraints /opt/stack/nova/nova/virt/hardware.py:516}}
Jul 23 10:20:06.412192 np0000005753 devstack@n-api.service[84302]: DEBUG nova.virt.hardware [None req-1cf1eba4-26d7-44c2-9cfa-9f565c266820 tempest-ServerActionsTestOtherA-987865112 tempest-ServerActionsTestOtherA-987865112-project-member] Image limits 0:0:0 {{(pid=84302) get_cpu_topology_constraints /opt/stack/nova/nova/virt/hardware.py:520}}
Jul 23 10:20:06.412192 np0000005753 devstack@n-api.service[84302]: DEBUG nova.virt.hardware [None req-1cf1eba4-26d7-44c2-9cfa-9f565c266820 tempest-ServerActionsTestOtherA-987865112 tempest-ServerActionsTestOtherA-987865112-project-member] Flavor pref 0:0:0 {{(pid=84302) get_cpu_topology_constraints /opt/stack/nova/nova/virt/hardware.py:556}}
Jul 23 10:20:06.412192 np0000005753 devstack@n-api.service[84302]: DEBUG nova.virt.hardware [None req-1cf1eba4-26d7-44c2-9cfa-9f565c266820 tempest-ServerActionsTestOtherA-987865112 tempest-ServerActionsTestOtherA-987865112-project-member] Image pref 0:0:0 {{(pid=84302) get_cpu_topology_constraints /opt/stack/nova/nova/virt/hardware.py:560}}
Jul 23 10:20:06.413000 np0000005753 devstack@n-api.service[84302]: DEBUG nova.virt.hardware [None req-1cf1eba4-26d7-44c2-9cfa-9f565c266820 tempest-ServerActionsTestOtherA-987865112 tempest-ServerActionsTestOtherA-987865112-project-member] Chose sockets=0, cores=0, threads=0; limits were sockets=65536, cores=65536, threads=65536 {{(pid=84302) get_cpu_topology_constraints /opt/stack/nova/nova/virt/hardware.py:598}}
Jul 23 10:20:06.417835 np0000005753 devstack@n-api.service[84304]: DEBUG nova.objects.instance [None req-46469e1b-4fc9-448e-a23b-aa0fdca3b80a tempest-AttachSCSIVolumeTestJSON-99361132 tempest-AttachSCSIVolumeTestJSON-99361132-project-member] Lazy-loading 'services' on Instance uuid 5a414887-9e6e-4f46-adb4-0cbf288d221d {{(pid=84304) obj_load_attr /opt/stack/nova/nova/objects/instance.py:1148}}
Jul 23 10:20:06.421349 np0000005753 devstack@n-api.service[84302]: DEBUG oslo_concurrency.lockutils [None req-1cf1eba4-26d7-44c2-9cfa-9f565c266820 tempest-ServerActionsTestOtherA-987865112 tempest-ServerActionsTestOtherA-987865112-project-member] Acquiring lock "00000000-0000-0000-0000-000000000000" by "nova.context.set_target_cell..get_or_set_cached_cell_and_set_connections" {{(pid=84302) inner /opt/stack/data/venv/lib/python3.12/site-packages/oslo_concurrency/lockutils.py:512}}
Jul 23 10:20:06.421614 np0000005753 devstack@n-api.service[84302]: DEBUG oslo_concurrency.lockutils [None req-1cf1eba4-26d7-44c2-9cfa-9f565c266820 tempest-ServerActionsTestOtherA-987865112 tempest-ServerActionsTestOtherA-987865112-project-member] Lock "00000000-0000-0000-0000-000000000000" acquired by "nova.context.set_target_cell..get_or_set_cached_cell_and_set_connections" :: waited 0.000s {{(pid=84302) inner /opt/stack/data/venv/lib/python3.12/site-packages/oslo_concurrency/lockutils.py:525}}
Jul 23 10:20:06.421838 np0000005753 devstack@n-api.service[84302]: DEBUG oslo_concurrency.lockutils [None req-1cf1eba4-26d7-44c2-9cfa-9f565c266820 tempest-ServerActionsTestOtherA-987865112 tempest-ServerActionsTestOtherA-987865112-project-member] Lock "00000000-0000-0000-0000-000000000000" "released" by "nova.context.set_target_cell..get_or_set_cached_cell_and_set_connections" :: held 0.000s {{(pid=84302) inner /opt/stack/data/venv/lib/python3.12/site-packages/oslo_concurrency/lockutils.py:544}}
Jul 23 10:20:06.422446 np0000005753 devstack@n-api.service[84302]: DEBUG oslo_concurrency.lockutils [None req-1cf1eba4-26d7-44c2-9cfa-9f565c266820 tempest-ServerActionsTestOtherA-987865112 tempest-ServerActionsTestOtherA-987865112-project-member] Acquiring lock "821bba8f-c81f-4273-9c84-b26ee2ea6226" by "nova.context.set_target_cell..get_or_set_cached_cell_and_set_connections" {{(pid=84302) inner /opt/stack/data/venv/lib/python3.12/site-packages/oslo_concurrency/lockutils.py:512}}
Jul 23 10:20:06.422670 np0000005753 devstack@n-api.service[84302]: DEBUG oslo_concurrency.lockutils [None req-1cf1eba4-26d7-44c2-9cfa-9f565c266820 tempest-ServerActionsTestOtherA-987865112 tempest-ServerActionsTestOtherA-987865112-project-member] Lock "821bba8f-c81f-4273-9c84-b26ee2ea6226" acquired by "nova.context.set_target_cell..get_or_set_cached_cell_and_set_connections" :: waited 0.000s {{(pid=84302) inner /opt/stack/data/venv/lib/python3.12/site-packages/oslo_concurrency/lockutils.py:525}}
Jul 23 10:20:06.422880 np0000005753 devstack@n-api.service[84302]: DEBUG oslo_concurrency.lockutils [None req-1cf1eba4-26d7-44c2-9cfa-9f565c266820 tempest-ServerActionsTestOtherA-987865112 tempest-ServerActionsTestOtherA-987865112-project-member] Lock "821bba8f-c81f-4273-9c84-b26ee2ea6226" "released" by "nova.context.set_target_cell..get_or_set_cached_cell_and_set_connections" :: held 0.000s {{(pid=84302) inner /opt/stack/data/venv/lib/python3.12/site-packages/oslo_concurrency/lockutils.py:544}}
Jul 23 10:20:06.439819 np0000005753 devstack@n-api.service[84302]: DEBUG nova.quota [None req-1cf1eba4-26d7-44c2-9cfa-9f565c266820 tempest-ServerActionsTestOtherA-987865112 tempest-ServerActionsTestOtherA-987865112-project-member] Getting quotas for project 3ae736d898514ce19ffc4947fa2e3ea2. Resources: {'cores', 'ram', 'instances'} {{(pid=84302) _get_quotas /opt/stack/nova/nova/quota.py:389}}
Jul 23 10:20:06.443110 np0000005753 devstack@n-api.service[84302]: DEBUG nova.quota [None req-1cf1eba4-26d7-44c2-9cfa-9f565c266820 tempest-ServerActionsTestOtherA-987865112 tempest-ServerActionsTestOtherA-987865112-project-member] Getting quotas for user 19b5107fec1641b2b0c9075b21b08ef6 and project 3ae736d898514ce19ffc4947fa2e3ea2. Resources: {'cores', 'ram', 'instances'} {{(pid=84302) _get_quotas /opt/stack/nova/nova/quota.py:379}}
Jul 23 10:20:06.458363 np0000005753 devstack@n-api.service[84302]: DEBUG nova.compute.api [None req-1cf1eba4-26d7-44c2-9cfa-9f565c266820 tempest-ServerActionsTestOtherA-987865112 tempest-ServerActionsTestOtherA-987865112-project-member] Going to run 1 instances... {{(pid=84302) _provision_instances /opt/stack/nova/nova/compute/api.py:1480}}
Jul 23 10:20:06.460120 np0000005753 devstack@n-api.service[84302]: DEBUG nova.compute.api [None req-1cf1eba4-26d7-44c2-9cfa-9f565c266820 tempest-ServerActionsTestOtherA-987865112 tempest-ServerActionsTestOtherA-987865112-project-member] [instance: 7ea29d74-55d6-4792-bc68-9195498289d4] block_device_mapping [BlockDeviceMapping(attachment_id=,boot_index=0,connection_info=None,created_at=,delete_on_termination=True,deleted=,deleted_at=,destination_type='local',device_name=None,device_type='disk',disk_bus=None,encrypted=False,encryption_format=None,encryption_options=None,encryption_secret_uuid=None,guest_format=None,id=,image_id='adc3e210-0b00-4673-82e9-6be8c33ac30a',instance=,instance_uuid=,no_device=False,snapshot_id=None,source_type='image',tag=None,updated_at=,uuid=,volume_id=None,volume_size=None,volume_type=None)] {{(pid=84302) _bdm_validate_set_size_and_instance /opt/stack/nova/nova/compute/api.py:1942}}
Jul 23 10:20:06.512535 np0000005753 devstack@n-api.service[84304]: INFO nova.api.openstack.requestlog [None req-46469e1b-4fc9-448e-a23b-aa0fdca3b80a tempest-AttachSCSIVolumeTestJSON-99361132 tempest-AttachSCSIVolumeTestJSON-99361132-project-member] 10.4.3.61 "DELETE /compute/v2.1/servers/5a414887-9e6e-4f46-adb4-0cbf288d221d/os-volume_attachments/b45e3bac-6fc6-4608-97d8-d903f84cfaf4" status: 202 len: 0 microversion: 2.1 time: 0.181538
Jul 23 10:20:06.512994 np0000005753 devstack@n-api.service[84304]: [pid: 84304|app: 0|req: 65/197] 10.4.3.61 () {66 vars in 1527 bytes} [Thu Jul 23 10:20:06 2026] DELETE /compute/v2.1/servers/5a414887-9e6e-4f46-adb4-0cbf288d221d/os-volume_attachments/b45e3bac-6fc6-4608-97d8-d903f84cfaf4 => generated 0 bytes in 183 msecs (HTTP/1.1 202) 9 headers in 361 bytes (2 switches on core 0)
Jul 23 10:20:06.536809 np0000005753 devstack@n-api.service[84302]: INFO nova.api.openstack.requestlog [None req-1cf1eba4-26d7-44c2-9cfa-9f565c266820 tempest-ServerActionsTestOtherA-987865112 tempest-ServerActionsTestOtherA-987865112-project-member] 10.4.3.61 "POST /compute/v2.1/servers" status: 202 len: 404 microversion: 2.1 time: 1.012152
Jul 23 10:20:06.537779 np0000005753 devstack@n-api.service[84302]: [pid: 84302|app: 0|req: 66/198] 10.4.3.61 () {68 vars in 1258 bytes} [Thu Jul 23 10:20:05 2026] POST /compute/v2.1/servers => generated 404 bytes in 1013 msecs (HTTP/1.1 202) 10 headers in 450 bytes (1 switches on core 0)
Jul 23 10:20:06.547827 np0000005753 devstack@n-api.service[84304]: DEBUG nova.api.openstack.wsgi [req-ad330624-62b8-42cd-bc48-d61f00b65935 req-87dc7d5a-4aca-4002-a77f-ac18dab535dd service nova] Action: 'create', calling method: >, body: {"events": [{"server_uuid": "08c428a9-1ed4-4ce5-8bc7-9ae6c91b2848", "name": "network-vif-deleted", "tag": "99eaef59-fd97-4841-9919-6fe499f9af8b"}]} {{(pid=84304) _process_stack /opt/stack/nova/nova/api/openstack/wsgi.py:549}}
Jul 23 10:20:06.552839 np0000005753 devstack@n-api.service[84302]: DEBUG nova.api.openstack.wsgi [None req-f93f169a-5c0c-48e6-9e95-d5722ca7cc28 tempest-ServerActionsTestOtherA-987865112 tempest-ServerActionsTestOtherA-987865112-project-member] Calling method '>' {{(pid=84302) _process_stack /opt/stack/nova/nova/api/openstack/wsgi.py:551}}
Jul 23 10:20:06.554439 np0000005753 devstack@n-api.service[84302]: DEBUG nova.compute.api [None req-f93f169a-5c0c-48e6-9e95-d5722ca7cc28 tempest-ServerActionsTestOtherA-987865112 tempest-ServerActionsTestOtherA-987865112-project-member] [instance: 7ea29d74-55d6-4792-bc68-9195498289d4] Fetching instance by UUID {{(pid=84302) get /opt/stack/nova/nova/compute/api.py:3068}}
Jul 23 10:20:06.566687 np0000005753 devstack@n-api.service[84304]: DEBUG oslo_concurrency.lockutils [req-ad330624-62b8-42cd-bc48-d61f00b65935 req-87dc7d5a-4aca-4002-a77f-ac18dab535dd service nova] Acquiring lock "821bba8f-c81f-4273-9c84-b26ee2ea6226" by "nova.context.set_target_cell..get_or_set_cached_cell_and_set_connections" {{(pid=84304) inner /opt/stack/data/venv/lib/python3.12/site-packages/oslo_concurrency/lockutils.py:512}}
Jul 23 10:20:06.570365 np0000005753 devstack@n-api.service[84304]: DEBUG oslo_concurrency.lockutils [req-ad330624-62b8-42cd-bc48-d61f00b65935 req-87dc7d5a-4aca-4002-a77f-ac18dab535dd service nova] Lock "821bba8f-c81f-4273-9c84-b26ee2ea6226" acquired by "nova.context.set_target_cell..get_or_set_cached_cell_and_set_connections" :: waited 0.002s {{(pid=84304) inner /opt/stack/data/venv/lib/python3.12/site-packages/oslo_concurrency/lockutils.py:525}}
Jul 23 10:20:06.571752 np0000005753 devstack@n-api.service[84304]: DEBUG oslo_concurrency.lockutils [req-ad330624-62b8-42cd-bc48-d61f00b65935 req-87dc7d5a-4aca-4002-a77f-ac18dab535dd service nova] Lock "821bba8f-c81f-4273-9c84-b26ee2ea6226" "released" by "nova.context.set_target_cell..get_or_set_cached_cell_and_set_connections" :: held 0.002s {{(pid=84304) inner /opt/stack/data/venv/lib/python3.12/site-packages/oslo_concurrency/lockutils.py:544}}
Jul 23 10:20:06.571938 np0000005753 devstack@n-api.service[84302]: WARNING neutronclient.v2_0.client [None req-f93f169a-5c0c-48e6-9e95-d5722ca7cc28 tempest-ServerActionsTestOtherA-987865112 tempest-ServerActionsTestOtherA-987865112-project-member] The python binding code in neutronclient is deprecated in favor of OpenstackSDK, please use that as this will be removed in a future release.
Jul 23 10:20:06.586868 np0000005753 devstack@n-api.service[84304]: INFO nova.api.openstack.compute.server_external_events [req-ad330624-62b8-42cd-bc48-d61f00b65935 req-87dc7d5a-4aca-4002-a77f-ac18dab535dd service nova] Creating event network-vif-deleted:99eaef59-fd97-4841-9919-6fe499f9af8b for instance 08c428a9-1ed4-4ce5-8bc7-9ae6c91b2848 on np0000005753
Jul 23 10:20:06.587408 np0000005753 devstack@n-api.service[84304]: DEBUG nova.compute.rpcapi [req-ad330624-62b8-42cd-bc48-d61f00b65935 req-87dc7d5a-4aca-4002-a77f-ac18dab535dd service nova] RPC: Sending the message to topic: compute-alt {{(pid=84304) prepare_for_alt_rpcserver /opt/stack/nova/nova/compute/rpcapi.py:595}}
Jul 23 10:20:06.592839 np0000005753 devstack@n-api.service[84304]: INFO nova.api.openstack.requestlog [req-ad330624-62b8-42cd-bc48-d61f00b65935 req-87dc7d5a-4aca-4002-a77f-ac18dab535dd service nova] 10.4.3.61 "POST /compute/v2.1/os-server-external-events" status: 200 len: 183 microversion: 2.1 time: 0.050190
Jul 23 10:20:06.593251 np0000005753 devstack@n-api.service[84304]: [pid: 84304|app: 0|req: 66/199] 10.4.3.61 () {72 vars in 1425 bytes} [Thu Jul 23 10:20:06 2026] POST /compute/v2.1/os-server-external-events => generated 183 bytes in 51 msecs (HTTP/1.1 200) 9 headers in 357 bytes (1 switches on core 0)
Jul 23 10:20:06.644093 np0000005753 devstack@n-api.service[84302]: DEBUG nova.policy [None req-f93f169a-5c0c-48e6-9e95-d5722ca7cc28 tempest-ServerActionsTestOtherA-987865112 tempest-ServerActionsTestOtherA-987865112-project-member] Policy check for os_compute_api:os-extended-server-attributes failed with credentials {'is_admin': False, 'user_id': '19b5107fec1641b2b0c9075b21b08ef6', 'user_domain_id': 'default', 'system_scope': None, 'domain_id': None, 'project_id': '3ae736d898514ce19ffc4947fa2e3ea2', 'project_domain_id': 'default', 'roles': ['member', 'reader'], 'is_admin_project': True, 'service_user_id': None, 'service_user_domain_id': None, 'service_project_id': None, 'service_project_domain_id': None, 'service_roles': []} {{(pid=84302) authorize /opt/stack/nova/nova/policy.py:192}}
Jul 23 10:20:06.660344 np0000005753 devstack@n-api.service[84302]: INFO nova.api.openstack.requestlog [None req-f93f169a-5c0c-48e6-9e95-d5722ca7cc28 tempest-ServerActionsTestOtherA-987865112 tempest-ServerActionsTestOtherA-987865112-project-member] 10.4.3.61 "GET /compute/v2.1/servers/7ea29d74-55d6-4792-bc68-9195498289d4" status: 200 len: 1236 microversion: 2.1 time: 0.109875
Jul 23 10:20:06.660889 np0000005753 devstack@n-api.service[84302]: [pid: 84302|app: 0|req: 67/200] 10.4.3.61 () {66 vars in 1347 bytes} [Thu Jul 23 10:20:06 2026] GET /compute/v2.1/servers/7ea29d74-55d6-4792-bc68-9195498289d4 => generated 1236 bytes in 111 msecs (HTTP/1.1 200) 9 headers in 358 bytes (1 switches on core 0)
Jul 23 10:20:06.786602 np0000005753 devstack@n-api.service[84304]: DEBUG nova.api.openstack.wsgi [None req-b0d52e24-37eb-47e7-83cc-7185e288a6b5 tempest-VolumesAssistedSnapshotsTest-1424119928 tempest-VolumesAssistedSnapshotsTest-1424119928-project-member] Calling method '>' {{(pid=84304) _process_stack /opt/stack/nova/nova/api/openstack/wsgi.py:551}}
