Jul 23 10:22:05.384921 np0000005753 devstack@placement-api.service[90006]: INFO placement.requestlog [req-a3499670-8a65-4daa-8bef-5cd345a746aa req-df271eee-d64c-4a64-ab54-8b11b03b7d64 service nova] 10.4.3.61 "GET /placement/allocations/295070a4-9894-4f1d-96d6-87065c536ae2" status: 200 len: 244 microversion: 1.28
Jul 23 10:22:05.385449 np0000005753 devstack@placement-api.service[90006]: [pid: 90006|app: 0|req: 161/483] 10.4.3.61 () {68 vars in 1492 bytes} [Thu Jul 23 10:22:05 2026] GET /placement/allocations/295070a4-9894-4f1d-96d6-87065c536ae2 => generated 244 bytes in 12 msecs (HTTP/1.1 200) 8 headers in 296 bytes (1 switches on core 0)
Jul 23 10:22:05.444032 np0000005753 devstack@placement-api.service[90005]: DEBUG placement.requestlog [req-a3499670-8a65-4daa-8bef-5cd345a746aa req-86f9c3c1-a0f0-4776-acba-f65e5f7b0c88 None None] Starting request: 10.4.3.61 "GET /placement/allocations/c5ac1f2f-a097-4943-b9d8-68827b99a7c8" {{(pid=90005) __call__ /opt/stack/placement/placement/requestlog.py:55}}
Jul 23 10:22:05.470939 np0000005753 devstack@placement-api.service[90005]: INFO placement.requestlog [req-a3499670-8a65-4daa-8bef-5cd345a746aa req-86f9c3c1-a0f0-4776-acba-f65e5f7b0c88 service nova] 10.4.3.61 "GET /placement/allocations/c5ac1f2f-a097-4943-b9d8-68827b99a7c8" status: 200 len: 244 microversion: 1.28
Jul 23 10:22:05.471778 np0000005753 devstack@placement-api.service[90005]: [pid: 90005|app: 0|req: 164/484] 10.4.3.61 () {68 vars in 1492 bytes} [Thu Jul 23 10:22:05 2026] GET /placement/allocations/c5ac1f2f-a097-4943-b9d8-68827b99a7c8 => generated 244 bytes in 35 msecs (HTTP/1.1 200) 8 headers in 296 bytes (1 switches on core 0)
Jul 23 10:22:07.340723 np0000005753 devstack@placement-api.service[90004]: DEBUG placement.requestlog [None req-316e4f42-4e54-4950-ac70-fc935cd5e36c None None] Starting request: 10.4.3.61 "GET /placement/resource_providers/780f2b66-5a6c-4272-b111-b9195148dacf/aggregates" {{(pid=90004) __call__ /opt/stack/placement/placement/requestlog.py:55}}
Jul 23 10:22:07.361149 np0000005753 devstack@placement-api.service[90006]: DEBUG placement.requestlog [req-defc7d07-6dc8-4528-9b52-eae1cd3b3caf req-018e4395-3476-474c-ae04-b5bffe4a8dea None None] Starting request: 10.4.3.61 "GET /placement/allocation_candidates?limit=1000&resources=DISK_GB%3A1%2CMEMORY_MB%3A192%2CVCPU%3A1&root_required=%21COMPUTE_STATUS_DISABLED" {{(pid=90006) __call__ /opt/stack/placement/placement/requestlog.py:55}}
Jul 23 10:22:07.363916 np0000005753 devstack@placement-api.service[90004]: INFO placement.requestlog [None req-316e4f42-4e54-4950-ac70-fc935cd5e36c service placement] 10.4.3.61 "GET /placement/resource_providers/780f2b66-5a6c-4272-b111-b9195148dacf/aggregates" status: 404 len: 235 microversion: 1.1
Jul 23 10:22:07.364246 np0000005753 devstack@placement-api.service[90004]: [pid: 90004|app: 0|req: 160/485] 10.4.3.61 () {66 vars in 1467 bytes} [Thu Jul 23 10:22:07 2026] GET /placement/resource_providers/780f2b66-5a6c-4272-b111-b9195148dacf/aggregates => generated 235 bytes in 25 msecs (HTTP/1.1 404) 5 headers in 202 bytes (1 switches on core 0)
Jul 23 10:22:07.412802 np0000005753 devstack@placement-api.service[90006]: DEBUG placement.objects.research_context [req-defc7d07-6dc8-4528-9b52-eae1cd3b3caf req-018e4395-3476-474c-ae04-b5bffe4a8dea service nova] getting providers with 1 DISK_GB {{(pid=90006) __init__ /opt/stack/placement/placement/objects/research_context.py:137}}
Jul 23 10:22:07.417372 np0000005753 devstack@placement-api.service[90006]: DEBUG placement.objects.research_context [req-defc7d07-6dc8-4528-9b52-eae1cd3b3caf req-018e4395-3476-474c-ae04-b5bffe4a8dea service nova] getting providers with 192 MEMORY_MB {{(pid=90006) __init__ /opt/stack/placement/placement/objects/research_context.py:137}}
Jul 23 10:22:07.426231 np0000005753 devstack@placement-api.service[90005]: DEBUG placement.requestlog [None req-651fe70d-e63e-40ea-9466-d765d082a58e None None] Starting request: 10.4.3.61 "DELETE /placement/resource_providers/780f2b66-5a6c-4272-b111-b9195148dacf" {{(pid=90005) __call__ /opt/stack/placement/placement/requestlog.py:55}}
Jul 23 10:22:07.428773 np0000005753 devstack@placement-api.service[90006]: DEBUG placement.objects.research_context [req-defc7d07-6dc8-4528-9b52-eae1cd3b3caf req-018e4395-3476-474c-ae04-b5bffe4a8dea service nova] getting providers with 1 VCPU {{(pid=90006) __init__ /opt/stack/placement/placement/objects/research_context.py:137}}
Jul 23 10:22:07.434268 np0000005753 devstack@placement-api.service[90005]: DEBUG placement.wsgi_wrapper [None req-651fe70d-e63e-40ea-9466-d765d082a58e service placement] Placement API returning an error response: No resource provider with uuid 780f2b66-5a6c-4272-b111-b9195148dacf found for delete {{(pid=90005) call_func /opt/stack/placement/placement/wsgi_wrapper.py:31}}
Jul 23 10:22:07.434631 np0000005753 devstack@placement-api.service[90006]: DEBUG placement.objects.research_context [req-defc7d07-6dc8-4528-9b52-eae1cd3b3caf req-018e4395-3476-474c-ae04-b5bffe4a8dea service nova] found 1 providers with available 1 DISK_GB {{(pid=90006) get_provider_ids_matching /opt/stack/placement/placement/objects/research_context.py:563}}
Jul 23 10:22:07.434696 np0000005753 devstack@placement-api.service[90006]: DEBUG placement.objects.research_context [req-defc7d07-6dc8-4528-9b52-eae1cd3b3caf req-018e4395-3476-474c-ae04-b5bffe4a8dea service nova] found 1 providers with available 192 MEMORY_MB {{(pid=90006) get_provider_ids_matching /opt/stack/placement/placement/objects/research_context.py:563}}
Jul 23 10:22:07.435933 np0000005753 devstack@placement-api.service[90006]: DEBUG placement.objects.research_context [req-defc7d07-6dc8-4528-9b52-eae1cd3b3caf req-018e4395-3476-474c-ae04-b5bffe4a8dea service nova] found 1 providers after filtering by previous result {{(pid=90006) get_provider_ids_matching /opt/stack/placement/placement/objects/research_context.py:594}}
Jul 23 10:22:07.435933 np0000005753 devstack@placement-api.service[90006]: DEBUG placement.objects.research_context [req-defc7d07-6dc8-4528-9b52-eae1cd3b3caf req-018e4395-3476-474c-ae04-b5bffe4a8dea service nova] found 1 providers with available 1 VCPU {{(pid=90006) get_provider_ids_matching /opt/stack/placement/placement/objects/research_context.py:563}}
Jul 23 10:22:07.436021 np0000005753 devstack@placement-api.service[90005]: INFO placement.requestlog [None req-651fe70d-e63e-40ea-9466-d765d082a58e service placement] 10.4.3.61 "DELETE /placement/resource_providers/780f2b66-5a6c-4272-b111-b9195148dacf" status: 404 len: 246 microversion: 1.1
Jul 23 10:22:07.436071 np0000005753 devstack@placement-api.service[90006]: DEBUG placement.objects.research_context [req-defc7d07-6dc8-4528-9b52-eae1cd3b3caf req-018e4395-3476-474c-ae04-b5bffe4a8dea service nova] found 1 providers after filtering by previous result {{(pid=90006) get_provider_ids_matching /opt/stack/placement/placement/objects/research_context.py:594}}
Jul 23 10:22:07.436119 np0000005753 devstack@placement-api.service[90005]: [pid: 90005|app: 0|req: 165/486] 10.4.3.61 () {68 vars in 1456 bytes} [Thu Jul 23 10:22:07 2026] DELETE /placement/resource_providers/780f2b66-5a6c-4272-b111-b9195148dacf => generated 246 bytes in 9 msecs (HTTP/1.1 404) 6 headers in 231 bytes (1 switches on core 0)
Jul 23 10:22:07.453627 np0000005753 devstack@placement-api.service[90006]: DEBUG placement.objects.allocation_candidate [req-defc7d07-6dc8-4528-9b52-eae1cd3b3caf req-018e4395-3476-474c-ae04-b5bffe4a8dea service nova] RequestGroup(use_same_provider=False, resources={DISK_GB:1, MEMORY_MB:192, VCPU:1}, traits=(), aggregates=[]) (suffix '') returned 1 matches {{(pid=90006) _get_by_requests /opt/stack/placement/placement/objects/allocation_candidate.py:158}}
Jul 23 10:22:07.454108 np0000005753 devstack@placement-api.service[90006]: DEBUG placement.objects.allocation_candidate [req-defc7d07-6dc8-4528-9b52-eae1cd3b3caf req-018e4395-3476-474c-ae04-b5bffe4a8dea service nova] Merging candidates yields 1 allocation requests and 1 provider summaries {{(pid=90006) _merge_candidates /opt/stack/placement/placement/objects/allocation_candidate.py:908}}
Jul 23 10:22:07.456446 np0000005753 devstack@placement-api.service[90006]: INFO placement.requestlog [req-defc7d07-6dc8-4528-9b52-eae1cd3b3caf req-018e4395-3476-474c-ae04-b5bffe4a8dea service nova] 10.4.3.61 "GET /placement/allocation_candidates?limit=1000&resources=DISK_GB%3A1%2CMEMORY_MB%3A192%2CVCPU%3A1&root_required=%21COMPUTE_STATUS_DISABLED" status: 200 len: 2493 microversion: 1.36
Jul 23 10:22:07.456446 np0000005753 devstack@placement-api.service[90006]: [pid: 90006|app: 0|req: 162/487] 10.4.3.61 () {68 vars in 1618 bytes} [Thu Jul 23 10:22:07 2026] GET /placement/allocation_candidates?limit=1000&resources=DISK_GB%3A1%2CMEMORY_MB%3A192%2CVCPU%3A1&root_required=%21COMPUTE_STATUS_DISABLED => generated 2493 bytes in 96 msecs (HTTP/1.1 200) 8 headers in 297 bytes (1 switches on core 0)
Jul 23 10:22:07.534533 np0000005753 devstack@placement-api.service[90004]: DEBUG placement.requestlog [req-defc7d07-6dc8-4528-9b52-eae1cd3b3caf req-2ecd3556-5dad-4720-acf3-fbff1b1a1c2d None None] Starting request: 10.4.3.61 "GET /placement/allocations/9e95c2b9-d20e-4463-bc9e-023ba4f23e48" {{(pid=90004) __call__ /opt/stack/placement/placement/requestlog.py:55}}
Jul 23 10:22:07.559060 np0000005753 devstack@placement-api.service[90004]: INFO placement.requestlog [req-defc7d07-6dc8-4528-9b52-eae1cd3b3caf req-2ecd3556-5dad-4720-acf3-fbff1b1a1c2d service nova] 10.4.3.61 "GET /placement/allocations/9e95c2b9-d20e-4463-bc9e-023ba4f23e48" status: 200 len: 19 microversion: 1.28
Jul 23 10:22:07.559060 np0000005753 devstack@placement-api.service[90004]: [pid: 90004|app: 0|req: 161/488] 10.4.3.61 () {68 vars in 1494 bytes} [Thu Jul 23 10:22:07 2026] GET /placement/allocations/9e95c2b9-d20e-4463-bc9e-023ba4f23e48 => generated 19 bytes in 26 msecs (HTTP/1.1 200) 8 headers in 295 bytes (1 switches on core 0)
Jul 23 10:22:07.611318 np0000005753 devstack@placement-api.service[90005]: DEBUG placement.requestlog [req-defc7d07-6dc8-4528-9b52-eae1cd3b3caf req-2d72c258-b7f8-49c3-8eb3-3ce8197b898a None None] Starting request: 10.4.3.61 "PUT /placement/allocations/9e95c2b9-d20e-4463-bc9e-023ba4f23e48" {{(pid=90005) __call__ /opt/stack/placement/placement/requestlog.py:55}}
Jul 23 10:22:07.714414 np0000005753 devstack@placement-api.service[90005]: DEBUG placement.handlers.allocation [req-defc7d07-6dc8-4528-9b52-eae1cd3b3caf req-2d72c258-b7f8-49c3-8eb3-3ce8197b898a service nova] Successfully wrote allocations [, , ] {{(pid=90005) _update_consumers_and_create_allocations /opt/stack/placement/placement/handlers/allocation.py:462}}
Jul 23 10:22:07.729679 np0000005753 devstack@placement-api.service[90005]: INFO placement.requestlog [req-defc7d07-6dc8-4528-9b52-eae1cd3b3caf req-2d72c258-b7f8-49c3-8eb3-3ce8197b898a service nova] 10.4.3.61 "PUT /placement/allocations/9e95c2b9-d20e-4463-bc9e-023ba4f23e48" status: 204 len: 0 microversion: 1.36
Jul 23 10:22:07.730023 np0000005753 devstack@placement-api.service[90005]: [pid: 90005|app: 0|req: 166/489] 10.4.3.61 () {72 vars in 1547 bytes} [Thu Jul 23 10:22:07 2026] PUT /placement/allocations/9e95c2b9-d20e-4463-bc9e-023ba4f23e48 => generated 0 bytes in 119 msecs (HTTP/1.1 204) 5 headers in 199 bytes (1 switches on core 0)
Jul 23 10:22:08.232074 np0000005753 devstack@placement-api.service[90006]: DEBUG placement.requestlog [req-defc7d07-6dc8-4528-9b52-eae1cd3b3caf req-425936d5-68a7-4d05-80af-2babd0806109 None None] Starting request: 10.4.3.61 "GET /placement/allocations/9e95c2b9-d20e-4463-bc9e-023ba4f23e48" {{(pid=90006) __call__ /opt/stack/placement/placement/requestlog.py:55}}
Jul 23 10:22:08.253710 np0000005753 devstack@placement-api.service[90006]: INFO placement.requestlog [req-defc7d07-6dc8-4528-9b52-eae1cd3b3caf req-425936d5-68a7-4d05-80af-2babd0806109 service nova] 10.4.3.61 "GET /placement/allocations/9e95c2b9-d20e-4463-bc9e-023ba4f23e48" status: 200 len: 258 microversion: 1.28
Jul 23 10:22:08.256153 np0000005753 devstack@placement-api.service[90006]: [pid: 90006|app: 0|req: 163/490] 10.4.3.61 () {68 vars in 1492 bytes} [Thu Jul 23 10:22:08 2026] GET /placement/allocations/9e95c2b9-d20e-4463-bc9e-023ba4f23e48 => generated 258 bytes in 22 msecs (HTTP/1.1 200) 8 headers in 296 bytes (1 switches on core 0)
Jul 23 10:22:08.416228 np0000005753 devstack@placement-api.service[90004]: DEBUG placement.requestlog [req-790f49a5-2c01-44bf-aa95-2fd37ef28b84 req-e9f1c5c6-1bad-471f-8896-2bd9270a9f76 None None] Starting request: 10.4.3.61 "GET /placement/allocations/c5ac1f2f-a097-4943-b9d8-68827b99a7c8" {{(pid=90004) __call__ /opt/stack/placement/placement/requestlog.py:55}}
Jul 23 10:22:08.438445 np0000005753 devstack@placement-api.service[90004]: INFO placement.requestlog [req-790f49a5-2c01-44bf-aa95-2fd37ef28b84 req-e9f1c5c6-1bad-471f-8896-2bd9270a9f76 service nova] 10.4.3.61 "GET /placement/allocations/c5ac1f2f-a097-4943-b9d8-68827b99a7c8" status: 200 len: 244 microversion: 1.28
Jul 23 10:22:08.439117 np0000005753 devstack@placement-api.service[90004]: [pid: 90004|app: 0|req: 162/491] 10.4.3.61 () {68 vars in 1494 bytes} [Thu Jul 23 10:22:08 2026] GET /placement/allocations/c5ac1f2f-a097-4943-b9d8-68827b99a7c8 => generated 244 bytes in 24 msecs (HTTP/1.1 200) 8 headers in 296 bytes (2 switches on core 0)
Jul 23 10:22:08.477084 np0000005753 devstack@placement-api.service[90005]: DEBUG placement.requestlog [req-790f49a5-2c01-44bf-aa95-2fd37ef28b84 req-91357557-5cea-4bc5-869c-1c68d1a7e01d None None] Starting request: 10.4.3.61 "GET /placement/allocations/c5ac1f2f-a097-4943-b9d8-68827b99a7c8" {{(pid=90005) __call__ /opt/stack/placement/placement/requestlog.py:55}}
Jul 23 10:22:08.495155 np0000005753 devstack@placement-api.service[90005]: INFO placement.requestlog [req-790f49a5-2c01-44bf-aa95-2fd37ef28b84 req-91357557-5cea-4bc5-869c-1c68d1a7e01d service nova] 10.4.3.61 "GET /placement/allocations/c5ac1f2f-a097-4943-b9d8-68827b99a7c8" status: 200 len: 244 microversion: 1.28
Jul 23 10:22:08.495155 np0000005753 devstack@placement-api.service[90005]: [pid: 90005|app: 0|req: 167/492] 10.4.3.61 () {68 vars in 1494 bytes} [Thu Jul 23 10:22:08 2026] GET /placement/allocations/c5ac1f2f-a097-4943-b9d8-68827b99a7c8 => generated 244 bytes in 18 msecs (HTTP/1.1 200) 8 headers in 296 bytes (1 switches on core 0)
Jul 23 10:22:08.544737 np0000005753 devstack@placement-api.service[90006]: DEBUG placement.requestlog [req-790f49a5-2c01-44bf-aa95-2fd37ef28b84 req-1adbdaf1-c9b7-45c6-b245-29951908324f None None] Starting request: 10.4.3.61 "GET /placement/allocations/44b00f36-ab46-4f32-995d-54430ab59792" {{(pid=90006) __call__ /opt/stack/placement/placement/requestlog.py:55}}
Jul 23 10:22:08.557765 np0000005753 devstack@placement-api.service[90006]: INFO placement.requestlog [req-790f49a5-2c01-44bf-aa95-2fd37ef28b84 req-1adbdaf1-c9b7-45c6-b245-29951908324f service nova] 10.4.3.61 "GET /placement/allocations/44b00f36-ab46-4f32-995d-54430ab59792" status: 200 len: 19 microversion: 1.28
Jul 23 10:22:08.557765 np0000005753 devstack@placement-api.service[90006]: [pid: 90006|app: 0|req: 164/493] 10.4.3.61 () {68 vars in 1494 bytes} [Thu Jul 23 10:22:08 2026] GET /placement/allocations/44b00f36-ab46-4f32-995d-54430ab59792 => generated 19 bytes in 8 msecs (HTTP/1.1 200) 8 headers in 295 bytes (1 switches on core 0)
Jul 23 10:22:08.598880 np0000005753 devstack@placement-api.service[90004]: DEBUG placement.requestlog [req-790f49a5-2c01-44bf-aa95-2fd37ef28b84 req-a49987b9-9631-42f8-ad1e-a72e7c80494f None None] Starting request: 10.4.3.61 "POST /placement/allocations" {{(pid=90004) __call__ /opt/stack/placement/placement/requestlog.py:55}}
Jul 23 10:22:08.685522 np0000005753 devstack@placement-api.service[90005]: DEBUG placement.requestlog [req-defc7d07-6dc8-4528-9b52-eae1cd3b3caf req-ff3261ec-a11d-4f48-88b1-58a06fff360d None None] Starting request: 10.4.3.61 "GET /placement/resource_providers/f259b18c-2a68-42a9-a4bc-ef199c5b0d7f/allocations" {{(pid=90005) __call__ /opt/stack/placement/placement/requestlog.py:55}}
Jul 23 10:22:08.712753 np0000005753 devstack@placement-api.service[90005]: INFO placement.requestlog [req-defc7d07-6dc8-4528-9b52-eae1cd3b3caf req-ff3261ec-a11d-4f48-88b1-58a06fff360d service nova] 10.4.3.61 "GET /placement/resource_providers/f259b18c-2a68-42a9-a4bc-ef199c5b0d7f/allocations" status: 200 len: 711 microversion: 1.0
Jul 23 10:22:08.713389 np0000005753 devstack@placement-api.service[90005]: [pid: 90005|app: 0|req: 168/494] 10.4.3.61 () {66 vars in 1505 bytes} [Thu Jul 23 10:22:08 2026] GET /placement/resource_providers/f259b18c-2a68-42a9-a4bc-ef199c5b0d7f/allocations => generated 711 bytes in 28 msecs (HTTP/1.1 200) 6 headers in 224 bytes (1 switches on core 0)
Jul 23 10:22:08.739300 np0000005753 devstack@placement-api.service[90004]: DEBUG placement.handlers.allocation [req-790f49a5-2c01-44bf-aa95-2fd37ef28b84 req-a49987b9-9631-42f8-ad1e-a72e7c80494f service nova] Successfully wrote allocations [, , , ] {{(pid=90004) _update_consumers_and_create_allocations /opt/stack/placement/placement/handlers/allocation.py:572}}
Jul 23 10:22:08.746315 np0000005753 devstack@placement-api.service[90004]: INFO placement.requestlog [req-790f49a5-2c01-44bf-aa95-2fd37ef28b84 req-a49987b9-9631-42f8-ad1e-a72e7c80494f service nova] 10.4.3.61 "POST /placement/allocations" status: 204 len: 0 microversion: 1.28
Jul 23 10:22:08.747114 np0000005753 devstack@placement-api.service[90004]: [pid: 90004|app: 0|req: 163/495] 10.4.3.61 () {72 vars in 1437 bytes} [Thu Jul 23 10:22:08 2026] POST /placement/allocations => generated 0 bytes in 148 msecs (HTTP/1.1 204) 5 headers in 199 bytes (1 switches on core 0)
Jul 23 10:22:08.778431 np0000005753 devstack@placement-api.service[90006]: DEBUG placement.requestlog [req-defc7d07-6dc8-4528-9b52-eae1cd3b3caf req-a9b8e3ac-1f67-4cef-926b-c45131411641 None None] Starting request: 10.4.3.61 "GET /placement/allocations/8ecc7df8-6387-42a3-b78f-3cad1f16947a" {{(pid=90006) __call__ /opt/stack/placement/placement/requestlog.py:55}}
Jul 23 10:22:08.795208 np0000005753 devstack@placement-api.service[90006]: INFO placement.requestlog [req-defc7d07-6dc8-4528-9b52-eae1cd3b3caf req-a9b8e3ac-1f67-4cef-926b-c45131411641 service nova] 10.4.3.61 "GET /placement/allocations/8ecc7df8-6387-42a3-b78f-3cad1f16947a" status: 200 len: 244 microversion: 1.28
Jul 23 10:22:08.795656 np0000005753 devstack@placement-api.service[90006]: [pid: 90006|app: 0|req: 165/496] 10.4.3.61 () {68 vars in 1492 bytes} [Thu Jul 23 10:22:08 2026] GET /placement/allocations/8ecc7df8-6387-42a3-b78f-3cad1f16947a => generated 244 bytes in 19 msecs (HTTP/1.1 200) 8 headers in 296 bytes (1 switches on core 0)
Jul 23 10:22:08.828450 np0000005753 devstack@placement-api.service[90005]: DEBUG placement.requestlog [req-defc7d07-6dc8-4528-9b52-eae1cd3b3caf req-6f403070-5934-4377-8131-6cab4ea1610e None None] Starting request: 10.4.3.61 "GET /placement/allocations/c5f840e3-c856-4f88-aeed-9774d8aacef1" {{(pid=90005) __call__ /opt/stack/placement/placement/requestlog.py:55}}
Jul 23 10:22:08.841570 np0000005753 devstack@placement-api.service[90005]: INFO placement.requestlog [req-defc7d07-6dc8-4528-9b52-eae1cd3b3caf req-6f403070-5934-4377-8131-6cab4ea1610e service nova] 10.4.3.61 "GET /placement/allocations/c5f840e3-c856-4f88-aeed-9774d8aacef1" status: 200 len: 258 microversion: 1.28
Jul 23 10:22:08.841992 np0000005753 devstack@placement-api.service[90005]: [pid: 90005|app: 0|req: 169/497] 10.4.3.61 () {68 vars in 1492 bytes} [Thu Jul 23 10:22:08 2026] GET /placement/allocations/c5f840e3-c856-4f88-aeed-9774d8aacef1 => generated 258 bytes in 13 msecs (HTTP/1.1 200) 8 headers in 296 bytes (1 switches on core 0)
Jul 23 10:22:08.891144 np0000005753 devstack@placement-api.service[90004]: DEBUG placement.requestlog [req-defc7d07-6dc8-4528-9b52-eae1cd3b3caf req-73e6ae63-f924-4aa4-a78c-27257316f272 None None] Starting request: 10.4.3.61 "GET /placement/allocations/eb1b6f34-848b-4054-834b-d62357f6a1ea" {{(pid=90004) __call__ /opt/stack/placement/placement/requestlog.py:55}}
Jul 23 10:22:08.897116 np0000005753 devstack@placement-api.service[90006]: DEBUG placement.requestlog [req-790f49a5-2c01-44bf-aa95-2fd37ef28b84 req-dfbf887c-ae1d-4f49-9e0f-60808f480a11 None None] Starting request: 10.4.3.61 "GET /placement/allocation_candidates?limit=1000&resources=MEMORY_MB%3A256%2CVCPU%3A1&root_required=%21COMPUTE_STATUS_DISABLED" {{(pid=90006) __call__ /opt/stack/placement/placement/requestlog.py:55}}
Jul 23 10:22:08.912549 np0000005753 devstack@placement-api.service[90004]: INFO placement.requestlog [req-defc7d07-6dc8-4528-9b52-eae1cd3b3caf req-73e6ae63-f924-4aa4-a78c-27257316f272 service nova] 10.4.3.61 "GET /placement/allocations/eb1b6f34-848b-4054-834b-d62357f6a1ea" status: 200 len: 258 microversion: 1.28
Jul 23 10:22:08.912748 np0000005753 devstack@placement-api.service[90004]: [pid: 90004|app: 0|req: 164/498] 10.4.3.61 () {68 vars in 1492 bytes} [Thu Jul 23 10:22:08 2026] GET /placement/allocations/eb1b6f34-848b-4054-834b-d62357f6a1ea => generated 258 bytes in 22 msecs (HTTP/1.1 200) 8 headers in 296 bytes (1 switches on core 0)
Jul 23 10:22:08.938528 np0000005753 devstack@placement-api.service[90006]: DEBUG placement.objects.research_context [req-790f49a5-2c01-44bf-aa95-2fd37ef28b84 req-dfbf887c-ae1d-4f49-9e0f-60808f480a11 service nova] getting providers with 256 MEMORY_MB {{(pid=90006) __init__ /opt/stack/placement/placement/objects/research_context.py:137}}
Jul 23 10:22:08.942416 np0000005753 devstack@placement-api.service[90006]: DEBUG placement.objects.research_context [req-790f49a5-2c01-44bf-aa95-2fd37ef28b84 req-dfbf887c-ae1d-4f49-9e0f-60808f480a11 service nova] getting providers with 1 VCPU {{(pid=90006) __init__ /opt/stack/placement/placement/objects/research_context.py:137}}
Jul 23 10:22:08.948595 np0000005753 devstack@placement-api.service[90006]: DEBUG placement.objects.research_context [req-790f49a5-2c01-44bf-aa95-2fd37ef28b84 req-dfbf887c-ae1d-4f49-9e0f-60808f480a11 service nova] found 1 providers with available 256 MEMORY_MB {{(pid=90006) get_provider_ids_matching /opt/stack/placement/placement/objects/research_context.py:563}}
Jul 23 10:22:08.948780 np0000005753 devstack@placement-api.service[90006]: DEBUG placement.objects.research_context [req-790f49a5-2c01-44bf-aa95-2fd37ef28b84 req-dfbf887c-ae1d-4f49-9e0f-60808f480a11 service nova] found 1 providers with available 1 VCPU {{(pid=90006) get_provider_ids_matching /opt/stack/placement/placement/objects/research_context.py:563}}
Jul 23 10:22:08.948920 np0000005753 devstack@placement-api.service[90006]: DEBUG placement.objects.research_context [req-790f49a5-2c01-44bf-aa95-2fd37ef28b84 req-dfbf887c-ae1d-4f49-9e0f-60808f480a11 service nova] found 1 providers after filtering by previous result {{(pid=90006) get_provider_ids_matching /opt/stack/placement/placement/objects/research_context.py:594}}
Jul 23 10:22:08.958472 np0000005753 devstack@placement-api.service[90005]: DEBUG placement.requestlog [req-defc7d07-6dc8-4528-9b52-eae1cd3b3caf req-7e3723c7-f9f4-49a7-a093-6e511ff9eadc None None] Starting request: 10.4.3.61 "GET /placement/allocations/a6308235-38e2-4c14-b352-aee86734a632" {{(pid=90005) __call__ /opt/stack/placement/placement/requestlog.py:55}}
Jul 23 10:22:08.968449 np0000005753 devstack@placement-api.service[90006]: DEBUG placement.objects.allocation_candidate [req-790f49a5-2c01-44bf-aa95-2fd37ef28b84 req-dfbf887c-ae1d-4f49-9e0f-60808f480a11 service nova] RequestGroup(use_same_provider=False, resources={MEMORY_MB:256, VCPU:1}, traits=(), aggregates=[]) (suffix '') returned 1 matches {{(pid=90006) _get_by_requests /opt/stack/placement/placement/objects/allocation_candidate.py:158}}
Jul 23 10:22:08.968924 np0000005753 devstack@placement-api.service[90006]: DEBUG placement.objects.allocation_candidate [req-790f49a5-2c01-44bf-aa95-2fd37ef28b84 req-dfbf887c-ae1d-4f49-9e0f-60808f480a11 service nova] Merging candidates yields 1 allocation requests and 1 provider summaries {{(pid=90006) _merge_candidates /opt/stack/placement/placement/objects/allocation_candidate.py:908}}
Jul 23 10:22:08.969824 np0000005753 devstack@placement-api.service[90006]: INFO placement.requestlog [req-790f49a5-2c01-44bf-aa95-2fd37ef28b84 req-dfbf887c-ae1d-4f49-9e0f-60808f480a11 service nova] 10.4.3.61 "GET /placement/allocation_candidates?limit=1000&resources=MEMORY_MB%3A256%2CVCPU%3A1&root_required=%21COMPUTE_STATUS_DISABLED" status: 200 len: 2479 microversion: 1.36
Jul 23 10:22:08.970198 np0000005753 devstack@placement-api.service[90006]: [pid: 90006|app: 0|req: 166/499] 10.4.3.61 () {68 vars in 1590 bytes} [Thu Jul 23 10:22:08 2026] GET /placement/allocation_candidates?limit=1000&resources=MEMORY_MB%3A256%2CVCPU%3A1&root_required=%21COMPUTE_STATUS_DISABLED => generated 2479 bytes in 73 msecs (HTTP/1.1 200) 8 headers in 297 bytes (1 switches on core 0)
Jul 23 10:22:08.991916 np0000005753 devstack@placement-api.service[90005]: INFO placement.requestlog [req-defc7d07-6dc8-4528-9b52-eae1cd3b3caf req-7e3723c7-f9f4-49a7-a093-6e511ff9eadc service nova] 10.4.3.61 "GET /placement/allocations/a6308235-38e2-4c14-b352-aee86734a632" status: 200 len: 258 microversion: 1.28
Jul 23 10:22:08.992190 np0000005753 devstack@placement-api.service[90005]: [pid: 90005|app: 0|req: 170/500] 10.4.3.61 () {68 vars in 1492 bytes} [Thu Jul 23 10:22:08 2026] GET /placement/allocations/a6308235-38e2-4c14-b352-aee86734a632 => generated 258 bytes in 34 msecs (HTTP/1.1 200) 8 headers in 296 bytes (1 switches on core 0)
Jul 23 10:22:09.034176 np0000005753 devstack@placement-api.service[90004]: DEBUG placement.requestlog [req-790f49a5-2c01-44bf-aa95-2fd37ef28b84 req-6112e5a1-a423-4730-84d5-56641ca36308 None None] Starting request: 10.4.3.61 "GET /placement/allocations/c5ac1f2f-a097-4943-b9d8-68827b99a7c8" {{(pid=90004) __call__ /opt/stack/placement/placement/requestlog.py:55}}
Jul 23 10:22:09.034829 np0000005753 devstack@placement-api.service[90006]: DEBUG placement.requestlog [req-defc7d07-6dc8-4528-9b52-eae1cd3b3caf req-7db64018-45aa-456d-9614-3c107d6bfdcf None None] Starting request: 10.4.3.61 "GET /placement/allocations/295070a4-9894-4f1d-96d6-87065c536ae2" {{(pid=90006) __call__ /opt/stack/placement/placement/requestlog.py:55}}
Jul 23 10:22:09.043857 np0000005753 devstack@placement-api.service[90004]: INFO placement.requestlog [req-790f49a5-2c01-44bf-aa95-2fd37ef28b84 req-6112e5a1-a423-4730-84d5-56641ca36308 service nova] 10.4.3.61 "GET /placement/allocations/c5ac1f2f-a097-4943-b9d8-68827b99a7c8" status: 200 len: 19 microversion: 1.28
Jul 23 10:22:09.044120 np0000005753 devstack@placement-api.service[90004]: [pid: 90004|app: 0|req: 165/501] 10.4.3.61 () {68 vars in 1494 bytes} [Thu Jul 23 10:22:09 2026] GET /placement/allocations/c5ac1f2f-a097-4943-b9d8-68827b99a7c8 => generated 19 bytes in 10 msecs (HTTP/1.1 200) 8 headers in 295 bytes (1 switches on core 0)
Jul 23 10:22:09.051393 np0000005753 devstack@placement-api.service[90006]: INFO placement.requestlog [req-defc7d07-6dc8-4528-9b52-eae1cd3b3caf req-7db64018-45aa-456d-9614-3c107d6bfdcf service nova] 10.4.3.61 "GET /placement/allocations/295070a4-9894-4f1d-96d6-87065c536ae2" status: 200 len: 244 microversion: 1.28
Jul 23 10:22:09.052547 np0000005753 devstack@placement-api.service[90006]: [pid: 90006|app: 0|req: 167/502] 10.4.3.61 () {68 vars in 1492 bytes} [Thu Jul 23 10:22:09 2026] GET /placement/allocations/295070a4-9894-4f1d-96d6-87065c536ae2 => generated 244 bytes in 18 msecs (HTTP/1.1 200) 8 headers in 296 bytes (1 switches on core 0)
Jul 23 10:22:09.077680 np0000005753 devstack@placement-api.service[90005]: DEBUG placement.requestlog [req-790f49a5-2c01-44bf-aa95-2fd37ef28b84 req-0e01154d-7025-4c48-b087-efe97a76f532 None None] Starting request: 10.4.3.61 "PUT /placement/allocations/c5ac1f2f-a097-4943-b9d8-68827b99a7c8" {{(pid=90005) __call__ /opt/stack/placement/placement/requestlog.py:55}}
Jul 23 10:22:09.109353 np0000005753 devstack@placement-api.service[90004]: DEBUG placement.requestlog [req-defc7d07-6dc8-4528-9b52-eae1cd3b3caf req-2e06e158-7c48-46f9-81ce-c21b40e3ab07 None None] Starting request: 10.4.3.61 "GET /placement/allocations/c5ac1f2f-a097-4943-b9d8-68827b99a7c8" {{(pid=90004) __call__ /opt/stack/placement/placement/requestlog.py:55}}
Jul 23 10:22:09.115869 np0000005753 devstack@placement-api.service[90004]: INFO placement.requestlog [req-defc7d07-6dc8-4528-9b52-eae1cd3b3caf req-2e06e158-7c48-46f9-81ce-c21b40e3ab07 service nova] 10.4.3.61 "GET /placement/allocations/c5ac1f2f-a097-4943-b9d8-68827b99a7c8" status: 200 len: 19 microversion: 1.28
Jul 23 10:22:09.116221 np0000005753 devstack@placement-api.service[90004]: [pid: 90004|app: 0|req: 166/503] 10.4.3.61 () {68 vars in 1492 bytes} [Thu Jul 23 10:22:09 2026] GET /placement/allocations/c5ac1f2f-a097-4943-b9d8-68827b99a7c8 => generated 19 bytes in 7 msecs (HTTP/1.1 200) 8 headers in 295 bytes (1 switches on core 0)
Jul 23 10:22:09.127792 np0000005753 devstack@placement-api.service[90005]: DEBUG placement.handlers.allocation [req-790f49a5-2c01-44bf-aa95-2fd37ef28b84 req-0e01154d-7025-4c48-b087-efe97a76f532 service nova] Successfully wrote allocations [, ] {{(pid=90005) _update_consumers_and_create_allocations /opt/stack/placement/placement/handlers/allocation.py:462}}
Jul 23 10:22:09.134124 np0000005753 devstack@placement-api.service[90005]: INFO placement.requestlog [req-790f49a5-2c01-44bf-aa95-2fd37ef28b84 req-0e01154d-7025-4c48-b087-efe97a76f532 service nova] 10.4.3.61 "PUT /placement/allocations/c5ac1f2f-a097-4943-b9d8-68827b99a7c8" status: 204 len: 0 microversion: 1.36
Jul 23 10:22:09.134457 np0000005753 devstack@placement-api.service[90005]: [pid: 90005|app: 0|req: 171/504] 10.4.3.61 () {72 vars in 1547 bytes} [Thu Jul 23 10:22:09 2026] PUT /placement/allocations/c5ac1f2f-a097-4943-b9d8-68827b99a7c8 => generated 0 bytes in 57 msecs (HTTP/1.1 204) 5 headers in 199 bytes (1 switches on core 0)
Jul 23 10:22:09.156238 np0000005753 devstack@placement-api.service[90006]: DEBUG placement.requestlog [req-defc7d07-6dc8-4528-9b52-eae1cd3b3caf req-47bcdae0-b364-41ba-b509-bc1d20e9f6a3 None None] Starting request: 10.4.3.61 "GET /placement/allocations/9e95c2b9-d20e-4463-bc9e-023ba4f23e48" {{(pid=90006) __call__ /opt/stack/placement/placement/requestlog.py:55}}
Jul 23 10:22:09.166458 np0000005753 devstack@placement-api.service[90006]: INFO placement.requestlog [req-defc7d07-6dc8-4528-9b52-eae1cd3b3caf req-47bcdae0-b364-41ba-b509-bc1d20e9f6a3 service nova] 10.4.3.61 "GET /placement/allocations/9e95c2b9-d20e-4463-bc9e-023ba4f23e48" status: 200 len: 258 microversion: 1.28
Jul 23 10:22:09.167152 np0000005753 devstack@placement-api.service[90006]: [pid: 90006|app: 0|req: 168/505] 10.4.3.61 () {68 vars in 1492 bytes} [Thu Jul 23 10:22:09 2026] GET /placement/allocations/9e95c2b9-d20e-4463-bc9e-023ba4f23e48 => generated 258 bytes in 11 msecs (HTTP/1.1 200) 8 headers in 296 bytes (1 switches on core 0)
Jul 23 10:22:09.412393 np0000005753 devstack@placement-api.service[90004]: DEBUG placement.requestlog [req-790f49a5-2c01-44bf-aa95-2fd37ef28b84 req-1e38b4f9-be7d-4fcb-8c86-f01a279424c9 None None] Starting request: 10.4.3.61 "GET /placement/allocations/c5ac1f2f-a097-4943-b9d8-68827b99a7c8" {{(pid=90004) __call__ /opt/stack/placement/placement/requestlog.py:55}}
Jul 23 10:22:09.442039 np0000005753 devstack@placement-api.service[90004]: INFO placement.requestlog [req-790f49a5-2c01-44bf-aa95-2fd37ef28b84 req-1e38b4f9-be7d-4fcb-8c86-f01a279424c9 service nova] 10.4.3.61 "GET /placement/allocations/c5ac1f2f-a097-4943-b9d8-68827b99a7c8" status: 200 len: 244 microversion: 1.28
Jul 23 10:22:09.442597 np0000005753 devstack@placement-api.service[90004]: [pid: 90004|app: 0|req: 167/506] 10.4.3.61 () {68 vars in 1492 bytes} [Thu Jul 23 10:22:09 2026] GET /placement/allocations/c5ac1f2f-a097-4943-b9d8-68827b99a7c8 => generated 244 bytes in 30 msecs (HTTP/1.1 200) 8 headers in 296 bytes (1 switches on core 0)
Jul 23 10:22:09.503884 np0000005753 devstack@placement-api.service[90005]: DEBUG placement.requestlog [None req-631bb4a4-d200-459f-bd23-11c4e439f540 None None] Starting request: 10.4.3.61 "GET /placement/resource_providers/d9ddeed7-f4ef-4f49-b2c8-793d31381975/aggregates" {{(pid=90005) __call__ /opt/stack/placement/placement/requestlog.py:55}}
Jul 23 10:22:09.518921 np0000005753 devstack@placement-api.service[90005]: INFO placement.requestlog [None req-631bb4a4-d200-459f-bd23-11c4e439f540 service placement] 10.4.3.61 "GET /placement/resource_providers/d9ddeed7-f4ef-4f49-b2c8-793d31381975/aggregates" status: 404 len: 235 microversion: 1.1
Jul 23 10:22:09.519254 np0000005753 devstack@placement-api.service[90005]: [pid: 90005|app: 0|req: 172/507] 10.4.3.61 () {66 vars in 1467 bytes} [Thu Jul 23 10:22:09 2026] GET /placement/resource_providers/d9ddeed7-f4ef-4f49-b2c8-793d31381975/aggregates => generated 235 bytes in 15 msecs (HTTP/1.1 404) 5 headers in 202 bytes (1 switches on core 0)
Jul 23 10:22:09.569717 np0000005753 devstack@placement-api.service[90006]: DEBUG placement.requestlog [None req-d7ac2b05-4a0d-4aac-8113-6943ec1431f7 None None] Starting request: 10.4.3.61 "DELETE /placement/resource_providers/d9ddeed7-f4ef-4f49-b2c8-793d31381975" {{(pid=90006) __call__ /opt/stack/placement/placement/requestlog.py:55}}
Jul 23 10:22:09.576505 np0000005753 devstack@placement-api.service[90006]: DEBUG placement.wsgi_wrapper [None req-d7ac2b05-4a0d-4aac-8113-6943ec1431f7 service placement] Placement API returning an error response: No resource provider with uuid d9ddeed7-f4ef-4f49-b2c8-793d31381975 found for delete {{(pid=90006) call_func /opt/stack/placement/placement/wsgi_wrapper.py:31}}
Jul 23 10:22:09.577046 np0000005753 devstack@placement-api.service[90006]: INFO placement.requestlog [None req-d7ac2b05-4a0d-4aac-8113-6943ec1431f7 service placement] 10.4.3.61 "DELETE /placement/resource_providers/d9ddeed7-f4ef-4f49-b2c8-793d31381975" status: 404 len: 246 microversion: 1.1
Jul 23 10:22:09.577327 np0000005753 devstack@placement-api.service[90006]: [pid: 90006|app: 0|req: 169/508] 10.4.3.61 () {68 vars in 1456 bytes} [Thu Jul 23 10:22:09 2026] DELETE /placement/resource_providers/d9ddeed7-f4ef-4f49-b2c8-793d31381975 => generated 246 bytes in 8 msecs (HTTP/1.1 404) 6 headers in 231 bytes (1 switches on core 0)
Jul 23 10:22:09.854717 np0000005753 devstack@placement-api.service[90004]: DEBUG placement.requestlog [req-790f49a5-2c01-44bf-aa95-2fd37ef28b84 req-c06d8e56-90d0-48dc-ae4a-e3e62770cb0f None None] Starting request: 10.4.3.61 "GET /placement/resource_providers/f259b18c-2a68-42a9-a4bc-ef199c5b0d7f/allocations" {{(pid=90004) __call__ /opt/stack/placement/placement/requestlog.py:55}}
Jul 23 10:22:09.881591 np0000005753 devstack@placement-api.service[90004]: INFO placement.requestlog [req-790f49a5-2c01-44bf-aa95-2fd37ef28b84 req-c06d8e56-90d0-48dc-ae4a-e3e62770cb0f service nova] 10.4.3.61 "GET /placement/resource_providers/f259b18c-2a68-42a9-a4bc-ef199c5b0d7f/allocations" status: 200 len: 797 microversion: 1.0
Jul 23 10:22:09.883679 np0000005753 devstack@placement-api.service[90004]: [pid: 90004|app: 0|req: 168/509] 10.4.3.61 () {66 vars in 1505 bytes} [Thu Jul 23 10:22:09 2026] GET /placement/resource_providers/f259b18c-2a68-42a9-a4bc-ef199c5b0d7f/allocations => generated 797 bytes in 27 msecs (HTTP/1.1 200) 6 headers in 224 bytes (1 switches on core 0)
Jul 23 10:22:09.977934 np0000005753 devstack@placement-api.service[90005]: DEBUG placement.requestlog [req-790f49a5-2c01-44bf-aa95-2fd37ef28b84 req-5ba6ebb7-3e03-423e-b28e-4bfd79109486 None None] Starting request: 10.4.3.61 "GET /placement/allocations/8ecc7df8-6387-42a3-b78f-3cad1f16947a" {{(pid=90005) __call__ /opt/stack/placement/placement/requestlog.py:55}}
Jul 23 10:22:09.991561 np0000005753 devstack@placement-api.service[90005]: INFO placement.requestlog [req-790f49a5-2c01-44bf-aa95-2fd37ef28b84 req-5ba6ebb7-3e03-423e-b28e-4bfd79109486 service nova] 10.4.3.61 "GET /placement/allocations/8ecc7df8-6387-42a3-b78f-3cad1f16947a" status: 200 len: 244 microversion: 1.28
Jul 23 10:22:09.992209 np0000005753 devstack@placement-api.service[90005]: [pid: 90005|app: 0|req: 173/510] 10.4.3.61 () {68 vars in 1492 bytes} [Thu Jul 23 10:22:09 2026] GET /placement/allocations/8ecc7df8-6387-42a3-b78f-3cad1f16947a => generated 244 bytes in 14 msecs (HTTP/1.1 200) 8 headers in 296 bytes (1 switches on core 0)
Jul 23 10:22:10.070234 np0000005753 devstack@placement-api.service[90006]: DEBUG placement.requestlog [req-790f49a5-2c01-44bf-aa95-2fd37ef28b84 req-eeed30d1-d915-4e0a-99b2-1e5791416feb None None] Starting request: 10.4.3.61 "GET /placement/allocations/eb1b6f34-848b-4054-834b-d62357f6a1ea" {{(pid=90006) __call__ /opt/stack/placement/placement/requestlog.py:55}}
Jul 23 10:22:10.083615 np0000005753 devstack@placement-api.service[90006]: INFO placement.requestlog [req-790f49a5-2c01-44bf-aa95-2fd37ef28b84 req-eeed30d1-d915-4e0a-99b2-1e5791416feb service nova] 10.4.3.61 "GET /placement/allocations/eb1b6f34-848b-4054-834b-d62357f6a1ea" status: 200 len: 258 microversion: 1.28
Jul 23 10:22:10.083615 np0000005753 devstack@placement-api.service[90006]: [pid: 90006|app: 0|req: 170/511] 10.4.3.61 () {68 vars in 1492 bytes} [Thu Jul 23 10:22:10 2026] GET /placement/allocations/eb1b6f34-848b-4054-834b-d62357f6a1ea => generated 258 bytes in 13 msecs (HTTP/1.1 200) 8 headers in 296 bytes (1 switches on core 0)
Jul 23 10:22:10.131176 np0000005753 devstack@placement-api.service[90004]: DEBUG placement.requestlog [req-790f49a5-2c01-44bf-aa95-2fd37ef28b84 req-10a6fbfe-6c3d-4b81-94e2-f15ef3edd027 None None] Starting request: 10.4.3.61 "GET /placement/allocations/a6308235-38e2-4c14-b352-aee86734a632" {{(pid=90004) __call__ /opt/stack/placement/placement/requestlog.py:55}}
Jul 23 10:22:10.141825 np0000005753 devstack@placement-api.service[90004]: INFO placement.requestlog [req-790f49a5-2c01-44bf-aa95-2fd37ef28b84 req-10a6fbfe-6c3d-4b81-94e2-f15ef3edd027 service nova] 10.4.3.61 "GET /placement/allocations/a6308235-38e2-4c14-b352-aee86734a632" status: 200 len: 258 microversion: 1.28
Jul 23 10:22:10.142251 np0000005753 devstack@placement-api.service[90004]: [pid: 90004|app: 0|req: 169/512] 10.4.3.61 () {68 vars in 1492 bytes} [Thu Jul 23 10:22:10 2026] GET /placement/allocations/a6308235-38e2-4c14-b352-aee86734a632 => generated 258 bytes in 11 msecs (HTTP/1.1 200) 8 headers in 296 bytes (1 switches on core 0)
Jul 23 10:22:10.234368 np0000005753 devstack@placement-api.service[90005]: DEBUG placement.requestlog [req-790f49a5-2c01-44bf-aa95-2fd37ef28b84 req-88b398c9-ae28-487a-b734-033da6b4c213 None None] Starting request: 10.4.3.61 "GET /placement/allocations/295070a4-9894-4f1d-96d6-87065c536ae2" {{(pid=90005) __call__ /opt/stack/placement/placement/requestlog.py:55}}
Jul 23 10:22:10.250929 np0000005753 devstack@placement-api.service[90005]: INFO placement.requestlog [req-790f49a5-2c01-44bf-aa95-2fd37ef28b84 req-88b398c9-ae28-487a-b734-033da6b4c213 service nova] 10.4.3.61 "GET /placement/allocations/295070a4-9894-4f1d-96d6-87065c536ae2" status: 200 len: 244 microversion: 1.28
Jul 23 10:22:10.251280 np0000005753 devstack@placement-api.service[90005]: [pid: 90005|app: 0|req: 174/513] 10.4.3.61 () {68 vars in 1492 bytes} [Thu Jul 23 10:22:10 2026] GET /placement/allocations/295070a4-9894-4f1d-96d6-87065c536ae2 => generated 244 bytes in 17 msecs (HTTP/1.1 200) 8 headers in 296 bytes (1 switches on core 0)
Jul 23 10:22:10.331707 np0000005753 devstack@placement-api.service[90006]: DEBUG placement.requestlog [req-790f49a5-2c01-44bf-aa95-2fd37ef28b84 req-5a003028-8d7a-47f7-89a8-ab887063b173 None None] Starting request: 10.4.3.61 "GET /placement/allocations/9e95c2b9-d20e-4463-bc9e-023ba4f23e48" {{(pid=90006) __call__ /opt/stack/placement/placement/requestlog.py:55}}
Jul 23 10:22:10.351226 np0000005753 devstack@placement-api.service[90006]: INFO placement.requestlog [req-790f49a5-2c01-44bf-aa95-2fd37ef28b84 req-5a003028-8d7a-47f7-89a8-ab887063b173 service nova] 10.4.3.61 "GET /placement/allocations/9e95c2b9-d20e-4463-bc9e-023ba4f23e48" status: 200 len: 258 microversion: 1.28
Jul 23 10:22:10.351226 np0000005753 devstack@placement-api.service[90006]: [pid: 90006|app: 0|req: 171/514] 10.4.3.61 () {68 vars in 1492 bytes} [Thu Jul 23 10:22:10 2026] GET /placement/allocations/9e95c2b9-d20e-4463-bc9e-023ba4f23e48 => generated 258 bytes in 19 msecs (HTTP/1.1 200) 8 headers in 296 bytes (1 switches on core 0)
Jul 23 10:22:10.408289 np0000005753 devstack@placement-api.service[90004]: DEBUG placement.requestlog [req-790f49a5-2c01-44bf-aa95-2fd37ef28b84 req-e8873195-afa3-4314-94db-dda24899db32 None None] Starting request: 10.4.3.61 "GET /placement/allocations/c5f840e3-c856-4f88-aeed-9774d8aacef1" {{(pid=90004) __call__ /opt/stack/placement/placement/requestlog.py:55}}
Jul 23 10:22:10.419545 np0000005753 devstack@placement-api.service[90004]: INFO placement.requestlog [req-790f49a5-2c01-44bf-aa95-2fd37ef28b84 req-e8873195-afa3-4314-94db-dda24899db32 service nova] 10.4.3.61 "GET /placement/allocations/c5f840e3-c856-4f88-aeed-9774d8aacef1" status: 200 len: 258 microversion: 1.28
Jul 23 10:22:10.419881 np0000005753 devstack@placement-api.service[90004]: [pid: 90004|app: 0|req: 170/515] 10.4.3.61 () {68 vars in 1492 bytes} [Thu Jul 23 10:22:10 2026] GET /placement/allocations/c5f840e3-c856-4f88-aeed-9774d8aacef1 => generated 258 bytes in 12 msecs (HTTP/1.1 200) 8 headers in 296 bytes (1 switches on core 0)
Jul 23 10:22:10.480701 np0000005753 devstack@placement-api.service[90005]: DEBUG placement.requestlog [req-790f49a5-2c01-44bf-aa95-2fd37ef28b84 req-4261955b-2500-4942-82a3-8556827daf0b None None] Starting request: 10.4.3.61 "GET /placement/allocations/44b00f36-ab46-4f32-995d-54430ab59792" {{(pid=90005) __call__ /opt/stack/placement/placement/requestlog.py:55}}
Jul 23 10:22:10.494389 np0000005753 devstack@placement-api.service[90005]: INFO placement.requestlog [req-790f49a5-2c01-44bf-aa95-2fd37ef28b84 req-4261955b-2500-4942-82a3-8556827daf0b service nova] 10.4.3.61 "GET /placement/allocations/44b00f36-ab46-4f32-995d-54430ab59792" status: 200 len: 244 microversion: 1.28
Jul 23 10:22:10.494389 np0000005753 devstack@placement-api.service[90005]: [pid: 90005|app: 0|req: 175/516] 10.4.3.61 () {68 vars in 1492 bytes} [Thu Jul 23 10:22:10 2026] GET /placement/allocations/44b00f36-ab46-4f32-995d-54430ab59792 => generated 244 bytes in 15 msecs (HTTP/1.1 200) 8 headers in 296 bytes (1 switches on core 0)
Jul 23 10:22:10.555544 np0000005753 devstack@placement-api.service[90006]: DEBUG placement.requestlog [req-790f49a5-2c01-44bf-aa95-2fd37ef28b84 req-7e1198ba-d140-4cda-9c1f-546cecc413fc None None] Starting request: 10.4.3.61 "GET /placement/allocations/c5ac1f2f-a097-4943-b9d8-68827b99a7c8" {{(pid=90006) __call__ /opt/stack/placement/placement/requestlog.py:55}}
Jul 23 10:22:10.572975 np0000005753 devstack@placement-api.service[90006]: INFO placement.requestlog [req-790f49a5-2c01-44bf-aa95-2fd37ef28b84 req-7e1198ba-d140-4cda-9c1f-546cecc413fc service nova] 10.4.3.61 "GET /placement/allocations/c5ac1f2f-a097-4943-b9d8-68827b99a7c8" status: 200 len: 244 microversion: 1.28
Jul 23 10:22:10.573406 np0000005753 devstack@placement-api.service[90006]: [pid: 90006|app: 0|req: 172/517] 10.4.3.61 () {68 vars in 1492 bytes} [Thu Jul 23 10:22:10 2026] GET /placement/allocations/c5ac1f2f-a097-4943-b9d8-68827b99a7c8 => generated 244 bytes in 18 msecs (HTTP/1.1 200) 8 headers in 296 bytes (1 switches on core 0)
Jul 23 10:22:14.003008 np0000005753 devstack@placement-api.service[90004]: DEBUG placement.requestlog [req-c4d2e324-1372-4491-aa89-3c09fadee3f7 req-7f2f3e8b-594a-4728-bb39-384fc7cd3771 None None] Starting request: 10.4.3.61 "GET /placement/allocations/295070a4-9894-4f1d-96d6-87065c536ae2" {{(pid=90004) __call__ /opt/stack/placement/placement/requestlog.py:55}}
Jul 23 10:22:14.017841 np0000005753 devstack@placement-api.service[90004]: INFO placement.requestlog [req-c4d2e324-1372-4491-aa89-3c09fadee3f7 req-7f2f3e8b-594a-4728-bb39-384fc7cd3771 service nova] 10.4.3.61 "GET /placement/allocations/295070a4-9894-4f1d-96d6-87065c536ae2" status: 200 len: 244 microversion: 1.28
Jul 23 10:22:14.018080 np0000005753 devstack@placement-api.service[90004]: [pid: 90004|app: 0|req: 171/518] 10.4.3.61 () {68 vars in 1492 bytes} [Thu Jul 23 10:22:13 2026] GET /placement/allocations/295070a4-9894-4f1d-96d6-87065c536ae2 => generated 244 bytes in 19 msecs (HTTP/1.1 200) 8 headers in 296 bytes (1 switches on core 0)
Jul 23 10:22:14.929765 np0000005753 devstack@placement-api.service[90005]: DEBUG placement.requestlog [req-790f49a5-2c01-44bf-aa95-2fd37ef28b84 req-cbfea72f-d0c3-447b-98ad-fc59448dc0b7 None None] Starting request: 10.4.3.61 "GET /placement/allocations/c5ac1f2f-a097-4943-b9d8-68827b99a7c8" {{(pid=90005) __call__ /opt/stack/placement/placement/requestlog.py:55}}
Jul 23 10:22:14.944780 np0000005753 devstack@placement-api.service[90005]: INFO placement.requestlog [req-790f49a5-2c01-44bf-aa95-2fd37ef28b84 req-cbfea72f-d0c3-447b-98ad-fc59448dc0b7 service nova] 10.4.3.61 "GET /placement/allocations/c5ac1f2f-a097-4943-b9d8-68827b99a7c8" status: 200 len: 244 microversion: 1.28
Jul 23 10:22:14.945000 np0000005753 devstack@placement-api.service[90005]: [pid: 90005|app: 0|req: 176/519] 10.4.3.61 () {68 vars in 1492 bytes} [Thu Jul 23 10:22:14 2026] GET /placement/allocations/c5ac1f2f-a097-4943-b9d8-68827b99a7c8 => generated 244 bytes in 15 msecs (HTTP/1.1 200) 8 headers in 296 bytes (1 switches on core 0)
Jul 23 10:22:15.494628 np0000005753 devstack@placement-api.service[90006]: DEBUG placement.requestlog [None req-f4fdb0bf-9723-4109-8abc-f63008cf9d5c None None] Starting request: 10.4.3.61 "GET /placement/" {{(pid=90006) __call__ /opt/stack/placement/placement/requestlog.py:55}}
Jul 23 10:22:15.495115 np0000005753 devstack@placement-api.service[90006]: INFO placement.requestlog [None req-f4fdb0bf-9723-4109-8abc-f63008cf9d5c None None] 10.4.3.61 "GET /placement/" status: 200 len: 136 microversion: 1.0
Jul 23 10:22:15.497155 np0000005753 devstack@placement-api.service[90006]: [pid: 90006|app: 0|req: 173/520] 10.4.3.61 () {62 vars in 1021 bytes} [Thu Jul 23 10:22:15 2026] GET /placement => generated 136 bytes in 1 msecs (HTTP/1.1 200) 6 headers in 224 bytes (1 switches on core 0)
Jul 23 10:22:15.545032 np0000005753 devstack@placement-api.service[90004]: DEBUG placement.requestlog [req-2cf9fffc-fd2e-4aed-824a-5d1599f5114d req-10843666-0a47-4c23-9623-963042c495f7 None None] Starting request: 10.4.3.61 "GET /placement/resource_providers/f259b18c-2a68-42a9-a4bc-ef199c5b0d7f/traits" {{(pid=90004) __call__ /opt/stack/placement/placement/requestlog.py:55}}
Jul 23 10:22:15.660418 np0000005753 devstack@placement-api.service[90004]: INFO placement.requestlog [req-2cf9fffc-fd2e-4aed-824a-5d1599f5114d req-10843666-0a47-4c23-9623-963042c495f7 service nova] 10.4.3.61 "GET /placement/resource_providers/f259b18c-2a68-42a9-a4bc-ef199c5b0d7f/traits" status: 200 len: 2027 microversion: 1.6
Jul 23 10:22:15.661006 np0000005753 devstack@placement-api.service[90004]: [pid: 90004|app: 0|req: 172/521] 10.4.3.61 () {68 vars in 1526 bytes} [Thu Jul 23 10:22:15 2026] GET /placement/resource_providers/f259b18c-2a68-42a9-a4bc-ef199c5b0d7f/traits => generated 2027 bytes in 117 msecs (HTTP/1.1 200) 6 headers in 225 bytes (1 switches on core 0)
Jul 23 10:22:16.125853 np0000005753 devstack@placement-api.service[90005]: DEBUG placement.requestlog [None req-bf523c50-f03d-4fb9-be44-70bea95b6701 None None] Starting request: 10.4.3.61 "GET /placement/resource_providers/2d47f92c-5e1d-4716-bcea-e2c80502b028/aggregates" {{(pid=90005) __call__ /opt/stack/placement/placement/requestlog.py:55}}
Jul 23 10:22:16.133009 np0000005753 devstack@placement-api.service[90005]: INFO placement.requestlog [None req-bf523c50-f03d-4fb9-be44-70bea95b6701 service placement] 10.4.3.61 "GET /placement/resource_providers/2d47f92c-5e1d-4716-bcea-e2c80502b028/aggregates" status: 404 len: 235 microversion: 1.1
Jul 23 10:22:16.133272 np0000005753 devstack@placement-api.service[90005]: [pid: 90005|app: 0|req: 177/522] 10.4.3.61 () {66 vars in 1467 bytes} [Thu Jul 23 10:22:16 2026] GET /placement/resource_providers/2d47f92c-5e1d-4716-bcea-e2c80502b028/aggregates => generated 235 bytes in 8 msecs (HTTP/1.1 404) 5 headers in 202 bytes (1 switches on core 0)
Jul 23 10:22:16.181254 np0000005753 devstack@placement-api.service[90006]: DEBUG placement.requestlog [None req-11144593-0388-4fc5-a793-3df61d10e952 None None] Starting request: 10.4.3.61 "DELETE /placement/resource_providers/2d47f92c-5e1d-4716-bcea-e2c80502b028" {{(pid=90006) __call__ /opt/stack/placement/placement/requestlog.py:55}}
Jul 23 10:22:16.191405 np0000005753 devstack@placement-api.service[90006]: DEBUG placement.wsgi_wrapper [None req-11144593-0388-4fc5-a793-3df61d10e952 service placement] Placement API returning an error response: No resource provider with uuid 2d47f92c-5e1d-4716-bcea-e2c80502b028 found for delete {{(pid=90006) call_func /opt/stack/placement/placement/wsgi_wrapper.py:31}}
Jul 23 10:22:16.191405 np0000005753 devstack@placement-api.service[90006]: INFO placement.requestlog [None req-11144593-0388-4fc5-a793-3df61d10e952 service placement] 10.4.3.61 "DELETE /placement/resource_providers/2d47f92c-5e1d-4716-bcea-e2c80502b028" status: 404 len: 246 microversion: 1.1
Jul 23 10:22:16.191405 np0000005753 devstack@placement-api.service[90006]: [pid: 90006|app: 0|req: 174/523] 10.4.3.61 () {68 vars in 1456 bytes} [Thu Jul 23 10:22:16 2026] DELETE /placement/resource_providers/2d47f92c-5e1d-4716-bcea-e2c80502b028 => generated 246 bytes in 10 msecs (HTTP/1.1 404) 6 headers in 231 bytes (1 switches on core 0)
Jul 23 10:22:16.687583 np0000005753 devstack@placement-api.service[90004]: DEBUG placement.requestlog [req-10930a77-c6c2-45a1-a5bf-692661aedd35 req-45686532-521d-409e-963f-e503d3508c74 None None] Starting request: 10.4.3.61 "GET /placement/allocation_candidates?limit=1000&resources=MEMORY_MB%3A192%2CVCPU%3A1&root_required=%21COMPUTE_STATUS_DISABLED" {{(pid=90004) __call__ /opt/stack/placement/placement/requestlog.py:55}}
