Aug 26 00:55:08.015468 np0000008120 devstack@g-api.service[99726]: DEBUG glance.api.middleware.version_negotiation [None req-fcdf3c29-195f-48c6-8974-720f3f915a48 tempest-VolumesActionsTest-999354710 tempest-VolumesActionsTest-999354710-project-member] Using url versioning {{(pid=99726) process_request /opt/stack/glance/glance/api/middleware/version_negotiation.py:57}}
Aug 26 00:55:08.015468 np0000008120 devstack@g-api.service[99726]: DEBUG glance.api.middleware.version_negotiation [None req-fcdf3c29-195f-48c6-8974-720f3f915a48 tempest-VolumesActionsTest-999354710 tempest-VolumesActionsTest-999354710-project-member] Matched version: v2 {{(pid=99726) process_request /opt/stack/glance/glance/api/middleware/version_negotiation.py:69}}
Aug 26 00:55:08.016928 np0000008120 devstack@g-api.service[99726]: DEBUG glance.api.middleware.version_negotiation [None req-fcdf3c29-195f-48c6-8974-720f3f915a48 tempest-VolumesActionsTest-999354710 tempest-VolumesActionsTest-999354710-project-member] new path /v2/images/867b54ef-d190-424e-b541-3350e0824a12 {{(pid=99726) process_request /opt/stack/glance/glance/api/middleware/version_negotiation.py:70}}
Aug 26 00:55:08.036656 np0000008120 devstack@g-api.service[99726]: [pid: 99726|app: 0|req: 146/425] 127.0.0.1 () {40 vars in 838 bytes} [Wed Aug 26 00:55:08 2026] GET /v2/images/867b54ef-d190-424e-b541-3350e0824a12 => generated 650 bytes in 22 msecs (HTTP/1.1 200) 4 headers in 157 bytes (1 switches on core 0)
Aug 26 00:55:08.473304 np0000008120 devstack@g-api.service[99724]: DEBUG swiftclient [None req-818f0d0f-91ef-4bdf-a24b-ce20f11a6bdf tempest-VolumesActionsTest-999354710 tempest-VolumesActionsTest-999354710-project-member] REQ: curl -i https://10.4.3.238:8080/v1/AUTH_95096f1d506b43dd8754e31b921f1283/glance/867b54ef-d190-424e-b541-3350e0824a12-00002 -X PUT -H "X-Auth-Token: gAAAAABqjjllYwpb..." {{(pid=99724) http_log /opt/stack/data/venv/lib/python3.12/site-packages/swiftclient/client.py:160}}
Aug 26 00:55:08.473879 np0000008120 devstack@g-api.service[99724]: DEBUG swiftclient [None req-818f0d0f-91ef-4bdf-a24b-ce20f11a6bdf tempest-VolumesActionsTest-999354710 tempest-VolumesActionsTest-999354710-project-member] RESP STATUS: 201 Created {{(pid=99724) http_log /opt/stack/data/venv/lib/python3.12/site-packages/swiftclient/client.py:161}}
Aug 26 00:55:08.473879 np0000008120 devstack@g-api.service[99724]: DEBUG swiftclient [None req-818f0d0f-91ef-4bdf-a24b-ce20f11a6bdf tempest-VolumesActionsTest-999354710 tempest-VolumesActionsTest-999354710-project-member] RESP HEADERS: {'Date': 'Wed, 26 Aug 2026 00:55:08 GMT', 'Server': 'Apache/2.4.58 (Ubuntu)', 'Content-Type': 'text/html; charset=UTF-8', 'Content-Length': '0', 'Etag': 'eda9a9889837ac4bc81d6387d92c1bec', 'Last-Modified': 'Wed, 26 Aug 2026 00:55:06 GMT', 'X-Trans-Id': 'txa1356d24c8d640b391ad4-006a8e3969', 'X-Openstack-Request-Id': 'txa1356d24c8d640b391ad4-006a8e3969', 'Connection': 'close'} {{(pid=99724) http_log /opt/stack/data/venv/lib/python3.12/site-packages/swiftclient/client.py:162}}
Aug 26 00:55:08.473879 np0000008120 devstack@g-api.service[99724]: DEBUG glance_store._drivers.swift.store [None req-818f0d0f-91ef-4bdf-a24b-ce20f11a6bdf tempest-VolumesActionsTest-999354710 tempest-VolumesActionsTest-999354710-project-member] Wrote chunk 867b54ef-d190-424e-b541-3350e0824a12-00002 (2/?) of length 204800000 to Swift returning MD5 of content: eda9a9889837ac4bc81d6387d92c1bec {{(pid=99724) add /opt/stack/data/venv/lib/python3.12/site-packages/glance_store/_drivers/swift/store.py:1059}}
Aug 26 00:55:09.049105 np0000008120 devstack@g-api.service[99725]: DEBUG glance.api.middleware.version_negotiation [None req-0ce35406-d037-4bac-8169-1a1c1d218a8a tempest-VolumesActionsTest-999354710 tempest-VolumesActionsTest-999354710-project-member] Determining version of request: GET /v2/images/867b54ef-d190-424e-b541-3350e0824a12 Accept: application/json {{(pid=99725) process_request /opt/stack/glance/glance/api/middleware/version_negotiation.py:44}}
Aug 26 00:55:09.050740 np0000008120 devstack@g-api.service[99725]: DEBUG glance.api.middleware.version_negotiation [None req-0ce35406-d037-4bac-8169-1a1c1d218a8a tempest-VolumesActionsTest-999354710 tempest-VolumesActionsTest-999354710-project-member] Using url versioning {{(pid=99725) process_request /opt/stack/glance/glance/api/middleware/version_negotiation.py:57}}
Aug 26 00:55:09.051036 np0000008120 devstack@g-api.service[99725]: DEBUG glance.api.middleware.version_negotiation [None req-0ce35406-d037-4bac-8169-1a1c1d218a8a tempest-VolumesActionsTest-999354710 tempest-VolumesActionsTest-999354710-project-member] Matched version: v2 {{(pid=99725) process_request /opt/stack/glance/glance/api/middleware/version_negotiation.py:69}}
Aug 26 00:55:09.051254 np0000008120 devstack@g-api.service[99725]: DEBUG glance.api.middleware.version_negotiation [None req-0ce35406-d037-4bac-8169-1a1c1d218a8a tempest-VolumesActionsTest-999354710 tempest-VolumesActionsTest-999354710-project-member] new path /v2/images/867b54ef-d190-424e-b541-3350e0824a12 {{(pid=99725) process_request /opt/stack/glance/glance/api/middleware/version_negotiation.py:70}}
Aug 26 00:55:09.069684 np0000008120 devstack@g-api.service[99725]: [pid: 99725|app: 0|req: 145/426] 127.0.0.1 () {40 vars in 838 bytes} [Wed Aug 26 00:55:09 2026] GET /v2/images/867b54ef-d190-424e-b541-3350e0824a12 => generated 650 bytes in 21 msecs (HTTP/1.1 200) 4 headers in 157 bytes (1 switches on core 0)
Aug 26 00:55:10.083246 np0000008120 devstack@g-api.service[99726]: DEBUG glance.api.middleware.version_negotiation [None req-178d676d-236b-4941-97ba-2e7f9c4d13d3 tempest-VolumesActionsTest-999354710 tempest-VolumesActionsTest-999354710-project-member] Determining version of request: GET /v2/images/867b54ef-d190-424e-b541-3350e0824a12 Accept: application/json {{(pid=99726) process_request /opt/stack/glance/glance/api/middleware/version_negotiation.py:44}}
Aug 26 00:55:10.083749 np0000008120 devstack@g-api.service[99726]: DEBUG glance.api.middleware.version_negotiation [None req-178d676d-236b-4941-97ba-2e7f9c4d13d3 tempest-VolumesActionsTest-999354710 tempest-VolumesActionsTest-999354710-project-member] Using url versioning {{(pid=99726) process_request /opt/stack/glance/glance/api/middleware/version_negotiation.py:57}}
Aug 26 00:55:10.083749 np0000008120 devstack@g-api.service[99726]: DEBUG glance.api.middleware.version_negotiation [None req-178d676d-236b-4941-97ba-2e7f9c4d13d3 tempest-VolumesActionsTest-999354710 tempest-VolumesActionsTest-999354710-project-member] Matched version: v2 {{(pid=99726) process_request /opt/stack/glance/glance/api/middleware/version_negotiation.py:69}}
Aug 26 00:55:10.083749 np0000008120 devstack@g-api.service[99726]: DEBUG glance.api.middleware.version_negotiation [None req-178d676d-236b-4941-97ba-2e7f9c4d13d3 tempest-VolumesActionsTest-999354710 tempest-VolumesActionsTest-999354710-project-member] new path /v2/images/867b54ef-d190-424e-b541-3350e0824a12 {{(pid=99726) process_request /opt/stack/glance/glance/api/middleware/version_negotiation.py:70}}
Aug 26 00:55:10.112292 np0000008120 devstack@g-api.service[99726]: [pid: 99726|app: 0|req: 147/427] 127.0.0.1 () {40 vars in 838 bytes} [Wed Aug 26 00:55:10 2026] GET /v2/images/867b54ef-d190-424e-b541-3350e0824a12 => generated 650 bytes in 29 msecs (HTTP/1.1 200) 4 headers in 157 bytes (1 switches on core 0)
Aug 26 00:55:11.130190 np0000008120 devstack@g-api.service[99725]: DEBUG glance.api.middleware.version_negotiation [None req-65bbcb30-b226-41f0-8df4-d252a3906e4b tempest-VolumesActionsTest-999354710 tempest-VolumesActionsTest-999354710-project-member] Determining version of request: GET /v2/images/867b54ef-d190-424e-b541-3350e0824a12 Accept: application/json {{(pid=99725) process_request /opt/stack/glance/glance/api/middleware/version_negotiation.py:44}}
Aug 26 00:55:11.130190 np0000008120 devstack@g-api.service[99725]: DEBUG glance.api.middleware.version_negotiation [None req-65bbcb30-b226-41f0-8df4-d252a3906e4b tempest-VolumesActionsTest-999354710 tempest-VolumesActionsTest-999354710-project-member] Using url versioning {{(pid=99725) process_request /opt/stack/glance/glance/api/middleware/version_negotiation.py:57}}
Aug 26 00:55:11.130190 np0000008120 devstack@g-api.service[99725]: DEBUG glance.api.middleware.version_negotiation [None req-65bbcb30-b226-41f0-8df4-d252a3906e4b tempest-VolumesActionsTest-999354710 tempest-VolumesActionsTest-999354710-project-member] Matched version: v2 {{(pid=99725) process_request /opt/stack/glance/glance/api/middleware/version_negotiation.py:69}}
Aug 26 00:55:11.130190 np0000008120 devstack@g-api.service[99725]: DEBUG glance.api.middleware.version_negotiation [None req-65bbcb30-b226-41f0-8df4-d252a3906e4b tempest-VolumesActionsTest-999354710 tempest-VolumesActionsTest-999354710-project-member] new path /v2/images/867b54ef-d190-424e-b541-3350e0824a12 {{(pid=99725) process_request /opt/stack/glance/glance/api/middleware/version_negotiation.py:70}}
Aug 26 00:55:11.144184 np0000008120 devstack@g-api.service[99725]: [pid: 99725|app: 0|req: 146/428] 127.0.0.1 () {40 vars in 838 bytes} [Wed Aug 26 00:55:11 2026] GET /v2/images/867b54ef-d190-424e-b541-3350e0824a12 => generated 650 bytes in 17 msecs (HTTP/1.1 200) 4 headers in 157 bytes (1 switches on core 0)
Aug 26 00:55:11.399299 np0000008120 devstack@g-api.service[99724]: DEBUG swiftclient [None req-818f0d0f-91ef-4bdf-a24b-ce20f11a6bdf tempest-VolumesActionsTest-999354710 tempest-VolumesActionsTest-999354710-project-member] REQ: curl -i https://10.4.3.238:8080/v1/AUTH_95096f1d506b43dd8754e31b921f1283/glance/867b54ef-d190-424e-b541-3350e0824a12-00003 -X PUT -H "X-Auth-Token: gAAAAABqjjllYwpb..." {{(pid=99724) http_log /opt/stack/data/venv/lib/python3.12/site-packages/swiftclient/client.py:160}}
Aug 26 00:55:11.399814 np0000008120 devstack@g-api.service[99724]: DEBUG swiftclient [None req-818f0d0f-91ef-4bdf-a24b-ce20f11a6bdf tempest-VolumesActionsTest-999354710 tempest-VolumesActionsTest-999354710-project-member] RESP STATUS: 201 Created {{(pid=99724) http_log /opt/stack/data/venv/lib/python3.12/site-packages/swiftclient/client.py:161}}
Aug 26 00:55:11.399814 np0000008120 devstack@g-api.service[99724]: DEBUG swiftclient [None req-818f0d0f-91ef-4bdf-a24b-ce20f11a6bdf tempest-VolumesActionsTest-999354710 tempest-VolumesActionsTest-999354710-project-member] RESP HEADERS: {'Date': 'Wed, 26 Aug 2026 00:55:11 GMT', 'Server': 'Apache/2.4.58 (Ubuntu)', 'Content-Type': 'text/html; charset=UTF-8', 'Content-Length': '0', 'Etag': 'eda9a9889837ac4bc81d6387d92c1bec', 'Last-Modified': 'Wed, 26 Aug 2026 00:55:09 GMT', 'X-Trans-Id': 'txe90f503af8424e618b68d-006a8e396c', 'X-Openstack-Request-Id': 'txe90f503af8424e618b68d-006a8e396c', 'Connection': 'close'} {{(pid=99724) http_log /opt/stack/data/venv/lib/python3.12/site-packages/swiftclient/client.py:162}}
Aug 26 00:55:11.399814 np0000008120 devstack@g-api.service[99724]: DEBUG glance_store._drivers.swift.store [None req-818f0d0f-91ef-4bdf-a24b-ce20f11a6bdf tempest-VolumesActionsTest-999354710 tempest-VolumesActionsTest-999354710-project-member] Wrote chunk 867b54ef-d190-424e-b541-3350e0824a12-00003 (3/?) of length 204800000 to Swift returning MD5 of content: eda9a9889837ac4bc81d6387d92c1bec {{(pid=99724) add /opt/stack/data/venv/lib/python3.12/site-packages/glance_store/_drivers/swift/store.py:1059}}
Aug 26 00:55:11.643534 np0000008120 devstack@g-api.service[99724]: DEBUG dbcounter [-] [99724] Writing DB stats glance:SELECT=14,glance:INSERT=1,glance:UPDATE=1 {{(pid=99724) stat_writer /opt/stack/data/venv/lib/python3.12/site-packages/dbcounter.py:115}}
Aug 26 00:55:12.159694 np0000008120 devstack@g-api.service[99726]: DEBUG glance.api.middleware.version_negotiation [None req-b572a8de-6b34-43cc-a7a5-f045082cbfd0 tempest-VolumesActionsTest-999354710 tempest-VolumesActionsTest-999354710-project-member] Determining version of request: GET /v2/images/867b54ef-d190-424e-b541-3350e0824a12 Accept: application/json {{(pid=99726) process_request /opt/stack/glance/glance/api/middleware/version_negotiation.py:44}}
Aug 26 00:55:12.159694 np0000008120 devstack@g-api.service[99726]: DEBUG glance.api.middleware.version_negotiation [None req-b572a8de-6b34-43cc-a7a5-f045082cbfd0 tempest-VolumesActionsTest-999354710 tempest-VolumesActionsTest-999354710-project-member] Using url versioning {{(pid=99726) process_request /opt/stack/glance/glance/api/middleware/version_negotiation.py:57}}
Aug 26 00:55:12.159694 np0000008120 devstack@g-api.service[99726]: DEBUG glance.api.middleware.version_negotiation [None req-b572a8de-6b34-43cc-a7a5-f045082cbfd0 tempest-VolumesActionsTest-999354710 tempest-VolumesActionsTest-999354710-project-member] Matched version: v2 {{(pid=99726) process_request /opt/stack/glance/glance/api/middleware/version_negotiation.py:69}}
Aug 26 00:55:12.159694 np0000008120 devstack@g-api.service[99726]: DEBUG glance.api.middleware.version_negotiation [None req-b572a8de-6b34-43cc-a7a5-f045082cbfd0 tempest-VolumesActionsTest-999354710 tempest-VolumesActionsTest-999354710-project-member] new path /v2/images/867b54ef-d190-424e-b541-3350e0824a12 {{(pid=99726) process_request /opt/stack/glance/glance/api/middleware/version_negotiation.py:70}}
Aug 26 00:55:12.194491 np0000008120 devstack@g-api.service[99726]: [pid: 99726|app: 0|req: 148/429] 127.0.0.1 () {40 vars in 838 bytes} [Wed Aug 26 00:55:12 2026] GET /v2/images/867b54ef-d190-424e-b541-3350e0824a12 => generated 650 bytes in 36 msecs (HTTP/1.1 200) 4 headers in 157 bytes (1 switches on core 0)
Aug 26 00:55:13.207215 np0000008120 devstack@g-api.service[99725]: DEBUG glance.api.middleware.version_negotiation [None req-5bcbb9dc-911f-43d5-a473-5de9618cca18 tempest-VolumesActionsTest-999354710 tempest-VolumesActionsTest-999354710-project-member] Determining version of request: GET /v2/images/867b54ef-d190-424e-b541-3350e0824a12 Accept: application/json {{(pid=99725) process_request /opt/stack/glance/glance/api/middleware/version_negotiation.py:44}}
Aug 26 00:55:13.209440 np0000008120 devstack@g-api.service[99725]: DEBUG glance.api.middleware.version_negotiation [None req-5bcbb9dc-911f-43d5-a473-5de9618cca18 tempest-VolumesActionsTest-999354710 tempest-VolumesActionsTest-999354710-project-member] Using url versioning {{(pid=99725) process_request /opt/stack/glance/glance/api/middleware/version_negotiation.py:57}}
Aug 26 00:55:13.209833 np0000008120 devstack@g-api.service[99725]: DEBUG glance.api.middleware.version_negotiation [None req-5bcbb9dc-911f-43d5-a473-5de9618cca18 tempest-VolumesActionsTest-999354710 tempest-VolumesActionsTest-999354710-project-member] Matched version: v2 {{(pid=99725) process_request /opt/stack/glance/glance/api/middleware/version_negotiation.py:69}}
Aug 26 00:55:13.210790 np0000008120 devstack@g-api.service[99725]: DEBUG glance.api.middleware.version_negotiation [None req-5bcbb9dc-911f-43d5-a473-5de9618cca18 tempest-VolumesActionsTest-999354710 tempest-VolumesActionsTest-999354710-project-member] new path /v2/images/867b54ef-d190-424e-b541-3350e0824a12 {{(pid=99725) process_request /opt/stack/glance/glance/api/middleware/version_negotiation.py:70}}
Aug 26 00:55:13.226315 np0000008120 devstack@g-api.service[99725]: [pid: 99725|app: 0|req: 147/430] 127.0.0.1 () {40 vars in 838 bytes} [Wed Aug 26 00:55:13 2026] GET /v2/images/867b54ef-d190-424e-b541-3350e0824a12 => generated 650 bytes in 21 msecs (HTTP/1.1 200) 4 headers in 157 bytes (1 switches on core 0)
Aug 26 00:55:14.239002 np0000008120 devstack@g-api.service[99726]: DEBUG glance.api.middleware.version_negotiation [None req-36e5cdf6-effc-4168-9404-d907e115dd54 tempest-VolumesActionsTest-999354710 tempest-VolumesActionsTest-999354710-project-member] Determining version of request: GET /v2/images/867b54ef-d190-424e-b541-3350e0824a12 Accept: application/json {{(pid=99726) process_request /opt/stack/glance/glance/api/middleware/version_negotiation.py:44}}
Aug 26 00:55:14.239494 np0000008120 devstack@g-api.service[99726]: DEBUG glance.api.middleware.version_negotiation [None req-36e5cdf6-effc-4168-9404-d907e115dd54 tempest-VolumesActionsTest-999354710 tempest-VolumesActionsTest-999354710-project-member] Using url versioning {{(pid=99726) process_request /opt/stack/glance/glance/api/middleware/version_negotiation.py:57}}
Aug 26 00:55:14.239494 np0000008120 devstack@g-api.service[99726]: DEBUG glance.api.middleware.version_negotiation [None req-36e5cdf6-effc-4168-9404-d907e115dd54 tempest-VolumesActionsTest-999354710 tempest-VolumesActionsTest-999354710-project-member] Matched version: v2 {{(pid=99726) process_request /opt/stack/glance/glance/api/middleware/version_negotiation.py:69}}
Aug 26 00:55:14.239494 np0000008120 devstack@g-api.service[99726]: DEBUG glance.api.middleware.version_negotiation [None req-36e5cdf6-effc-4168-9404-d907e115dd54 tempest-VolumesActionsTest-999354710 tempest-VolumesActionsTest-999354710-project-member] new path /v2/images/867b54ef-d190-424e-b541-3350e0824a12 {{(pid=99726) process_request /opt/stack/glance/glance/api/middleware/version_negotiation.py:70}}
Aug 26 00:55:14.262894 np0000008120 devstack@g-api.service[99726]: [pid: 99726|app: 0|req: 149/431] 127.0.0.1 () {40 vars in 838 bytes} [Wed Aug 26 00:55:14 2026] GET /v2/images/867b54ef-d190-424e-b541-3350e0824a12 => generated 650 bytes in 24 msecs (HTTP/1.1 200) 4 headers in 157 bytes (1 switches on core 0)
Aug 26 00:55:14.597289 np0000008120 devstack@g-api.service[99724]: DEBUG swiftclient [None req-818f0d0f-91ef-4bdf-a24b-ce20f11a6bdf tempest-VolumesActionsTest-999354710 tempest-VolumesActionsTest-999354710-project-member] REQ: curl -i https://10.4.3.238:8080/v1/AUTH_95096f1d506b43dd8754e31b921f1283/glance/867b54ef-d190-424e-b541-3350e0824a12-00004 -X PUT -H "X-Auth-Token: gAAAAABqjjllYwpb..." {{(pid=99724) http_log /opt/stack/data/venv/lib/python3.12/site-packages/swiftclient/client.py:160}}
Aug 26 00:55:14.598101 np0000008120 devstack@g-api.service[99724]: DEBUG swiftclient [None req-818f0d0f-91ef-4bdf-a24b-ce20f11a6bdf tempest-VolumesActionsTest-999354710 tempest-VolumesActionsTest-999354710-project-member] RESP STATUS: 201 Created {{(pid=99724) http_log /opt/stack/data/venv/lib/python3.12/site-packages/swiftclient/client.py:161}}
Aug 26 00:55:14.598101 np0000008120 devstack@g-api.service[99724]: DEBUG swiftclient [None req-818f0d0f-91ef-4bdf-a24b-ce20f11a6bdf tempest-VolumesActionsTest-999354710 tempest-VolumesActionsTest-999354710-project-member] RESP HEADERS: {'Date': 'Wed, 26 Aug 2026 00:55:14 GMT', 'Server': 'Apache/2.4.58 (Ubuntu)', 'Content-Type': 'text/html; charset=UTF-8', 'Content-Length': '0', 'Etag': 'eda9a9889837ac4bc81d6387d92c1bec', 'Last-Modified': 'Wed, 26 Aug 2026 00:55:12 GMT', 'X-Trans-Id': 'tx0023e7ce98fe419aa71ba-006a8e396f', 'X-Openstack-Request-Id': 'tx0023e7ce98fe419aa71ba-006a8e396f', 'Connection': 'close'} {{(pid=99724) http_log /opt/stack/data/venv/lib/python3.12/site-packages/swiftclient/client.py:162}}
Aug 26 00:55:14.598101 np0000008120 devstack@g-api.service[99724]: DEBUG glance_store._drivers.swift.store [None req-818f0d0f-91ef-4bdf-a24b-ce20f11a6bdf tempest-VolumesActionsTest-999354710 tempest-VolumesActionsTest-999354710-project-member] Wrote chunk 867b54ef-d190-424e-b541-3350e0824a12-00004 (4/?) of length 204800000 to Swift returning MD5 of content: eda9a9889837ac4bc81d6387d92c1bec {{(pid=99724) add /opt/stack/data/venv/lib/python3.12/site-packages/glance_store/_drivers/swift/store.py:1059}}
Aug 26 00:55:15.279019 np0000008120 devstack@g-api.service[99725]: DEBUG glance.api.middleware.version_negotiation [None req-f378ad21-3e22-43b9-81f3-ba0fbfd1b997 tempest-VolumesActionsTest-999354710 tempest-VolumesActionsTest-999354710-project-member] Determining version of request: GET /v2/images/867b54ef-d190-424e-b541-3350e0824a12 Accept: application/json {{(pid=99725) process_request /opt/stack/glance/glance/api/middleware/version_negotiation.py:44}}
Aug 26 00:55:15.279701 np0000008120 devstack@g-api.service[99725]: DEBUG glance.api.middleware.version_negotiation [None req-f378ad21-3e22-43b9-81f3-ba0fbfd1b997 tempest-VolumesActionsTest-999354710 tempest-VolumesActionsTest-999354710-project-member] Using url versioning {{(pid=99725) process_request /opt/stack/glance/glance/api/middleware/version_negotiation.py:57}}
Aug 26 00:55:15.279701 np0000008120 devstack@g-api.service[99725]: DEBUG glance.api.middleware.version_negotiation [None req-f378ad21-3e22-43b9-81f3-ba0fbfd1b997 tempest-VolumesActionsTest-999354710 tempest-VolumesActionsTest-999354710-project-member] Matched version: v2 {{(pid=99725) process_request /opt/stack/glance/glance/api/middleware/version_negotiation.py:69}}
Aug 26 00:55:15.279701 np0000008120 devstack@g-api.service[99725]: DEBUG glance.api.middleware.version_negotiation [None req-f378ad21-3e22-43b9-81f3-ba0fbfd1b997 tempest-VolumesActionsTest-999354710 tempest-VolumesActionsTest-999354710-project-member] new path /v2/images/867b54ef-d190-424e-b541-3350e0824a12 {{(pid=99725) process_request /opt/stack/glance/glance/api/middleware/version_negotiation.py:70}}
Aug 26 00:55:15.303682 np0000008120 devstack@g-api.service[99725]: [pid: 99725|app: 0|req: 148/432] 127.0.0.1 () {40 vars in 838 bytes} [Wed Aug 26 00:55:15 2026] GET /v2/images/867b54ef-d190-424e-b541-3350e0824a12 => generated 650 bytes in 25 msecs (HTTP/1.1 200) 4 headers in 157 bytes (1 switches on core 0)
Aug 26 00:55:16.323328 np0000008120 devstack@g-api.service[99726]: DEBUG glance.api.middleware.version_negotiation [None req-ab6ef2b2-6047-4a07-bdfb-647c1bf97f37 tempest-VolumesActionsTest-999354710 tempest-VolumesActionsTest-999354710-project-member] Determining version of request: GET /v2/images/867b54ef-d190-424e-b541-3350e0824a12 Accept: application/json {{(pid=99726) process_request /opt/stack/glance/glance/api/middleware/version_negotiation.py:44}}
Aug 26 00:55:16.323877 np0000008120 devstack@g-api.service[99726]: DEBUG glance.api.middleware.version_negotiation [None req-ab6ef2b2-6047-4a07-bdfb-647c1bf97f37 tempest-VolumesActionsTest-999354710 tempest-VolumesActionsTest-999354710-project-member] Using url versioning {{(pid=99726) process_request /opt/stack/glance/glance/api/middleware/version_negotiation.py:57}}
Aug 26 00:55:16.323877 np0000008120 devstack@g-api.service[99726]: DEBUG glance.api.middleware.version_negotiation [None req-ab6ef2b2-6047-4a07-bdfb-647c1bf97f37 tempest-VolumesActionsTest-999354710 tempest-VolumesActionsTest-999354710-project-member] Matched version: v2 {{(pid=99726) process_request /opt/stack/glance/glance/api/middleware/version_negotiation.py:69}}
Aug 26 00:55:16.323877 np0000008120 devstack@g-api.service[99726]: DEBUG glance.api.middleware.version_negotiation [None req-ab6ef2b2-6047-4a07-bdfb-647c1bf97f37 tempest-VolumesActionsTest-999354710 tempest-VolumesActionsTest-999354710-project-member] new path /v2/images/867b54ef-d190-424e-b541-3350e0824a12 {{(pid=99726) process_request /opt/stack/glance/glance/api/middleware/version_negotiation.py:70}}
Aug 26 00:55:16.341948 np0000008120 devstack@g-api.service[99726]: [pid: 99726|app: 0|req: 150/433] 127.0.0.1 () {40 vars in 838 bytes} [Wed Aug 26 00:55:16 2026] GET /v2/images/867b54ef-d190-424e-b541-3350e0824a12 => generated 650 bytes in 19 msecs (HTTP/1.1 200) 4 headers in 157 bytes (1 switches on core 0)
Aug 26 00:55:17.305291 np0000008120 devstack@g-api.service[99724]: DEBUG swiftclient [None req-818f0d0f-91ef-4bdf-a24b-ce20f11a6bdf tempest-VolumesActionsTest-999354710 tempest-VolumesActionsTest-999354710-project-member] REQ: curl -i https://10.4.3.238:8080/v1/AUTH_95096f1d506b43dd8754e31b921f1283/glance/867b54ef-d190-424e-b541-3350e0824a12-00005 -X PUT -H "X-Auth-Token: gAAAAABqjjllYwpb..." {{(pid=99724) http_log /opt/stack/data/venv/lib/python3.12/site-packages/swiftclient/client.py:160}}
Aug 26 00:55:17.305819 np0000008120 devstack@g-api.service[99724]: DEBUG swiftclient [None req-818f0d0f-91ef-4bdf-a24b-ce20f11a6bdf tempest-VolumesActionsTest-999354710 tempest-VolumesActionsTest-999354710-project-member] RESP STATUS: 201 Created {{(pid=99724) http_log /opt/stack/data/venv/lib/python3.12/site-packages/swiftclient/client.py:161}}
Aug 26 00:55:17.305819 np0000008120 devstack@g-api.service[99724]: DEBUG swiftclient [None req-818f0d0f-91ef-4bdf-a24b-ce20f11a6bdf tempest-VolumesActionsTest-999354710 tempest-VolumesActionsTest-999354710-project-member] RESP HEADERS: {'Date': 'Wed, 26 Aug 2026 00:55:17 GMT', 'Server': 'Apache/2.4.58 (Ubuntu)', 'Content-Type': 'text/html; charset=UTF-8', 'Content-Length': '0', 'Etag': 'eda9a9889837ac4bc81d6387d92c1bec', 'Last-Modified': 'Wed, 26 Aug 2026 00:55:15 GMT', 'X-Trans-Id': 'tx749e0c5bde124892afd48-006a8e3972', 'X-Openstack-Request-Id': 'tx749e0c5bde124892afd48-006a8e3972', 'Connection': 'close'} {{(pid=99724) http_log /opt/stack/data/venv/lib/python3.12/site-packages/swiftclient/client.py:162}}
Aug 26 00:55:17.305819 np0000008120 devstack@g-api.service[99724]: DEBUG glance_store._drivers.swift.store [None req-818f0d0f-91ef-4bdf-a24b-ce20f11a6bdf tempest-VolumesActionsTest-999354710 tempest-VolumesActionsTest-999354710-project-member] Wrote chunk 867b54ef-d190-424e-b541-3350e0824a12-00005 (5/?) of length 204800000 to Swift returning MD5 of content: eda9a9889837ac4bc81d6387d92c1bec {{(pid=99724) add /opt/stack/data/venv/lib/python3.12/site-packages/glance_store/_drivers/swift/store.py:1059}}
Aug 26 00:55:17.356554 np0000008120 devstack@g-api.service[99725]: DEBUG glance.api.middleware.version_negotiation [None req-ba45f9c5-ef4d-4146-84d4-6b7e536b1806 tempest-VolumesActionsTest-999354710 tempest-VolumesActionsTest-999354710-project-member] Determining version of request: GET /v2/images/867b54ef-d190-424e-b541-3350e0824a12 Accept: application/json {{(pid=99725) process_request /opt/stack/glance/glance/api/middleware/version_negotiation.py:44}}
Aug 26 00:55:17.356554 np0000008120 devstack@g-api.service[99725]: DEBUG glance.api.middleware.version_negotiation [None req-ba45f9c5-ef4d-4146-84d4-6b7e536b1806 tempest-VolumesActionsTest-999354710 tempest-VolumesActionsTest-999354710-project-member] Using url versioning {{(pid=99725) process_request /opt/stack/glance/glance/api/middleware/version_negotiation.py:57}}
Aug 26 00:55:17.357237 np0000008120 devstack@g-api.service[99725]: DEBUG glance.api.middleware.version_negotiation [None req-ba45f9c5-ef4d-4146-84d4-6b7e536b1806 tempest-VolumesActionsTest-999354710 tempest-VolumesActionsTest-999354710-project-member] Matched version: v2 {{(pid=99725) process_request /opt/stack/glance/glance/api/middleware/version_negotiation.py:69}}
Aug 26 00:55:17.357237 np0000008120 devstack@g-api.service[99725]: DEBUG glance.api.middleware.version_negotiation [None req-ba45f9c5-ef4d-4146-84d4-6b7e536b1806 tempest-VolumesActionsTest-999354710 tempest-VolumesActionsTest-999354710-project-member] new path /v2/images/867b54ef-d190-424e-b541-3350e0824a12 {{(pid=99725) process_request /opt/stack/glance/glance/api/middleware/version_negotiation.py:70}}
Aug 26 00:55:17.365557 np0000008120 devstack@g-api.service[99725]: DEBUG dbcounter [-] [99725] Writing DB stats glance:SELECT=87,glance:UPDATE=27,glance:INSERT=2,glance:DELETE=1 {{(pid=99725) stat_writer /opt/stack/data/venv/lib/python3.12/site-packages/dbcounter.py:115}}
Aug 26 00:55:17.376437 np0000008120 devstack@g-api.service[99725]: [pid: 99725|app: 0|req: 149/434] 127.0.0.1 () {40 vars in 838 bytes} [Wed Aug 26 00:55:17 2026] GET /v2/images/867b54ef-d190-424e-b541-3350e0824a12 => generated 650 bytes in 21 msecs (HTTP/1.1 200) 4 headers in 157 bytes (1 switches on core 0)
Aug 26 00:55:17.915583 np0000008120 devstack@g-api.service[99724]: DEBUG swiftclient [None req-818f0d0f-91ef-4bdf-a24b-ce20f11a6bdf tempest-VolumesActionsTest-999354710 tempest-VolumesActionsTest-999354710-project-member] REQ: curl -i https://10.4.3.238:8080/v1/AUTH_95096f1d506b43dd8754e31b921f1283/glance/867b54ef-d190-424e-b541-3350e0824a12-00006 -X PUT -H "X-Auth-Token: gAAAAABqjjllYwpb..." {{(pid=99724) http_log /opt/stack/data/venv/lib/python3.12/site-packages/swiftclient/client.py:160}}
Aug 26 00:55:17.915768 np0000008120 devstack@g-api.service[99724]: DEBUG swiftclient [None req-818f0d0f-91ef-4bdf-a24b-ce20f11a6bdf tempest-VolumesActionsTest-999354710 tempest-VolumesActionsTest-999354710-project-member] RESP STATUS: 201 Created {{(pid=99724) http_log /opt/stack/data/venv/lib/python3.12/site-packages/swiftclient/client.py:161}}
Aug 26 00:55:17.916103 np0000008120 devstack@g-api.service[99724]: DEBUG swiftclient [None req-818f0d0f-91ef-4bdf-a24b-ce20f11a6bdf tempest-VolumesActionsTest-999354710 tempest-VolumesActionsTest-999354710-project-member] RESP HEADERS: {'Date': 'Wed, 26 Aug 2026 00:55:17 GMT', 'Server': 'Apache/2.4.58 (Ubuntu)', 'Content-Type': 'text/html; charset=UTF-8', 'Content-Length': '0', 'Etag': '708761f3b8777ec77058e63da08eeeb6', 'Last-Modified': 'Wed, 26 Aug 2026 00:55:18 GMT', 'X-Trans-Id': 'tx22bfb82fe8a44dd9b457f-006a8e3975', 'X-Openstack-Request-Id': 'tx22bfb82fe8a44dd9b457f-006a8e3975', 'Connection': 'close'} {{(pid=99724) http_log /opt/stack/data/venv/lib/python3.12/site-packages/swiftclient/client.py:162}}
Aug 26 00:55:17.916291 np0000008120 devstack@g-api.service[99724]: DEBUG glance_store._drivers.swift.store [None req-818f0d0f-91ef-4bdf-a24b-ce20f11a6bdf tempest-VolumesActionsTest-999354710 tempest-VolumesActionsTest-999354710-project-member] Wrote chunk 867b54ef-d190-424e-b541-3350e0824a12-00006 (6/?) of length 49741824 to Swift returning MD5 of content: 708761f3b8777ec77058e63da08eeeb6 {{(pid=99724) add /opt/stack/data/venv/lib/python3.12/site-packages/glance_store/_drivers/swift/store.py:1059}}
Aug 26 00:55:17.916559 np0000008120 devstack@g-api.service[99724]: DEBUG glance_store._drivers.swift.store [None req-818f0d0f-91ef-4bdf-a24b-ce20f11a6bdf tempest-VolumesActionsTest-999354710 tempest-VolumesActionsTest-999354710-project-member] Not writing zero-length chunk. {{(pid=99724) add /opt/stack/data/venv/lib/python3.12/site-packages/glance_store/_drivers/swift/store.py:1028}}
Aug 26 00:55:17.944942 np0000008120 devstack@g-api.service[99724]: DEBUG swiftclient [None req-818f0d0f-91ef-4bdf-a24b-ce20f11a6bdf tempest-VolumesActionsTest-999354710 tempest-VolumesActionsTest-999354710-project-member] REQ: curl -i https://10.4.3.238:8080/v1/AUTH_95096f1d506b43dd8754e31b921f1283/glance/867b54ef-d190-424e-b541-3350e0824a12 -X PUT -H "X-Object-Manifest: glance/867b54ef-d190-424e-b541-3350e0824a12-" -H "X-Auth-Token: gAAAAABqjjllYwpb..." -H "Content-Length: 0" {{(pid=99724) http_log /opt/stack/data/venv/lib/python3.12/site-packages/swiftclient/client.py:160}}
Aug 26 00:55:17.945253 np0000008120 devstack@g-api.service[99724]: DEBUG swiftclient [None req-818f0d0f-91ef-4bdf-a24b-ce20f11a6bdf tempest-VolumesActionsTest-999354710 tempest-VolumesActionsTest-999354710-project-member] RESP STATUS: 201 Created {{(pid=99724) http_log /opt/stack/data/venv/lib/python3.12/site-packages/swiftclient/client.py:161}}
Aug 26 00:55:17.945253 np0000008120 devstack@g-api.service[99724]: DEBUG swiftclient [None req-818f0d0f-91ef-4bdf-a24b-ce20f11a6bdf tempest-VolumesActionsTest-999354710 tempest-VolumesActionsTest-999354710-project-member] RESP HEADERS: {'Date': 'Wed, 26 Aug 2026 00:55:17 GMT', 'Server': 'Apache/2.4.58 (Ubuntu)', 'Content-Type': 'text/html; charset=UTF-8', 'Content-Length': '0', 'Etag': 'd41d8cd98f00b204e9800998ecf8427e', 'Last-Modified': 'Wed, 26 Aug 2026 00:55:18 GMT', 'X-Trans-Id': 'txef2d2afbcdea4c1a80a0e-006a8e3975', 'X-Openstack-Request-Id': 'txef2d2afbcdea4c1a80a0e-006a8e3975', 'Connection': 'close'} {{(pid=99724) http_log /opt/stack/data/venv/lib/python3.12/site-packages/swiftclient/client.py:162}}
Aug 26 00:55:17.945610 np0000008120 devstack@g-api.service[99724]: INFO glance.location [None req-818f0d0f-91ef-4bdf-a24b-ce20f11a6bdf tempest-VolumesActionsTest-999354710 tempest-VolumesActionsTest-999354710-project-member] Image format matched and virtual size computed: 1073741824
Aug 26 00:55:17.981088 np0000008120 devstack@g-api.service[99724]: DEBUG glance_store.backend [None req-818f0d0f-91ef-4bdf-a24b-ce20f11a6bdf tempest-VolumesActionsTest-999354710 tempest-VolumesActionsTest-999354710-project-member] Attempting to import store swift {{(pid=99724) _load_store /opt/stack/data/venv/lib/python3.12/site-packages/glance_store/backend.py:215}}
Aug 26 00:55:17.982561 np0000008120 devstack@g-api.service[99724]: DEBUG glance_store.capabilities [None req-818f0d0f-91ef-4bdf-a24b-ce20f11a6bdf tempest-VolumesActionsTest-999354710 tempest-VolumesActionsTest-999354710-project-member] Store glance_store._drivers.swift.store.SingleTenantStore doesn't support updating dynamic storage capabilities. Please overwrite 'update_capabilities' method of the store to implement updating logics if needed. {{(pid=99724) update_capabilities /opt/stack/data/venv/lib/python3.12/site-packages/glance_store/capabilities.py:91}}
Aug 26 00:55:17.982705 np0000008120 devstack@g-api.service[99724]: DEBUG glance_store.driver [None req-818f0d0f-91ef-4bdf-a24b-ce20f11a6bdf tempest-VolumesActionsTest-999354710 tempest-VolumesActionsTest-999354710-project-member] Late loading location class glance_store._drivers.swift.store.StoreLocation {{(pid=99724) get_store_location_class /opt/stack/data/venv/lib/python3.12/site-packages/glance_store/driver.py:134}}
Aug 26 00:55:17.982769 np0000008120 devstack@g-api.service[99724]: DEBUG glance_store.location [None req-818f0d0f-91ef-4bdf-a24b-ce20f11a6bdf tempest-VolumesActionsTest-999354710 tempest-VolumesActionsTest-999354710-project-member] Registering scheme swift+https with {'store': , 'location_class': , 'store_entry': 'swift'} {{(pid=99724) register_scheme_map /opt/stack/data/venv/lib/python3.12/site-packages/glance_store/location.py:146}}
Aug 26 00:55:17.982865 np0000008120 devstack@g-api.service[99724]: DEBUG glance_store.location [None req-818f0d0f-91ef-4bdf-a24b-ce20f11a6bdf tempest-VolumesActionsTest-999354710 tempest-VolumesActionsTest-999354710-project-member] Registering scheme swift+https with {'store': , 'location_class': , 'store_entry': 'swift'} {{(pid=99724) register_scheme_map /opt/stack/data/venv/lib/python3.12/site-packages/glance_store/location.py:146}}
Aug 26 00:55:17.982923 np0000008120 devstack@g-api.service[99724]: DEBUG glance_store.location [None req-818f0d0f-91ef-4bdf-a24b-ce20f11a6bdf tempest-VolumesActionsTest-999354710 tempest-VolumesActionsTest-999354710-project-member] Registering scheme swift with {'store': , 'location_class': , 'store_entry': 'swift'} {{(pid=99724) register_scheme_map /opt/stack/data/venv/lib/python3.12/site-packages/glance_store/location.py:146}}
Aug 26 00:55:17.982981 np0000008120 devstack@g-api.service[99724]: DEBUG glance_store.location [None req-818f0d0f-91ef-4bdf-a24b-ce20f11a6bdf tempest-VolumesActionsTest-999354710 tempest-VolumesActionsTest-999354710-project-member] Registering scheme swift+https with {'store': , 'location_class': , 'store_entry': 'swift'} {{(pid=99724) register_scheme_map /opt/stack/data/venv/lib/python3.12/site-packages/glance_store/location.py:146}}
Aug 26 00:55:17.983123 np0000008120 devstack@g-api.service[99724]: DEBUG glance_store.location [None req-818f0d0f-91ef-4bdf-a24b-ce20f11a6bdf tempest-VolumesActionsTest-999354710 tempest-VolumesActionsTest-999354710-project-member] Registering scheme swift with {'store': , 'location_class': , 'store_entry': 'swift'} {{(pid=99724) register_scheme_map /opt/stack/data/venv/lib/python3.12/site-packages/glance_store/location.py:146}}
Aug 26 00:55:17.983212 np0000008120 devstack@g-api.service[99724]: DEBUG glance_store.location [None req-818f0d0f-91ef-4bdf-a24b-ce20f11a6bdf tempest-VolumesActionsTest-999354710 tempest-VolumesActionsTest-999354710-project-member] Registering scheme swift+http with {'store': , 'location_class': , 'store_entry': 'swift'} {{(pid=99724) register_scheme_map /opt/stack/data/venv/lib/python3.12/site-packages/glance_store/location.py:146}}
Aug 26 00:55:17.983212 np0000008120 devstack@g-api.service[99724]: DEBUG glance_store.location [None req-818f0d0f-91ef-4bdf-a24b-ce20f11a6bdf tempest-VolumesActionsTest-999354710 tempest-VolumesActionsTest-999354710-project-member] Registering scheme swift+https with {'store': , 'location_class': , 'store_entry': 'swift'} {{(pid=99724) register_scheme_map /opt/stack/data/venv/lib/python3.12/site-packages/glance_store/location.py:146}}
Aug 26 00:55:17.983430 np0000008120 devstack@g-api.service[99724]: DEBUG glance_store.location [None req-818f0d0f-91ef-4bdf-a24b-ce20f11a6bdf tempest-VolumesActionsTest-999354710 tempest-VolumesActionsTest-999354710-project-member] Registering scheme swift with {'store': , 'location_class': , 'store_entry': 'swift'} {{(pid=99724) register_scheme_map /opt/stack/data/venv/lib/python3.12/site-packages/glance_store/location.py:146}}
Aug 26 00:55:17.983430 np0000008120 devstack@g-api.service[99724]: DEBUG glance_store.location [None req-818f0d0f-91ef-4bdf-a24b-ce20f11a6bdf tempest-VolumesActionsTest-999354710 tempest-VolumesActionsTest-999354710-project-member] Registering scheme swift+http with {'store': , 'location_class': , 'store_entry': 'swift'} {{(pid=99724) register_scheme_map /opt/stack/data/venv/lib/python3.12/site-packages/glance_store/location.py:146}}
Aug 26 00:55:17.983603 np0000008120 devstack@g-api.service[99724]: DEBUG glance_store.location [None req-818f0d0f-91ef-4bdf-a24b-ce20f11a6bdf tempest-VolumesActionsTest-999354710 tempest-VolumesActionsTest-999354710-project-member] Registering scheme swift+config with {'store': , 'location_class': , 'store_entry': 'swift'} {{(pid=99724) register_scheme_map /opt/stack/data/venv/lib/python3.12/site-packages/glance_store/location.py:146}}
Aug 26 00:55:17.983603 np0000008120 devstack@g-api.service[99724]: DEBUG glance_store.backend [None req-818f0d0f-91ef-4bdf-a24b-ce20f11a6bdf tempest-VolumesActionsTest-999354710 tempest-VolumesActionsTest-999354710-project-member] Skipping store.set_acls... not implemented. {{(pid=99724) set_acls /opt/stack/data/venv/lib/python3.12/site-packages/glance_store/backend.py:507}}
Aug 26 00:55:17.985488 np0000008120 devstack@g-api.service[99724]: [pid: 99724|app: 0|req: 136/435] 127.0.0.1 () {46 vars in 1158 bytes} [Wed Aug 26 00:55:00 2026] PUT /v2/images/867b54ef-d190-424e-b541-3350e0824a12/file => generated 0 bytes in 17822 msecs (HTTP/1.1 204) 4 headers in 171 bytes (1 switches on core 0)
Aug 26 00:55:17.995493 np0000008120 devstack@g-api.service[99726]: DEBUG glance.api.middleware.version_negotiation [None req-747cc481-6703-49cf-ab8c-cffbd855dd8f tempest-VolumesActionsTest-999354710 tempest-VolumesActionsTest-999354710-project-member] Determining version of request: GET /v2/images/867b54ef-d190-424e-b541-3350e0824a12 Accept: */* {{(pid=99726) process_request /opt/stack/glance/glance/api/middleware/version_negotiation.py:44}}
Aug 26 00:55:17.995493 np0000008120 devstack@g-api.service[99726]: DEBUG glance.api.middleware.version_negotiation [None req-747cc481-6703-49cf-ab8c-cffbd855dd8f tempest-VolumesActionsTest-999354710 tempest-VolumesActionsTest-999354710-project-member] Using url versioning {{(pid=99726) process_request /opt/stack/glance/glance/api/middleware/version_negotiation.py:57}}
Aug 26 00:55:17.995493 np0000008120 devstack@g-api.service[99726]: DEBUG glance.api.middleware.version_negotiation [None req-747cc481-6703-49cf-ab8c-cffbd855dd8f tempest-VolumesActionsTest-999354710 tempest-VolumesActionsTest-999354710-project-member] Matched version: v2 {{(pid=99726) process_request /opt/stack/glance/glance/api/middleware/version_negotiation.py:69}}
Aug 26 00:55:17.995493 np0000008120 devstack@g-api.service[99726]: DEBUG glance.api.middleware.version_negotiation [None req-747cc481-6703-49cf-ab8c-cffbd855dd8f tempest-VolumesActionsTest-999354710 tempest-VolumesActionsTest-999354710-project-member] new path /v2/images/867b54ef-d190-424e-b541-3350e0824a12 {{(pid=99726) process_request /opt/stack/glance/glance/api/middleware/version_negotiation.py:70}}
Aug 26 00:55:18.011881 np0000008120 devstack@g-api.service[99726]: [pid: 99726|app: 0|req: 151/436] 127.0.0.1 () {44 vars in 1115 bytes} [Wed Aug 26 00:55:17 2026] GET /v2/images/867b54ef-d190-424e-b541-3350e0824a12 => generated 822 bytes in 17 msecs (HTTP/1.1 200) 4 headers in 157 bytes (1 switches on core 0)
Aug 26 00:55:18.020977 np0000008120 devstack@g-api.service[99725]: DEBUG glance.api.middleware.version_negotiation [None req-0d00de53-d86a-4212-a70b-a6d018254f91 tempest-VolumesActionsTest-999354710 tempest-VolumesActionsTest-999354710-project-member] Determining version of request: GET /v2/schemas/image Accept: */* {{(pid=99725) process_request /opt/stack/glance/glance/api/middleware/version_negotiation.py:44}}
Aug 26 00:55:18.021471 np0000008120 devstack@g-api.service[99725]: DEBUG glance.api.middleware.version_negotiation [None req-0d00de53-d86a-4212-a70b-a6d018254f91 tempest-VolumesActionsTest-999354710 tempest-VolumesActionsTest-999354710-project-member] Using url versioning {{(pid=99725) process_request /opt/stack/glance/glance/api/middleware/version_negotiation.py:57}}
Aug 26 00:55:18.021824 np0000008120 devstack@g-api.service[99725]: DEBUG glance.api.middleware.version_negotiation [None req-0d00de53-d86a-4212-a70b-a6d018254f91 tempest-VolumesActionsTest-999354710 tempest-VolumesActionsTest-999354710-project-member] Matched version: v2 {{(pid=99725) process_request /opt/stack/glance/glance/api/middleware/version_negotiation.py:69}}
Aug 26 00:55:18.022119 np0000008120 devstack@g-api.service[99725]: DEBUG glance.api.middleware.version_negotiation [None req-0d00de53-d86a-4212-a70b-a6d018254f91 tempest-VolumesActionsTest-999354710 tempest-VolumesActionsTest-999354710-project-member] new path /v2/schemas/image {{(pid=99725) process_request /opt/stack/glance/glance/api/middleware/version_negotiation.py:70}}
Aug 26 00:55:18.026864 np0000008120 devstack@g-api.service[99725]: [pid: 99725|app: 0|req: 150/437] 127.0.0.1 () {44 vars in 1055 bytes} [Wed Aug 26 00:55:18 2026] GET /v2/schemas/image => generated 6083 bytes in 6 msecs (HTTP/1.1 200) 4 headers in 158 bytes (1 switches on core 0)
Aug 26 00:55:18.039534 np0000008120 devstack@g-api.service[99724]: DEBUG glance.api.middleware.version_negotiation [None req-818f0d0f-91ef-4bdf-a24b-ce20f11a6bdf tempest-VolumesActionsTest-999354710 tempest-VolumesActionsTest-999354710-project-member] Determining version of request: GET /v2/schemas/image Accept: */* {{(pid=99724) process_request /opt/stack/glance/glance/api/middleware/version_negotiation.py:44}}
Aug 26 00:55:18.039741 np0000008120 devstack@g-api.service[99724]: DEBUG glance.api.middleware.version_negotiation [None req-818f0d0f-91ef-4bdf-a24b-ce20f11a6bdf tempest-VolumesActionsTest-999354710 tempest-VolumesActionsTest-999354710-project-member] Using url versioning {{(pid=99724) process_request /opt/stack/glance/glance/api/middleware/version_negotiation.py:57}}
Aug 26 00:55:18.039909 np0000008120 devstack@g-api.service[99724]: DEBUG glance.api.middleware.version_negotiation [None req-818f0d0f-91ef-4bdf-a24b-ce20f11a6bdf tempest-VolumesActionsTest-999354710 tempest-VolumesActionsTest-999354710-project-member] Matched version: v2 {{(pid=99724) process_request /opt/stack/glance/glance/api/middleware/version_negotiation.py:69}}
Aug 26 00:55:18.040036 np0000008120 devstack@g-api.service[99724]: DEBUG glance.api.middleware.version_negotiation [None req-818f0d0f-91ef-4bdf-a24b-ce20f11a6bdf tempest-VolumesActionsTest-999354710 tempest-VolumesActionsTest-999354710-project-member] new path /v2/schemas/image {{(pid=99724) process_request /opt/stack/glance/glance/api/middleware/version_negotiation.py:70}}
Aug 26 00:55:18.043363 np0000008120 devstack@g-api.service[99724]: [pid: 99724|app: 0|req: 137/438] 127.0.0.1 () {44 vars in 1055 bytes} [Wed Aug 26 00:55:18 2026] GET /v2/schemas/image => generated 6083 bytes in 4 msecs (HTTP/1.1 200) 4 headers in 158 bytes (1 switches on core 0)
Aug 26 00:55:18.389604 np0000008120 devstack@g-api.service[99726]: DEBUG glance.api.middleware.version_negotiation [None req-818f0d0f-91ef-4bdf-a24b-ce20f11a6bdf tempest-VolumesActionsTest-999354710 tempest-VolumesActionsTest-999354710-project-member] Determining version of request: GET /v2/images/867b54ef-d190-424e-b541-3350e0824a12 Accept: application/json {{(pid=99726) process_request /opt/stack/glance/glance/api/middleware/version_negotiation.py:44}}
Aug 26 00:55:18.391551 np0000008120 devstack@g-api.service[99726]: DEBUG glance.api.middleware.version_negotiation [None req-818f0d0f-91ef-4bdf-a24b-ce20f11a6bdf tempest-VolumesActionsTest-999354710 tempest-VolumesActionsTest-999354710-project-member] Using url versioning {{(pid=99726) process_request /opt/stack/glance/glance/api/middleware/version_negotiation.py:57}}
Aug 26 00:55:18.391551 np0000008120 devstack@g-api.service[99726]: DEBUG glance.api.middleware.version_negotiation [None req-818f0d0f-91ef-4bdf-a24b-ce20f11a6bdf tempest-VolumesActionsTest-999354710 tempest-VolumesActionsTest-999354710-project-member] Matched version: v2 {{(pid=99726) process_request /opt/stack/glance/glance/api/middleware/version_negotiation.py:69}}
Aug 26 00:55:18.391551 np0000008120 devstack@g-api.service[99726]: DEBUG glance.api.middleware.version_negotiation [None req-818f0d0f-91ef-4bdf-a24b-ce20f11a6bdf tempest-VolumesActionsTest-999354710 tempest-VolumesActionsTest-999354710-project-member] new path /v2/images/867b54ef-d190-424e-b541-3350e0824a12 {{(pid=99726) process_request /opt/stack/glance/glance/api/middleware/version_negotiation.py:70}}
Aug 26 00:55:18.403015 np0000008120 devstack@g-api.service[99726]: [pid: 99726|app: 0|req: 152/439] 127.0.0.1 () {40 vars in 838 bytes} [Wed Aug 26 00:55:18 2026] GET /v2/images/867b54ef-d190-424e-b541-3350e0824a12 => generated 822 bytes in 14 msecs (HTTP/1.1 200) 4 headers in 157 bytes (1 switches on core 0)
Aug 26 00:55:19.513733 np0000008120 devstack@g-api.service[99725]: DEBUG glance.api.middleware.version_negotiation [None req-818f0d0f-91ef-4bdf-a24b-ce20f11a6bdf tempest-VolumesActionsTest-999354710 tempest-VolumesActionsTest-999354710-project-member] Determining version of request: GET /v2/images/867b54ef-d190-424e-b541-3350e0824a12 Accept: application/json {{(pid=99725) process_request /opt/stack/glance/glance/api/middleware/version_negotiation.py:44}}
Aug 26 00:55:19.513733 np0000008120 devstack@g-api.service[99725]: DEBUG glance.api.middleware.version_negotiation [None req-818f0d0f-91ef-4bdf-a24b-ce20f11a6bdf tempest-VolumesActionsTest-999354710 tempest-VolumesActionsTest-999354710-project-member] Using url versioning {{(pid=99725) process_request /opt/stack/glance/glance/api/middleware/version_negotiation.py:57}}
Aug 26 00:55:19.513733 np0000008120 devstack@g-api.service[99725]: DEBUG glance.api.middleware.version_negotiation [None req-818f0d0f-91ef-4bdf-a24b-ce20f11a6bdf tempest-VolumesActionsTest-999354710 tempest-VolumesActionsTest-999354710-project-member] Matched version: v2 {{(pid=99725) process_request /opt/stack/glance/glance/api/middleware/version_negotiation.py:69}}
Aug 26 00:55:19.513733 np0000008120 devstack@g-api.service[99725]: DEBUG glance.api.middleware.version_negotiation [None req-818f0d0f-91ef-4bdf-a24b-ce20f11a6bdf tempest-VolumesActionsTest-999354710 tempest-VolumesActionsTest-999354710-project-member] new path /v2/images/867b54ef-d190-424e-b541-3350e0824a12 {{(pid=99725) process_request /opt/stack/glance/glance/api/middleware/version_negotiation.py:70}}
Aug 26 00:55:19.529163 np0000008120 devstack@g-api.service[99725]: [pid: 99725|app: 0|req: 151/440] 127.0.0.1 () {40 vars in 838 bytes} [Wed Aug 26 00:55:19 2026] GET /v2/images/867b54ef-d190-424e-b541-3350e0824a12 => generated 822 bytes in 17 msecs (HTTP/1.1 200) 4 headers in 157 bytes (1 switches on core 0)
Aug 26 00:55:19.584477 np0000008120 devstack@g-api.service[99724]: DEBUG glance.api.middleware.version_negotiation [None req-818f0d0f-91ef-4bdf-a24b-ce20f11a6bdf tempest-VolumesActionsTest-999354710 tempest-VolumesActionsTest-999354710-project-member] Determining version of request: GET /v2/schemas/image Accept: */* {{(pid=99724) process_request /opt/stack/glance/glance/api/middleware/version_negotiation.py:44}}
Aug 26 00:55:19.585104 np0000008120 devstack@g-api.service[99724]: DEBUG glance.api.middleware.version_negotiation [None req-818f0d0f-91ef-4bdf-a24b-ce20f11a6bdf tempest-VolumesActionsTest-999354710 tempest-VolumesActionsTest-999354710-project-member] Using url versioning {{(pid=99724) process_request /opt/stack/glance/glance/api/middleware/version_negotiation.py:57}}
Aug 26 00:55:19.585104 np0000008120 devstack@g-api.service[99724]: DEBUG glance.api.middleware.version_negotiation [None req-818f0d0f-91ef-4bdf-a24b-ce20f11a6bdf tempest-VolumesActionsTest-999354710 tempest-VolumesActionsTest-999354710-project-member] Matched version: v2 {{(pid=99724) process_request /opt/stack/glance/glance/api/middleware/version_negotiation.py:69}}
Aug 26 00:55:19.585104 np0000008120 devstack@g-api.service[99724]: DEBUG glance.api.middleware.version_negotiation [None req-818f0d0f-91ef-4bdf-a24b-ce20f11a6bdf tempest-VolumesActionsTest-999354710 tempest-VolumesActionsTest-999354710-project-member] new path /v2/schemas/image {{(pid=99724) process_request /opt/stack/glance/glance/api/middleware/version_negotiation.py:70}}
Aug 26 00:55:19.811632 np0000008120 devstack@g-api.service[99724]: [pid: 99724|app: 0|req: 138/441] 127.0.0.1 () {44 vars in 1055 bytes} [Wed Aug 26 00:55:19 2026] GET /v2/schemas/image => generated 6083 bytes in 227 msecs (HTTP/1.1 200) 4 headers in 158 bytes (1 switches on core 0)
Aug 26 00:55:19.824200 np0000008120 devstack@g-api.service[99726]: DEBUG glance.api.middleware.version_negotiation [None req-6507f25c-ae6a-48f2-bd6f-41298b8fcd66 tempest-VolumesActionsTest-999354710 tempest-VolumesActionsTest-999354710-project-member] Determining version of request: POST /v2/images Accept: */* {{(pid=99726) process_request /opt/stack/glance/glance/api/middleware/version_negotiation.py:44}}
