Aug 26 00:46:38.849877 np0000008120 devstack@g-api.service[99725]: DEBUG glance_store.location [-] Registering scheme swift with {'store': , 'location_class': , 'store_entry': 'swift'} {{(pid=99725) register_scheme_map /opt/stack/data/venv/lib/python3.12/site-packages/glance_store/location.py:146}}
Aug 26 00:46:38.849901 np0000008120 devstack@g-api.service[99726]: DEBUG glance_store.location [-] Registering scheme swift with {'store': , 'location_class': , 'store_entry': 'swift'} {{(pid=99726) register_scheme_map /opt/stack/data/venv/lib/python3.12/site-packages/glance_store/location.py:146}}
Aug 26 00:46:38.849948 np0000008120 devstack@g-api.service[99724]: DEBUG glance_store.location [-] Registering scheme swift with {'store': , 'location_class': , 'store_entry': 'swift'} {{(pid=99724) register_scheme_map /opt/stack/data/venv/lib/python3.12/site-packages/glance_store/location.py:146}}
Aug 26 00:46:38.849980 np0000008120 devstack@g-api.service[99725]: DEBUG glance_store.location [-] Registering scheme swift+http with {'store': , 'location_class': , 'store_entry': 'swift'} {{(pid=99725) register_scheme_map /opt/stack/data/venv/lib/python3.12/site-packages/glance_store/location.py:146}}
Aug 26 00:46:38.850004 np0000008120 devstack@g-api.service[99724]: DEBUG glance_store.location [-] Registering scheme swift+https with {'store': , 'location_class': , 'store_entry': 'swift'} {{(pid=99724) register_scheme_map /opt/stack/data/venv/lib/python3.12/site-packages/glance_store/location.py:146}}
Aug 26 00:46:38.850031 np0000008120 devstack@g-api.service[99725]: DEBUG glance_store.location [-] Registering scheme swift+https with {'store': , 'location_class': , 'store_entry': 'swift'} {{(pid=99725) register_scheme_map /opt/stack/data/venv/lib/python3.12/site-packages/glance_store/location.py:146}}
Aug 26 00:46:38.850056 np0000008120 devstack@g-api.service[99726]: DEBUG glance_store.location [-] Registering scheme swift+https with {'store': , 'location_class': , 'store_entry': 'swift'} {{(pid=99726) register_scheme_map /opt/stack/data/venv/lib/python3.12/site-packages/glance_store/location.py:146}}
Aug 26 00:46:38.850082 np0000008120 devstack@g-api.service[99724]: DEBUG glance_store.location [-] Registering scheme swift with {'store': , 'location_class': , 'store_entry': 'swift'} {{(pid=99724) register_scheme_map /opt/stack/data/venv/lib/python3.12/site-packages/glance_store/location.py:146}}
Aug 26 00:46:38.850105 np0000008120 devstack@g-api.service[99725]: DEBUG glance_store.location [-] Registering scheme swift with {'store': , 'location_class': , 'store_entry': 'swift'} {{(pid=99725) register_scheme_map /opt/stack/data/venv/lib/python3.12/site-packages/glance_store/location.py:146}}
Aug 26 00:46:38.850131 np0000008120 devstack@g-api.service[99726]: DEBUG glance_store.location [-] Registering scheme swift with {'store': , 'location_class': , 'store_entry': 'swift'} {{(pid=99726) register_scheme_map /opt/stack/data/venv/lib/python3.12/site-packages/glance_store/location.py:146}}
Aug 26 00:46:38.850164 np0000008120 devstack@g-api.service[99724]: DEBUG glance_store.location [-] Registering scheme swift+http with {'store': , 'location_class': , 'store_entry': 'swift'} {{(pid=99724) register_scheme_map /opt/stack/data/venv/lib/python3.12/site-packages/glance_store/location.py:146}}
Aug 26 00:46:38.850191 np0000008120 devstack@g-api.service[99725]: DEBUG glance_store.location [-] Registering scheme swift+http with {'store': , 'location_class': , 'store_entry': 'swift'} {{(pid=99725) register_scheme_map /opt/stack/data/venv/lib/python3.12/site-packages/glance_store/location.py:146}}
Aug 26 00:46:38.850218 np0000008120 devstack@g-api.service[99726]: DEBUG glance_store.location [-] Registering scheme swift+http with {'store': , 'location_class': , 'store_entry': 'swift'} {{(pid=99726) register_scheme_map /opt/stack/data/venv/lib/python3.12/site-packages/glance_store/location.py:146}}
Aug 26 00:46:38.850247 np0000008120 devstack@g-api.service[99724]: DEBUG glance_store.location [-] Registering scheme swift+https with {'store': , 'location_class': , 'store_entry': 'swift'} {{(pid=99724) register_scheme_map /opt/stack/data/venv/lib/python3.12/site-packages/glance_store/location.py:146}}
Aug 26 00:46:38.850272 np0000008120 devstack@g-api.service[99725]: DEBUG glance_store.location [-] Registering scheme swift+config with {'store': , 'location_class': , 'store_entry': 'swift'} {{(pid=99725) register_scheme_map /opt/stack/data/venv/lib/python3.12/site-packages/glance_store/location.py:146}}
Aug 26 00:46:38.850298 np0000008120 devstack@g-api.service[99724]: DEBUG glance_store.location [-] Registering scheme swift with {'store': , 'location_class': , 'store_entry': 'swift'} {{(pid=99724) register_scheme_map /opt/stack/data/venv/lib/python3.12/site-packages/glance_store/location.py:146}}
Aug 26 00:46:38.850323 np0000008120 devstack@g-api.service[99726]: DEBUG glance_store.location [-] Registering scheme swift+https with {'store': , 'location_class': , 'store_entry': 'swift'} {{(pid=99726) register_scheme_map /opt/stack/data/venv/lib/python3.12/site-packages/glance_store/location.py:146}}
Aug 26 00:46:38.850323 np0000008120 devstack@g-api.service[99726]: DEBUG glance_store.location [-] Registering scheme swift with {'store': , 'location_class': , 'store_entry': 'swift'} {{(pid=99726) register_scheme_map /opt/stack/data/venv/lib/python3.12/site-packages/glance_store/location.py:146}}
Aug 26 00:46:38.850365 np0000008120 devstack@g-api.service[99724]: DEBUG glance_store.location [-] Registering scheme swift+http with {'store': , 'location_class': , 'store_entry': 'swift'} {{(pid=99724) register_scheme_map /opt/stack/data/venv/lib/python3.12/site-packages/glance_store/location.py:146}}
Aug 26 00:46:38.850365 np0000008120 devstack@g-api.service[99724]: DEBUG glance_store.location [-] Registering scheme swift+config with {'store': , 'location_class': , 'store_entry': 'swift'} {{(pid=99724) register_scheme_map /opt/stack/data/venv/lib/python3.12/site-packages/glance_store/location.py:146}}
Aug 26 00:46:38.850407 np0000008120 devstack@g-api.service[99726]: DEBUG glance_store.location [-] Registering scheme swift+http with {'store': , 'location_class': , 'store_entry': 'swift'} {{(pid=99726) register_scheme_map /opt/stack/data/venv/lib/python3.12/site-packages/glance_store/location.py:146}}
Aug 26 00:46:38.850407 np0000008120 devstack@g-api.service[99726]: DEBUG glance_store.location [-] Registering scheme swift+config with {'store': , 'location_class': , 'store_entry': 'swift'} {{(pid=99726) register_scheme_map /opt/stack/data/venv/lib/python3.12/site-packages/glance_store/location.py:146}}
Aug 26 00:46:38.850451 np0000008120 devstack@g-api.service[99725]: DEBUG glance.sqlite_migration [-] SQLite caching database not located, skipping migration {{(pid=99725) get_db_path /opt/stack/glance/glance/sqlite_migration.py:68}}
Aug 26 00:46:38.850471 np0000008120 devstack@g-api.service[99724]: DEBUG glance.sqlite_migration [-] SQLite caching database not located, skipping migration {{(pid=99724) get_db_path /opt/stack/glance/glance/sqlite_migration.py:68}}
Aug 26 00:46:38.850503 np0000008120 devstack@g-api.service[99725]: WARNING glance.common.wsgi_app [-] Import methods are enabled but staging directory /tmp/staging/ does not exist; Imports will fail!
Aug 26 00:46:38.850531 np0000008120 devstack@g-api.service[99726]: DEBUG glance.sqlite_migration [-] SQLite caching database not located, skipping migration {{(pid=99726) get_db_path /opt/stack/glance/glance/sqlite_migration.py:68}}
Aug 26 00:46:38.850608 np0000008120 devstack@g-api.service[99724]: WARNING glance.common.wsgi_app [-] Import methods are enabled but staging directory /tmp/staging/ does not exist; Imports will fail!
Aug 26 00:46:38.850655 np0000008120 devstack@g-api.service[99726]: WARNING glance.common.wsgi_app [-] Import methods are enabled but staging directory /tmp/staging/ does not exist; Imports will fail!
Aug 26 00:46:38.979337 np0000008120 devstack@g-api.service[99724]: DEBUG glance.common.config [None req-f7f6730c-da17-4f3b-9355-e572abe15744 None None] Loading glance-api-keystone+cachemanagement from /etc/glance/glance-api-paste.ini {{(pid=99724) load_paste_app /opt/stack/glance/glance/common/config.py:772}}
Aug 26 00:46:38.979484 np0000008120 devstack@g-api.service[99725]: DEBUG glance.common.config [None req-fd6b6dff-e718-4697-a460-fc37b27bfb47 None None] Loading glance-api-keystone+cachemanagement from /etc/glance/glance-api-paste.ini {{(pid=99725) load_paste_app /opt/stack/glance/glance/common/config.py:772}}
Aug 26 00:46:38.988647 np0000008120 devstack@g-api.service[99726]: DEBUG glance.common.config [None req-e91c91d7-d7b3-4b26-9f7b-6aac01d28db4 None None] Loading glance-api-keystone+cachemanagement from /etc/glance/glance-api-paste.ini {{(pid=99726) load_paste_app /opt/stack/glance/glance/common/config.py:772}}
Aug 26 00:46:39.634691 np0000008120 devstack@g-api.service[99724]: INFO glance.image_cache [None req-f7f6730c-da17-4f3b-9355-e572abe15744 None None] Image cache loaded driver 'centralized_db'.
Aug 26 00:46:39.639970 np0000008120 devstack@g-api.service[99726]: INFO glance.image_cache [None req-e91c91d7-d7b3-4b26-9f7b-6aac01d28db4 None None] Image cache loaded driver 'centralized_db'.
Aug 26 00:46:39.641829 np0000008120 devstack@g-api.service[99725]: INFO glance.image_cache [None req-fd6b6dff-e718-4697-a460-fc37b27bfb47 None None] Image cache loaded driver 'centralized_db'.
Aug 26 00:46:39.683967 np0000008120 devstack@g-api.service[99724]: INFO dbcounter [None req-f7f6730c-da17-4f3b-9355-e572abe15744 None None] Registered counter for database glance
Aug 26 00:46:39.687380 np0000008120 devstack@g-api.service[99726]: INFO dbcounter [None req-e91c91d7-d7b3-4b26-9f7b-6aac01d28db4 None None] Registered counter for database glance
Aug 26 00:46:39.688052 np0000008120 devstack@g-api.service[99725]: INFO dbcounter [None req-fd6b6dff-e718-4697-a460-fc37b27bfb47 None None] Registered counter for database glance
Aug 26 00:46:39.724885 np0000008120 devstack@g-api.service[99724]: DEBUG oslo_db.sqlalchemy.engines [None req-f7f6730c-da17-4f3b-9355-e572abe15744 None None] MySQL server mode set to STRICT_TRANS_TABLES,STRICT_ALL_TABLES,NO_ZERO_IN_DATE,NO_ZERO_DATE,ERROR_FOR_DIVISION_BY_ZERO,TRADITIONAL,NO_ENGINE_SUBSTITUTION {{(pid=99724) _check_effective_sql_mode /opt/stack/data/venv/lib/python3.12/site-packages/oslo_db/sqlalchemy/engines.py:325}}
Aug 26 00:46:39.727845 np0000008120 devstack@g-api.service[99726]: DEBUG oslo_db.sqlalchemy.engines [None req-e91c91d7-d7b3-4b26-9f7b-6aac01d28db4 None None] MySQL server mode set to STRICT_TRANS_TABLES,STRICT_ALL_TABLES,NO_ZERO_IN_DATE,NO_ZERO_DATE,ERROR_FOR_DIVISION_BY_ZERO,TRADITIONAL,NO_ENGINE_SUBSTITUTION {{(pid=99726) _check_effective_sql_mode /opt/stack/data/venv/lib/python3.12/site-packages/oslo_db/sqlalchemy/engines.py:325}}
Aug 26 00:46:39.731842 np0000008120 devstack@g-api.service[99725]: DEBUG oslo_db.sqlalchemy.engines [None req-fd6b6dff-e718-4697-a460-fc37b27bfb47 None None] MySQL server mode set to STRICT_TRANS_TABLES,STRICT_ALL_TABLES,NO_ZERO_IN_DATE,NO_ZERO_DATE,ERROR_FOR_DIVISION_BY_ZERO,TRADITIONAL,NO_ENGINE_SUBSTITUTION {{(pid=99725) _check_effective_sql_mode /opt/stack/data/venv/lib/python3.12/site-packages/oslo_db/sqlalchemy/engines.py:325}}
Aug 26 00:46:39.750315 np0000008120 devstack@g-api.service[99726]: DEBUG dbcounter [-] [99726] Writer thread running {{(pid=99726) stat_writer /opt/stack/data/venv/lib/python3.12/site-packages/dbcounter.py:102}}
Aug 26 00:46:39.755206 np0000008120 devstack@g-api.service[99725]: DEBUG dbcounter [-] [99725] Writer thread running {{(pid=99725) stat_writer /opt/stack/data/venv/lib/python3.12/site-packages/dbcounter.py:102}}
Aug 26 00:46:39.756104 np0000008120 devstack@g-api.service[99724]: DEBUG dbcounter [-] [99724] Writer thread running {{(pid=99724) stat_writer /opt/stack/data/venv/lib/python3.12/site-packages/dbcounter.py:102}}
Aug 26 00:46:39.771676 np0000008120 devstack@g-api.service[99726]: INFO glance.image_cache [None req-e91c91d7-d7b3-4b26-9f7b-6aac01d28db4 None None] Image cache loaded driver 'centralized_db'.
Aug 26 00:46:39.772527 np0000008120 devstack@g-api.service[99724]: DEBUG glance.image_cache.drivers.centralized_db [None req-f7f6730c-da17-4f3b-9355-e572abe15744 None None] Node reference is already recorded, ignoring it {{(pid=99724) configure /opt/stack/glance/glance/image_cache/drivers/centralized_db.py:71}}
Aug 26 00:46:39.772602 np0000008120 devstack@g-api.service[99725]: DEBUG glance.image_cache.drivers.centralized_db [None req-fd6b6dff-e718-4697-a460-fc37b27bfb47 None None] Node reference is already recorded, ignoring it {{(pid=99725) configure /opt/stack/glance/glance/image_cache/drivers/centralized_db.py:71}}
Aug 26 00:46:39.778009 np0000008120 devstack@g-api.service[99724]: INFO glance.image_cache [None req-f7f6730c-da17-4f3b-9355-e572abe15744 None None] Image cache loaded driver 'centralized_db'.
Aug 26 00:46:39.778430 np0000008120 devstack@g-api.service[99725]: INFO glance.image_cache [None req-fd6b6dff-e718-4697-a460-fc37b27bfb47 None None] Image cache loaded driver 'centralized_db'.
Aug 26 00:46:39.782294 np0000008120 devstack@g-api.service[99726]: DEBUG glance.image_cache.drivers.centralized_db [None req-e91c91d7-d7b3-4b26-9f7b-6aac01d28db4 None None] Node reference is already recorded, ignoring it {{(pid=99726) configure /opt/stack/glance/glance/image_cache/drivers/centralized_db.py:71}}
Aug 26 00:46:39.787307 np0000008120 devstack@g-api.service[99726]: DEBUG glance.api.v2.cached_images [None req-e91c91d7-d7b3-4b26-9f7b-6aac01d28db4 None None] Started cache worker thread {{(pid=99726) __init__ /opt/stack/glance/glance/api/v2/cached_images.py:71}}
Aug 26 00:46:39.788355 np0000008120 devstack@g-api.service[99726]: INFO glance.image_cache [None req-e91c91d7-d7b3-4b26-9f7b-6aac01d28db4 None None] Image cache loaded driver 'centralized_db'.
Aug 26 00:46:39.792624 np0000008120 devstack@g-api.service[99725]: DEBUG glance.image_cache.drivers.centralized_db [None req-fd6b6dff-e718-4697-a460-fc37b27bfb47 None None] Node reference is already recorded, ignoring it {{(pid=99725) configure /opt/stack/glance/glance/image_cache/drivers/centralized_db.py:71}}
Aug 26 00:46:39.792849 np0000008120 devstack@g-api.service[99724]: DEBUG glance.image_cache.drivers.centralized_db [None req-f7f6730c-da17-4f3b-9355-e572abe15744 None None] Node reference is already recorded, ignoring it {{(pid=99724) configure /opt/stack/glance/glance/image_cache/drivers/centralized_db.py:71}}
Aug 26 00:46:39.797745 np0000008120 devstack@g-api.service[99725]: DEBUG glance.api.v2.cached_images [None req-fd6b6dff-e718-4697-a460-fc37b27bfb47 None None] Started cache worker thread {{(pid=99725) __init__ /opt/stack/glance/glance/api/v2/cached_images.py:71}}
Aug 26 00:46:39.797921 np0000008120 devstack@g-api.service[99724]: DEBUG glance.api.v2.cached_images [None req-f7f6730c-da17-4f3b-9355-e572abe15744 None None] Started cache worker thread {{(pid=99724) __init__ /opt/stack/glance/glance/api/v2/cached_images.py:71}}
Aug 26 00:46:39.798415 np0000008120 devstack@g-api.service[99725]: INFO glance.image_cache [None req-fd6b6dff-e718-4697-a460-fc37b27bfb47 None None] Image cache loaded driver 'centralized_db'.
Aug 26 00:46:39.798491 np0000008120 devstack@g-api.service[99726]: DEBUG glance.image_cache.drivers.centralized_db [None req-e91c91d7-d7b3-4b26-9f7b-6aac01d28db4 None None] Node reference is already recorded, ignoring it {{(pid=99726) configure /opt/stack/glance/glance/image_cache/drivers/centralized_db.py:71}}
Aug 26 00:46:39.798736 np0000008120 devstack@g-api.service[99724]: INFO glance.image_cache [None req-f7f6730c-da17-4f3b-9355-e572abe15744 None None] Image cache loaded driver 'centralized_db'.
Aug 26 00:46:39.814156 np0000008120 devstack@g-api.service[99725]: DEBUG glance.image_cache.drivers.centralized_db [None req-fd6b6dff-e718-4697-a460-fc37b27bfb47 None None] Node reference is already recorded, ignoring it {{(pid=99725) configure /opt/stack/glance/glance/image_cache/drivers/centralized_db.py:71}}
Aug 26 00:46:39.901327 np0000008120 devstack@g-api.service[99726]: INFO glance.api.middleware.cache_manage [None req-e91c91d7-d7b3-4b26-9f7b-6aac01d28db4 None None] Initialized image cache management middleware
Aug 26 00:46:39.901485 np0000008120 devstack@g-api.service[99726]: INFO glance.image_cache [None req-e91c91d7-d7b3-4b26-9f7b-6aac01d28db4 None None] Image cache loaded driver 'centralized_db'.
Aug 26 00:46:39.913066 np0000008120 devstack@g-api.service[99724]: DEBUG glance.image_cache.drivers.centralized_db [None req-f7f6730c-da17-4f3b-9355-e572abe15744 None None] Node reference is already recorded, ignoring it {{(pid=99724) configure /opt/stack/glance/glance/image_cache/drivers/centralized_db.py:71}}
Aug 26 00:46:39.913884 np0000008120 devstack@g-api.service[99726]: DEBUG glance.image_cache.drivers.centralized_db [None req-e91c91d7-d7b3-4b26-9f7b-6aac01d28db4 None None] Node reference is already recorded, ignoring it {{(pid=99726) configure /opt/stack/glance/glance/image_cache/drivers/centralized_db.py:71}}
Aug 26 00:46:39.914521 np0000008120 devstack@g-api.service[99725]: INFO glance.api.middleware.cache_manage [None req-fd6b6dff-e718-4697-a460-fc37b27bfb47 None None] Initialized image cache management middleware
Aug 26 00:46:39.914698 np0000008120 devstack@g-api.service[99725]: INFO glance.image_cache [None req-fd6b6dff-e718-4697-a460-fc37b27bfb47 None None] Image cache loaded driver 'centralized_db'.
Aug 26 00:46:39.917734 np0000008120 devstack@g-api.service[99726]: INFO glance.api.middleware.cache [None req-e91c91d7-d7b3-4b26-9f7b-6aac01d28db4 None None] Initialized image cache middleware
Aug 26 00:46:39.918095 np0000008120 devstack@g-api.service[99724]: INFO glance.api.middleware.cache_manage [None req-f7f6730c-da17-4f3b-9355-e572abe15744 None None] Initialized image cache management middleware
Aug 26 00:46:39.918244 np0000008120 devstack@g-api.service[99724]: INFO glance.image_cache [None req-f7f6730c-da17-4f3b-9355-e572abe15744 None None] Image cache loaded driver 'centralized_db'.
Aug 26 00:46:39.928529 np0000008120 devstack@g-api.service[99726]: DEBUG glance.common.config [None req-e91c91d7-d7b3-4b26-9f7b-6aac01d28db4 None None] ******************************************************************************** {{(pid=99726) log_opt_values /opt/stack/data/venv/lib/python3.12/site-packages/oslo_config/cfg.py:3533}}
Aug 26 00:46:39.929141 np0000008120 devstack@g-api.service[99726]: DEBUG glance.common.config [None req-e91c91d7-d7b3-4b26-9f7b-6aac01d28db4 None None] Configuration options gathered from: {{(pid=99726) log_opt_values /opt/stack/data/venv/lib/python3.12/site-packages/oslo_config/cfg.py:3534}}
Aug 26 00:46:39.929141 np0000008120 devstack@g-api.service[99726]: DEBUG glance.common.config [None req-e91c91d7-d7b3-4b26-9f7b-6aac01d28db4 None None] command line args: [] {{(pid=99726) log_opt_values /opt/stack/data/venv/lib/python3.12/site-packages/oslo_config/cfg.py:3535}}
Aug 26 00:46:39.929232 np0000008120 devstack@g-api.service[99726]: DEBUG glance.common.config [None req-e91c91d7-d7b3-4b26-9f7b-6aac01d28db4 None None] config files: ['/etc/glance/glance-image-import.conf', '/etc/glance/glance-api.conf'] {{(pid=99726) log_opt_values /opt/stack/data/venv/lib/python3.12/site-packages/oslo_config/cfg.py:3536}}
Aug 26 00:46:39.929271 np0000008120 devstack@g-api.service[99726]: DEBUG glance.common.config [None req-e91c91d7-d7b3-4b26-9f7b-6aac01d28db4 None None] ================================================================================ {{(pid=99726) log_opt_values /opt/stack/data/venv/lib/python3.12/site-packages/oslo_config/cfg.py:3541}}
Aug 26 00:46:39.929397 np0000008120 devstack@g-api.service[99726]: DEBUG glance.common.config [None req-e91c91d7-d7b3-4b26-9f7b-6aac01d28db4 None None] allow_anonymous_access = False {{(pid=99726) log_opt_values /opt/stack/data/venv/lib/python3.12/site-packages/oslo_config/cfg.py:3549}}
Aug 26 00:46:39.929498 np0000008120 devstack@g-api.service[99726]: DEBUG glance.common.config [None req-e91c91d7-d7b3-4b26-9f7b-6aac01d28db4 None None] api_limit_max = 1000 {{(pid=99726) log_opt_values /opt/stack/data/venv/lib/python3.12/site-packages/oslo_config/cfg.py:3549}}
Aug 26 00:46:39.929596 np0000008120 devstack@g-api.service[99726]: DEBUG glance.common.config [None req-e91c91d7-d7b3-4b26-9f7b-6aac01d28db4 None None] config_dir = [] {{(pid=99726) log_opt_values /opt/stack/data/venv/lib/python3.12/site-packages/oslo_config/cfg.py:3549}}
Aug 26 00:46:39.929663 np0000008120 devstack@g-api.service[99726]: DEBUG glance.common.config [None req-e91c91d7-d7b3-4b26-9f7b-6aac01d28db4 None None] config_file = ['/etc/glance/glance-image-import.conf', '/etc/glance/glance-api.conf'] {{(pid=99726) log_opt_values /opt/stack/data/venv/lib/python3.12/site-packages/oslo_config/cfg.py:3549}}
Aug 26 00:46:39.929784 np0000008120 devstack@g-api.service[99726]: DEBUG glance.common.config [None req-e91c91d7-d7b3-4b26-9f7b-6aac01d28db4 None None] config_source = [] {{(pid=99726) log_opt_values /opt/stack/data/venv/lib/python3.12/site-packages/oslo_config/cfg.py:3549}}
Aug 26 00:46:39.929884 np0000008120 devstack@g-api.service[99726]: DEBUG glance.common.config [None req-e91c91d7-d7b3-4b26-9f7b-6aac01d28db4 None None] control_exchange = glance {{(pid=99726) log_opt_values /opt/stack/data/venv/lib/python3.12/site-packages/oslo_config/cfg.py:3549}}
Aug 26 00:46:39.929957 np0000008120 devstack@g-api.service[99726]: DEBUG glance.common.config [None req-e91c91d7-d7b3-4b26-9f7b-6aac01d28db4 None None] debug = True {{(pid=99726) log_opt_values /opt/stack/data/venv/lib/python3.12/site-packages/oslo_config/cfg.py:3549}}
Aug 26 00:46:39.930124 np0000008120 devstack@g-api.service[99726]: DEBUG glance.common.config [None req-e91c91d7-d7b3-4b26-9f7b-6aac01d28db4 None None] default_log_levels = ['amqp=WARN', 'boto=WARN', 'sqlalchemy=WARN', 'suds=INFO', 'oslo.messaging=INFO', 'oslo_messaging=INFO', 'iso8601=WARN', 'requests.packages.urllib3.connectionpool=WARN', 'urllib3.connectionpool=WARN', 'websocket=WARN', 'requests.packages.urllib3.util.retry=WARN', 'urllib3.util.retry=WARN', 'keystonemiddleware=WARN', 'routes.middleware=WARN', 'stevedore=WARN', 'taskflow=WARN', 'keystoneauth=WARN', 'oslo.cache=INFO', 'oslo_policy=INFO', 'dogpile.core.dogpile=INFO'] {{(pid=99726) log_opt_values /opt/stack/data/venv/lib/python3.12/site-packages/oslo_config/cfg.py:3549}}
Aug 26 00:46:39.930226 np0000008120 devstack@g-api.service[99726]: DEBUG glance.common.config [None req-e91c91d7-d7b3-4b26-9f7b-6aac01d28db4 None None] default_publisher_id = image.localhost {{(pid=99726) log_opt_values /opt/stack/data/venv/lib/python3.12/site-packages/oslo_config/cfg.py:3549}}
Aug 26 00:46:39.930334 np0000008120 devstack@g-api.service[99726]: DEBUG glance.common.config [None req-e91c91d7-d7b3-4b26-9f7b-6aac01d28db4 None None] delayed_delete = False {{(pid=99726) log_opt_values /opt/stack/data/venv/lib/python3.12/site-packages/oslo_config/cfg.py:3549}}
Aug 26 00:46:39.930429 np0000008120 devstack@g-api.service[99726]: DEBUG glance.common.config [None req-e91c91d7-d7b3-4b26-9f7b-6aac01d28db4 None None] digest_algorithm = sha256 {{(pid=99726) log_opt_values /opt/stack/data/venv/lib/python3.12/site-packages/oslo_config/cfg.py:3549}}
Aug 26 00:46:39.930523 np0000008120 devstack@g-api.service[99726]: DEBUG glance.common.config [None req-e91c91d7-d7b3-4b26-9f7b-6aac01d28db4 None None] disabled_notifications = [] {{(pid=99726) log_opt_values /opt/stack/data/venv/lib/python3.12/site-packages/oslo_config/cfg.py:3549}}
Aug 26 00:46:39.930623 np0000008120 devstack@g-api.service[99726]: DEBUG glance.common.config [None req-e91c91d7-d7b3-4b26-9f7b-6aac01d28db4 None None] do_secure_hash = True {{(pid=99726) log_opt_values /opt/stack/data/venv/lib/python3.12/site-packages/oslo_config/cfg.py:3549}}
Aug 26 00:46:39.930772 np0000008120 devstack@g-api.service[99726]: DEBUG glance.common.config [None req-e91c91d7-d7b3-4b26-9f7b-6aac01d28db4 None None] enabled_backends = None {{(pid=99726) log_opt_values /opt/stack/data/venv/lib/python3.12/site-packages/oslo_config/cfg.py:3549}}
Aug 26 00:46:39.930891 np0000008120 devstack@g-api.service[99726]: DEBUG glance.common.config [None req-e91c91d7-d7b3-4b26-9f7b-6aac01d28db4 None None] enabled_import_methods = ['glance-direct', 'web-download', 'copy-image'] {{(pid=99726) log_opt_values /opt/stack/data/venv/lib/python3.12/site-packages/oslo_config/cfg.py:3549}}
Aug 26 00:46:39.930998 np0000008120 devstack@g-api.service[99726]: DEBUG glance.common.config [None req-e91c91d7-d7b3-4b26-9f7b-6aac01d28db4 None None] fatal_deprecations = False {{(pid=99726) log_opt_values /opt/stack/data/venv/lib/python3.12/site-packages/oslo_config/cfg.py:3549}}
Aug 26 00:46:39.931094 np0000008120 devstack@g-api.service[99726]: DEBUG glance.common.config [None req-e91c91d7-d7b3-4b26-9f7b-6aac01d28db4 None None] hashing_algorithm = sha512 {{(pid=99726) log_opt_values /opt/stack/data/venv/lib/python3.12/site-packages/oslo_config/cfg.py:3549}}
Aug 26 00:46:39.931203 np0000008120 devstack@g-api.service[99726]: DEBUG glance.common.config [None req-e91c91d7-d7b3-4b26-9f7b-6aac01d28db4 None None] http_retries = 3 {{(pid=99726) log_opt_values /opt/stack/data/venv/lib/python3.12/site-packages/oslo_config/cfg.py:3549}}
Aug 26 00:46:39.931314 np0000008120 devstack@g-api.service[99726]: DEBUG glance.common.config [None req-e91c91d7-d7b3-4b26-9f7b-6aac01d28db4 None None] image_cache_dir = /opt/stack/data/glance/cache/ {{(pid=99726) log_opt_values /opt/stack/data/venv/lib/python3.12/site-packages/oslo_config/cfg.py:3549}}
Aug 26 00:46:39.931411 np0000008120 devstack@g-api.service[99726]: DEBUG glance.common.config [None req-e91c91d7-d7b3-4b26-9f7b-6aac01d28db4 None None] image_cache_driver = centralized_db {{(pid=99726) log_opt_values /opt/stack/data/venv/lib/python3.12/site-packages/oslo_config/cfg.py:3549}}
Aug 26 00:46:39.931446 np0000008120 devstack@g-api.service[99725]: DEBUG glance.image_cache.drivers.centralized_db [None req-fd6b6dff-e718-4697-a460-fc37b27bfb47 None None] Node reference is already recorded, ignoring it {{(pid=99725) configure /opt/stack/glance/glance/image_cache/drivers/centralized_db.py:71}}
Aug 26 00:46:39.931476 np0000008120 devstack@g-api.service[99724]: DEBUG glance.image_cache.drivers.centralized_db [None req-f7f6730c-da17-4f3b-9355-e572abe15744 None None] Node reference is already recorded, ignoring it {{(pid=99724) configure /opt/stack/glance/glance/image_cache/drivers/centralized_db.py:71}}
Aug 26 00:46:39.931504 np0000008120 devstack@g-api.service[99726]: DEBUG glance.common.config [None req-e91c91d7-d7b3-4b26-9f7b-6aac01d28db4 None None] image_cache_max_size = 10737418240 {{(pid=99726) log_opt_values /opt/stack/data/venv/lib/python3.12/site-packages/oslo_config/cfg.py:3549}}
Aug 26 00:46:39.931590 np0000008120 devstack@g-api.service[99726]: DEBUG glance.common.config [None req-e91c91d7-d7b3-4b26-9f7b-6aac01d28db4 None None] image_cache_sqlite_db = cache.db {{(pid=99726) log_opt_values /opt/stack/data/venv/lib/python3.12/site-packages/oslo_config/cfg.py:3549}}
Aug 26 00:46:39.931679 np0000008120 devstack@g-api.service[99726]: DEBUG glance.common.config [None req-e91c91d7-d7b3-4b26-9f7b-6aac01d28db4 None None] image_cache_stall_time = 86400 {{(pid=99726) log_opt_values /opt/stack/data/venv/lib/python3.12/site-packages/oslo_config/cfg.py:3549}}
Aug 26 00:46:39.931806 np0000008120 devstack@g-api.service[99726]: DEBUG glance.common.config [None req-e91c91d7-d7b3-4b26-9f7b-6aac01d28db4 None None] image_location_quota = 10 {{(pid=99726) log_opt_values /opt/stack/data/venv/lib/python3.12/site-packages/oslo_config/cfg.py:3549}}
Aug 26 00:46:39.931900 np0000008120 devstack@g-api.service[99726]: DEBUG glance.common.config [None req-e91c91d7-d7b3-4b26-9f7b-6aac01d28db4 None None] image_member_quota = 128 {{(pid=99726) log_opt_values /opt/stack/data/venv/lib/python3.12/site-packages/oslo_config/cfg.py:3549}}
Aug 26 00:46:39.931994 np0000008120 devstack@g-api.service[99726]: DEBUG glance.common.config [None req-e91c91d7-d7b3-4b26-9f7b-6aac01d28db4 None None] image_property_quota = 128 {{(pid=99726) log_opt_values /opt/stack/data/venv/lib/python3.12/site-packages/oslo_config/cfg.py:3549}}
Aug 26 00:46:39.932082 np0000008120 devstack@g-api.service[99726]: DEBUG glance.common.config [None req-e91c91d7-d7b3-4b26-9f7b-6aac01d28db4 None None] image_size_cap = 1099511627776 {{(pid=99726) log_opt_values /opt/stack/data/venv/lib/python3.12/site-packages/oslo_config/cfg.py:3549}}
Aug 26 00:46:39.932185 np0000008120 devstack@g-api.service[99726]: DEBUG glance.common.config [None req-e91c91d7-d7b3-4b26-9f7b-6aac01d28db4 None None] image_tag_quota = 128 {{(pid=99726) log_opt_values /opt/stack/data/venv/lib/python3.12/site-packages/oslo_config/cfg.py:3549}}
Aug 26 00:46:39.932296 np0000008120 devstack@g-api.service[99726]: DEBUG glance.common.config [None req-e91c91d7-d7b3-4b26-9f7b-6aac01d28db4 None None] instance_format = [instance: %(uuid)s] {{(pid=99726) log_opt_values /opt/stack/data/venv/lib/python3.12/site-packages/oslo_config/cfg.py:3549}}
Aug 26 00:46:39.932395 np0000008120 devstack@g-api.service[99726]: DEBUG glance.common.config [None req-e91c91d7-d7b3-4b26-9f7b-6aac01d28db4 None None] instance_uuid_format = [instance: %(uuid)s] {{(pid=99726) log_opt_values /opt/stack/data/venv/lib/python3.12/site-packages/oslo_config/cfg.py:3549}}
Aug 26 00:46:39.932485 np0000008120 devstack@g-api.service[99726]: DEBUG glance.common.config [None req-e91c91d7-d7b3-4b26-9f7b-6aac01d28db4 None None] limit_param_default = 25 {{(pid=99726) log_opt_values /opt/stack/data/venv/lib/python3.12/site-packages/oslo_config/cfg.py:3549}}
Aug 26 00:46:39.932604 np0000008120 devstack@g-api.service[99726]: DEBUG glance.common.config [None req-e91c91d7-d7b3-4b26-9f7b-6aac01d28db4 None None] log_color = False {{(pid=99726) log_opt_values /opt/stack/data/venv/lib/python3.12/site-packages/oslo_config/cfg.py:3549}}
Aug 26 00:46:39.932746 np0000008120 devstack@g-api.service[99726]: DEBUG glance.common.config [None req-e91c91d7-d7b3-4b26-9f7b-6aac01d28db4 None None] log_config_append = None {{(pid=99726) log_opt_values /opt/stack/data/venv/lib/python3.12/site-packages/oslo_config/cfg.py:3549}}
Aug 26 00:46:39.933197 np0000008120 devstack@g-api.service[99726]: DEBUG glance.common.config [None req-e91c91d7-d7b3-4b26-9f7b-6aac01d28db4 None None] log_date_format = %Y-%m-%d %H:%M:%S {{(pid=99726) log_opt_values /opt/stack/data/venv/lib/python3.12/site-packages/oslo_config/cfg.py:3549}}
Aug 26 00:46:39.933197 np0000008120 devstack@g-api.service[99726]: DEBUG glance.common.config [None req-e91c91d7-d7b3-4b26-9f7b-6aac01d28db4 None None] log_dir = None {{(pid=99726) log_opt_values /opt/stack/data/venv/lib/python3.12/site-packages/oslo_config/cfg.py:3549}}
Aug 26 00:46:39.933197 np0000008120 devstack@g-api.service[99726]: DEBUG glance.common.config [None req-e91c91d7-d7b3-4b26-9f7b-6aac01d28db4 None None] log_file = None {{(pid=99726) log_opt_values /opt/stack/data/venv/lib/python3.12/site-packages/oslo_config/cfg.py:3549}}
Aug 26 00:46:39.933197 np0000008120 devstack@g-api.service[99726]: DEBUG glance.common.config [None req-e91c91d7-d7b3-4b26-9f7b-6aac01d28db4 None None] log_rotate_interval = 1 {{(pid=99726) log_opt_values /opt/stack/data/venv/lib/python3.12/site-packages/oslo_config/cfg.py:3549}}
Aug 26 00:46:39.933318 np0000008120 devstack@g-api.service[99726]: DEBUG glance.common.config [None req-e91c91d7-d7b3-4b26-9f7b-6aac01d28db4 None None] log_rotate_interval_type = days {{(pid=99726) log_opt_values /opt/stack/data/venv/lib/python3.12/site-packages/oslo_config/cfg.py:3549}}
Aug 26 00:46:39.933388 np0000008120 devstack@g-api.service[99726]: DEBUG glance.common.config [None req-e91c91d7-d7b3-4b26-9f7b-6aac01d28db4 None None] log_rotation_type = none {{(pid=99726) log_opt_values /opt/stack/data/venv/lib/python3.12/site-packages/oslo_config/cfg.py:3549}}
Aug 26 00:46:39.933458 np0000008120 devstack@g-api.service[99726]: DEBUG glance.common.config [None req-e91c91d7-d7b3-4b26-9f7b-6aac01d28db4 None None] logging_context_format_string = %(color)s%(levelname)s %(name)s [%(global_request_id)s %(request_id)s %(project_name)s %(user_name)s%(color)s] %(instance)s%(color)s%(message)s {{(pid=99726) log_opt_values /opt/stack/data/venv/lib/python3.12/site-packages/oslo_config/cfg.py:3549}}
Aug 26 00:46:39.933526 np0000008120 devstack@g-api.service[99726]: DEBUG glance.common.config [None req-e91c91d7-d7b3-4b26-9f7b-6aac01d28db4 None None] logging_debug_format_suffix = {{(pid=%(process)d) %(funcName)s %(pathname)s:%(lineno)d}} {{(pid=99726) log_opt_values /opt/stack/data/venv/lib/python3.12/site-packages/oslo_config/cfg.py:3549}}
Aug 26 00:46:39.933621 np0000008120 devstack@g-api.service[99726]: DEBUG glance.common.config [None req-e91c91d7-d7b3-4b26-9f7b-6aac01d28db4 None None] logging_default_format_string = %(color)s%(levelname)s %(name)s [-%(color)s] %(instance)s%(color)s%(message)s {{(pid=99726) log_opt_values /opt/stack/data/venv/lib/python3.12/site-packages/oslo_config/cfg.py:3549}}
Aug 26 00:46:39.933724 np0000008120 devstack@g-api.service[99726]: DEBUG glance.common.config [None req-e91c91d7-d7b3-4b26-9f7b-6aac01d28db4 None None] logging_exception_prefix = ERROR %(name)s %(instance)s {{(pid=99726) log_opt_values /opt/stack/data/venv/lib/python3.12/site-packages/oslo_config/cfg.py:3549}}
Aug 26 00:46:39.933802 np0000008120 devstack@g-api.service[99726]: DEBUG glance.common.config [None req-e91c91d7-d7b3-4b26-9f7b-6aac01d28db4 None None] logging_user_identity_format = %(user)s %(project)s %(domain)s %(system_scope)s %(user_domain)s %(project_domain)s {{(pid=99726) log_opt_values /opt/stack/data/venv/lib/python3.12/site-packages/oslo_config/cfg.py:3549}}
Aug 26 00:46:39.933895 np0000008120 devstack@g-api.service[99726]: DEBUG glance.common.config [None req-e91c91d7-d7b3-4b26-9f7b-6aac01d28db4 None None] max_logfile_count = 30 {{(pid=99726) log_opt_values /opt/stack/data/venv/lib/python3.12/site-packages/oslo_config/cfg.py:3549}}
Aug 26 00:46:39.933995 np0000008120 devstack@g-api.service[99726]: DEBUG glance.common.config [None req-e91c91d7-d7b3-4b26-9f7b-6aac01d28db4 None None] max_logfile_size_mb = 200 {{(pid=99726) log_opt_values /opt/stack/data/venv/lib/python3.12/site-packages/oslo_config/cfg.py:3549}}
Aug 26 00:46:39.934082 np0000008120 devstack@g-api.service[99726]: DEBUG glance.common.config [None req-e91c91d7-d7b3-4b26-9f7b-6aac01d28db4 None None] max_request_id_length = 64 {{(pid=99726) log_opt_values /opt/stack/data/venv/lib/python3.12/site-packages/oslo_config/cfg.py:3549}}
Aug 26 00:46:39.934180 np0000008120 devstack@g-api.service[99726]: DEBUG glance.common.config [None req-e91c91d7-d7b3-4b26-9f7b-6aac01d28db4 None None] metadata_encryption_key = **** {{(pid=99726) log_opt_values /opt/stack/data/venv/lib/python3.12/site-packages/oslo_config/cfg.py:3549}}
Aug 26 00:46:39.934284 np0000008120 devstack@g-api.service[99726]: DEBUG glance.common.config [None req-e91c91d7-d7b3-4b26-9f7b-6aac01d28db4 None None] node_staging_uri = file:///tmp/staging/ {{(pid=99726) log_opt_values /opt/stack/data/venv/lib/python3.12/site-packages/oslo_config/cfg.py:3549}}
Aug 26 00:46:39.934384 np0000008120 devstack@g-api.service[99726]: DEBUG glance.common.config [None req-e91c91d7-d7b3-4b26-9f7b-6aac01d28db4 None None] property_protection_file = None {{(pid=99726) log_opt_values /opt/stack/data/venv/lib/python3.12/site-packages/oslo_config/cfg.py:3549}}
Aug 26 00:46:39.934475 np0000008120 devstack@g-api.service[99726]: DEBUG glance.common.config [None req-e91c91d7-d7b3-4b26-9f7b-6aac01d28db4 None None] property_protection_rule_format = roles {{(pid=99726) log_opt_values /opt/stack/data/venv/lib/python3.12/site-packages/oslo_config/cfg.py:3549}}
Aug 26 00:46:39.934571 np0000008120 devstack@g-api.service[99726]: DEBUG glance.common.config [None req-e91c91d7-d7b3-4b26-9f7b-6aac01d28db4 None None] public_endpoint = https://10.4.3.238/image {{(pid=99726) log_opt_values /opt/stack/data/venv/lib/python3.12/site-packages/oslo_config/cfg.py:3549}}
Aug 26 00:46:39.934682 np0000008120 devstack@g-api.service[99726]: DEBUG glance.common.config [None req-e91c91d7-d7b3-4b26-9f7b-6aac01d28db4 None None] publish_errors = False {{(pid=99726) log_opt_values /opt/stack/data/venv/lib/python3.12/site-packages/oslo_config/cfg.py:3549}}
Aug 26 00:46:39.934816 np0000008120 devstack@g-api.service[99726]: DEBUG glance.common.config [None req-e91c91d7-d7b3-4b26-9f7b-6aac01d28db4 None None] pydev_worker_debug_host = None {{(pid=99726) log_opt_values /opt/stack/data/venv/lib/python3.12/site-packages/oslo_config/cfg.py:3549}}
Aug 26 00:46:39.934912 np0000008120 devstack@g-api.service[99726]: DEBUG glance.common.config [None req-e91c91d7-d7b3-4b26-9f7b-6aac01d28db4 None None] pydev_worker_debug_port = 5678 {{(pid=99726) log_opt_values /opt/stack/data/venv/lib/python3.12/site-packages/oslo_config/cfg.py:3549}}
Aug 26 00:46:39.935014 np0000008120 devstack@g-api.service[99726]: DEBUG glance.common.config [None req-e91c91d7-d7b3-4b26-9f7b-6aac01d28db4 None None] rate_limit_burst = 0 {{(pid=99726) log_opt_values /opt/stack/data/venv/lib/python3.12/site-packages/oslo_config/cfg.py:3549}}
Aug 26 00:46:39.935101 np0000008120 devstack@g-api.service[99725]: INFO glance.api.middleware.cache [None req-fd6b6dff-e718-4697-a460-fc37b27bfb47 None None] Initialized image cache middleware
Aug 26 00:46:39.935142 np0000008120 devstack@g-api.service[99726]: DEBUG glance.common.config [None req-e91c91d7-d7b3-4b26-9f7b-6aac01d28db4 None None] rate_limit_except_level = CRITICAL {{(pid=99726) log_opt_values /opt/stack/data/venv/lib/python3.12/site-packages/oslo_config/cfg.py:3549}}
Aug 26 00:46:39.935190 np0000008120 devstack@g-api.service[99726]: DEBUG glance.common.config [None req-e91c91d7-d7b3-4b26-9f7b-6aac01d28db4 None None] rate_limit_interval = 0 {{(pid=99726) log_opt_values /opt/stack/data/venv/lib/python3.12/site-packages/oslo_config/cfg.py:3549}}
Aug 26 00:46:39.935288 np0000008120 devstack@g-api.service[99726]: DEBUG glance.common.config [None req-e91c91d7-d7b3-4b26-9f7b-6aac01d28db4 None None] scrub_pool_size = 1 {{(pid=99726) log_opt_values /opt/stack/data/venv/lib/python3.12/site-packages/oslo_config/cfg.py:3549}}
Aug 26 00:46:39.935391 np0000008120 devstack@g-api.service[99726]: DEBUG glance.common.config [None req-e91c91d7-d7b3-4b26-9f7b-6aac01d28db4 None None] scrub_time = 0 {{(pid=99726) log_opt_values /opt/stack/data/venv/lib/python3.12/site-packages/oslo_config/cfg.py:3549}}
Aug 26 00:46:39.935476 np0000008120 devstack@g-api.service[99726]: DEBUG glance.common.config [None req-e91c91d7-d7b3-4b26-9f7b-6aac01d28db4 None None] shell_completion = None {{(pid=99726) log_opt_values /opt/stack/data/venv/lib/python3.12/site-packages/oslo_config/cfg.py:3549}}
Aug 26 00:46:39.935572 np0000008120 devstack@g-api.service[99726]: DEBUG glance.common.config [None req-e91c91d7-d7b3-4b26-9f7b-6aac01d28db4 None None] show_image_direct_url = False {{(pid=99726) log_opt_values /opt/stack/data/venv/lib/python3.12/site-packages/oslo_config/cfg.py:3549}}
Aug 26 00:46:39.935787 np0000008120 devstack@g-api.service[99726]: WARNING oslo_config.cfg [None req-e91c91d7-d7b3-4b26-9f7b-6aac01d28db4 None None] Deprecated: Option "show_multiple_locations" from group "DEFAULT" is deprecated for removal (Use of this option, deprecated since Newton, is a security risk and will be removed once we figure out a way to satisfy those use cases that currently require it. An earlier announcement that the same functionality can be achieved with greater granularity by using policies is incorrect. You cannot work around this option via policy configuration at the present time, though that is the direction we believe the fix will take. Please keep an eye on the Glance release notes to stay up to date on progress in addressing this issue.). Its value may be silently ignored in the future.
Aug 26 00:46:39.935884 np0000008120 devstack@g-api.service[99726]: DEBUG glance.common.config [None req-e91c91d7-d7b3-4b26-9f7b-6aac01d28db4 None None] show_multiple_locations = False {{(pid=99726) log_opt_values /opt/stack/data/venv/lib/python3.12/site-packages/oslo_config/cfg.py:3549}}
Aug 26 00:46:39.935993 np0000008120 devstack@g-api.service[99726]: DEBUG glance.common.config [None req-e91c91d7-d7b3-4b26-9f7b-6aac01d28db4 None None] syslog_log_facility = LOG_USER {{(pid=99726) log_opt_values /opt/stack/data/venv/lib/python3.12/site-packages/oslo_config/cfg.py:3549}}
Aug 26 00:46:39.936085 np0000008120 devstack@g-api.service[99726]: DEBUG glance.common.config [None req-e91c91d7-d7b3-4b26-9f7b-6aac01d28db4 None None] transport_url = **** {{(pid=99726) log_opt_values /opt/stack/data/venv/lib/python3.12/site-packages/oslo_config/cfg.py:3549}}
Aug 26 00:46:39.936171 np0000008120 devstack@g-api.service[99726]: DEBUG glance.common.config [None req-e91c91d7-d7b3-4b26-9f7b-6aac01d28db4 None None] use_journal = False {{(pid=99726) log_opt_values /opt/stack/data/venv/lib/python3.12/site-packages/oslo_config/cfg.py:3549}}
Aug 26 00:46:39.936221 np0000008120 devstack@g-api.service[99724]: INFO glance.api.middleware.cache [None req-f7f6730c-da17-4f3b-9355-e572abe15744 None None] Initialized image cache middleware
Aug 26 00:46:39.936267 np0000008120 devstack@g-api.service[99726]: DEBUG glance.common.config [None req-e91c91d7-d7b3-4b26-9f7b-6aac01d28db4 None None] use_json = False {{(pid=99726) log_opt_values /opt/stack/data/venv/lib/python3.12/site-packages/oslo_config/cfg.py:3549}}
Aug 26 00:46:39.936381 np0000008120 devstack@g-api.service[99726]: DEBUG glance.common.config [None req-e91c91d7-d7b3-4b26-9f7b-6aac01d28db4 None None] use_keystone_limits = True {{(pid=99726) log_opt_values /opt/stack/data/venv/lib/python3.12/site-packages/oslo_config/cfg.py:3549}}
Aug 26 00:46:39.936474 np0000008120 devstack@g-api.service[99726]: DEBUG glance.common.config [None req-e91c91d7-d7b3-4b26-9f7b-6aac01d28db4 None None] use_stderr = False {{(pid=99726) log_opt_values /opt/stack/data/venv/lib/python3.12/site-packages/oslo_config/cfg.py:3549}}
Aug 26 00:46:39.936585 np0000008120 devstack@g-api.service[99726]: DEBUG glance.common.config [None req-e91c91d7-d7b3-4b26-9f7b-6aac01d28db4 None None] use_syslog = False {{(pid=99726) log_opt_values /opt/stack/data/venv/lib/python3.12/site-packages/oslo_config/cfg.py:3549}}
Aug 26 00:46:39.936704 np0000008120 devstack@g-api.service[99726]: DEBUG glance.common.config [None req-e91c91d7-d7b3-4b26-9f7b-6aac01d28db4 None None] user_storage_quota = 0 {{(pid=99726) log_opt_values /opt/stack/data/venv/lib/python3.12/site-packages/oslo_config/cfg.py:3549}}
Aug 26 00:46:39.936835 np0000008120 devstack@g-api.service[99726]: DEBUG glance.common.config [None req-e91c91d7-d7b3-4b26-9f7b-6aac01d28db4 None None] worker_self_reference_url = http://127.0.0.1:60999 {{(pid=99726) log_opt_values /opt/stack/data/venv/lib/python3.12/site-packages/oslo_config/cfg.py:3549}}
Aug 26 00:46:39.936946 np0000008120 devstack@g-api.service[99726]: DEBUG glance.common.config [None req-e91c91d7-d7b3-4b26-9f7b-6aac01d28db4 None None] oslo_concurrency.disable_process_locking = False {{(pid=99726) log_opt_values /opt/stack/data/venv/lib/python3.12/site-packages/oslo_config/cfg.py:3560}}
Aug 26 00:46:39.937051 np0000008120 devstack@g-api.service[99726]: DEBUG glance.common.config [None req-e91c91d7-d7b3-4b26-9f7b-6aac01d28db4 None None] oslo_concurrency.lock_path = /opt/stack/data/glance/locks {{(pid=99726) log_opt_values /opt/stack/data/venv/lib/python3.12/site-packages/oslo_config/cfg.py:3560}}
Aug 26 00:46:39.937153 np0000008120 devstack@g-api.service[99726]: DEBUG glance.common.config [None req-e91c91d7-d7b3-4b26-9f7b-6aac01d28db4 None None] oslo_middleware.enable_proxy_headers_parsing = False {{(pid=99726) log_opt_values /opt/stack/data/venv/lib/python3.12/site-packages/oslo_config/cfg.py:3560}}
Aug 26 00:46:39.937286 np0000008120 devstack@g-api.service[99726]: DEBUG glance.common.config [None req-e91c91d7-d7b3-4b26-9f7b-6aac01d28db4 None None] oslo_middleware.http_basic_auth_user_file = /etc/htpasswd {{(pid=99726) log_opt_values /opt/stack/data/venv/lib/python3.12/site-packages/oslo_config/cfg.py:3560}}
Aug 26 00:46:39.937402 np0000008120 devstack@g-api.service[99726]: DEBUG glance.common.config [None req-e91c91d7-d7b3-4b26-9f7b-6aac01d28db4 None None] paste_deploy.config_file = None {{(pid=99726) log_opt_values /opt/stack/data/venv/lib/python3.12/site-packages/oslo_config/cfg.py:3560}}
Aug 26 00:46:39.937547 np0000008120 devstack@g-api.service[99726]: DEBUG glance.common.config [None req-e91c91d7-d7b3-4b26-9f7b-6aac01d28db4 None None] paste_deploy.flavor = keystone+cachemanagement {{(pid=99726) log_opt_values /opt/stack/data/venv/lib/python3.12/site-packages/oslo_config/cfg.py:3560}}
Aug 26 00:46:39.937681 np0000008120 devstack@g-api.service[99726]: DEBUG glance.common.config [None req-e91c91d7-d7b3-4b26-9f7b-6aac01d28db4 None None] image_format.container_formats = ['ami', 'ari', 'aki', 'bare', 'ovf', 'ova', 'docker', 'compressed'] {{(pid=99726) log_opt_values /opt/stack/data/venv/lib/python3.12/site-packages/oslo_config/cfg.py:3560}}
Aug 26 00:46:39.937848 np0000008120 devstack@g-api.service[99726]: DEBUG glance.common.config [None req-e91c91d7-d7b3-4b26-9f7b-6aac01d28db4 None None] image_format.disk_formats = ['ami', 'ari', 'aki', 'vhd', 'vhdx', 'vmdk', 'raw', 'qcow2', 'vdi', 'iso', 'ploop'] {{(pid=99726) log_opt_values /opt/stack/data/venv/lib/python3.12/site-packages/oslo_config/cfg.py:3560}}
Aug 26 00:46:39.937953 np0000008120 devstack@g-api.service[99726]: DEBUG glance.common.config [None req-e91c91d7-d7b3-4b26-9f7b-6aac01d28db4 None None] image_format.gpt_safety_checks_nonfatal = [] {{(pid=99726) log_opt_values /opt/stack/data/venv/lib/python3.12/site-packages/oslo_config/cfg.py:3560}}
Aug 26 00:46:39.938052 np0000008120 devstack@g-api.service[99726]: DEBUG glance.common.config [None req-e91c91d7-d7b3-4b26-9f7b-6aac01d28db4 None None] image_format.require_image_format_match = True {{(pid=99726) log_opt_values /opt/stack/data/venv/lib/python3.12/site-packages/oslo_config/cfg.py:3560}}
Aug 26 00:46:39.938156 np0000008120 devstack@g-api.service[99726]: DEBUG glance.common.config [None req-e91c91d7-d7b3-4b26-9f7b-6aac01d28db4 None None] image_format.vmdk_allowed_types = ['streamOptimized', 'monolithicSparse'] {{(pid=99726) log_opt_values /opt/stack/data/venv/lib/python3.12/site-packages/oslo_config/cfg.py:3560}}
Aug 26 00:46:39.938271 np0000008120 devstack@g-api.service[99726]: DEBUG glance.common.config [None req-e91c91d7-d7b3-4b26-9f7b-6aac01d28db4 None None] task.task_executor = taskflow {{(pid=99726) log_opt_values /opt/stack/data/venv/lib/python3.12/site-packages/oslo_config/cfg.py:3560}}
Aug 26 00:46:39.938378 np0000008120 devstack@g-api.service[99726]: DEBUG glance.common.config [None req-e91c91d7-d7b3-4b26-9f7b-6aac01d28db4 None None] task.task_time_to_live = 48 {{(pid=99726) log_opt_values /opt/stack/data/venv/lib/python3.12/site-packages/oslo_config/cfg.py:3560}}
Aug 26 00:46:39.938511 np0000008120 devstack@g-api.service[99726]: DEBUG glance.common.config [None req-e91c91d7-d7b3-4b26-9f7b-6aac01d28db4 None None] task.work_dir = None {{(pid=99726) log_opt_values /opt/stack/data/venv/lib/python3.12/site-packages/oslo_config/cfg.py:3560}}
Aug 26 00:46:39.938639 np0000008120 devstack@g-api.service[99726]: DEBUG glance.common.config [None req-e91c91d7-d7b3-4b26-9f7b-6aac01d28db4 None None] wsgi.python_interpreter = /opt/stack/data/venv/bin/python3 {{(pid=99726) log_opt_values /opt/stack/data/venv/lib/python3.12/site-packages/oslo_config/cfg.py:3560}}
Aug 26 00:46:39.938783 np0000008120 devstack@g-api.service[99726]: DEBUG glance.common.config [None req-e91c91d7-d7b3-4b26-9f7b-6aac01d28db4 None None] wsgi.task_pool_threads = 16 {{(pid=99726) log_opt_values /opt/stack/data/venv/lib/python3.12/site-packages/oslo_config/cfg.py:3560}}
Aug 26 00:46:39.938887 np0000008120 devstack@g-api.service[99726]: DEBUG glance.common.config [None req-e91c91d7-d7b3-4b26-9f7b-6aac01d28db4 None None] import_filtering_opts.allowed_hosts = [] {{(pid=99726) log_opt_values /opt/stack/data/venv/lib/python3.12/site-packages/oslo_config/cfg.py:3560}}
Aug 26 00:46:39.938996 np0000008120 devstack@g-api.service[99726]: DEBUG glance.common.config [None req-e91c91d7-d7b3-4b26-9f7b-6aac01d28db4 None None] import_filtering_opts.allowed_ports = [80, 443] {{(pid=99726) log_opt_values /opt/stack/data/venv/lib/python3.12/site-packages/oslo_config/cfg.py:3560}}
Aug 26 00:46:39.939103 np0000008120 devstack@g-api.service[99726]: DEBUG glance.common.config [None req-e91c91d7-d7b3-4b26-9f7b-6aac01d28db4 None None] import_filtering_opts.allowed_schemes = ['http', 'https'] {{(pid=99726) log_opt_values /opt/stack/data/venv/lib/python3.12/site-packages/oslo_config/cfg.py:3560}}
Aug 26 00:46:39.939193 np0000008120 devstack@g-api.service[99726]: DEBUG glance.common.config [None req-e91c91d7-d7b3-4b26-9f7b-6aac01d28db4 None None] import_filtering_opts.disallowed_hosts = [] {{(pid=99726) log_opt_values /opt/stack/data/venv/lib/python3.12/site-packages/oslo_config/cfg.py:3560}}
Aug 26 00:46:39.939297 np0000008120 devstack@g-api.service[99726]: DEBUG glance.common.config [None req-e91c91d7-d7b3-4b26-9f7b-6aac01d28db4 None None] import_filtering_opts.disallowed_ports = [] {{(pid=99726) log_opt_values /opt/stack/data/venv/lib/python3.12/site-packages/oslo_config/cfg.py:3560}}
Aug 26 00:46:39.939407 np0000008120 devstack@g-api.service[99726]: DEBUG glance.common.config [None req-e91c91d7-d7b3-4b26-9f7b-6aac01d28db4 None None] import_filtering_opts.disallowed_schemes = [] {{(pid=99726) log_opt_values /opt/stack/data/venv/lib/python3.12/site-packages/oslo_config/cfg.py:3560}}
