Aug 26 00:46:16.731444 np0000008120 nova-scheduler[93483]: DEBUG cotyledon.oslo_config_glue [-] oslo_messaging_rabbit.rabbit_qos_prefetch_count = 0 {{(pid=93483) log_opt_values /opt/stack/data/venv/lib/python3.12/site-packages/oslo_config/cfg.py:3560}}
Aug 26 00:46:16.731444 np0000008120 nova-scheduler[93483]: DEBUG cotyledon.oslo_config_glue [-] oslo_messaging_rabbit.rabbit_quorum_delivery_limit = 0 {{(pid=93483) log_opt_values /opt/stack/data/venv/lib/python3.12/site-packages/oslo_config/cfg.py:3560}}
Aug 26 00:46:16.731444 np0000008120 nova-scheduler[93483]: DEBUG cotyledon.oslo_config_glue [-] oslo_messaging_rabbit.rabbit_quorum_max_memory_bytes = 0 {{(pid=93483) log_opt_values /opt/stack/data/venv/lib/python3.12/site-packages/oslo_config/cfg.py:3560}}
Aug 26 00:46:16.731444 np0000008120 nova-scheduler[93483]: DEBUG cotyledon.oslo_config_glue [-] oslo_messaging_rabbit.rabbit_quorum_max_memory_length = 0 {{(pid=93483) log_opt_values /opt/stack/data/venv/lib/python3.12/site-packages/oslo_config/cfg.py:3560}}
Aug 26 00:46:16.731444 np0000008120 nova-scheduler[93483]: DEBUG cotyledon.oslo_config_glue [-] oslo_messaging_rabbit.rabbit_quorum_queue = False {{(pid=93483) log_opt_values /opt/stack/data/venv/lib/python3.12/site-packages/oslo_config/cfg.py:3560}}
Aug 26 00:46:16.731444 np0000008120 nova-scheduler[93483]: DEBUG cotyledon.oslo_config_glue [-] oslo_messaging_rabbit.rabbit_retry_backoff = 2 {{(pid=93483) log_opt_values /opt/stack/data/venv/lib/python3.12/site-packages/oslo_config/cfg.py:3560}}
Aug 26 00:46:16.731444 np0000008120 nova-scheduler[93483]: DEBUG cotyledon.oslo_config_glue [-] oslo_messaging_rabbit.rabbit_retry_interval = 1 {{(pid=93483) log_opt_values /opt/stack/data/venv/lib/python3.12/site-packages/oslo_config/cfg.py:3560}}
Aug 26 00:46:16.731444 np0000008120 nova-scheduler[93483]: DEBUG cotyledon.oslo_config_glue [-] oslo_messaging_rabbit.rabbit_stream_fanout = False {{(pid=93483) log_opt_values /opt/stack/data/venv/lib/python3.12/site-packages/oslo_config/cfg.py:3560}}
Aug 26 00:46:16.731721 np0000008120 nova-scheduler[93483]: DEBUG cotyledon.oslo_config_glue [-] oslo_messaging_rabbit.rabbit_transient_queues_ttl = 1800 {{(pid=93483) log_opt_values /opt/stack/data/venv/lib/python3.12/site-packages/oslo_config/cfg.py:3560}}
Aug 26 00:46:16.731721 np0000008120 nova-scheduler[93483]: DEBUG cotyledon.oslo_config_glue [-] oslo_messaging_rabbit.rabbit_transient_quorum_queue = False {{(pid=93483) log_opt_values /opt/stack/data/venv/lib/python3.12/site-packages/oslo_config/cfg.py:3560}}
Aug 26 00:46:16.731721 np0000008120 nova-scheduler[93483]: DEBUG cotyledon.oslo_config_glue [-] oslo_messaging_rabbit.rpc_conn_pool_size = 30 {{(pid=93483) log_opt_values /opt/stack/data/venv/lib/python3.12/site-packages/oslo_config/cfg.py:3560}}
Aug 26 00:46:16.731721 np0000008120 nova-scheduler[93483]: DEBUG cotyledon.oslo_config_glue [-] oslo_messaging_rabbit.ssl = False {{(pid=93483) log_opt_values /opt/stack/data/venv/lib/python3.12/site-packages/oslo_config/cfg.py:3560}}
Aug 26 00:46:16.731721 np0000008120 nova-scheduler[93483]: DEBUG cotyledon.oslo_config_glue [-] oslo_messaging_rabbit.ssl_ca_file = {{(pid=93483) log_opt_values /opt/stack/data/venv/lib/python3.12/site-packages/oslo_config/cfg.py:3560}}
Aug 26 00:46:16.731721 np0000008120 nova-scheduler[93483]: DEBUG cotyledon.oslo_config_glue [-] oslo_messaging_rabbit.ssl_cert_file = {{(pid=93483) log_opt_values /opt/stack/data/venv/lib/python3.12/site-packages/oslo_config/cfg.py:3560}}
Aug 26 00:46:16.731721 np0000008120 nova-scheduler[93483]: DEBUG cotyledon.oslo_config_glue [-] oslo_messaging_rabbit.ssl_enforce_fips_mode = False {{(pid=93483) log_opt_values /opt/stack/data/venv/lib/python3.12/site-packages/oslo_config/cfg.py:3560}}
Aug 26 00:46:16.731721 np0000008120 nova-scheduler[93483]: DEBUG cotyledon.oslo_config_glue [-] oslo_messaging_rabbit.ssl_enforce_hostname_verification = True {{(pid=93483) log_opt_values /opt/stack/data/venv/lib/python3.12/site-packages/oslo_config/cfg.py:3560}}
Aug 26 00:46:16.731721 np0000008120 nova-scheduler[93483]: DEBUG cotyledon.oslo_config_glue [-] oslo_messaging_rabbit.ssl_key_file = {{(pid=93483) log_opt_values /opt/stack/data/venv/lib/python3.12/site-packages/oslo_config/cfg.py:3560}}
Aug 26 00:46:16.732019 np0000008120 nova-scheduler[93483]: DEBUG cotyledon.oslo_config_glue [-] oslo_messaging_rabbit.ssl_version = {{(pid=93483) log_opt_values /opt/stack/data/venv/lib/python3.12/site-packages/oslo_config/cfg.py:3560}}
Aug 26 00:46:16.732019 np0000008120 nova-scheduler[93483]: DEBUG cotyledon.oslo_config_glue [-] oslo_messaging_rabbit.use_queue_manager = False {{(pid=93483) log_opt_values /opt/stack/data/venv/lib/python3.12/site-packages/oslo_config/cfg.py:3560}}
Aug 26 00:46:16.732019 np0000008120 nova-scheduler[93483]: DEBUG cotyledon.oslo_config_glue [-] oslo_messaging_notifications.driver = ['messagingv2'] {{(pid=93483) log_opt_values /opt/stack/data/venv/lib/python3.12/site-packages/oslo_config/cfg.py:3560}}
Aug 26 00:46:16.732019 np0000008120 nova-scheduler[93483]: DEBUG cotyledon.oslo_config_glue [-] oslo_messaging_notifications.retry = -1 {{(pid=93483) log_opt_values /opt/stack/data/venv/lib/python3.12/site-packages/oslo_config/cfg.py:3560}}
Aug 26 00:46:16.732150 np0000008120 nova-scheduler[93472]: INFO dbcounter [None req-4a85511c-07b6-4789-b45b-a2afc1f6fff2 None None] Registered counter for database nova_cell0
Aug 26 00:46:16.732192 np0000008120 nova-scheduler[93483]: DEBUG cotyledon.oslo_config_glue [-] oslo_messaging_notifications.topics = ['notifications'] {{(pid=93483) log_opt_values /opt/stack/data/venv/lib/python3.12/site-packages/oslo_config/cfg.py:3560}}
Aug 26 00:46:16.732192 np0000008120 nova-scheduler[93483]: DEBUG cotyledon.oslo_config_glue [-] oslo_messaging_notifications.transport_url = **** {{(pid=93483) log_opt_values /opt/stack/data/venv/lib/python3.12/site-packages/oslo_config/cfg.py:3560}}
Aug 26 00:46:16.732192 np0000008120 nova-scheduler[93483]: DEBUG cotyledon.oslo_config_glue [-] oslo_limit.auth_section = None {{(pid=93483) log_opt_values /opt/stack/data/venv/lib/python3.12/site-packages/oslo_config/cfg.py:3560}}
Aug 26 00:46:16.732192 np0000008120 nova-scheduler[93483]: DEBUG cotyledon.oslo_config_glue [-] oslo_limit.auth_type = None {{(pid=93483) log_opt_values /opt/stack/data/venv/lib/python3.12/site-packages/oslo_config/cfg.py:3560}}
Aug 26 00:46:16.732192 np0000008120 nova-scheduler[93483]: DEBUG cotyledon.oslo_config_glue [-] oslo_limit.cafile = None {{(pid=93483) log_opt_values /opt/stack/data/venv/lib/python3.12/site-packages/oslo_config/cfg.py:3560}}
Aug 26 00:46:16.732192 np0000008120 nova-scheduler[93483]: DEBUG cotyledon.oslo_config_glue [-] oslo_limit.certfile = None {{(pid=93483) log_opt_values /opt/stack/data/venv/lib/python3.12/site-packages/oslo_config/cfg.py:3560}}
Aug 26 00:46:16.732192 np0000008120 nova-scheduler[93483]: DEBUG cotyledon.oslo_config_glue [-] oslo_limit.collect_timing = False {{(pid=93483) log_opt_values /opt/stack/data/venv/lib/python3.12/site-packages/oslo_config/cfg.py:3560}}
Aug 26 00:46:16.732192 np0000008120 nova-scheduler[93483]: DEBUG cotyledon.oslo_config_glue [-] oslo_limit.connect_retries = None {{(pid=93483) log_opt_values /opt/stack/data/venv/lib/python3.12/site-packages/oslo_config/cfg.py:3560}}
Aug 26 00:46:16.732192 np0000008120 nova-scheduler[93483]: DEBUG cotyledon.oslo_config_glue [-] oslo_limit.connect_retry_delay = None {{(pid=93483) log_opt_values /opt/stack/data/venv/lib/python3.12/site-packages/oslo_config/cfg.py:3560}}
Aug 26 00:46:16.732461 np0000008120 nova-scheduler[93483]: DEBUG cotyledon.oslo_config_glue [-] oslo_limit.endpoint_id = None {{(pid=93483) log_opt_values /opt/stack/data/venv/lib/python3.12/site-packages/oslo_config/cfg.py:3560}}
Aug 26 00:46:16.732461 np0000008120 nova-scheduler[93483]: DEBUG cotyledon.oslo_config_glue [-] oslo_limit.endpoint_interface = public {{(pid=93483) log_opt_values /opt/stack/data/venv/lib/python3.12/site-packages/oslo_config/cfg.py:3560}}
Aug 26 00:46:16.732461 np0000008120 nova-scheduler[93483]: DEBUG cotyledon.oslo_config_glue [-] oslo_limit.endpoint_override = None {{(pid=93483) log_opt_values /opt/stack/data/venv/lib/python3.12/site-packages/oslo_config/cfg.py:3560}}
Aug 26 00:46:16.732461 np0000008120 nova-scheduler[93483]: DEBUG cotyledon.oslo_config_glue [-] oslo_limit.endpoint_region_name = None {{(pid=93483) log_opt_values /opt/stack/data/venv/lib/python3.12/site-packages/oslo_config/cfg.py:3560}}
Aug 26 00:46:16.732461 np0000008120 nova-scheduler[93483]: DEBUG cotyledon.oslo_config_glue [-] oslo_limit.endpoint_service_name = None {{(pid=93483) log_opt_values /opt/stack/data/venv/lib/python3.12/site-packages/oslo_config/cfg.py:3560}}
Aug 26 00:46:16.732461 np0000008120 nova-scheduler[93483]: DEBUG cotyledon.oslo_config_glue [-] oslo_limit.endpoint_service_type = None {{(pid=93483) log_opt_values /opt/stack/data/venv/lib/python3.12/site-packages/oslo_config/cfg.py:3560}}
Aug 26 00:46:16.732461 np0000008120 nova-scheduler[93483]: DEBUG cotyledon.oslo_config_glue [-] oslo_limit.insecure = False {{(pid=93483) log_opt_values /opt/stack/data/venv/lib/python3.12/site-packages/oslo_config/cfg.py:3560}}
Aug 26 00:46:16.732461 np0000008120 nova-scheduler[93483]: DEBUG cotyledon.oslo_config_glue [-] oslo_limit.keyfile = None {{(pid=93483) log_opt_values /opt/stack/data/venv/lib/python3.12/site-packages/oslo_config/cfg.py:3560}}
Aug 26 00:46:16.732461 np0000008120 nova-scheduler[93483]: DEBUG cotyledon.oslo_config_glue [-] oslo_limit.max_version = None {{(pid=93483) log_opt_values /opt/stack/data/venv/lib/python3.12/site-packages/oslo_config/cfg.py:3560}}
Aug 26 00:46:16.732759 np0000008120 nova-scheduler[93483]: DEBUG cotyledon.oslo_config_glue [-] oslo_limit.min_version = None {{(pid=93483) log_opt_values /opt/stack/data/venv/lib/python3.12/site-packages/oslo_config/cfg.py:3560}}
Aug 26 00:46:16.732759 np0000008120 nova-scheduler[93483]: DEBUG cotyledon.oslo_config_glue [-] oslo_limit.region_name = None {{(pid=93483) log_opt_values /opt/stack/data/venv/lib/python3.12/site-packages/oslo_config/cfg.py:3560}}
Aug 26 00:46:16.732759 np0000008120 nova-scheduler[93483]: DEBUG cotyledon.oslo_config_glue [-] oslo_limit.retriable_status_codes = None {{(pid=93483) log_opt_values /opt/stack/data/venv/lib/python3.12/site-packages/oslo_config/cfg.py:3560}}
Aug 26 00:46:16.732759 np0000008120 nova-scheduler[93483]: DEBUG cotyledon.oslo_config_glue [-] oslo_limit.service_name = None {{(pid=93483) log_opt_values /opt/stack/data/venv/lib/python3.12/site-packages/oslo_config/cfg.py:3560}}
Aug 26 00:46:16.732759 np0000008120 nova-scheduler[93483]: DEBUG cotyledon.oslo_config_glue [-] oslo_limit.service_type = None {{(pid=93483) log_opt_values /opt/stack/data/venv/lib/python3.12/site-packages/oslo_config/cfg.py:3560}}
Aug 26 00:46:16.732759 np0000008120 nova-scheduler[93483]: DEBUG cotyledon.oslo_config_glue [-] oslo_limit.split_loggers = False {{(pid=93483) log_opt_values /opt/stack/data/venv/lib/python3.12/site-packages/oslo_config/cfg.py:3560}}
Aug 26 00:46:16.732759 np0000008120 nova-scheduler[93483]: DEBUG cotyledon.oslo_config_glue [-] oslo_limit.status_code_retries = None {{(pid=93483) log_opt_values /opt/stack/data/venv/lib/python3.12/site-packages/oslo_config/cfg.py:3560}}
Aug 26 00:46:16.732759 np0000008120 nova-scheduler[93483]: DEBUG cotyledon.oslo_config_glue [-] oslo_limit.status_code_retry_delay = None {{(pid=93483) log_opt_values /opt/stack/data/venv/lib/python3.12/site-packages/oslo_config/cfg.py:3560}}
Aug 26 00:46:16.732759 np0000008120 nova-scheduler[93483]: DEBUG cotyledon.oslo_config_glue [-] oslo_limit.timeout = None {{(pid=93483) log_opt_values /opt/stack/data/venv/lib/python3.12/site-packages/oslo_config/cfg.py:3560}}
Aug 26 00:46:16.733057 np0000008120 nova-scheduler[93483]: DEBUG cotyledon.oslo_config_glue [-] oslo_limit.valid_interfaces = None {{(pid=93483) log_opt_values /opt/stack/data/venv/lib/python3.12/site-packages/oslo_config/cfg.py:3560}}
Aug 26 00:46:16.733057 np0000008120 nova-scheduler[93483]: DEBUG cotyledon.oslo_config_glue [-] oslo_limit.version = None {{(pid=93483) log_opt_values /opt/stack/data/venv/lib/python3.12/site-packages/oslo_config/cfg.py:3560}}
Aug 26 00:46:16.733057 np0000008120 nova-scheduler[93483]: DEBUG cotyledon.oslo_config_glue [-] oslo_reports.file_event_handler = None {{(pid=93483) log_opt_values /opt/stack/data/venv/lib/python3.12/site-packages/oslo_config/cfg.py:3560}}
Aug 26 00:46:16.733057 np0000008120 nova-scheduler[93483]: DEBUG cotyledon.oslo_config_glue [-] oslo_reports.file_event_handler_interval = 1 {{(pid=93483) log_opt_values /opt/stack/data/venv/lib/python3.12/site-packages/oslo_config/cfg.py:3560}}
Aug 26 00:46:16.733057 np0000008120 nova-scheduler[93483]: DEBUG cotyledon.oslo_config_glue [-] oslo_reports.log_dir = None {{(pid=93483) log_opt_values /opt/stack/data/venv/lib/python3.12/site-packages/oslo_config/cfg.py:3560}}
Aug 26 00:46:16.733057 np0000008120 nova-scheduler[93483]: DEBUG cotyledon.oslo_config_glue [-] ******************************************************************************** {{(pid=93483) log_opt_values /opt/stack/data/venv/lib/python3.12/site-packages/oslo_config/cfg.py:3567}}
Aug 26 00:46:16.733057 np0000008120 nova-scheduler[93483]: DEBUG cotyledon._service_worker [-] Run service ServiceWrapper(2) [93483] {{(pid=93483) wait_forever /opt/stack/data/venv/lib/python3.12/site-packages/cotyledon/_service_worker.py:218}}
Aug 26 00:46:16.733057 np0000008120 nova-scheduler[93483]: INFO nova.service [-] Starting scheduler node (version 33.1.0)
Aug 26 00:46:16.733057 np0000008120 nova-scheduler[93483]: INFO dbcounter [None req-39304c9c-938a-4a88-90a8-24d7e27ca802 None None] Registered counter for database nova_cell0
Aug 26 00:46:16.735551 np0000008120 nova-scheduler[93472]: DEBUG oslo_db.sqlalchemy.engines [None req-4a85511c-07b6-4789-b45b-a2afc1f6fff2 None None] MySQL server mode set to STRICT_TRANS_TABLES,STRICT_ALL_TABLES,NO_ZERO_IN_DATE,NO_ZERO_DATE,ERROR_FOR_DIVISION_BY_ZERO,TRADITIONAL,NO_ENGINE_SUBSTITUTION {{(pid=93472) _check_effective_sql_mode /opt/stack/data/venv/lib/python3.12/site-packages/oslo_db/sqlalchemy/engines.py:325}}
Aug 26 00:46:16.744130 np0000008120 nova-scheduler[93472]: DEBUG dbcounter [-] [93472] Writer thread running {{(pid=93472) stat_writer /opt/stack/data/venv/lib/python3.12/site-packages/dbcounter.py:102}}
Aug 26 00:46:16.745586 np0000008120 nova-scheduler[93433]: DEBUG oslo_db.sqlalchemy.engines [None req-8ffa0067-16d4-455e-b28c-70b46cbed2a7 None None] MySQL server mode set to STRICT_TRANS_TABLES,STRICT_ALL_TABLES,NO_ZERO_IN_DATE,NO_ZERO_DATE,ERROR_FOR_DIVISION_BY_ZERO,TRADITIONAL,NO_ENGINE_SUBSTITUTION {{(pid=93433) _check_effective_sql_mode /opt/stack/data/venv/lib/python3.12/site-packages/oslo_db/sqlalchemy/engines.py:325}}
Aug 26 00:46:16.755410 np0000008120 nova-scheduler[93483]: DEBUG oslo_db.sqlalchemy.engines [None req-39304c9c-938a-4a88-90a8-24d7e27ca802 None None] MySQL server mode set to STRICT_TRANS_TABLES,STRICT_ALL_TABLES,NO_ZERO_IN_DATE,NO_ZERO_DATE,ERROR_FOR_DIVISION_BY_ZERO,TRADITIONAL,NO_ENGINE_SUBSTITUTION {{(pid=93483) _check_effective_sql_mode /opt/stack/data/venv/lib/python3.12/site-packages/oslo_db/sqlalchemy/engines.py:325}}
Aug 26 00:46:16.755571 np0000008120 nova-scheduler[93433]: DEBUG dbcounter [-] [93433] Writer thread running {{(pid=93433) stat_writer /opt/stack/data/venv/lib/python3.12/site-packages/dbcounter.py:102}}
Aug 26 00:46:16.757646 np0000008120 nova-scheduler[93472]: DEBUG nova.service [None req-4a85511c-07b6-4789-b45b-a2afc1f6fff2 None None] Creating RPC server for service: nova-scheduler on topic: scheduler {{(pid=93472) start /opt/stack/nova/nova/service.py:262}}
Aug 26 00:46:16.766602 np0000008120 nova-scheduler[93483]: DEBUG dbcounter [-] [93483] Writer thread running {{(pid=93483) stat_writer /opt/stack/data/venv/lib/python3.12/site-packages/dbcounter.py:102}}
Aug 26 00:46:16.770233 np0000008120 nova-scheduler[93483]: DEBUG nova.service [None req-39304c9c-938a-4a88-90a8-24d7e27ca802 None None] Creating RPC server for service: nova-scheduler on topic: scheduler {{(pid=93483) start /opt/stack/nova/nova/service.py:262}}
Aug 26 00:46:16.775013 np0000008120 nova-scheduler[93433]: DEBUG nova.service [None req-8ffa0067-16d4-455e-b28c-70b46cbed2a7 None None] Creating RPC server for service: nova-scheduler on topic: scheduler {{(pid=93433) start /opt/stack/nova/nova/service.py:262}}
Aug 26 00:46:16.781807 np0000008120 nova-scheduler[93472]: DEBUG nova.service [None req-4a85511c-07b6-4789-b45b-a2afc1f6fff2 None None] Join ServiceGroup membership for this service scheduler {{(pid=93472) start /opt/stack/nova/nova/service.py:288}}
Aug 26 00:46:16.782112 np0000008120 nova-scheduler[93472]: DEBUG nova.servicegroup.drivers.db [None req-4a85511c-07b6-4789-b45b-a2afc1f6fff2 None None] DB_Driver: join new ServiceGroup member np0000008120 to the scheduler group, service = {{(pid=93472) join /opt/stack/nova/nova/servicegroup/drivers/db.py:44}}
Aug 26 00:46:16.788998 np0000008120 nova-scheduler[93483]: DEBUG nova.service [None req-39304c9c-938a-4a88-90a8-24d7e27ca802 None None] Join ServiceGroup membership for this service scheduler {{(pid=93483) start /opt/stack/nova/nova/service.py:288}}
Aug 26 00:46:16.789160 np0000008120 nova-scheduler[93483]: DEBUG nova.servicegroup.drivers.db [None req-39304c9c-938a-4a88-90a8-24d7e27ca802 None None] DB_Driver: join new ServiceGroup member np0000008120 to the scheduler group, service = {{(pid=93483) join /opt/stack/nova/nova/servicegroup/drivers/db.py:44}}
Aug 26 00:46:16.790874 np0000008120 nova-scheduler[93433]: DEBUG nova.service [None req-8ffa0067-16d4-455e-b28c-70b46cbed2a7 None None] Join ServiceGroup membership for this service scheduler {{(pid=93433) start /opt/stack/nova/nova/service.py:288}}
Aug 26 00:46:16.791080 np0000008120 nova-scheduler[93433]: DEBUG nova.servicegroup.drivers.db [None req-8ffa0067-16d4-455e-b28c-70b46cbed2a7 None None] DB_Driver: join new ServiceGroup member np0000008120 to the scheduler group, service = {{(pid=93433) join /opt/stack/nova/nova/servicegroup/drivers/db.py:44}}
Aug 26 00:46:21.799919 np0000008120 nova-scheduler[93472]: DEBUG oslo.service.backend._threading.loopingcall [-] Fixed interval looping call 'nova.servicegroup.drivers.db.DbDriver._report_state' sleeping for 119.98 seconds {{(pid=93472) _run_loop /opt/stack/data/venv/lib/python3.12/site-packages/oslo_service/backend/_threading/loopingcall.py:125}}
Aug 26 00:46:21.802057 np0000008120 nova-scheduler[93433]: DEBUG oslo.service.backend._threading.loopingcall [-] Fixed interval looping call 'nova.servicegroup.drivers.db.DbDriver._report_state' sleeping for 119.99 seconds {{(pid=93433) _run_loop /opt/stack/data/venv/lib/python3.12/site-packages/oslo_service/backend/_threading/loopingcall.py:125}}
Aug 26 00:46:21.802322 np0000008120 nova-scheduler[93483]: DEBUG oslo.service.backend._threading.loopingcall [-] Fixed interval looping call 'nova.servicegroup.drivers.db.DbDriver._report_state' sleeping for 119.99 seconds {{(pid=93483) _run_loop /opt/stack/data/venv/lib/python3.12/site-packages/oslo_service/backend/_threading/loopingcall.py:125}}
Aug 26 00:46:25.356280 np0000008120 nova-scheduler[92225]: DEBUG dbcounter [-] [92225] Writing DB stats nova_api:SELECT=3 {{(pid=92225) stat_writer /opt/stack/data/venv/lib/python3.12/site-packages/dbcounter.py:115}}
Aug 26 00:46:25.485332 np0000008120 nova-scheduler[92225]: DEBUG dbcounter [-] [92225] Writing DB stats nova_cell1:SELECT=1 {{(pid=92225) stat_writer /opt/stack/data/venv/lib/python3.12/site-packages/dbcounter.py:115}}
Aug 26 00:46:25.492187 np0000008120 nova-scheduler[92225]: DEBUG dbcounter [-] [92225] Writing DB stats nova_cell0:SELECT=1 {{(pid=92225) stat_writer /opt/stack/data/venv/lib/python3.12/site-packages/dbcounter.py:115}}
Aug 26 00:46:31.795430 np0000008120 nova-scheduler[93472]: DEBUG dbcounter [-] [93472] Writing DB stats nova_cell0:SELECT=4,nova_cell0:INSERT=1,nova_cell0:UPDATE=1 {{(pid=93472) stat_writer /opt/stack/data/venv/lib/python3.12/site-packages/dbcounter.py:115}}
Aug 26 00:46:31.800883 np0000008120 nova-scheduler[93433]: DEBUG dbcounter [-] [93433] Writing DB stats nova_cell0:SELECT=4,nova_cell0:INSERT=1,nova_cell0:UPDATE=1 {{(pid=93433) stat_writer /opt/stack/data/venv/lib/python3.12/site-packages/dbcounter.py:115}}
Aug 26 00:46:31.804734 np0000008120 nova-scheduler[93483]: DEBUG dbcounter [-] [93483] Writing DB stats nova_cell0:SELECT=3 {{(pid=93483) stat_writer /opt/stack/data/venv/lib/python3.12/site-packages/dbcounter.py:115}}
Aug 26 00:46:32.793211 np0000008120 nova-scheduler[93433]: DEBUG oslo.service.backend._threading.loopingcall [None req-c2f03aff-ca40-4d51-a807-52151d707380 None None] Dynamic interval looping call 'nova.service.Service.periodic_tasks' sleeping for 60.00 seconds {{(pid=93433) _run_loop /opt/stack/data/venv/lib/python3.12/site-packages/oslo_service/backend/_threading/loopingcall.py:125}}
Aug 26 00:46:48.791251 np0000008120 nova-scheduler[93483]: DEBUG oslo.service.backend._threading.loopingcall [None req-e0e8fa5b-2d95-4099-aa18-f6a498f1c6db None None] Dynamic interval looping call 'nova.service.Service.periodic_tasks' sleeping for 60.00 seconds {{(pid=93483) _run_loop /opt/stack/data/venv/lib/python3.12/site-packages/oslo_service/backend/_threading/loopingcall.py:125}}
Aug 26 00:47:15.784625 np0000008120 nova-scheduler[93472]: DEBUG oslo.service.backend._threading.loopingcall [None req-71142b3f-6c3a-459f-8a41-2d35ef19638c None None] Dynamic interval looping call 'nova.service.Service.periodic_tasks' sleeping for 60.00 seconds {{(pid=93472) _run_loop /opt/stack/data/venv/lib/python3.12/site-packages/oslo_service/backend/_threading/loopingcall.py:125}}
Aug 26 00:47:32.793797 np0000008120 nova-scheduler[93433]: DEBUG oslo.service.backend._threading.loopingcall [None req-c2f03aff-ca40-4d51-a807-52151d707380 None None] Dynamic interval looping call 'nova.service.Service.periodic_tasks' sleeping for 60.00 seconds {{(pid=93433) _run_loop /opt/stack/data/venv/lib/python3.12/site-packages/oslo_service/backend/_threading/loopingcall.py:125}}
Aug 26 00:47:48.791825 np0000008120 nova-scheduler[93483]: DEBUG oslo.service.backend._threading.loopingcall [None req-e0e8fa5b-2d95-4099-aa18-f6a498f1c6db None None] Dynamic interval looping call 'nova.service.Service.periodic_tasks' sleeping for 60.00 seconds {{(pid=93483) _run_loop /opt/stack/data/venv/lib/python3.12/site-packages/oslo_service/backend/_threading/loopingcall.py:125}}
Aug 26 00:48:15.785176 np0000008120 nova-scheduler[93472]: DEBUG oslo.service.backend._threading.loopingcall [None req-71142b3f-6c3a-459f-8a41-2d35ef19638c None None] Dynamic interval looping call 'nova.service.Service.periodic_tasks' sleeping for 60.00 seconds {{(pid=93472) _run_loop /opt/stack/data/venv/lib/python3.12/site-packages/oslo_service/backend/_threading/loopingcall.py:125}}
Aug 26 00:48:21.787793 np0000008120 nova-scheduler[93472]: DEBUG oslo.service.backend._threading.loopingcall [-] Fixed interval looping call 'nova.servicegroup.drivers.db.DbDriver._report_state' sleeping for 119.99 seconds {{(pid=93472) _run_loop /opt/stack/data/venv/lib/python3.12/site-packages/oslo_service/backend/_threading/loopingcall.py:125}}
Aug 26 00:48:21.795591 np0000008120 nova-scheduler[93433]: DEBUG oslo.service.backend._threading.loopingcall [-] Fixed interval looping call 'nova.servicegroup.drivers.db.DbDriver._report_state' sleeping for 120.00 seconds {{(pid=93433) _run_loop /opt/stack/data/venv/lib/python3.12/site-packages/oslo_service/backend/_threading/loopingcall.py:125}}
Aug 26 00:48:21.796610 np0000008120 nova-scheduler[93483]: DEBUG oslo.service.backend._threading.loopingcall [-] Fixed interval looping call 'nova.servicegroup.drivers.db.DbDriver._report_state' sleeping for 120.00 seconds {{(pid=93483) _run_loop /opt/stack/data/venv/lib/python3.12/site-packages/oslo_service/backend/_threading/loopingcall.py:125}}
Aug 26 00:48:31.783409 np0000008120 nova-scheduler[93472]: DEBUG dbcounter [-] [93472] Writing DB stats nova_cell0:SELECT=1,nova_cell0:UPDATE=1 {{(pid=93472) stat_writer /opt/stack/data/venv/lib/python3.12/site-packages/dbcounter.py:115}}
Aug 26 00:48:31.794037 np0000008120 nova-scheduler[93433]: DEBUG dbcounter [-] [93433] Writing DB stats nova_cell0:SELECT=1 {{(pid=93433) stat_writer /opt/stack/data/venv/lib/python3.12/site-packages/dbcounter.py:115}}
Aug 26 00:48:31.795046 np0000008120 nova-scheduler[93483]: DEBUG dbcounter [-] [93483] Writing DB stats nova_cell0:SELECT=1 {{(pid=93483) stat_writer /opt/stack/data/venv/lib/python3.12/site-packages/dbcounter.py:115}}
Aug 26 00:48:32.794202 np0000008120 nova-scheduler[93433]: DEBUG oslo.service.backend._threading.loopingcall [None req-c2f03aff-ca40-4d51-a807-52151d707380 None None] Dynamic interval looping call 'nova.service.Service.periodic_tasks' sleeping for 60.00 seconds {{(pid=93433) _run_loop /opt/stack/data/venv/lib/python3.12/site-packages/oslo_service/backend/_threading/loopingcall.py:125}}
Aug 26 00:48:48.792263 np0000008120 nova-scheduler[93483]: DEBUG oslo.service.backend._threading.loopingcall [None req-e0e8fa5b-2d95-4099-aa18-f6a498f1c6db None None] Dynamic interval looping call 'nova.service.Service.periodic_tasks' sleeping for 60.00 seconds {{(pid=93483) _run_loop /opt/stack/data/venv/lib/python3.12/site-packages/oslo_service/backend/_threading/loopingcall.py:125}}
Aug 26 00:48:49.542336 np0000008120 nova-scheduler[93472]: DEBUG nova.scheduler.manager [None req-ad21c6af-3bce-4051-890f-fe0eaf1ca6ef tempest-ServersNegativeTestJSON-1938785677 tempest-ServersNegativeTestJSON-1938785677-project-member] Starting to schedule for instances: ['d1616811-92ec-4679-872d-6b674185cbe5'] {{(pid=93472) select_destinations /opt/stack/nova/nova/scheduler/manager.py:197}}
Aug 26 00:48:49.543404 np0000008120 nova-scheduler[93472]: DEBUG nova.scheduler.request_filter [None req-ad21c6af-3bce-4051-890f-fe0eaf1ca6ef tempest-ServersNegativeTestJSON-1938785677 tempest-ServersNegativeTestJSON-1938785677-project-member] compute_status_filter request filter added forbidden trait COMPUTE_STATUS_DISABLED {{(pid=93472) compute_status_filter /opt/stack/nova/nova/scheduler/request_filter.py:258}}
Aug 26 00:48:49.543572 np0000008120 nova-scheduler[93472]: DEBUG nova.scheduler.request_filter [None req-ad21c6af-3bce-4051-890f-fe0eaf1ca6ef tempest-ServersNegativeTestJSON-1938785677 tempest-ServersNegativeTestJSON-1938785677-project-member] Request filter 'compute_status_filter' took 0.0 seconds {{(pid=93472) wrapper /opt/stack/nova/nova/scheduler/request_filter.py:51}}
Aug 26 00:48:49.543864 np0000008120 nova-scheduler[93472]: DEBUG nova.scheduler.request_filter [None req-ad21c6af-3bce-4051-890f-fe0eaf1ca6ef tempest-ServersNegativeTestJSON-1938785677 tempest-ServersNegativeTestJSON-1938785677-project-member] Request filter 'accelerators_filter' took 0.0 seconds {{(pid=93472) wrapper /opt/stack/nova/nova/scheduler/request_filter.py:51}}
Aug 26 00:48:49.544100 np0000008120 nova-scheduler[93472]: DEBUG nova.scheduler.request_filter [None req-ad21c6af-3bce-4051-890f-fe0eaf1ca6ef tempest-ServersNegativeTestJSON-1938785677 tempest-ServersNegativeTestJSON-1938785677-project-member] Request filter 'packed_virtqueue_filter' took 0.0 seconds {{(pid=93472) wrapper /opt/stack/nova/nova/scheduler/request_filter.py:51}}
Aug 26 00:48:49.544509 np0000008120 nova-scheduler[93472]: DEBUG nova.scheduler.request_filter [None req-ad21c6af-3bce-4051-890f-fe0eaf1ca6ef tempest-ServersNegativeTestJSON-1938785677 tempest-ServersNegativeTestJSON-1938785677-project-member] Request filter 'remote_managed_ports_filter' took 0.0 seconds {{(pid=93472) wrapper /opt/stack/nova/nova/scheduler/request_filter.py:51}}
Aug 26 00:48:49.544651 np0000008120 nova-scheduler[93472]: DEBUG nova.scheduler.request_filter [None req-ad21c6af-3bce-4051-890f-fe0eaf1ca6ef tempest-ServersNegativeTestJSON-1938785677 tempest-ServersNegativeTestJSON-1938785677-project-member] ephemeral_encryption_filter skipped {{(pid=93472) ephemeral_encryption_filter /opt/stack/nova/nova/scheduler/request_filter.py:431}}
Aug 26 00:48:49.545018 np0000008120 nova-scheduler[93472]: DEBUG nova.scheduler.request_filter [None req-ad21c6af-3bce-4051-890f-fe0eaf1ca6ef tempest-ServersNegativeTestJSON-1938785677 tempest-ServersNegativeTestJSON-1938785677-project-member] virtio_sound_filter skipped {{(pid=93472) virtio_sound_filter /opt/stack/nova/nova/scheduler/request_filter.py:465}}
Aug 26 00:48:49.545169 np0000008120 nova-scheduler[93472]: DEBUG nova.scheduler.request_filter [None req-ad21c6af-3bce-4051-890f-fe0eaf1ca6ef tempest-ServersNegativeTestJSON-1938785677 tempest-ServersNegativeTestJSON-1938785677-project-member] tpm_secret_security_filter skipped {{(pid=93472) tpm_secret_security_filter /opt/stack/nova/nova/scheduler/request_filter.py:482}}
Aug 26 00:48:49.545658 np0000008120 nova-scheduler[93472]: DEBUG oslo_concurrency.lockutils [None req-ad21c6af-3bce-4051-890f-fe0eaf1ca6ef tempest-ServersNegativeTestJSON-1938785677 tempest-ServersNegativeTestJSON-1938785677-project-member] Acquiring lock "00000000-0000-0000-0000-000000000000" by "nova.context.set_target_cell..get_or_set_cached_cell_and_set_connections" {{(pid=93472) inner /opt/stack/data/venv/lib/python3.12/site-packages/oslo_concurrency/lockutils.py:512}}
Aug 26 00:48:49.545880 np0000008120 nova-scheduler[93472]: DEBUG oslo_concurrency.lockutils [None req-ad21c6af-3bce-4051-890f-fe0eaf1ca6ef tempest-ServersNegativeTestJSON-1938785677 tempest-ServersNegativeTestJSON-1938785677-project-member] Lock "00000000-0000-0000-0000-000000000000" acquired by "nova.context.set_target_cell..get_or_set_cached_cell_and_set_connections" :: waited 0.000s {{(pid=93472) inner /opt/stack/data/venv/lib/python3.12/site-packages/oslo_concurrency/lockutils.py:525}}
Aug 26 00:48:49.546434 np0000008120 nova-scheduler[93472]: DEBUG oslo_concurrency.lockutils [None req-ad21c6af-3bce-4051-890f-fe0eaf1ca6ef tempest-ServersNegativeTestJSON-1938785677 tempest-ServersNegativeTestJSON-1938785677-project-member] Lock "00000000-0000-0000-0000-000000000000" "released" by "nova.context.set_target_cell..get_or_set_cached_cell_and_set_connections" :: held 0.001s {{(pid=93472) inner /opt/stack/data/venv/lib/python3.12/site-packages/oslo_concurrency/lockutils.py:544}}
Aug 26 00:48:49.546688 np0000008120 nova-scheduler[93472]: INFO nova.thread_pool_factory [None req-ad21c6af-3bce-4051-890f-fe0eaf1ca6ef tempest-ServersNegativeTestJSON-1938785677 tempest-ServersNegativeTestJSON-1938785677-project-member] The cell_worker thread pool ForkProcess-2.cell_worker is initialized
Aug 26 00:48:49.547349 np0000008120 nova-scheduler[93472]: DEBUG oslo_concurrency.lockutils [None req-ad21c6af-3bce-4051-890f-fe0eaf1ca6ef tempest-ServersNegativeTestJSON-1938785677 tempest-ServersNegativeTestJSON-1938785677-project-member] Acquiring lock "c007f919-3e77-4496-a7d4-a40eb7a0628a" by "nova.context.set_target_cell..get_or_set_cached_cell_and_set_connections" {{(pid=93472) inner /opt/stack/data/venv/lib/python3.12/site-packages/oslo_concurrency/lockutils.py:512}}
Aug 26 00:48:49.547470 np0000008120 nova-scheduler[93472]: DEBUG oslo_concurrency.lockutils [None req-ad21c6af-3bce-4051-890f-fe0eaf1ca6ef tempest-ServersNegativeTestJSON-1938785677 tempest-ServersNegativeTestJSON-1938785677-project-member] Lock "c007f919-3e77-4496-a7d4-a40eb7a0628a" acquired by "nova.context.set_target_cell..get_or_set_cached_cell_and_set_connections" :: waited 0.000s {{(pid=93472) inner /opt/stack/data/venv/lib/python3.12/site-packages/oslo_concurrency/lockutils.py:525}}
Aug 26 00:48:49.548472 np0000008120 nova-scheduler[93472]: DEBUG oslo_concurrency.lockutils [None req-ad21c6af-3bce-4051-890f-fe0eaf1ca6ef tempest-ServersNegativeTestJSON-1938785677 tempest-ServersNegativeTestJSON-1938785677-project-member] Lock "c007f919-3e77-4496-a7d4-a40eb7a0628a" "released" by "nova.context.set_target_cell..get_or_set_cached_cell_and_set_connections" :: held 0.001s {{(pid=93472) inner /opt/stack/data/venv/lib/python3.12/site-packages/oslo_concurrency/lockutils.py:544}}
Aug 26 00:48:49.549933 np0000008120 nova-scheduler[93472]: INFO dbcounter [None req-ad21c6af-3bce-4051-890f-fe0eaf1ca6ef tempest-ServersNegativeTestJSON-1938785677 tempest-ServersNegativeTestJSON-1938785677-project-member] Registered counter for database nova_cell0
Aug 26 00:48:49.552956 np0000008120 nova-scheduler[93472]: INFO dbcounter [None req-ad21c6af-3bce-4051-890f-fe0eaf1ca6ef tempest-ServersNegativeTestJSON-1938785677 tempest-ServersNegativeTestJSON-1938785677-project-member] Registered counter for database nova_cell1
Aug 26 00:48:49.590160 np0000008120 nova-scheduler[93472]: DEBUG oslo_db.sqlalchemy.engines [None req-ad21c6af-3bce-4051-890f-fe0eaf1ca6ef tempest-ServersNegativeTestJSON-1938785677 tempest-ServersNegativeTestJSON-1938785677-project-member] MySQL server mode set to STRICT_TRANS_TABLES,STRICT_ALL_TABLES,NO_ZERO_IN_DATE,NO_ZERO_DATE,ERROR_FOR_DIVISION_BY_ZERO,TRADITIONAL,NO_ENGINE_SUBSTITUTION {{(pid=93472) _check_effective_sql_mode /opt/stack/data/venv/lib/python3.12/site-packages/oslo_db/sqlalchemy/engines.py:325}}
Aug 26 00:48:49.595003 np0000008120 nova-scheduler[93472]: DEBUG dbcounter [-] [93472] Writer thread running {{(pid=93472) stat_writer /opt/stack/data/venv/lib/python3.12/site-packages/dbcounter.py:102}}
Aug 26 00:48:49.610823 np0000008120 nova-scheduler[93472]: DEBUG oslo_db.sqlalchemy.engines [None req-ad21c6af-3bce-4051-890f-fe0eaf1ca6ef tempest-ServersNegativeTestJSON-1938785677 tempest-ServersNegativeTestJSON-1938785677-project-member] MySQL server mode set to STRICT_TRANS_TABLES,STRICT_ALL_TABLES,NO_ZERO_IN_DATE,NO_ZERO_DATE,ERROR_FOR_DIVISION_BY_ZERO,TRADITIONAL,NO_ENGINE_SUBSTITUTION {{(pid=93472) _check_effective_sql_mode /opt/stack/data/venv/lib/python3.12/site-packages/oslo_db/sqlalchemy/engines.py:325}}
Aug 26 00:48:49.615596 np0000008120 nova-scheduler[93472]: DEBUG dbcounter [-] [93472] Writer thread running {{(pid=93472) stat_writer /opt/stack/data/venv/lib/python3.12/site-packages/dbcounter.py:102}}
Aug 26 00:48:49.617393 np0000008120 nova-scheduler[93472]: DEBUG nova.scheduler.request_filter [None req-ad21c6af-3bce-4051-890f-fe0eaf1ca6ef tempest-ServersNegativeTestJSON-1938785677 tempest-ServersNegativeTestJSON-1938785677-project-member] Added required trait OWNER_NOVA to root provider in request spec {{(pid=93472) owner_nova_filter /opt/stack/nova/nova/scheduler/request_filter.py:580}}
Aug 26 00:48:49.617528 np0000008120 nova-scheduler[93472]: DEBUG nova.scheduler.request_filter [None req-ad21c6af-3bce-4051-890f-fe0eaf1ca6ef tempest-ServersNegativeTestJSON-1938785677 tempest-ServersNegativeTestJSON-1938785677-project-member] Request filter 'owner_nova_filter' took 0.1 seconds {{(pid=93472) wrapper /opt/stack/nova/nova/scheduler/request_filter.py:51}}
Aug 26 00:48:50.123169 np0000008120 nova-scheduler[93472]: DEBUG oslo_concurrency.lockutils [None req-ad21c6af-3bce-4051-890f-fe0eaf1ca6ef tempest-ServersNegativeTestJSON-1938785677 tempest-ServersNegativeTestJSON-1938785677-project-member] Acquiring lock "c007f919-3e77-4496-a7d4-a40eb7a0628a" by "nova.context.set_target_cell..get_or_set_cached_cell_and_set_connections" {{(pid=93472) inner /opt/stack/data/venv/lib/python3.12/site-packages/oslo_concurrency/lockutils.py:512}}
Aug 26 00:48:50.123325 np0000008120 nova-scheduler[93472]: DEBUG oslo_concurrency.lockutils [None req-ad21c6af-3bce-4051-890f-fe0eaf1ca6ef tempest-ServersNegativeTestJSON-1938785677 tempest-ServersNegativeTestJSON-1938785677-project-member] Lock "c007f919-3e77-4496-a7d4-a40eb7a0628a" acquired by "nova.context.set_target_cell..get_or_set_cached_cell_and_set_connections" :: waited 0.000s {{(pid=93472) inner /opt/stack/data/venv/lib/python3.12/site-packages/oslo_concurrency/lockutils.py:525}}
Aug 26 00:48:50.123642 np0000008120 nova-scheduler[93472]: DEBUG oslo_concurrency.lockutils [None req-ad21c6af-3bce-4051-890f-fe0eaf1ca6ef tempest-ServersNegativeTestJSON-1938785677 tempest-ServersNegativeTestJSON-1938785677-project-member] Lock "c007f919-3e77-4496-a7d4-a40eb7a0628a" "released" by "nova.context.set_target_cell..get_or_set_cached_cell_and_set_connections" :: held 0.000s {{(pid=93472) inner /opt/stack/data/venv/lib/python3.12/site-packages/oslo_concurrency/lockutils.py:544}}
Aug 26 00:48:50.137611 np0000008120 nova-scheduler[93472]: DEBUG oslo_db.sqlalchemy.engines [None req-ad21c6af-3bce-4051-890f-fe0eaf1ca6ef tempest-ServersNegativeTestJSON-1938785677 tempest-ServersNegativeTestJSON-1938785677-project-member] Parent process 92225 forked (93472) with an open database connection, which is being discarded and recreated. {{(pid=93472) checkout /opt/stack/data/venv/lib/python3.12/site-packages/oslo_db/sqlalchemy/engines.py:402}}
Aug 26 00:48:50.185872 np0000008120 nova-scheduler[93472]: DEBUG dbcounter [-] [93472] Writer thread running {{(pid=93472) stat_writer /opt/stack/data/venv/lib/python3.12/site-packages/dbcounter.py:102}}
Aug 26 00:48:50.188178 np0000008120 nova-scheduler[93472]: DEBUG oslo_concurrency.lockutils [None req-ad21c6af-3bce-4051-890f-fe0eaf1ca6ef tempest-ServersNegativeTestJSON-1938785677 tempest-ServersNegativeTestJSON-1938785677-project-member] Acquiring lock "c007f919-3e77-4496-a7d4-a40eb7a0628a" by "nova.context.set_target_cell..get_or_set_cached_cell_and_set_connections" {{(pid=93472) inner /opt/stack/data/venv/lib/python3.12/site-packages/oslo_concurrency/lockutils.py:512}}
Aug 26 00:48:50.188320 np0000008120 nova-scheduler[93472]: DEBUG oslo_concurrency.lockutils [None req-ad21c6af-3bce-4051-890f-fe0eaf1ca6ef tempest-ServersNegativeTestJSON-1938785677 tempest-ServersNegativeTestJSON-1938785677-project-member] Lock "c007f919-3e77-4496-a7d4-a40eb7a0628a" acquired by "nova.context.set_target_cell..get_or_set_cached_cell_and_set_connections" :: waited 0.000s {{(pid=93472) inner /opt/stack/data/venv/lib/python3.12/site-packages/oslo_concurrency/lockutils.py:525}}
Aug 26 00:48:50.188421 np0000008120 nova-scheduler[93472]: DEBUG oslo_concurrency.lockutils [None req-ad21c6af-3bce-4051-890f-fe0eaf1ca6ef tempest-ServersNegativeTestJSON-1938785677 tempest-ServersNegativeTestJSON-1938785677-project-member] Lock "c007f919-3e77-4496-a7d4-a40eb7a0628a" "released" by "nova.context.set_target_cell..get_or_set_cached_cell_and_set_connections" :: held 0.000s {{(pid=93472) inner /opt/stack/data/venv/lib/python3.12/site-packages/oslo_concurrency/lockutils.py:544}}
Aug 26 00:48:50.191363 np0000008120 nova-scheduler[93472]: DEBUG oslo_concurrency.lockutils [None req-ad21c6af-3bce-4051-890f-fe0eaf1ca6ef tempest-ServersNegativeTestJSON-1938785677 tempest-ServersNegativeTestJSON-1938785677-project-member] Acquiring lock "np0000008120-np0000008120" by "nova.scheduler.host_manager.HostState.update.._locked_update" {{(pid=93472) inner /opt/stack/data/venv/lib/python3.12/site-packages/oslo_concurrency/lockutils.py:512}}
Aug 26 00:48:50.191465 np0000008120 nova-scheduler[93472]: DEBUG oslo_concurrency.lockutils [None req-ad21c6af-3bce-4051-890f-fe0eaf1ca6ef tempest-ServersNegativeTestJSON-1938785677 tempest-ServersNegativeTestJSON-1938785677-project-member] Lock "np0000008120-np0000008120" acquired by "nova.scheduler.host_manager.HostState.update.._locked_update" :: waited 0.000s {{(pid=93472) inner /opt/stack/data/venv/lib/python3.12/site-packages/oslo_concurrency/lockutils.py:525}}
Aug 26 00:48:50.193927 np0000008120 nova-scheduler[93472]: DEBUG nova.scheduler.host_manager [None req-ad21c6af-3bce-4051-890f-fe0eaf1ca6ef tempest-ServersNegativeTestJSON-1938785677 tempest-ServersNegativeTestJSON-1938785677-project-member] Update host state from compute node: ComputeNode(cpu_allocation_ratio=4.0,cpu_info='{"arch": "x86_64", "model": "EPYC-Milan", "vendor": "AMD", "topology": {"cells": 1, "sockets": 16, "cores": 1, "threads": 1}, "maxphysaddr": {"mode": "emulate", "bits": 40}, "features": ["pse36", "rdctl-no", "cmp_legacy", "movbe", "lahf_lm", "pfthreshold", "avx2", "ssbd", "3dnowprefetch", "lm", "mce", "invpcid", "mds-no", "pge", "skip-l1dfl-vmentry", "rdtscp", "vaes", "bmi2", "msr", "stibp", "pschange-mc-no", "smep", "mca", "topoext", "cmov", "flushbyasid", "sse4.2", "pse", "tsc", "tsc_adjust", "osvw", "cr8legacy", "clflushopt", "vpclmulqdq", "cx16", "vmcb-clean", "no-nested-data-bp", "perfctr_core", "de", "xsaveerptr", "pae", "ssse3", "rdrand", "fxsr", "clwb", "tsc-scale", "xsave", "apic", "rdpid", "fpu", "null-sel-clr-base", "sse4a", "bmi1", "fsgsbase", "clzero", "ibpb", "pat", "sse2", "aes", "lfence-always-serializing", "spec-ctrl", "gds-no", "v-vmsave-vmload", "amd-psfd", "syscall", "popcnt", "wbnoinvd", "xsaveopt", "xsaves", "mtrr", "svm", "misalignsse", "vgif", "tsc-deadline", "pclmuldq", "lbrv", "sha-ni", "abm", "mmxext", "x2apic", "npt", "sse4.1", "adx", "f16c", "rdseed", "pcid", "stibp-always-on", "pdpe1gb", "cx8", "xsavec", "avx", "pause-filter", "ibrs", "vme", "xgetbv1", "fma", "amd-stibp", "hypervisor", "fsrm", "erms", "arat", "clflush", "smap", "svme-addr-chk", "pku", "nrip-save", "sse", "fxsr_opt", "amd-ssbd", "arch-capabilities", "nx", "sep", "umip", "virt-ssbd", "pni", "mmx"]}',created_at=2026-08-26T00:46:39Z,current_workload=0,deleted=False,deleted_at=None,disk_allocation_ratio=1.0,disk_available_least=73,free_disk_gb=95,free_ram_mb=62765,host='np0000008120',host_ip=10.4.3.238,hypervisor_hostname='np0000008120',hypervisor_type='QEMU',hypervisor_version=8002002,id=1,local_gb=95,local_gb_used=0,mapped=1,memory_mb=63277,memory_mb_used=512,metrics='[]',numa_topology='{"nova_object.name": "NUMATopology", "nova_object.namespace": "nova", "nova_object.version": "1.2", "nova_object.data": {"cells": [{"nova_object.name": "NUMACell", "nova_object.namespace": "nova", "nova_object.version": "1.5", "nova_object.data": {"id": 0, "cpuset": [0, 1, 2, 3, 4, 5, 6, 7, 8, 9, 10, 11, 12, 13, 14, 15], "pcpuset": [0, 1, 2, 3, 4, 5, 6, 7, 8, 9, 10, 11, 12, 13, 14, 15], "memory": 63277, "cpu_usage": 0, "memory_usage": 0, "pinned_cpus": [], "siblings": [[6], [12], [2], [15], [5], [11], [8], [14], [4], [1], [7], [10], [0], [13], [3], [9]], "mempages": [{"nova_object.name": "NUMAPagesTopology", "nova_object.namespace": "nova", "nova_object.version": "1.1", "nova_object.data": {"size_kb": 4, "total": 16177927, "used": 0, "reserved": 0}, "nova_object.changes": ["total", "size_kb", "reserved", "used"]}, {"nova_object.name": "NUMAPagesTopology", "nova_object.namespace": "nova", "nova_object.version": "1.1", "nova_object.data": {"size_kb": 2048, "total": 41, "used": 0, "reserved": 0}, "nova_object.changes": ["total", "size_kb", "reserved", "used"]}, {"nova_object.name": "NUMAPagesTopology", "nova_object.namespace": "nova", "nova_object.version": "1.1", "nova_object.data": {"size_kb": 1048576, "total": 0, "used": 0, "reserved": 0}, "nova_object.changes": ["total", "size_kb", "reserved", "used"]}], "network_metadata": {"nova_object.name": "NetworkMetadata", "nova_object.namespace": "nova", "nova_object.version": "1.0", "nova_object.data": {"physnets": [], "tunneled": false}, "nova_object.changes": ["tunneled", "physnets"]}, "socket": null}, "nova_object.changes": ["memory_usage", "cpu_usage", "socket", "mempages", "pcpuset", "id", "pinned_cpus", "cpuset", "siblings", "memory", "network_metadata"]}]}, "nova_object.changes": ["cells"]}',pci_device_pools=PciDevicePoolList,ram_allocation_ratio=1.0,running_vms=0,service_id=3,stats={failed_builds='0',uptime=' 00:48:25 up 13 min, 2 users, load average: 1.32, 1.43, 0.82
Aug 26 00:48:50.193927 np0000008120 nova-scheduler[93472]: '},supported_hv_specs=[HVSpec,HVSpec,HVSpec,HVSpec,HVSpec,HVSpec,HVSpec,HVSpec,HVSpec,HVSpec,HVSpec,HVSpec,HVSpec,HVSpec,HVSpec,HVSpec,HVSpec,HVSpec,HVSpec,HVSpec,HVSpec,HVSpec,HVSpec,HVSpec,HVSpec],updated_at=2026-08-26T00:48:26Z,uuid=672c3078-39ac-4f49-9587-b1e287632bdd,vcpus=16,vcpus_used=0) {{(pid=93472) _locked_update /opt/stack/nova/nova/scheduler/host_manager.py:169}}
Aug 26 00:48:50.194594 np0000008120 nova-scheduler[93472]: DEBUG nova.scheduler.host_manager [None req-ad21c6af-3bce-4051-890f-fe0eaf1ca6ef tempest-ServersNegativeTestJSON-1938785677 tempest-ServersNegativeTestJSON-1938785677-project-member] Update host state with aggregates: [] {{(pid=93472) _locked_update /opt/stack/nova/nova/scheduler/host_manager.py:172}}
Aug 26 00:48:50.194704 np0000008120 nova-scheduler[93472]: DEBUG nova.scheduler.host_manager [None req-ad21c6af-3bce-4051-890f-fe0eaf1ca6ef tempest-ServersNegativeTestJSON-1938785677 tempest-ServersNegativeTestJSON-1938785677-project-member] Update host state with service dict: {'id': 3, 'uuid': '8539232c-6ff7-4ec8-ad6a-e7f7c6cfe199', 'host': 'np0000008120', 'binary': 'nova-compute', 'topic': 'compute', 'report_count': 2, 'disabled': False, 'disabled_reason': None, 'last_seen_up': datetime.datetime(2026, 8, 26, 0, 48, 45, tzinfo=datetime.timezone.utc), 'forced_down': False, 'version': 73, 'created_at': datetime.datetime(2026, 8, 26, 0, 46, 39, tzinfo=datetime.timezone.utc), 'updated_at': datetime.datetime(2026, 8, 26, 0, 48, 45, tzinfo=datetime.timezone.utc), 'deleted_at': None, 'deleted': False} {{(pid=93472) _locked_update /opt/stack/nova/nova/scheduler/host_manager.py:175}}
Aug 26 00:48:50.194844 np0000008120 nova-scheduler[93472]: DEBUG nova.scheduler.host_manager [None req-ad21c6af-3bce-4051-890f-fe0eaf1ca6ef tempest-ServersNegativeTestJSON-1938785677 tempest-ServersNegativeTestJSON-1938785677-project-member] Update host state with instances: [] {{(pid=93472) _locked_update /opt/stack/nova/nova/scheduler/host_manager.py:178}}
Aug 26 00:48:50.194952 np0000008120 nova-scheduler[93472]: DEBUG oslo_concurrency.lockutils [None req-ad21c6af-3bce-4051-890f-fe0eaf1ca6ef tempest-ServersNegativeTestJSON-1938785677 tempest-ServersNegativeTestJSON-1938785677-project-member] Lock "np0000008120-np0000008120" "released" by "nova.scheduler.host_manager.HostState.update.._locked_update" :: held 0.004s {{(pid=93472) inner /opt/stack/data/venv/lib/python3.12/site-packages/oslo_concurrency/lockutils.py:544}}
Aug 26 00:48:50.195485 np0000008120 nova-scheduler[93472]: DEBUG nova.filters [None req-ad21c6af-3bce-4051-890f-fe0eaf1ca6ef tempest-ServersNegativeTestJSON-1938785677 tempest-ServersNegativeTestJSON-1938785677-project-member] Starting with 1 host(s) {{(pid=93472) get_filtered_objects /opt/stack/nova/nova/filters.py:70}}
Aug 26 00:48:50.195572 np0000008120 nova-scheduler[93472]: DEBUG nova.filters [None req-ad21c6af-3bce-4051-890f-fe0eaf1ca6ef tempest-ServersNegativeTestJSON-1938785677 tempest-ServersNegativeTestJSON-1938785677-project-member] Filter ComputeFilter returned 1 host(s) {{(pid=93472) get_filtered_objects /opt/stack/nova/nova/filters.py:102}}
Aug 26 00:48:50.195725 np0000008120 nova-scheduler[93472]: DEBUG nova.filters [None req-ad21c6af-3bce-4051-890f-fe0eaf1ca6ef tempest-ServersNegativeTestJSON-1938785677 tempest-ServersNegativeTestJSON-1938785677-project-member] Filter ComputeCapabilitiesFilter returned 1 host(s) {{(pid=93472) get_filtered_objects /opt/stack/nova/nova/filters.py:102}}
Aug 26 00:48:50.196237 np0000008120 nova-scheduler[93472]: DEBUG nova.filters [None req-ad21c6af-3bce-4051-890f-fe0eaf1ca6ef tempest-ServersNegativeTestJSON-1938785677 tempest-ServersNegativeTestJSON-1938785677-project-member] Filter ImagePropertiesFilter returned 1 host(s) {{(pid=93472) get_filtered_objects /opt/stack/nova/nova/filters.py:102}}
Aug 26 00:48:50.196237 np0000008120 nova-scheduler[93472]: DEBUG nova.filters [None req-ad21c6af-3bce-4051-890f-fe0eaf1ca6ef tempest-ServersNegativeTestJSON-1938785677 tempest-ServersNegativeTestJSON-1938785677-project-member] Filter ServerGroupAntiAffinityFilter returned 1 host(s) {{(pid=93472) get_filtered_objects /opt/stack/nova/nova/filters.py:102}}
Aug 26 00:48:50.196237 np0000008120 nova-scheduler[93472]: DEBUG nova.filters [None req-ad21c6af-3bce-4051-890f-fe0eaf1ca6ef tempest-ServersNegativeTestJSON-1938785677 tempest-ServersNegativeTestJSON-1938785677-project-member] Filter ServerGroupAffinityFilter returned 1 host(s) {{(pid=93472) get_filtered_objects /opt/stack/nova/nova/filters.py:102}}
Aug 26 00:48:50.196306 np0000008120 nova-scheduler[93472]: DEBUG nova.filters [None req-ad21c6af-3bce-4051-890f-fe0eaf1ca6ef tempest-ServersNegativeTestJSON-1938785677 tempest-ServersNegativeTestJSON-1938785677-project-member] Filter SameHostFilter returned 1 host(s) {{(pid=93472) get_filtered_objects /opt/stack/nova/nova/filters.py:102}}
Aug 26 00:48:50.196398 np0000008120 nova-scheduler[93472]: DEBUG nova.filters [None req-ad21c6af-3bce-4051-890f-fe0eaf1ca6ef tempest-ServersNegativeTestJSON-1938785677 tempest-ServersNegativeTestJSON-1938785677-project-member] Filter DifferentHostFilter returned 1 host(s) {{(pid=93472) get_filtered_objects /opt/stack/nova/nova/filters.py:102}}
Aug 26 00:48:50.196541 np0000008120 nova-scheduler[93472]: DEBUG nova.scheduler.manager [None req-ad21c6af-3bce-4051-890f-fe0eaf1ca6ef tempest-ServersNegativeTestJSON-1938785677 tempest-ServersNegativeTestJSON-1938785677-project-member] Filtered [(np0000008120, np0000008120) ram: 62765MB disk: 74752MB io_ops: 0 instances: 0, allocation_candidates: 1] {{(pid=93472) _get_sorted_hosts /opt/stack/nova/nova/scheduler/manager.py:730}}
Aug 26 00:48:50.196784 np0000008120 nova-scheduler[93472]: DEBUG nova.scheduler.manager [None req-ad21c6af-3bce-4051-890f-fe0eaf1ca6ef tempest-ServersNegativeTestJSON-1938785677 tempest-ServersNegativeTestJSON-1938785677-project-member] Weighed [WeighedHost [host: (np0000008120, np0000008120) ram: 62765MB disk: 74752MB io_ops: 0 instances: 0, allocation_candidates: 1, weight: 0.0]] {{(pid=93472) _get_sorted_hosts /opt/stack/nova/nova/scheduler/manager.py:752}}
