Jul 13 09:42:10.917996 np0000005108 systemd[1]: Starting devstack@n-api-meta.service - Devstack devstack@n-api-meta.service...
Jul 13 09:42:10.924029 np0000005108 devstack@n-api-meta.service[95831]: [uWSGI] getting INI configuration from /etc/nova/nova-metadata-uwsgi.ini
Jul 13 09:42:10.926669 np0000005108 devstack@n-api-meta.service[95831]: *** Starting uWSGI 2.0.24-debian (64bit) on [Mon Jul 13 09:42:10 2026] ***
Jul 13 09:42:10.926669 np0000005108 devstack@n-api-meta.service[95831]: compiled with version: 13.2.0 on 17 April 2024 16:23:48
Jul 13 09:42:10.926669 np0000005108 devstack@n-api-meta.service[95831]: os: Linux-6.8.0-100-generic #100-Ubuntu SMP PREEMPT_DYNAMIC Tue Jan 13 16:40:06 UTC 2026
Jul 13 09:42:10.926669 np0000005108 devstack@n-api-meta.service[95831]: nodename: np0000005108
Jul 13 09:42:10.926669 np0000005108 devstack@n-api-meta.service[95831]: machine: x86_64
Jul 13 09:42:10.926669 np0000005108 devstack@n-api-meta.service[95831]: clock source: unix
Jul 13 09:42:10.926669 np0000005108 devstack@n-api-meta.service[95831]: pcre jit disabled
Jul 13 09:42:10.926669 np0000005108 devstack@n-api-meta.service[95831]: detected number of CPU cores: 16
Jul 13 09:42:10.926669 np0000005108 devstack@n-api-meta.service[95831]: current working directory: /
Jul 13 09:42:10.926669 np0000005108 devstack@n-api-meta.service[95831]: detected binary path: /usr/bin/uwsgi-core
Jul 13 09:42:10.926669 np0000005108 devstack@n-api-meta.service[95831]: your processes number limit is 257052
Jul 13 09:42:10.927050 np0000005108 devstack@n-api-meta.service[95831]: your memory page size is 4096 bytes
Jul 13 09:42:10.927050 np0000005108 devstack@n-api-meta.service[95831]: detected max file descriptor number: 2048
Jul 13 09:42:10.927050 np0000005108 devstack@n-api-meta.service[95831]: lock engine: pthread robust mutexes
Jul 13 09:42:10.927050 np0000005108 devstack@n-api-meta.service[95831]: thunder lock: enabled
Jul 13 09:42:10.927162 np0000005108 devstack@n-api-meta.service[95831]: uWSGI http bound on 0.0.0.0:8775 fd 5
Jul 13 09:42:10.927198 np0000005108 devstack@n-api-meta.service[95831]: uwsgi socket 0 bound to TCP address 127.0.0.1:43629 (port auto-assigned) fd 4
Jul 13 09:42:10.927233 np0000005108 devstack@n-api-meta.service[95831]: Python version: 3.12.3 (main, Jun 19 2026, 12:46:00) [GCC 13.3.0]
Jul 13 09:42:10.927233 np0000005108 devstack@n-api-meta.service[95831]: PEP 405 virtualenv detected: /opt/stack/data/venv
Jul 13 09:42:10.927233 np0000005108 devstack@n-api-meta.service[95831]: Set PythonHome to /opt/stack/data/venv
Jul 13 09:42:10.961839 np0000005108 devstack@n-api-meta.service[95831]: Python main interpreter initialized at 0x76fd74ca4668
Jul 13 09:42:10.961918 np0000005108 devstack@n-api-meta.service[95831]: python threads support enabled
Jul 13 09:42:10.961918 np0000005108 devstack@n-api-meta.service[95831]: your server socket listen backlog is limited to 100 connections
Jul 13 09:42:10.961918 np0000005108 devstack@n-api-meta.service[95831]: your mercy for graceful operations on workers is 80 seconds
Jul 13 09:42:10.962351 np0000005108 devstack@n-api-meta.service[95831]: mapped 671795 bytes (656 KB) for 4 cores
Jul 13 09:42:10.962641 np0000005108 devstack@n-api-meta.service[95831]: *** Operational MODE: preforking ***
Jul 13 09:42:10.962756 np0000005108 devstack@n-api-meta.service[95831]: *** uWSGI is running in multiple interpreter mode ***
Jul 13 09:42:10.962756 np0000005108 devstack@n-api-meta.service[95831]: spawned uWSGI master process (pid: 95831)
Jul 13 09:42:10.962933 np0000005108 systemd[1]: Started devstack@n-api-meta.service - Devstack devstack@n-api-meta.service.
Jul 13 09:42:10.963462 np0000005108 devstack@n-api-meta.service[95831]: spawned uWSGI worker 1 (pid: 95832, cores: 1)
Jul 13 09:42:10.964095 np0000005108 devstack@n-api-meta.service[95831]: spawned uWSGI worker 2 (pid: 95833, cores: 1)
Jul 13 09:42:10.964640 np0000005108 devstack@n-api-meta.service[95831]: spawned uWSGI worker 3 (pid: 95835, cores: 1)
Jul 13 09:42:10.965206 np0000005108 devstack@n-api-meta.service[95831]: spawned uWSGI worker 4 (pid: 95836, cores: 1)
Jul 13 09:42:10.965969 np0000005108 devstack@n-api-meta.service[95831]: spawned uWSGI http 1 (pid: 95838)
Jul 13 09:42:10.965969 np0000005108 devstack@n-api-meta.service[95831]: running "unix_signal:15 gracefully_kill_them_all" (master-start)...
Jul 13 09:42:12.610556 np0000005108 devstack@n-api-meta.service[95835]: INFO dbcounter [None req-25aa7670-fa1e-434f-b7b1-72070581017e None None] Registered counter for database nova_api
Jul 13 09:42:12.618680 np0000005108 devstack@n-api-meta.service[95832]: INFO dbcounter [None req-bbf90668-7a5b-4649-b1fb-940533dde420 None None] Registered counter for database nova_api
Jul 13 09:42:12.645698 np0000005108 devstack@n-api-meta.service[95836]: INFO dbcounter [None req-62bb632d-7bd8-4261-aa86-0c2dcf60f126 None None] Registered counter for database nova_api
Jul 13 09:42:12.655241 np0000005108 devstack@n-api-meta.service[95835]: DEBUG oslo_db.sqlalchemy.engines [None req-25aa7670-fa1e-434f-b7b1-72070581017e None None] MySQL server mode set to STRICT_TRANS_TABLES,STRICT_ALL_TABLES,NO_ZERO_IN_DATE,NO_ZERO_DATE,ERROR_FOR_DIVISION_BY_ZERO,TRADITIONAL,NO_ENGINE_SUBSTITUTION {{(pid=95835) _check_effective_sql_mode /opt/stack/data/venv/lib/python3.12/site-packages/oslo_db/sqlalchemy/engines.py:325}}
Jul 13 09:42:12.662277 np0000005108 devstack@n-api-meta.service[95832]: DEBUG oslo_db.sqlalchemy.engines [None req-bbf90668-7a5b-4649-b1fb-940533dde420 None None] MySQL server mode set to STRICT_TRANS_TABLES,STRICT_ALL_TABLES,NO_ZERO_IN_DATE,NO_ZERO_DATE,ERROR_FOR_DIVISION_BY_ZERO,TRADITIONAL,NO_ENGINE_SUBSTITUTION {{(pid=95832) _check_effective_sql_mode /opt/stack/data/venv/lib/python3.12/site-packages/oslo_db/sqlalchemy/engines.py:325}}
Jul 13 09:42:12.677874 np0000005108 devstack@n-api-meta.service[95833]: INFO dbcounter [None req-36fad218-8425-4804-a89d-b9b87e6f9f2c None None] Registered counter for database nova_api
Jul 13 09:42:12.688790 np0000005108 devstack@n-api-meta.service[95835]: DEBUG dbcounter [-] [95835] Writer thread running {{(pid=95835) stat_writer /opt/stack/data/venv/lib/python3.12/site-packages/dbcounter.py:102}}
Jul 13 09:42:12.690733 np0000005108 devstack@n-api-meta.service[95836]: DEBUG oslo_db.sqlalchemy.engines [None req-62bb632d-7bd8-4261-aa86-0c2dcf60f126 None None] MySQL server mode set to STRICT_TRANS_TABLES,STRICT_ALL_TABLES,NO_ZERO_IN_DATE,NO_ZERO_DATE,ERROR_FOR_DIVISION_BY_ZERO,TRADITIONAL,NO_ENGINE_SUBSTITUTION {{(pid=95836) _check_effective_sql_mode /opt/stack/data/venv/lib/python3.12/site-packages/oslo_db/sqlalchemy/engines.py:325}}
Jul 13 09:42:12.691576 np0000005108 devstack@n-api-meta.service[95832]: DEBUG dbcounter [-] [95832] Writer thread running {{(pid=95832) stat_writer /opt/stack/data/venv/lib/python3.12/site-packages/dbcounter.py:102}}
Jul 13 09:42:12.692439 np0000005108 devstack@n-api-meta.service[95835]: DEBUG nova.context [None req-25aa7670-fa1e-434f-b7b1-72070581017e None None] Found 2 cells: 00000000-0000-0000-0000-000000000000(cell0),afdff2b6-c49a-4f26-ad58-66e7fdc50caf(cell1) {{(pid=95835) load_cells /opt/stack/nova/nova/context.py:509}}
Jul 13 09:42:12.692742 np0000005108 devstack@n-api-meta.service[95835]: INFO nova.utils [None req-25aa7670-fa1e-434f-b7b1-72070581017e None None] The cell worker thread pool MainProcess.cell_worker is initialized
Jul 13 09:42:12.693933 np0000005108 devstack@n-api-meta.service[95832]: DEBUG nova.context [None req-bbf90668-7a5b-4649-b1fb-940533dde420 None None] Found 2 cells: 00000000-0000-0000-0000-000000000000(cell0),afdff2b6-c49a-4f26-ad58-66e7fdc50caf(cell1) {{(pid=95832) load_cells /opt/stack/nova/nova/context.py:509}}
Jul 13 09:42:12.694160 np0000005108 devstack@n-api-meta.service[95832]: INFO nova.utils [None req-bbf90668-7a5b-4649-b1fb-940533dde420 None None] The cell worker thread pool MainProcess.cell_worker is initialized
Jul 13 09:42:12.694576 np0000005108 devstack@n-api-meta.service[95835]: DEBUG oslo_concurrency.lockutils [None req-25aa7670-fa1e-434f-b7b1-72070581017e None None] Acquiring lock "00000000-0000-0000-0000-000000000000" by "nova.context.set_target_cell..get_or_set_cached_cell_and_set_connections" {{(pid=95835) inner /opt/stack/data/venv/lib/python3.12/site-packages/oslo_concurrency/lockutils.py:511}}
Jul 13 09:42:12.694795 np0000005108 devstack@n-api-meta.service[95835]: DEBUG oslo_concurrency.lockutils [None req-25aa7670-fa1e-434f-b7b1-72070581017e None None] Lock "00000000-0000-0000-0000-000000000000" acquired by "nova.context.set_target_cell..get_or_set_cached_cell_and_set_connections" :: waited 0.000s {{(pid=95835) inner /opt/stack/data/venv/lib/python3.12/site-packages/oslo_concurrency/lockutils.py:524}}
Jul 13 09:42:12.695282 np0000005108 devstack@n-api-meta.service[95835]: DEBUG oslo_concurrency.lockutils [None req-25aa7670-fa1e-434f-b7b1-72070581017e None None] Lock "00000000-0000-0000-0000-000000000000" "released" by "nova.context.set_target_cell..get_or_set_cached_cell_and_set_connections" :: held 0.000s {{(pid=95835) inner /opt/stack/data/venv/lib/python3.12/site-packages/oslo_concurrency/lockutils.py:543}}
Jul 13 09:42:12.695783 np0000005108 devstack@n-api-meta.service[95832]: DEBUG oslo_concurrency.lockutils [None req-bbf90668-7a5b-4649-b1fb-940533dde420 None None] Acquiring lock "00000000-0000-0000-0000-000000000000" by "nova.context.set_target_cell..get_or_set_cached_cell_and_set_connections" {{(pid=95832) inner /opt/stack/data/venv/lib/python3.12/site-packages/oslo_concurrency/lockutils.py:511}}
Jul 13 09:42:12.695936 np0000005108 devstack@n-api-meta.service[95832]: DEBUG oslo_concurrency.lockutils [None req-bbf90668-7a5b-4649-b1fb-940533dde420 None None] Lock "00000000-0000-0000-0000-000000000000" acquired by "nova.context.set_target_cell..get_or_set_cached_cell_and_set_connections" :: waited 0.000s {{(pid=95832) inner /opt/stack/data/venv/lib/python3.12/site-packages/oslo_concurrency/lockutils.py:524}}
Jul 13 09:42:12.696070 np0000005108 devstack@n-api-meta.service[95835]: DEBUG oslo_concurrency.lockutils [None req-25aa7670-fa1e-434f-b7b1-72070581017e None None] Acquiring lock "afdff2b6-c49a-4f26-ad58-66e7fdc50caf" by "nova.context.set_target_cell..get_or_set_cached_cell_and_set_connections" {{(pid=95835) inner /opt/stack/data/venv/lib/python3.12/site-packages/oslo_concurrency/lockutils.py:511}}
Jul 13 09:42:12.696304 np0000005108 devstack@n-api-meta.service[95832]: DEBUG oslo_concurrency.lockutils [None req-bbf90668-7a5b-4649-b1fb-940533dde420 None None] Lock "00000000-0000-0000-0000-000000000000" "released" by "nova.context.set_target_cell..get_or_set_cached_cell_and_set_connections" :: held 0.000s {{(pid=95832) inner /opt/stack/data/venv/lib/python3.12/site-packages/oslo_concurrency/lockutils.py:543}}
Jul 13 09:42:12.697043 np0000005108 devstack@n-api-meta.service[95832]: DEBUG oslo_concurrency.lockutils [None req-bbf90668-7a5b-4649-b1fb-940533dde420 None None] Acquiring lock "afdff2b6-c49a-4f26-ad58-66e7fdc50caf" by "nova.context.set_target_cell..get_or_set_cached_cell_and_set_connections" {{(pid=95832) inner /opt/stack/data/venv/lib/python3.12/site-packages/oslo_concurrency/lockutils.py:511}}
Jul 13 09:42:12.697222 np0000005108 devstack@n-api-meta.service[95832]: DEBUG oslo_concurrency.lockutils [None req-bbf90668-7a5b-4649-b1fb-940533dde420 None None] Lock "afdff2b6-c49a-4f26-ad58-66e7fdc50caf" acquired by "nova.context.set_target_cell..get_or_set_cached_cell_and_set_connections" :: waited 0.000s {{(pid=95832) inner /opt/stack/data/venv/lib/python3.12/site-packages/oslo_concurrency/lockutils.py:524}}
Jul 13 09:42:12.697726 np0000005108 devstack@n-api-meta.service[95835]: INFO dbcounter [None req-25aa7670-fa1e-434f-b7b1-72070581017e None None] Registered counter for database nova_cell0
Jul 13 09:42:12.698313 np0000005108 devstack@n-api-meta.service[95832]: DEBUG oslo_concurrency.lockutils [None req-bbf90668-7a5b-4649-b1fb-940533dde420 None None] Lock "afdff2b6-c49a-4f26-ad58-66e7fdc50caf" "released" by "nova.context.set_target_cell..get_or_set_cached_cell_and_set_connections" :: held 0.001s {{(pid=95832) inner /opt/stack/data/venv/lib/python3.12/site-packages/oslo_concurrency/lockutils.py:543}}
Jul 13 09:42:12.699086 np0000005108 devstack@n-api-meta.service[95835]: DEBUG oslo_concurrency.lockutils [None req-25aa7670-fa1e-434f-b7b1-72070581017e None None] Lock "afdff2b6-c49a-4f26-ad58-66e7fdc50caf" acquired by "nova.context.set_target_cell..get_or_set_cached_cell_and_set_connections" :: waited 0.001s {{(pid=95835) inner /opt/stack/data/venv/lib/python3.12/site-packages/oslo_concurrency/lockutils.py:524}}
Jul 13 09:42:12.700294 np0000005108 devstack@n-api-meta.service[95832]: INFO dbcounter [None req-bbf90668-7a5b-4649-b1fb-940533dde420 None None] Registered counter for database nova_cell0
Jul 13 09:42:12.700395 np0000005108 devstack@n-api-meta.service[95835]: DEBUG oslo_concurrency.lockutils [None req-25aa7670-fa1e-434f-b7b1-72070581017e None None] Lock "afdff2b6-c49a-4f26-ad58-66e7fdc50caf" "released" by "nova.context.set_target_cell..get_or_set_cached_cell_and_set_connections" :: held 0.003s {{(pid=95835) inner /opt/stack/data/venv/lib/python3.12/site-packages/oslo_concurrency/lockutils.py:543}}
Jul 13 09:42:12.702446 np0000005108 devstack@n-api-meta.service[95835]: INFO dbcounter [None req-25aa7670-fa1e-434f-b7b1-72070581017e None None] Registered counter for database nova_cell1
Jul 13 09:42:12.703412 np0000005108 devstack@n-api-meta.service[95832]: INFO dbcounter [None req-bbf90668-7a5b-4649-b1fb-940533dde420 None None] Registered counter for database nova_cell1
Jul 13 09:42:12.720296 np0000005108 devstack@n-api-meta.service[95836]: DEBUG dbcounter [-] [95836] Writer thread running {{(pid=95836) stat_writer /opt/stack/data/venv/lib/python3.12/site-packages/dbcounter.py:102}}
Jul 13 09:42:12.722726 np0000005108 devstack@n-api-meta.service[95836]: DEBUG nova.context [None req-62bb632d-7bd8-4261-aa86-0c2dcf60f126 None None] Found 2 cells: 00000000-0000-0000-0000-000000000000(cell0),afdff2b6-c49a-4f26-ad58-66e7fdc50caf(cell1) {{(pid=95836) load_cells /opt/stack/nova/nova/context.py:509}}
Jul 13 09:42:12.722978 np0000005108 devstack@n-api-meta.service[95836]: INFO nova.utils [None req-62bb632d-7bd8-4261-aa86-0c2dcf60f126 None None] The cell worker thread pool MainProcess.cell_worker is initialized
Jul 13 09:42:12.724704 np0000005108 devstack@n-api-meta.service[95836]: DEBUG oslo_concurrency.lockutils [None req-62bb632d-7bd8-4261-aa86-0c2dcf60f126 None None] Acquiring lock "00000000-0000-0000-0000-000000000000" by "nova.context.set_target_cell..get_or_set_cached_cell_and_set_connections" {{(pid=95836) inner /opt/stack/data/venv/lib/python3.12/site-packages/oslo_concurrency/lockutils.py:511}}
Jul 13 09:42:12.724886 np0000005108 devstack@n-api-meta.service[95836]: DEBUG oslo_concurrency.lockutils [None req-62bb632d-7bd8-4261-aa86-0c2dcf60f126 None None] Lock "00000000-0000-0000-0000-000000000000" acquired by "nova.context.set_target_cell..get_or_set_cached_cell_and_set_connections" :: waited 0.000s {{(pid=95836) inner /opt/stack/data/venv/lib/python3.12/site-packages/oslo_concurrency/lockutils.py:524}}
Jul 13 09:42:12.725340 np0000005108 devstack@n-api-meta.service[95836]: DEBUG oslo_concurrency.lockutils [None req-62bb632d-7bd8-4261-aa86-0c2dcf60f126 None None] Lock "00000000-0000-0000-0000-000000000000" "released" by "nova.context.set_target_cell..get_or_set_cached_cell_and_set_connections" :: held 0.000s {{(pid=95836) inner /opt/stack/data/venv/lib/python3.12/site-packages/oslo_concurrency/lockutils.py:543}}
Jul 13 09:42:12.726019 np0000005108 devstack@n-api-meta.service[95836]: DEBUG oslo_concurrency.lockutils [None req-62bb632d-7bd8-4261-aa86-0c2dcf60f126 None None] Acquiring lock "afdff2b6-c49a-4f26-ad58-66e7fdc50caf" by "nova.context.set_target_cell..get_or_set_cached_cell_and_set_connections" {{(pid=95836) inner /opt/stack/data/venv/lib/python3.12/site-packages/oslo_concurrency/lockutils.py:511}}
Jul 13 09:42:12.726171 np0000005108 devstack@n-api-meta.service[95836]: DEBUG oslo_concurrency.lockutils [None req-62bb632d-7bd8-4261-aa86-0c2dcf60f126 None None] Lock "afdff2b6-c49a-4f26-ad58-66e7fdc50caf" acquired by "nova.context.set_target_cell..get_or_set_cached_cell_and_set_connections" :: waited 0.000s {{(pid=95836) inner /opt/stack/data/venv/lib/python3.12/site-packages/oslo_concurrency/lockutils.py:524}}
Jul 13 09:42:12.726997 np0000005108 devstack@n-api-meta.service[95836]: DEBUG oslo_concurrency.lockutils [None req-62bb632d-7bd8-4261-aa86-0c2dcf60f126 None None] Lock "afdff2b6-c49a-4f26-ad58-66e7fdc50caf" "released" by "nova.context.set_target_cell..get_or_set_cached_cell_and_set_connections" :: held 0.001s {{(pid=95836) inner /opt/stack/data/venv/lib/python3.12/site-packages/oslo_concurrency/lockutils.py:543}}
Jul 13 09:42:12.728305 np0000005108 devstack@n-api-meta.service[95833]: DEBUG oslo_db.sqlalchemy.engines [None req-36fad218-8425-4804-a89d-b9b87e6f9f2c None None] MySQL server mode set to STRICT_TRANS_TABLES,STRICT_ALL_TABLES,NO_ZERO_IN_DATE,NO_ZERO_DATE,ERROR_FOR_DIVISION_BY_ZERO,TRADITIONAL,NO_ENGINE_SUBSTITUTION {{(pid=95833) _check_effective_sql_mode /opt/stack/data/venv/lib/python3.12/site-packages/oslo_db/sqlalchemy/engines.py:325}}
Jul 13 09:42:12.729200 np0000005108 devstack@n-api-meta.service[95836]: INFO dbcounter [None req-62bb632d-7bd8-4261-aa86-0c2dcf60f126 None None] Registered counter for database nova_cell0
Jul 13 09:42:12.733846 np0000005108 devstack@n-api-meta.service[95836]: INFO dbcounter [None req-62bb632d-7bd8-4261-aa86-0c2dcf60f126 None None] Registered counter for database nova_cell1
Jul 13 09:42:12.740026 np0000005108 devstack@n-api-meta.service[95835]: DEBUG oslo_db.sqlalchemy.engines [None req-25aa7670-fa1e-434f-b7b1-72070581017e None None] MySQL server mode set to STRICT_TRANS_TABLES,STRICT_ALL_TABLES,NO_ZERO_IN_DATE,NO_ZERO_DATE,ERROR_FOR_DIVISION_BY_ZERO,TRADITIONAL,NO_ENGINE_SUBSTITUTION {{(pid=95835) _check_effective_sql_mode /opt/stack/data/venv/lib/python3.12/site-packages/oslo_db/sqlalchemy/engines.py:325}}
Jul 13 09:42:12.751085 np0000005108 devstack@n-api-meta.service[95832]: DEBUG oslo_db.sqlalchemy.engines [None req-bbf90668-7a5b-4649-b1fb-940533dde420 None None] MySQL server mode set to STRICT_TRANS_TABLES,STRICT_ALL_TABLES,NO_ZERO_IN_DATE,NO_ZERO_DATE,ERROR_FOR_DIVISION_BY_ZERO,TRADITIONAL,NO_ENGINE_SUBSTITUTION {{(pid=95832) _check_effective_sql_mode /opt/stack/data/venv/lib/python3.12/site-packages/oslo_db/sqlalchemy/engines.py:325}}
Jul 13 09:42:12.759212 np0000005108 devstack@n-api-meta.service[95833]: DEBUG dbcounter [-] [95833] Writer thread running {{(pid=95833) stat_writer /opt/stack/data/venv/lib/python3.12/site-packages/dbcounter.py:102}}
Jul 13 09:42:12.761567 np0000005108 devstack@n-api-meta.service[95833]: DEBUG nova.context [None req-36fad218-8425-4804-a89d-b9b87e6f9f2c None None] Found 2 cells: 00000000-0000-0000-0000-000000000000(cell0),afdff2b6-c49a-4f26-ad58-66e7fdc50caf(cell1) {{(pid=95833) load_cells /opt/stack/nova/nova/context.py:509}}
Jul 13 09:42:12.761881 np0000005108 devstack@n-api-meta.service[95833]: INFO nova.utils [None req-36fad218-8425-4804-a89d-b9b87e6f9f2c None None] The cell worker thread pool MainProcess.cell_worker is initialized
Jul 13 09:42:12.763545 np0000005108 devstack@n-api-meta.service[95833]: DEBUG oslo_concurrency.lockutils [None req-36fad218-8425-4804-a89d-b9b87e6f9f2c None None] Acquiring lock "00000000-0000-0000-0000-000000000000" by "nova.context.set_target_cell..get_or_set_cached_cell_and_set_connections" {{(pid=95833) inner /opt/stack/data/venv/lib/python3.12/site-packages/oslo_concurrency/lockutils.py:511}}
Jul 13 09:42:12.763764 np0000005108 devstack@n-api-meta.service[95833]: DEBUG oslo_concurrency.lockutils [None req-36fad218-8425-4804-a89d-b9b87e6f9f2c None None] Lock "00000000-0000-0000-0000-000000000000" acquired by "nova.context.set_target_cell..get_or_set_cached_cell_and_set_connections" :: waited 0.000s {{(pid=95833) inner /opt/stack/data/venv/lib/python3.12/site-packages/oslo_concurrency/lockutils.py:524}}
Jul 13 09:42:12.764111 np0000005108 devstack@n-api-meta.service[95833]: DEBUG oslo_concurrency.lockutils [None req-36fad218-8425-4804-a89d-b9b87e6f9f2c None None] Lock "00000000-0000-0000-0000-000000000000" "released" by "nova.context.set_target_cell..get_or_set_cached_cell_and_set_connections" :: held 0.000s {{(pid=95833) inner /opt/stack/data/venv/lib/python3.12/site-packages/oslo_concurrency/lockutils.py:543}}
Jul 13 09:42:12.764766 np0000005108 devstack@n-api-meta.service[95833]: DEBUG oslo_concurrency.lockutils [None req-36fad218-8425-4804-a89d-b9b87e6f9f2c None None] Acquiring lock "afdff2b6-c49a-4f26-ad58-66e7fdc50caf" by "nova.context.set_target_cell..get_or_set_cached_cell_and_set_connections" {{(pid=95833) inner /opt/stack/data/venv/lib/python3.12/site-packages/oslo_concurrency/lockutils.py:511}}
Jul 13 09:42:12.766376 np0000005108 devstack@n-api-meta.service[95833]: INFO dbcounter [None req-36fad218-8425-4804-a89d-b9b87e6f9f2c None None] Registered counter for database nova_cell0
Jul 13 09:42:12.767657 np0000005108 devstack@n-api-meta.service[95833]: DEBUG oslo_concurrency.lockutils [None req-36fad218-8425-4804-a89d-b9b87e6f9f2c None None] Lock "afdff2b6-c49a-4f26-ad58-66e7fdc50caf" acquired by "nova.context.set_target_cell..get_or_set_cached_cell_and_set_connections" :: waited 0.001s {{(pid=95833) inner /opt/stack/data/venv/lib/python3.12/site-packages/oslo_concurrency/lockutils.py:524}}
Jul 13 09:42:12.768913 np0000005108 devstack@n-api-meta.service[95833]: DEBUG oslo_concurrency.lockutils [None req-36fad218-8425-4804-a89d-b9b87e6f9f2c None None] Lock "afdff2b6-c49a-4f26-ad58-66e7fdc50caf" "released" by "nova.context.set_target_cell..get_or_set_cached_cell_and_set_connections" :: held 0.003s {{(pid=95833) inner /opt/stack/data/venv/lib/python3.12/site-packages/oslo_concurrency/lockutils.py:543}}
Jul 13 09:42:12.770367 np0000005108 devstack@n-api-meta.service[95833]: INFO dbcounter [None req-36fad218-8425-4804-a89d-b9b87e6f9f2c None None] Registered counter for database nova_cell1
Jul 13 09:42:12.784439 np0000005108 devstack@n-api-meta.service[95836]: DEBUG oslo_db.sqlalchemy.engines [None req-62bb632d-7bd8-4261-aa86-0c2dcf60f126 None None] MySQL server mode set to STRICT_TRANS_TABLES,STRICT_ALL_TABLES,NO_ZERO_IN_DATE,NO_ZERO_DATE,ERROR_FOR_DIVISION_BY_ZERO,TRADITIONAL,NO_ENGINE_SUBSTITUTION {{(pid=95836) _check_effective_sql_mode /opt/stack/data/venv/lib/python3.12/site-packages/oslo_db/sqlalchemy/engines.py:325}}
Jul 13 09:42:12.789543 np0000005108 devstack@n-api-meta.service[95836]: DEBUG oslo_db.sqlalchemy.engines [None req-62bb632d-7bd8-4261-aa86-0c2dcf60f126 None None] MySQL server mode set to STRICT_TRANS_TABLES,STRICT_ALL_TABLES,NO_ZERO_IN_DATE,NO_ZERO_DATE,ERROR_FOR_DIVISION_BY_ZERO,TRADITIONAL,NO_ENGINE_SUBSTITUTION {{(pid=95836) _check_effective_sql_mode /opt/stack/data/venv/lib/python3.12/site-packages/oslo_db/sqlalchemy/engines.py:325}}
Jul 13 09:42:12.819695 np0000005108 devstack@n-api-meta.service[95832]: DEBUG oslo_db.sqlalchemy.engines [None req-bbf90668-7a5b-4649-b1fb-940533dde420 None None] MySQL server mode set to STRICT_TRANS_TABLES,STRICT_ALL_TABLES,NO_ZERO_IN_DATE,NO_ZERO_DATE,ERROR_FOR_DIVISION_BY_ZERO,TRADITIONAL,NO_ENGINE_SUBSTITUTION {{(pid=95832) _check_effective_sql_mode /opt/stack/data/venv/lib/python3.12/site-packages/oslo_db/sqlalchemy/engines.py:325}}
Jul 13 09:42:12.824659 np0000005108 devstack@n-api-meta.service[95833]: DEBUG oslo_db.sqlalchemy.engines [None req-36fad218-8425-4804-a89d-b9b87e6f9f2c None None] MySQL server mode set to STRICT_TRANS_TABLES,STRICT_ALL_TABLES,NO_ZERO_IN_DATE,NO_ZERO_DATE,ERROR_FOR_DIVISION_BY_ZERO,TRADITIONAL,NO_ENGINE_SUBSTITUTION {{(pid=95833) _check_effective_sql_mode /opt/stack/data/venv/lib/python3.12/site-packages/oslo_db/sqlalchemy/engines.py:325}}
Jul 13 09:42:12.827686 np0000005108 devstack@n-api-meta.service[95833]: DEBUG oslo_db.sqlalchemy.engines [None req-36fad218-8425-4804-a89d-b9b87e6f9f2c None None] MySQL server mode set to STRICT_TRANS_TABLES,STRICT_ALL_TABLES,NO_ZERO_IN_DATE,NO_ZERO_DATE,ERROR_FOR_DIVISION_BY_ZERO,TRADITIONAL,NO_ENGINE_SUBSTITUTION {{(pid=95833) _check_effective_sql_mode /opt/stack/data/venv/lib/python3.12/site-packages/oslo_db/sqlalchemy/engines.py:325}}
Jul 13 09:42:12.831404 np0000005108 devstack@n-api-meta.service[95835]: DEBUG dbcounter [-] [95835] Writer thread running {{(pid=95835) stat_writer /opt/stack/data/venv/lib/python3.12/site-packages/dbcounter.py:102}}
Jul 13 09:42:12.838092 np0000005108 devstack@n-api-meta.service[95835]: DEBUG oslo_db.sqlalchemy.engines [None req-25aa7670-fa1e-434f-b7b1-72070581017e None None] MySQL server mode set to STRICT_TRANS_TABLES,STRICT_ALL_TABLES,NO_ZERO_IN_DATE,NO_ZERO_DATE,ERROR_FOR_DIVISION_BY_ZERO,TRADITIONAL,NO_ENGINE_SUBSTITUTION {{(pid=95835) _check_effective_sql_mode /opt/stack/data/venv/lib/python3.12/site-packages/oslo_db/sqlalchemy/engines.py:325}}
Jul 13 09:42:12.843348 np0000005108 devstack@n-api-meta.service[95832]: DEBUG dbcounter [-] [95832] Writer thread running {{(pid=95832) stat_writer /opt/stack/data/venv/lib/python3.12/site-packages/dbcounter.py:102}}
Jul 13 09:42:12.843970 np0000005108 devstack@n-api-meta.service[95835]: DEBUG dbcounter [-] [95835] Writer thread running {{(pid=95835) stat_writer /opt/stack/data/venv/lib/python3.12/site-packages/dbcounter.py:102}}
Jul 13 09:42:12.847385 np0000005108 devstack@n-api-meta.service[95835]: INFO dbcounter [None req-25aa7670-fa1e-434f-b7b1-72070581017e None None] Registered counter for database nova_cell0
Jul 13 09:42:12.850016 np0000005108 devstack@n-api-meta.service[95832]: DEBUG dbcounter [-] [95832] Writer thread running {{(pid=95832) stat_writer /opt/stack/data/venv/lib/python3.12/site-packages/dbcounter.py:102}}
Jul 13 09:42:12.855501 np0000005108 devstack@n-api-meta.service[95832]: INFO dbcounter [None req-bbf90668-7a5b-4649-b1fb-940533dde420 None None] Registered counter for database nova_cell0
Jul 13 09:42:12.883057 np0000005108 devstack@n-api-meta.service[95835]: DEBUG oslo_db.sqlalchemy.engines [None req-25aa7670-fa1e-434f-b7b1-72070581017e None None] MySQL server mode set to STRICT_TRANS_TABLES,STRICT_ALL_TABLES,NO_ZERO_IN_DATE,NO_ZERO_DATE,ERROR_FOR_DIVISION_BY_ZERO,TRADITIONAL,NO_ENGINE_SUBSTITUTION {{(pid=95835) _check_effective_sql_mode /opt/stack/data/venv/lib/python3.12/site-packages/oslo_db/sqlalchemy/engines.py:325}}
Jul 13 09:42:12.887491 np0000005108 devstack@n-api-meta.service[95836]: DEBUG dbcounter [-] [95836] Writer thread running {{(pid=95836) stat_writer /opt/stack/data/venv/lib/python3.12/site-packages/dbcounter.py:102}}
Jul 13 09:42:12.890055 np0000005108 devstack@n-api-meta.service[95835]: DEBUG dbcounter [-] [95835] Writer thread running {{(pid=95835) stat_writer /opt/stack/data/venv/lib/python3.12/site-packages/dbcounter.py:102}}
Jul 13 09:42:12.892041 np0000005108 devstack@n-api-meta.service[95836]: DEBUG dbcounter [-] [95836] Writer thread running {{(pid=95836) stat_writer /opt/stack/data/venv/lib/python3.12/site-packages/dbcounter.py:102}}
Jul 13 09:42:12.893929 np0000005108 devstack@n-api-meta.service[95832]: DEBUG oslo_db.sqlalchemy.engines [None req-bbf90668-7a5b-4649-b1fb-940533dde420 None None] MySQL server mode set to STRICT_TRANS_TABLES,STRICT_ALL_TABLES,NO_ZERO_IN_DATE,NO_ZERO_DATE,ERROR_FOR_DIVISION_BY_ZERO,TRADITIONAL,NO_ENGINE_SUBSTITUTION {{(pid=95832) _check_effective_sql_mode /opt/stack/data/venv/lib/python3.12/site-packages/oslo_db/sqlalchemy/engines.py:325}}
Jul 13 09:42:12.896159 np0000005108 devstack@n-api-meta.service[95836]: INFO dbcounter [None req-62bb632d-7bd8-4261-aa86-0c2dcf60f126 None None] Registered counter for database nova_cell0
Jul 13 09:42:12.900029 np0000005108 devstack@n-api-meta.service[95832]: DEBUG dbcounter [-] [95832] Writer thread running {{(pid=95832) stat_writer /opt/stack/data/venv/lib/python3.12/site-packages/dbcounter.py:102}}
Jul 13 09:42:12.919188 np0000005108 devstack@n-api-meta.service[95833]: DEBUG dbcounter [-] [95833] Writer thread running {{(pid=95833) stat_writer /opt/stack/data/venv/lib/python3.12/site-packages/dbcounter.py:102}}
Jul 13 09:42:12.923600 np0000005108 devstack@n-api-meta.service[95833]: DEBUG dbcounter [-] [95833] Writer thread running {{(pid=95833) stat_writer /opt/stack/data/venv/lib/python3.12/site-packages/dbcounter.py:102}}
Jul 13 09:42:12.926500 np0000005108 devstack@n-api-meta.service[95833]: INFO dbcounter [None req-36fad218-8425-4804-a89d-b9b87e6f9f2c None None] Registered counter for database nova_cell0
Jul 13 09:42:12.928481 np0000005108 devstack@n-api-meta.service[95835]: WARNING nova.api.metadata.handler [None req-25aa7670-fa1e-434f-b7b1-72070581017e None None] metadata_proxy_shared_secret is not configured, the metadata information returned by the proxy cannot be trusted
Jul 13 09:42:12.930508 np0000005108 devstack@n-api-meta.service[95835]: DEBUG nova.api.openstack.wsgi_app [None req-25aa7670-fa1e-434f-b7b1-72070581017e None None] ******************************************************************************** {{(pid=95835) log_opt_values /opt/stack/data/venv/lib/python3.12/site-packages/oslo_config/cfg.py:3226}}
Jul 13 09:42:12.932173 np0000005108 devstack@n-api-meta.service[95835]: DEBUG nova.api.openstack.wsgi_app [None req-25aa7670-fa1e-434f-b7b1-72070581017e None None] Configuration options gathered from: {{(pid=95835) log_opt_values /opt/stack/data/venv/lib/python3.12/site-packages/oslo_config/cfg.py:3227}}
Jul 13 09:42:12.932173 np0000005108 devstack@n-api-meta.service[95835]: DEBUG nova.api.openstack.wsgi_app [None req-25aa7670-fa1e-434f-b7b1-72070581017e None None] command line args: [] {{(pid=95835) log_opt_values /opt/stack/data/venv/lib/python3.12/site-packages/oslo_config/cfg.py:3228}}
Jul 13 09:42:12.932173 np0000005108 devstack@n-api-meta.service[95835]: DEBUG nova.api.openstack.wsgi_app [None req-25aa7670-fa1e-434f-b7b1-72070581017e None None] config files: ['/etc/nova/api-paste.ini', '/etc/nova/nova.conf'] {{(pid=95835) log_opt_values /opt/stack/data/venv/lib/python3.12/site-packages/oslo_config/cfg.py:3229}}
Jul 13 09:42:12.932173 np0000005108 devstack@n-api-meta.service[95835]: DEBUG nova.api.openstack.wsgi_app [None req-25aa7670-fa1e-434f-b7b1-72070581017e None None] ================================================================================ {{(pid=95835) log_opt_values /opt/stack/data/venv/lib/python3.12/site-packages/oslo_config/cfg.py:3234}}
Jul 13 09:42:12.932173 np0000005108 devstack@n-api-meta.service[95835]: DEBUG nova.api.openstack.wsgi_app [None req-25aa7670-fa1e-434f-b7b1-72070581017e None None] allow_resize_to_same_host = True {{(pid=95835) log_opt_values /opt/stack/data/venv/lib/python3.12/site-packages/oslo_config/cfg.py:3242}}
Jul 13 09:42:12.932173 np0000005108 devstack@n-api-meta.service[95835]: DEBUG nova.api.openstack.wsgi_app [None req-25aa7670-fa1e-434f-b7b1-72070581017e None None] arq_binding_timeout = 300 {{(pid=95835) log_opt_values /opt/stack/data/venv/lib/python3.12/site-packages/oslo_config/cfg.py:3242}}
Jul 13 09:42:12.932173 np0000005108 devstack@n-api-meta.service[95835]: DEBUG nova.api.openstack.wsgi_app [None req-25aa7670-fa1e-434f-b7b1-72070581017e None None] block_device_allocate_retries = 60 {{(pid=95835) log_opt_values /opt/stack/data/venv/lib/python3.12/site-packages/oslo_config/cfg.py:3242}}
Jul 13 09:42:12.932403 np0000005108 devstack@n-api-meta.service[95835]: DEBUG nova.api.openstack.wsgi_app [None req-25aa7670-fa1e-434f-b7b1-72070581017e None None] block_device_allocate_retries_interval = 3 {{(pid=95835) log_opt_values /opt/stack/data/venv/lib/python3.12/site-packages/oslo_config/cfg.py:3242}}
Jul 13 09:42:12.932403 np0000005108 devstack@n-api-meta.service[95835]: DEBUG nova.api.openstack.wsgi_app [None req-25aa7670-fa1e-434f-b7b1-72070581017e None None] cell_worker_thread_pool_size = 5 {{(pid=95835) log_opt_values /opt/stack/data/venv/lib/python3.12/site-packages/oslo_config/cfg.py:3242}}
Jul 13 09:42:12.932403 np0000005108 devstack@n-api-meta.service[95835]: DEBUG nova.api.openstack.wsgi_app [None req-25aa7670-fa1e-434f-b7b1-72070581017e None None] cert = self.pem {{(pid=95835) log_opt_values /opt/stack/data/venv/lib/python3.12/site-packages/oslo_config/cfg.py:3242}}
Jul 13 09:42:12.932403 np0000005108 devstack@n-api-meta.service[95835]: DEBUG nova.api.openstack.wsgi_app [None req-25aa7670-fa1e-434f-b7b1-72070581017e None None] compute_driver = libvirt.LibvirtDriver {{(pid=95835) log_opt_values /opt/stack/data/venv/lib/python3.12/site-packages/oslo_config/cfg.py:3242}}
Jul 13 09:42:12.932403 np0000005108 devstack@n-api-meta.service[95835]: DEBUG nova.api.openstack.wsgi_app [None req-25aa7670-fa1e-434f-b7b1-72070581017e None None] compute_monitors = [] {{(pid=95835) log_opt_values /opt/stack/data/venv/lib/python3.12/site-packages/oslo_config/cfg.py:3242}}
Jul 13 09:42:12.932403 np0000005108 devstack@n-api-meta.service[95835]: DEBUG nova.api.openstack.wsgi_app [None req-25aa7670-fa1e-434f-b7b1-72070581017e None None] concurrency_backend = auto {{(pid=95835) log_opt_values /opt/stack/data/venv/lib/python3.12/site-packages/oslo_config/cfg.py:3242}}
Jul 13 09:42:12.932403 np0000005108 devstack@n-api-meta.service[95835]: DEBUG nova.api.openstack.wsgi_app [None req-25aa7670-fa1e-434f-b7b1-72070581017e None None] config_dir = [] {{(pid=95835) log_opt_values /opt/stack/data/venv/lib/python3.12/site-packages/oslo_config/cfg.py:3242}}
Jul 13 09:42:12.932601 np0000005108 devstack@n-api-meta.service[95835]: DEBUG nova.api.openstack.wsgi_app [None req-25aa7670-fa1e-434f-b7b1-72070581017e None None] config_drive_format = iso9660 {{(pid=95835) log_opt_values /opt/stack/data/venv/lib/python3.12/site-packages/oslo_config/cfg.py:3242}}
Jul 13 09:42:12.932601 np0000005108 devstack@n-api-meta.service[95835]: DEBUG nova.api.openstack.wsgi_app [None req-25aa7670-fa1e-434f-b7b1-72070581017e None None] config_file = ['/etc/nova/api-paste.ini', '/etc/nova/nova.conf'] {{(pid=95835) log_opt_values /opt/stack/data/venv/lib/python3.12/site-packages/oslo_config/cfg.py:3242}}
Jul 13 09:42:12.932601 np0000005108 devstack@n-api-meta.service[95835]: DEBUG nova.api.openstack.wsgi_app [None req-25aa7670-fa1e-434f-b7b1-72070581017e None None] config_source = [] {{(pid=95835) log_opt_values /opt/stack/data/venv/lib/python3.12/site-packages/oslo_config/cfg.py:3242}}
Jul 13 09:42:12.932753 np0000005108 devstack@n-api-meta.service[95835]: DEBUG nova.api.openstack.wsgi_app [None req-25aa7670-fa1e-434f-b7b1-72070581017e None None] console_host = np0000005108 {{(pid=95835) log_opt_values /opt/stack/data/venv/lib/python3.12/site-packages/oslo_config/cfg.py:3242}}
Jul 13 09:42:12.932880 np0000005108 devstack@n-api-meta.service[95835]: DEBUG nova.api.openstack.wsgi_app [None req-25aa7670-fa1e-434f-b7b1-72070581017e None None] control_exchange = nova {{(pid=95835) log_opt_values /opt/stack/data/venv/lib/python3.12/site-packages/oslo_config/cfg.py:3242}}
Jul 13 09:42:12.932999 np0000005108 devstack@n-api-meta.service[95835]: DEBUG nova.api.openstack.wsgi_app [None req-25aa7670-fa1e-434f-b7b1-72070581017e None None] cpu_allocation_ratio = None {{(pid=95835) log_opt_values /opt/stack/data/venv/lib/python3.12/site-packages/oslo_config/cfg.py:3242}}
Jul 13 09:42:12.933108 np0000005108 devstack@n-api-meta.service[95835]: DEBUG nova.api.openstack.wsgi_app [None req-25aa7670-fa1e-434f-b7b1-72070581017e None None] daemon = False {{(pid=95835) log_opt_values /opt/stack/data/venv/lib/python3.12/site-packages/oslo_config/cfg.py:3242}}
Jul 13 09:42:12.933237 np0000005108 devstack@n-api-meta.service[95835]: DEBUG nova.api.openstack.wsgi_app [None req-25aa7670-fa1e-434f-b7b1-72070581017e None None] debug = True {{(pid=95835) log_opt_values /opt/stack/data/venv/lib/python3.12/site-packages/oslo_config/cfg.py:3242}}
Jul 13 09:42:12.933340 np0000005108 devstack@n-api-meta.service[95835]: DEBUG nova.api.openstack.wsgi_app [None req-25aa7670-fa1e-434f-b7b1-72070581017e None None] default_access_ip_network_name = None {{(pid=95835) log_opt_values /opt/stack/data/venv/lib/python3.12/site-packages/oslo_config/cfg.py:3242}}
Jul 13 09:42:12.933457 np0000005108 devstack@n-api-meta.service[95835]: DEBUG nova.api.openstack.wsgi_app [None req-25aa7670-fa1e-434f-b7b1-72070581017e None None] default_availability_zone = nova {{(pid=95835) log_opt_values /opt/stack/data/venv/lib/python3.12/site-packages/oslo_config/cfg.py:3242}}
Jul 13 09:42:12.933731 np0000005108 devstack@n-api-meta.service[95835]: DEBUG nova.api.openstack.wsgi_app [None req-25aa7670-fa1e-434f-b7b1-72070581017e None None] default_ephemeral_format = ext4 {{(pid=95835) log_opt_values /opt/stack/data/venv/lib/python3.12/site-packages/oslo_config/cfg.py:3242}}
Jul 13 09:42:12.933833 np0000005108 devstack@n-api-meta.service[95835]: DEBUG nova.api.openstack.wsgi_app [None req-25aa7670-fa1e-434f-b7b1-72070581017e None None] default_green_pool_size = 1000 {{(pid=95835) log_opt_values /opt/stack/data/venv/lib/python3.12/site-packages/oslo_config/cfg.py:3242}}
Jul 13 09:42:12.934011 np0000005108 devstack@n-api-meta.service[95835]: DEBUG nova.api.openstack.wsgi_app [None req-25aa7670-fa1e-434f-b7b1-72070581017e None None] default_log_levels = ['amqp=WARN', 'boto=WARN', 'sqlalchemy=WARN', 'suds=INFO', 'oslo.messaging=INFO', 'oslo_messaging=INFO', 'iso8601=WARN', 'requests.packages.urllib3.connectionpool=WARN', 'urllib3.connectionpool=WARN', 'websocket=WARN', 'requests.packages.urllib3.util.retry=WARN', 'urllib3.util.retry=WARN', 'keystonemiddleware=WARN', 'routes.middleware=WARN', 'stevedore=WARN', 'taskflow=WARN', 'keystoneauth=WARN', 'oslo.cache=INFO', 'oslo_policy=INFO', 'dogpile.core.dogpile=INFO', 'glanceclient=WARN', 'oslo.privsep.daemon=INFO'] {{(pid=95835) log_opt_values /opt/stack/data/venv/lib/python3.12/site-packages/oslo_config/cfg.py:3242}}
Jul 13 09:42:12.934115 np0000005108 devstack@n-api-meta.service[95835]: DEBUG nova.api.openstack.wsgi_app [None req-25aa7670-fa1e-434f-b7b1-72070581017e None None] default_schedule_zone = None {{(pid=95835) log_opt_values /opt/stack/data/venv/lib/python3.12/site-packages/oslo_config/cfg.py:3242}}
Jul 13 09:42:12.934235 np0000005108 devstack@n-api-meta.service[95835]: DEBUG nova.api.openstack.wsgi_app [None req-25aa7670-fa1e-434f-b7b1-72070581017e None None] default_thread_pool_size = 10 {{(pid=95835) log_opt_values /opt/stack/data/venv/lib/python3.12/site-packages/oslo_config/cfg.py:3242}}
Jul 13 09:42:12.934346 np0000005108 devstack@n-api-meta.service[95835]: DEBUG nova.api.openstack.wsgi_app [None req-25aa7670-fa1e-434f-b7b1-72070581017e None None] disk_allocation_ratio = None {{(pid=95835) log_opt_values /opt/stack/data/venv/lib/python3.12/site-packages/oslo_config/cfg.py:3242}}
Jul 13 09:42:12.934458 np0000005108 devstack@n-api-meta.service[95835]: DEBUG nova.api.openstack.wsgi_app [None req-25aa7670-fa1e-434f-b7b1-72070581017e None None] enable_new_services = True {{(pid=95835) log_opt_values /opt/stack/data/venv/lib/python3.12/site-packages/oslo_config/cfg.py:3242}}
Jul 13 09:42:12.934633 np0000005108 devstack@n-api-meta.service[95835]: DEBUG nova.api.openstack.wsgi_app [None req-25aa7670-fa1e-434f-b7b1-72070581017e None None] flat_injected = False {{(pid=95835) log_opt_values /opt/stack/data/venv/lib/python3.12/site-packages/oslo_config/cfg.py:3242}}
Jul 13 09:42:12.934767 np0000005108 devstack@n-api-meta.service[95835]: DEBUG nova.api.openstack.wsgi_app [None req-25aa7670-fa1e-434f-b7b1-72070581017e None None] force_config_drive = True {{(pid=95835) log_opt_values /opt/stack/data/venv/lib/python3.12/site-packages/oslo_config/cfg.py:3242}}
Jul 13 09:42:12.934882 np0000005108 devstack@n-api-meta.service[95835]: DEBUG nova.api.openstack.wsgi_app [None req-25aa7670-fa1e-434f-b7b1-72070581017e None None] force_raw_images = True {{(pid=95835) log_opt_values /opt/stack/data/venv/lib/python3.12/site-packages/oslo_config/cfg.py:3242}}
Jul 13 09:42:12.935008 np0000005108 devstack@n-api-meta.service[95835]: DEBUG nova.api.openstack.wsgi_app [None req-25aa7670-fa1e-434f-b7b1-72070581017e None None] graceful_shutdown_timeout = 5 {{(pid=95835) log_opt_values /opt/stack/data/venv/lib/python3.12/site-packages/oslo_config/cfg.py:3242}}
Jul 13 09:42:12.935057 np0000005108 devstack@n-api-meta.service[95832]: WARNING nova.api.metadata.handler [None req-bbf90668-7a5b-4649-b1fb-940533dde420 None None] metadata_proxy_shared_secret is not configured, the metadata information returned by the proxy cannot be trusted
Jul 13 09:42:12.935145 np0000005108 devstack@n-api-meta.service[95835]: DEBUG nova.api.openstack.wsgi_app [None req-25aa7670-fa1e-434f-b7b1-72070581017e None None] heal_instance_info_cache_interval = -1 {{(pid=95835) log_opt_values /opt/stack/data/venv/lib/python3.12/site-packages/oslo_config/cfg.py:3242}}
Jul 13 09:42:12.935289 np0000005108 devstack@n-api-meta.service[95835]: DEBUG nova.api.openstack.wsgi_app [None req-25aa7670-fa1e-434f-b7b1-72070581017e None None] host = np0000005108 {{(pid=95835) log_opt_values /opt/stack/data/venv/lib/python3.12/site-packages/oslo_config/cfg.py:3242}}
Jul 13 09:42:12.935412 np0000005108 devstack@n-api-meta.service[95835]: DEBUG nova.api.openstack.wsgi_app [None req-25aa7670-fa1e-434f-b7b1-72070581017e None None] initial_cpu_allocation_ratio = 4.0 {{(pid=95835) log_opt_values /opt/stack/data/venv/lib/python3.12/site-packages/oslo_config/cfg.py:3242}}
Jul 13 09:42:12.935557 np0000005108 devstack@n-api-meta.service[95835]: DEBUG nova.api.openstack.wsgi_app [None req-25aa7670-fa1e-434f-b7b1-72070581017e None None] initial_disk_allocation_ratio = 1.0 {{(pid=95835) log_opt_values /opt/stack/data/venv/lib/python3.12/site-packages/oslo_config/cfg.py:3242}}
Jul 13 09:42:12.935722 np0000005108 devstack@n-api-meta.service[95836]: DEBUG oslo_db.sqlalchemy.engines [None req-62bb632d-7bd8-4261-aa86-0c2dcf60f126 None None] MySQL server mode set to STRICT_TRANS_TABLES,STRICT_ALL_TABLES,NO_ZERO_IN_DATE,NO_ZERO_DATE,ERROR_FOR_DIVISION_BY_ZERO,TRADITIONAL,NO_ENGINE_SUBSTITUTION {{(pid=95836) _check_effective_sql_mode /opt/stack/data/venv/lib/python3.12/site-packages/oslo_db/sqlalchemy/engines.py:325}}
Jul 13 09:42:12.935809 np0000005108 devstack@n-api-meta.service[95835]: DEBUG nova.api.openstack.wsgi_app [None req-25aa7670-fa1e-434f-b7b1-72070581017e None None] initial_ram_allocation_ratio = 1.0 {{(pid=95835) log_opt_values /opt/stack/data/venv/lib/python3.12/site-packages/oslo_config/cfg.py:3242}}
Jul 13 09:42:12.935966 np0000005108 devstack@n-api-meta.service[95835]: DEBUG nova.api.openstack.wsgi_app [None req-25aa7670-fa1e-434f-b7b1-72070581017e None None] injected_network_template = /opt/stack/nova/nova/virt/interfaces.template {{(pid=95835) log_opt_values /opt/stack/data/venv/lib/python3.12/site-packages/oslo_config/cfg.py:3242}}
Jul 13 09:42:12.936079 np0000005108 devstack@n-api-meta.service[95835]: DEBUG nova.api.openstack.wsgi_app [None req-25aa7670-fa1e-434f-b7b1-72070581017e None None] instance_build_timeout = 0 {{(pid=95835) log_opt_values /opt/stack/data/venv/lib/python3.12/site-packages/oslo_config/cfg.py:3242}}
Jul 13 09:42:12.936194 np0000005108 devstack@n-api-meta.service[95835]: DEBUG nova.api.openstack.wsgi_app [None req-25aa7670-fa1e-434f-b7b1-72070581017e None None] instance_delete_interval = 300 {{(pid=95835) log_opt_values /opt/stack/data/venv/lib/python3.12/site-packages/oslo_config/cfg.py:3242}}
Jul 13 09:42:12.936312 np0000005108 devstack@n-api-meta.service[95835]: DEBUG nova.api.openstack.wsgi_app [None req-25aa7670-fa1e-434f-b7b1-72070581017e None None] instance_format = [instance: %(uuid)s] {{(pid=95835) log_opt_values /opt/stack/data/venv/lib/python3.12/site-packages/oslo_config/cfg.py:3242}}
Jul 13 09:42:12.936429 np0000005108 devstack@n-api-meta.service[95835]: DEBUG nova.api.openstack.wsgi_app [None req-25aa7670-fa1e-434f-b7b1-72070581017e None None] instance_name_template = instance-%08x {{(pid=95835) log_opt_values /opt/stack/data/venv/lib/python3.12/site-packages/oslo_config/cfg.py:3242}}
Jul 13 09:42:12.936558 np0000005108 devstack@n-api-meta.service[95835]: DEBUG nova.api.openstack.wsgi_app [None req-25aa7670-fa1e-434f-b7b1-72070581017e None None] instance_usage_audit = False {{(pid=95835) log_opt_values /opt/stack/data/venv/lib/python3.12/site-packages/oslo_config/cfg.py:3242}}
Jul 13 09:42:12.936741 np0000005108 devstack@n-api-meta.service[95835]: DEBUG nova.api.openstack.wsgi_app [None req-25aa7670-fa1e-434f-b7b1-72070581017e None None] instance_usage_audit_period = month {{(pid=95835) log_opt_values /opt/stack/data/venv/lib/python3.12/site-packages/oslo_config/cfg.py:3242}}
Jul 13 09:42:12.936911 np0000005108 devstack@n-api-meta.service[95835]: DEBUG nova.api.openstack.wsgi_app [None req-25aa7670-fa1e-434f-b7b1-72070581017e None None] instance_uuid_format = [instance: %(uuid)s] {{(pid=95835) log_opt_values /opt/stack/data/venv/lib/python3.12/site-packages/oslo_config/cfg.py:3242}}
Jul 13 09:42:12.937083 np0000005108 devstack@n-api-meta.service[95835]: DEBUG nova.api.openstack.wsgi_app [None req-25aa7670-fa1e-434f-b7b1-72070581017e None None] instances_path = /opt/stack/data/nova/instances {{(pid=95835) log_opt_values /opt/stack/data/venv/lib/python3.12/site-packages/oslo_config/cfg.py:3242}}
Jul 13 09:42:12.937261 np0000005108 devstack@n-api-meta.service[95835]: DEBUG nova.api.openstack.wsgi_app [None req-25aa7670-fa1e-434f-b7b1-72070581017e None None] internal_service_availability_zone = internal {{(pid=95835) log_opt_values /opt/stack/data/venv/lib/python3.12/site-packages/oslo_config/cfg.py:3242}}
Jul 13 09:42:12.937437 np0000005108 devstack@n-api-meta.service[95835]: DEBUG nova.api.openstack.wsgi_app [None req-25aa7670-fa1e-434f-b7b1-72070581017e None None] key = None {{(pid=95835) log_opt_values /opt/stack/data/venv/lib/python3.12/site-packages/oslo_config/cfg.py:3242}}
Jul 13 09:42:12.937640 np0000005108 devstack@n-api-meta.service[95835]: DEBUG nova.api.openstack.wsgi_app [None req-25aa7670-fa1e-434f-b7b1-72070581017e None None] live_migration_retry_count = 30 {{(pid=95835) log_opt_values /opt/stack/data/venv/lib/python3.12/site-packages/oslo_config/cfg.py:3242}}
Jul 13 09:42:12.937776 np0000005108 devstack@n-api-meta.service[95835]: DEBUG nova.api.openstack.wsgi_app [None req-25aa7670-fa1e-434f-b7b1-72070581017e None None] log_color = False {{(pid=95835) log_opt_values /opt/stack/data/venv/lib/python3.12/site-packages/oslo_config/cfg.py:3242}}
Jul 13 09:42:12.937941 np0000005108 devstack@n-api-meta.service[95835]: DEBUG nova.api.openstack.wsgi_app [None req-25aa7670-fa1e-434f-b7b1-72070581017e None None] log_config_append = None {{(pid=95835) log_opt_values /opt/stack/data/venv/lib/python3.12/site-packages/oslo_config/cfg.py:3242}}
Jul 13 09:42:12.938016 np0000005108 devstack@n-api-meta.service[95832]: DEBUG nova.api.openstack.wsgi_app [None req-bbf90668-7a5b-4649-b1fb-940533dde420 None None] ******************************************************************************** {{(pid=95832) log_opt_values /opt/stack/data/venv/lib/python3.12/site-packages/oslo_config/cfg.py:3226}}
Jul 13 09:42:12.938087 np0000005108 devstack@n-api-meta.service[95835]: DEBUG nova.api.openstack.wsgi_app [None req-25aa7670-fa1e-434f-b7b1-72070581017e None None] log_date_format = %Y-%m-%d %H:%M:%S {{(pid=95835) log_opt_values /opt/stack/data/venv/lib/python3.12/site-packages/oslo_config/cfg.py:3242}}
Jul 13 09:42:12.938189 np0000005108 devstack@n-api-meta.service[95832]: DEBUG nova.api.openstack.wsgi_app [None req-bbf90668-7a5b-4649-b1fb-940533dde420 None None] Configuration options gathered from: {{(pid=95832) log_opt_values /opt/stack/data/venv/lib/python3.12/site-packages/oslo_config/cfg.py:3227}}
Jul 13 09:42:12.938231 np0000005108 devstack@n-api-meta.service[95835]: DEBUG nova.api.openstack.wsgi_app [None req-25aa7670-fa1e-434f-b7b1-72070581017e None None] log_dir = None {{(pid=95835) log_opt_values /opt/stack/data/venv/lib/python3.12/site-packages/oslo_config/cfg.py:3242}}
Jul 13 09:42:12.938334 np0000005108 devstack@n-api-meta.service[95835]: DEBUG nova.api.openstack.wsgi_app [None req-25aa7670-fa1e-434f-b7b1-72070581017e None None] log_file = None {{(pid=95835) log_opt_values /opt/stack/data/venv/lib/python3.12/site-packages/oslo_config/cfg.py:3242}}
Jul 13 09:42:12.938377 np0000005108 devstack@n-api-meta.service[95832]: DEBUG nova.api.openstack.wsgi_app [None req-bbf90668-7a5b-4649-b1fb-940533dde420 None None] command line args: [] {{(pid=95832) log_opt_values /opt/stack/data/venv/lib/python3.12/site-packages/oslo_config/cfg.py:3228}}
Jul 13 09:42:12.938450 np0000005108 devstack@n-api-meta.service[95835]: DEBUG nova.api.openstack.wsgi_app [None req-25aa7670-fa1e-434f-b7b1-72070581017e None None] log_options = True {{(pid=95835) log_opt_values /opt/stack/data/venv/lib/python3.12/site-packages/oslo_config/cfg.py:3242}}
Jul 13 09:42:12.938575 np0000005108 devstack@n-api-meta.service[95832]: DEBUG nova.api.openstack.wsgi_app [None req-bbf90668-7a5b-4649-b1fb-940533dde420 None None] config files: ['/etc/nova/api-paste.ini', '/etc/nova/nova.conf'] {{(pid=95832) log_opt_values /opt/stack/data/venv/lib/python3.12/site-packages/oslo_config/cfg.py:3229}}
Jul 13 09:42:12.938640 np0000005108 devstack@n-api-meta.service[95835]: DEBUG nova.api.openstack.wsgi_app [None req-25aa7670-fa1e-434f-b7b1-72070581017e None None] log_rotate_interval = 1 {{(pid=95835) log_opt_values /opt/stack/data/venv/lib/python3.12/site-packages/oslo_config/cfg.py:3242}}
Jul 13 09:42:12.938728 np0000005108 devstack@n-api-meta.service[95832]: DEBUG nova.api.openstack.wsgi_app [None req-bbf90668-7a5b-4649-b1fb-940533dde420 None None] ================================================================================ {{(pid=95832) log_opt_values /opt/stack/data/venv/lib/python3.12/site-packages/oslo_config/cfg.py:3234}}
