Jul 13 09:42:12.358744 np0000005108 nova-scheduler[96410]: DEBUG cotyledon.oslo_config_glue [-] workarounds.disable_fallback_pcpu_query = False {{(pid=96410) log_opt_values /opt/stack/data/venv/lib/python3.12/site-packages/oslo_config/cfg.py:3253}}
Jul 13 09:42:12.358744 np0000005108 nova-scheduler[96410]: DEBUG cotyledon.oslo_config_glue [-] workarounds.disable_group_policy_check_upcall = False {{(pid=96410) log_opt_values /opt/stack/data/venv/lib/python3.12/site-packages/oslo_config/cfg.py:3253}}
Jul 13 09:42:12.358744 np0000005108 nova-scheduler[96410]: DEBUG cotyledon.oslo_config_glue [-] workarounds.disable_libvirt_livesnapshot = False {{(pid=96410) log_opt_values /opt/stack/data/venv/lib/python3.12/site-packages/oslo_config/cfg.py:3253}}
Jul 13 09:42:12.358744 np0000005108 nova-scheduler[96410]: DEBUG cotyledon.oslo_config_glue [-] workarounds.disable_rootwrap = False {{(pid=96410) log_opt_values /opt/stack/data/venv/lib/python3.12/site-packages/oslo_config/cfg.py:3253}}
Jul 13 09:42:12.358744 np0000005108 nova-scheduler[96410]: DEBUG cotyledon.oslo_config_glue [-] workarounds.enable_numa_live_migration = False {{(pid=96410) log_opt_values /opt/stack/data/venv/lib/python3.12/site-packages/oslo_config/cfg.py:3253}}
Jul 13 09:42:12.359005 np0000005108 nova-scheduler[96410]: DEBUG cotyledon.oslo_config_glue [-] workarounds.enable_qemu_monitor_announce_self = False {{(pid=96410) log_opt_values /opt/stack/data/venv/lib/python3.12/site-packages/oslo_config/cfg.py:3253}}
Jul 13 09:42:12.359005 np0000005108 nova-scheduler[96410]: DEBUG cotyledon.oslo_config_glue [-] workarounds.ensure_libvirt_rbd_instance_dir_cleanup = False {{(pid=96410) log_opt_values /opt/stack/data/venv/lib/python3.12/site-packages/oslo_config/cfg.py:3253}}
Jul 13 09:42:12.359005 np0000005108 nova-scheduler[96410]: DEBUG cotyledon.oslo_config_glue [-] workarounds.handle_virt_lifecycle_events = True {{(pid=96410) log_opt_values /opt/stack/data/venv/lib/python3.12/site-packages/oslo_config/cfg.py:3253}}
Jul 13 09:42:12.359005 np0000005108 nova-scheduler[96410]: DEBUG cotyledon.oslo_config_glue [-] workarounds.libvirt_disable_apic = False {{(pid=96410) log_opt_values /opt/stack/data/venv/lib/python3.12/site-packages/oslo_config/cfg.py:3253}}
Jul 13 09:42:12.359005 np0000005108 nova-scheduler[96410]: DEBUG cotyledon.oslo_config_glue [-] workarounds.never_download_image_if_on_rbd = False {{(pid=96410) log_opt_values /opt/stack/data/venv/lib/python3.12/site-packages/oslo_config/cfg.py:3253}}
Jul 13 09:42:12.359005 np0000005108 nova-scheduler[96410]: DEBUG cotyledon.oslo_config_glue [-] workarounds.qemu_monitor_announce_self_count = 3 {{(pid=96410) log_opt_values /opt/stack/data/venv/lib/python3.12/site-packages/oslo_config/cfg.py:3253}}
Jul 13 09:42:12.359005 np0000005108 nova-scheduler[96410]: DEBUG cotyledon.oslo_config_glue [-] workarounds.qemu_monitor_announce_self_interval = 1 {{(pid=96410) log_opt_values /opt/stack/data/venv/lib/python3.12/site-packages/oslo_config/cfg.py:3253}}
Jul 13 09:42:12.359005 np0000005108 nova-scheduler[96410]: DEBUG cotyledon.oslo_config_glue [-] workarounds.reserve_disk_resource_for_image_cache = False {{(pid=96410) log_opt_values /opt/stack/data/venv/lib/python3.12/site-packages/oslo_config/cfg.py:3253}}
Jul 13 09:42:12.359005 np0000005108 nova-scheduler[96410]: DEBUG cotyledon.oslo_config_glue [-] workarounds.skip_cpu_compare_at_startup = False {{(pid=96410) log_opt_values /opt/stack/data/venv/lib/python3.12/site-packages/oslo_config/cfg.py:3253}}
Jul 13 09:42:12.359184 np0000005108 nova-scheduler[96410]: DEBUG cotyledon.oslo_config_glue [-] workarounds.skip_cpu_compare_on_dest = False {{(pid=96410) log_opt_values /opt/stack/data/venv/lib/python3.12/site-packages/oslo_config/cfg.py:3253}}
Jul 13 09:42:12.359184 np0000005108 nova-scheduler[96410]: DEBUG cotyledon.oslo_config_glue [-] workarounds.skip_hypervisor_version_check_on_lm = False {{(pid=96410) log_opt_values /opt/stack/data/venv/lib/python3.12/site-packages/oslo_config/cfg.py:3253}}
Jul 13 09:42:12.359184 np0000005108 nova-scheduler[96410]: DEBUG cotyledon.oslo_config_glue [-] workarounds.skip_reserve_in_use_ironic_nodes = False {{(pid=96410) log_opt_values /opt/stack/data/venv/lib/python3.12/site-packages/oslo_config/cfg.py:3253}}
Jul 13 09:42:12.359184 np0000005108 nova-scheduler[96410]: DEBUG cotyledon.oslo_config_glue [-] workarounds.unified_limits_count_pcpu_as_vcpu = False {{(pid=96410) log_opt_values /opt/stack/data/venv/lib/python3.12/site-packages/oslo_config/cfg.py:3253}}
Jul 13 09:42:12.359184 np0000005108 nova-scheduler[96410]: DEBUG cotyledon.oslo_config_glue [-] workarounds.wait_for_vif_plugged_event_during_hard_reboot = [] {{(pid=96410) log_opt_values /opt/stack/data/venv/lib/python3.12/site-packages/oslo_config/cfg.py:3253}}
Jul 13 09:42:12.359184 np0000005108 nova-scheduler[96410]: DEBUG cotyledon.oslo_config_glue [-] wsgi.api_paste_config = /etc/nova/api-paste.ini {{(pid=96410) log_opt_values /opt/stack/data/venv/lib/python3.12/site-packages/oslo_config/cfg.py:3253}}
Jul 13 09:42:12.359184 np0000005108 nova-scheduler[96410]: DEBUG cotyledon.oslo_config_glue [-] wsgi.secure_proxy_ssl_header = None {{(pid=96410) log_opt_values /opt/stack/data/venv/lib/python3.12/site-packages/oslo_config/cfg.py:3253}}
Jul 13 09:42:12.359184 np0000005108 nova-scheduler[96410]: DEBUG cotyledon.oslo_config_glue [-] zvm.ca_file = None {{(pid=96410) log_opt_values /opt/stack/data/venv/lib/python3.12/site-packages/oslo_config/cfg.py:3253}}
Jul 13 09:42:12.359184 np0000005108 nova-scheduler[96410]: DEBUG cotyledon.oslo_config_glue [-] zvm.cloud_connector_url = None {{(pid=96410) log_opt_values /opt/stack/data/venv/lib/python3.12/site-packages/oslo_config/cfg.py:3253}}
Jul 13 09:42:12.359346 np0000005108 nova-scheduler[96410]: DEBUG cotyledon.oslo_config_glue [-] zvm.image_tmp_path = /opt/stack/data/nova/images {{(pid=96410) log_opt_values /opt/stack/data/venv/lib/python3.12/site-packages/oslo_config/cfg.py:3253}}
Jul 13 09:42:12.359346 np0000005108 nova-scheduler[96410]: DEBUG cotyledon.oslo_config_glue [-] zvm.reachable_timeout = 300 {{(pid=96410) log_opt_values /opt/stack/data/venv/lib/python3.12/site-packages/oslo_config/cfg.py:3253}}
Jul 13 09:42:12.359346 np0000005108 nova-scheduler[96410]: DEBUG cotyledon.oslo_config_glue [-] oslo_versionedobjects.fatal_exception_format_errors = False {{(pid=96410) log_opt_values /opt/stack/data/venv/lib/python3.12/site-packages/oslo_config/cfg.py:3253}}
Jul 13 09:42:12.359346 np0000005108 nova-scheduler[96410]: DEBUG cotyledon.oslo_config_glue [-] oslo_middleware.http_basic_auth_user_file = /etc/htpasswd {{(pid=96410) log_opt_values /opt/stack/data/venv/lib/python3.12/site-packages/oslo_config/cfg.py:3253}}
Jul 13 09:42:12.359346 np0000005108 nova-scheduler[96410]: DEBUG cotyledon.oslo_config_glue [-] oslo_messaging_metrics.metrics_buffer_size = 1000 {{(pid=96410) log_opt_values /opt/stack/data/venv/lib/python3.12/site-packages/oslo_config/cfg.py:3253}}
Jul 13 09:42:12.359346 np0000005108 nova-scheduler[96410]: DEBUG cotyledon.oslo_config_glue [-] oslo_messaging_metrics.metrics_enabled = False {{(pid=96410) log_opt_values /opt/stack/data/venv/lib/python3.12/site-packages/oslo_config/cfg.py:3253}}
Jul 13 09:42:12.359346 np0000005108 nova-scheduler[96410]: DEBUG cotyledon.oslo_config_glue [-] oslo_messaging_metrics.metrics_process_name = {{(pid=96410) log_opt_values /opt/stack/data/venv/lib/python3.12/site-packages/oslo_config/cfg.py:3253}}
Jul 13 09:42:12.359346 np0000005108 nova-scheduler[96410]: DEBUG cotyledon.oslo_config_glue [-] oslo_messaging_metrics.metrics_socket_file = /var/tmp/metrics_collector.sock {{(pid=96410) log_opt_values /opt/stack/data/venv/lib/python3.12/site-packages/oslo_config/cfg.py:3253}}
Jul 13 09:42:12.359547 np0000005108 nova-scheduler[96410]: DEBUG cotyledon.oslo_config_glue [-] oslo_messaging_metrics.metrics_thread_stop_timeout = 10 {{(pid=96410) log_opt_values /opt/stack/data/venv/lib/python3.12/site-packages/oslo_config/cfg.py:3253}}
Jul 13 09:42:12.359547 np0000005108 nova-scheduler[96410]: DEBUG cotyledon.oslo_config_glue [-] profiler.connection_string = messaging:// {{(pid=96410) log_opt_values /opt/stack/data/venv/lib/python3.12/site-packages/oslo_config/cfg.py:3253}}
Jul 13 09:42:12.359547 np0000005108 nova-scheduler[96410]: DEBUG cotyledon.oslo_config_glue [-] profiler.enabled = False {{(pid=96410) log_opt_values /opt/stack/data/venv/lib/python3.12/site-packages/oslo_config/cfg.py:3253}}
Jul 13 09:42:12.359547 np0000005108 nova-scheduler[96410]: DEBUG cotyledon.oslo_config_glue [-] profiler.es_doc_type = notification {{(pid=96410) log_opt_values /opt/stack/data/venv/lib/python3.12/site-packages/oslo_config/cfg.py:3253}}
Jul 13 09:42:12.359547 np0000005108 nova-scheduler[96410]: DEBUG cotyledon.oslo_config_glue [-] profiler.es_scroll_size = 10000 {{(pid=96410) log_opt_values /opt/stack/data/venv/lib/python3.12/site-packages/oslo_config/cfg.py:3253}}
Jul 13 09:42:12.359547 np0000005108 nova-scheduler[96410]: DEBUG cotyledon.oslo_config_glue [-] profiler.es_scroll_time = 2m {{(pid=96410) log_opt_values /opt/stack/data/venv/lib/python3.12/site-packages/oslo_config/cfg.py:3253}}
Jul 13 09:42:12.359547 np0000005108 nova-scheduler[96410]: DEBUG cotyledon.oslo_config_glue [-] profiler.filter_error_trace = False {{(pid=96410) log_opt_values /opt/stack/data/venv/lib/python3.12/site-packages/oslo_config/cfg.py:3253}}
Jul 13 09:42:12.359547 np0000005108 nova-scheduler[96410]: DEBUG cotyledon.oslo_config_glue [-] profiler.hmac_keys = **** {{(pid=96410) log_opt_values /opt/stack/data/venv/lib/python3.12/site-packages/oslo_config/cfg.py:3253}}
Jul 13 09:42:12.359547 np0000005108 nova-scheduler[96410]: DEBUG cotyledon.oslo_config_glue [-] profiler.sentinel_service_name = mymaster {{(pid=96410) log_opt_values /opt/stack/data/venv/lib/python3.12/site-packages/oslo_config/cfg.py:3253}}
Jul 13 09:42:12.359771 np0000005108 nova-scheduler[96410]: DEBUG cotyledon.oslo_config_glue [-] profiler.socket_timeout = 0.1 {{(pid=96410) log_opt_values /opt/stack/data/venv/lib/python3.12/site-packages/oslo_config/cfg.py:3253}}
Jul 13 09:42:12.359771 np0000005108 nova-scheduler[96410]: DEBUG cotyledon.oslo_config_glue [-] profiler.trace_requests = False {{(pid=96410) log_opt_values /opt/stack/data/venv/lib/python3.12/site-packages/oslo_config/cfg.py:3253}}
Jul 13 09:42:12.359771 np0000005108 nova-scheduler[96410]: DEBUG cotyledon.oslo_config_glue [-] profiler.trace_sqlalchemy = False {{(pid=96410) log_opt_values /opt/stack/data/venv/lib/python3.12/site-packages/oslo_config/cfg.py:3253}}
Jul 13 09:42:12.359771 np0000005108 nova-scheduler[96410]: DEBUG cotyledon.oslo_config_glue [-] profiler_jaeger.process_tags = {} {{(pid=96410) log_opt_values /opt/stack/data/venv/lib/python3.12/site-packages/oslo_config/cfg.py:3253}}
Jul 13 09:42:12.359771 np0000005108 nova-scheduler[96410]: DEBUG cotyledon.oslo_config_glue [-] profiler_jaeger.service_name_prefix = None {{(pid=96410) log_opt_values /opt/stack/data/venv/lib/python3.12/site-packages/oslo_config/cfg.py:3253}}
Jul 13 09:42:12.359771 np0000005108 nova-scheduler[96410]: DEBUG cotyledon.oslo_config_glue [-] profiler_otlp.service_name_prefix = None {{(pid=96410) log_opt_values /opt/stack/data/venv/lib/python3.12/site-packages/oslo_config/cfg.py:3253}}
Jul 13 09:42:12.359771 np0000005108 nova-scheduler[96410]: DEBUG cotyledon.oslo_config_glue [-] oslo_messaging_rabbit.amqp_auto_delete = False {{(pid=96410) log_opt_values /opt/stack/data/venv/lib/python3.12/site-packages/oslo_config/cfg.py:3253}}
Jul 13 09:42:12.359771 np0000005108 nova-scheduler[96410]: DEBUG cotyledon.oslo_config_glue [-] oslo_messaging_rabbit.amqp_durable_queues = False {{(pid=96410) log_opt_values /opt/stack/data/venv/lib/python3.12/site-packages/oslo_config/cfg.py:3253}}
Jul 13 09:42:12.359771 np0000005108 nova-scheduler[96410]: DEBUG cotyledon.oslo_config_glue [-] oslo_messaging_rabbit.conn_pool_min_size = 2 {{(pid=96410) log_opt_values /opt/stack/data/venv/lib/python3.12/site-packages/oslo_config/cfg.py:3253}}
Jul 13 09:42:12.359941 np0000005108 nova-scheduler[96410]: DEBUG cotyledon.oslo_config_glue [-] oslo_messaging_rabbit.conn_pool_ttl = 1200 {{(pid=96410) log_opt_values /opt/stack/data/venv/lib/python3.12/site-packages/oslo_config/cfg.py:3253}}
Jul 13 09:42:12.359941 np0000005108 nova-scheduler[96410]: DEBUG cotyledon.oslo_config_glue [-] oslo_messaging_rabbit.direct_mandatory_flag = True {{(pid=96410) log_opt_values /opt/stack/data/venv/lib/python3.12/site-packages/oslo_config/cfg.py:3253}}
Jul 13 09:42:12.359941 np0000005108 nova-scheduler[96410]: DEBUG cotyledon.oslo_config_glue [-] oslo_messaging_rabbit.enable_cancel_on_failover = False {{(pid=96410) log_opt_values /opt/stack/data/venv/lib/python3.12/site-packages/oslo_config/cfg.py:3253}}
Jul 13 09:42:12.359941 np0000005108 nova-scheduler[96410]: DEBUG cotyledon.oslo_config_glue [-] oslo_messaging_rabbit.heartbeat_rate = 3 {{(pid=96410) log_opt_values /opt/stack/data/venv/lib/python3.12/site-packages/oslo_config/cfg.py:3253}}
Jul 13 09:42:12.359941 np0000005108 nova-scheduler[96410]: DEBUG cotyledon.oslo_config_glue [-] oslo_messaging_rabbit.heartbeat_timeout_threshold = 60 {{(pid=96410) log_opt_values /opt/stack/data/venv/lib/python3.12/site-packages/oslo_config/cfg.py:3253}}
Jul 13 09:42:12.359941 np0000005108 nova-scheduler[96410]: DEBUG cotyledon.oslo_config_glue [-] oslo_messaging_rabbit.hostname = np0000005108 {{(pid=96410) log_opt_values /opt/stack/data/venv/lib/python3.12/site-packages/oslo_config/cfg.py:3253}}
Jul 13 09:42:12.359941 np0000005108 nova-scheduler[96410]: DEBUG cotyledon.oslo_config_glue [-] oslo_messaging_rabbit.kombu_compression = None {{(pid=96410) log_opt_values /opt/stack/data/venv/lib/python3.12/site-packages/oslo_config/cfg.py:3253}}
Jul 13 09:42:12.359941 np0000005108 nova-scheduler[96410]: DEBUG cotyledon.oslo_config_glue [-] oslo_messaging_rabbit.kombu_failover_strategy = round-robin {{(pid=96410) log_opt_values /opt/stack/data/venv/lib/python3.12/site-packages/oslo_config/cfg.py:3253}}
Jul 13 09:42:12.359941 np0000005108 nova-scheduler[96410]: DEBUG cotyledon.oslo_config_glue [-] oslo_messaging_rabbit.kombu_missing_consumer_retry_timeout = 60 {{(pid=96410) log_opt_values /opt/stack/data/venv/lib/python3.12/site-packages/oslo_config/cfg.py:3253}}
Jul 13 09:42:12.360121 np0000005108 nova-scheduler[96410]: DEBUG cotyledon.oslo_config_glue [-] oslo_messaging_rabbit.kombu_reconnect_delay = 1.0 {{(pid=96410) log_opt_values /opt/stack/data/venv/lib/python3.12/site-packages/oslo_config/cfg.py:3253}}
Jul 13 09:42:12.360121 np0000005108 nova-scheduler[96410]: DEBUG cotyledon.oslo_config_glue [-] oslo_messaging_rabbit.kombu_reconnect_splay = 0.0 {{(pid=96410) log_opt_values /opt/stack/data/venv/lib/python3.12/site-packages/oslo_config/cfg.py:3253}}
Jul 13 09:42:12.360121 np0000005108 nova-scheduler[96410]: DEBUG cotyledon.oslo_config_glue [-] oslo_messaging_rabbit.processname = nova-scheduler {{(pid=96410) log_opt_values /opt/stack/data/venv/lib/python3.12/site-packages/oslo_config/cfg.py:3253}}
Jul 13 09:42:12.360121 np0000005108 nova-scheduler[96410]: DEBUG cotyledon.oslo_config_glue [-] oslo_messaging_rabbit.rabbit_ha_queues = False {{(pid=96410) log_opt_values /opt/stack/data/venv/lib/python3.12/site-packages/oslo_config/cfg.py:3253}}
Jul 13 09:42:12.360121 np0000005108 nova-scheduler[96410]: DEBUG cotyledon.oslo_config_glue [-] oslo_messaging_rabbit.rabbit_interval_max = 30 {{(pid=96410) log_opt_values /opt/stack/data/venv/lib/python3.12/site-packages/oslo_config/cfg.py:3253}}
Jul 13 09:42:12.360121 np0000005108 nova-scheduler[96410]: DEBUG cotyledon.oslo_config_glue [-] oslo_messaging_rabbit.rabbit_login_method = AMQPLAIN {{(pid=96410) log_opt_values /opt/stack/data/venv/lib/python3.12/site-packages/oslo_config/cfg.py:3253}}
Jul 13 09:42:12.360121 np0000005108 nova-scheduler[96410]: DEBUG cotyledon.oslo_config_glue [-] oslo_messaging_rabbit.rabbit_qos_prefetch_count = 0 {{(pid=96410) log_opt_values /opt/stack/data/venv/lib/python3.12/site-packages/oslo_config/cfg.py:3253}}
Jul 13 09:42:12.360121 np0000005108 nova-scheduler[96410]: DEBUG cotyledon.oslo_config_glue [-] oslo_messaging_rabbit.rabbit_quorum_delivery_limit = 0 {{(pid=96410) log_opt_values /opt/stack/data/venv/lib/python3.12/site-packages/oslo_config/cfg.py:3253}}
Jul 13 09:42:12.360121 np0000005108 nova-scheduler[96410]: DEBUG cotyledon.oslo_config_glue [-] oslo_messaging_rabbit.rabbit_quorum_max_memory_bytes = 0 {{(pid=96410) log_opt_values /opt/stack/data/venv/lib/python3.12/site-packages/oslo_config/cfg.py:3253}}
Jul 13 09:42:12.360315 np0000005108 nova-scheduler[96410]: DEBUG cotyledon.oslo_config_glue [-] oslo_messaging_rabbit.rabbit_quorum_max_memory_length = 0 {{(pid=96410) log_opt_values /opt/stack/data/venv/lib/python3.12/site-packages/oslo_config/cfg.py:3253}}
Jul 13 09:42:12.360315 np0000005108 nova-scheduler[96410]: DEBUG cotyledon.oslo_config_glue [-] oslo_messaging_rabbit.rabbit_quorum_queue = False {{(pid=96410) log_opt_values /opt/stack/data/venv/lib/python3.12/site-packages/oslo_config/cfg.py:3253}}
Jul 13 09:42:12.360315 np0000005108 nova-scheduler[96410]: DEBUG cotyledon.oslo_config_glue [-] oslo_messaging_rabbit.rabbit_retry_backoff = 2 {{(pid=96410) log_opt_values /opt/stack/data/venv/lib/python3.12/site-packages/oslo_config/cfg.py:3253}}
Jul 13 09:42:12.360315 np0000005108 nova-scheduler[96410]: DEBUG cotyledon.oslo_config_glue [-] oslo_messaging_rabbit.rabbit_retry_interval = 1 {{(pid=96410) log_opt_values /opt/stack/data/venv/lib/python3.12/site-packages/oslo_config/cfg.py:3253}}
Jul 13 09:42:12.360315 np0000005108 nova-scheduler[96410]: DEBUG cotyledon.oslo_config_glue [-] oslo_messaging_rabbit.rabbit_stream_fanout = False {{(pid=96410) log_opt_values /opt/stack/data/venv/lib/python3.12/site-packages/oslo_config/cfg.py:3253}}
Jul 13 09:42:12.360315 np0000005108 nova-scheduler[96410]: DEBUG cotyledon.oslo_config_glue [-] oslo_messaging_rabbit.rabbit_transient_queues_ttl = 1800 {{(pid=96410) log_opt_values /opt/stack/data/venv/lib/python3.12/site-packages/oslo_config/cfg.py:3253}}
Jul 13 09:42:12.360315 np0000005108 nova-scheduler[96410]: DEBUG cotyledon.oslo_config_glue [-] oslo_messaging_rabbit.rabbit_transient_quorum_queue = False {{(pid=96410) log_opt_values /opt/stack/data/venv/lib/python3.12/site-packages/oslo_config/cfg.py:3253}}
Jul 13 09:42:12.360315 np0000005108 nova-scheduler[96410]: DEBUG cotyledon.oslo_config_glue [-] oslo_messaging_rabbit.rpc_conn_pool_size = 30 {{(pid=96410) log_opt_values /opt/stack/data/venv/lib/python3.12/site-packages/oslo_config/cfg.py:3253}}
Jul 13 09:42:12.360315 np0000005108 nova-scheduler[96410]: DEBUG cotyledon.oslo_config_glue [-] oslo_messaging_rabbit.ssl = False {{(pid=96410) log_opt_values /opt/stack/data/venv/lib/python3.12/site-packages/oslo_config/cfg.py:3253}}
Jul 13 09:42:12.360571 np0000005108 nova-scheduler[96410]: DEBUG cotyledon.oslo_config_glue [-] oslo_messaging_rabbit.ssl_ca_file = {{(pid=96410) log_opt_values /opt/stack/data/venv/lib/python3.12/site-packages/oslo_config/cfg.py:3253}}
Jul 13 09:42:12.360571 np0000005108 nova-scheduler[96410]: DEBUG cotyledon.oslo_config_glue [-] oslo_messaging_rabbit.ssl_cert_file = {{(pid=96410) log_opt_values /opt/stack/data/venv/lib/python3.12/site-packages/oslo_config/cfg.py:3253}}
Jul 13 09:42:12.360571 np0000005108 nova-scheduler[96410]: DEBUG cotyledon.oslo_config_glue [-] oslo_messaging_rabbit.ssl_enforce_fips_mode = False {{(pid=96410) log_opt_values /opt/stack/data/venv/lib/python3.12/site-packages/oslo_config/cfg.py:3253}}
Jul 13 09:42:12.360571 np0000005108 nova-scheduler[96410]: DEBUG cotyledon.oslo_config_glue [-] oslo_messaging_rabbit.ssl_enforce_hostname_verification = True {{(pid=96410) log_opt_values /opt/stack/data/venv/lib/python3.12/site-packages/oslo_config/cfg.py:3253}}
Jul 13 09:42:12.360571 np0000005108 nova-scheduler[96410]: DEBUG cotyledon.oslo_config_glue [-] oslo_messaging_rabbit.ssl_key_file = {{(pid=96410) log_opt_values /opt/stack/data/venv/lib/python3.12/site-packages/oslo_config/cfg.py:3253}}
Jul 13 09:42:12.360571 np0000005108 nova-scheduler[96410]: DEBUG cotyledon.oslo_config_glue [-] oslo_messaging_rabbit.ssl_version = {{(pid=96410) log_opt_values /opt/stack/data/venv/lib/python3.12/site-packages/oslo_config/cfg.py:3253}}
Jul 13 09:42:12.360571 np0000005108 nova-scheduler[96410]: DEBUG cotyledon.oslo_config_glue [-] oslo_messaging_rabbit.use_queue_manager = False {{(pid=96410) log_opt_values /opt/stack/data/venv/lib/python3.12/site-packages/oslo_config/cfg.py:3253}}
Jul 13 09:42:12.360571 np0000005108 nova-scheduler[96410]: DEBUG cotyledon.oslo_config_glue [-] oslo_messaging_notifications.driver = ['messagingv2'] {{(pid=96410) log_opt_values /opt/stack/data/venv/lib/python3.12/site-packages/oslo_config/cfg.py:3253}}
Jul 13 09:42:12.360571 np0000005108 nova-scheduler[96410]: DEBUG cotyledon.oslo_config_glue [-] oslo_messaging_notifications.retry = -1 {{(pid=96410) log_opt_values /opt/stack/data/venv/lib/python3.12/site-packages/oslo_config/cfg.py:3253}}
Jul 13 09:42:12.360866 np0000005108 nova-scheduler[96410]: DEBUG cotyledon.oslo_config_glue [-] oslo_messaging_notifications.topics = ['notifications'] {{(pid=96410) log_opt_values /opt/stack/data/venv/lib/python3.12/site-packages/oslo_config/cfg.py:3253}}
Jul 13 09:42:12.360866 np0000005108 nova-scheduler[96410]: DEBUG cotyledon.oslo_config_glue [-] oslo_messaging_notifications.transport_url = **** {{(pid=96410) log_opt_values /opt/stack/data/venv/lib/python3.12/site-packages/oslo_config/cfg.py:3253}}
Jul 13 09:42:12.360866 np0000005108 nova-scheduler[96410]: DEBUG cotyledon.oslo_config_glue [-] oslo_limit.auth_section = None {{(pid=96410) log_opt_values /opt/stack/data/venv/lib/python3.12/site-packages/oslo_config/cfg.py:3253}}
Jul 13 09:42:12.360866 np0000005108 nova-scheduler[96410]: DEBUG cotyledon.oslo_config_glue [-] oslo_limit.auth_type = None {{(pid=96410) log_opt_values /opt/stack/data/venv/lib/python3.12/site-packages/oslo_config/cfg.py:3253}}
Jul 13 09:42:12.360866 np0000005108 nova-scheduler[96410]: DEBUG cotyledon.oslo_config_glue [-] oslo_limit.cafile = None {{(pid=96410) log_opt_values /opt/stack/data/venv/lib/python3.12/site-packages/oslo_config/cfg.py:3253}}
Jul 13 09:42:12.360866 np0000005108 nova-scheduler[96410]: DEBUG cotyledon.oslo_config_glue [-] oslo_limit.certfile = None {{(pid=96410) log_opt_values /opt/stack/data/venv/lib/python3.12/site-packages/oslo_config/cfg.py:3253}}
Jul 13 09:42:12.360866 np0000005108 nova-scheduler[96410]: DEBUG cotyledon.oslo_config_glue [-] oslo_limit.collect_timing = False {{(pid=96410) log_opt_values /opt/stack/data/venv/lib/python3.12/site-packages/oslo_config/cfg.py:3253}}
Jul 13 09:42:12.360866 np0000005108 nova-scheduler[96410]: DEBUG cotyledon.oslo_config_glue [-] oslo_limit.connect_retries = None {{(pid=96410) log_opt_values /opt/stack/data/venv/lib/python3.12/site-packages/oslo_config/cfg.py:3253}}
Jul 13 09:42:12.360866 np0000005108 nova-scheduler[96410]: DEBUG cotyledon.oslo_config_glue [-] oslo_limit.connect_retry_delay = None {{(pid=96410) log_opt_values /opt/stack/data/venv/lib/python3.12/site-packages/oslo_config/cfg.py:3253}}
Jul 13 09:42:12.361026 np0000005108 nova-scheduler[96410]: DEBUG cotyledon.oslo_config_glue [-] oslo_limit.endpoint_id = None {{(pid=96410) log_opt_values /opt/stack/data/venv/lib/python3.12/site-packages/oslo_config/cfg.py:3253}}
Jul 13 09:42:12.361026 np0000005108 nova-scheduler[96410]: DEBUG cotyledon.oslo_config_glue [-] oslo_limit.endpoint_interface = public {{(pid=96410) log_opt_values /opt/stack/data/venv/lib/python3.12/site-packages/oslo_config/cfg.py:3253}}
Jul 13 09:42:12.361026 np0000005108 nova-scheduler[96410]: DEBUG cotyledon.oslo_config_glue [-] oslo_limit.endpoint_override = None {{(pid=96410) log_opt_values /opt/stack/data/venv/lib/python3.12/site-packages/oslo_config/cfg.py:3253}}
Jul 13 09:42:12.361026 np0000005108 nova-scheduler[96410]: DEBUG cotyledon.oslo_config_glue [-] oslo_limit.endpoint_region_name = None {{(pid=96410) log_opt_values /opt/stack/data/venv/lib/python3.12/site-packages/oslo_config/cfg.py:3253}}
Jul 13 09:42:12.361026 np0000005108 nova-scheduler[96410]: DEBUG cotyledon.oslo_config_glue [-] oslo_limit.endpoint_service_name = None {{(pid=96410) log_opt_values /opt/stack/data/venv/lib/python3.12/site-packages/oslo_config/cfg.py:3253}}
Jul 13 09:42:12.361026 np0000005108 nova-scheduler[96410]: DEBUG cotyledon.oslo_config_glue [-] oslo_limit.endpoint_service_type = None {{(pid=96410) log_opt_values /opt/stack/data/venv/lib/python3.12/site-packages/oslo_config/cfg.py:3253}}
Jul 13 09:42:12.361026 np0000005108 nova-scheduler[96410]: DEBUG cotyledon.oslo_config_glue [-] oslo_limit.insecure = False {{(pid=96410) log_opt_values /opt/stack/data/venv/lib/python3.12/site-packages/oslo_config/cfg.py:3253}}
Jul 13 09:42:12.361026 np0000005108 nova-scheduler[96410]: DEBUG cotyledon.oslo_config_glue [-] oslo_limit.keyfile = None {{(pid=96410) log_opt_values /opt/stack/data/venv/lib/python3.12/site-packages/oslo_config/cfg.py:3253}}
Jul 13 09:42:12.361026 np0000005108 nova-scheduler[96410]: DEBUG cotyledon.oslo_config_glue [-] oslo_limit.max_version = None {{(pid=96410) log_opt_values /opt/stack/data/venv/lib/python3.12/site-packages/oslo_config/cfg.py:3253}}
Jul 13 09:42:12.361183 np0000005108 nova-scheduler[96410]: DEBUG cotyledon.oslo_config_glue [-] oslo_limit.min_version = None {{(pid=96410) log_opt_values /opt/stack/data/venv/lib/python3.12/site-packages/oslo_config/cfg.py:3253}}
Jul 13 09:42:12.361183 np0000005108 nova-scheduler[96410]: DEBUG cotyledon.oslo_config_glue [-] oslo_limit.region_name = None {{(pid=96410) log_opt_values /opt/stack/data/venv/lib/python3.12/site-packages/oslo_config/cfg.py:3253}}
Jul 13 09:42:12.361183 np0000005108 nova-scheduler[96410]: DEBUG cotyledon.oslo_config_glue [-] oslo_limit.retriable_status_codes = None {{(pid=96410) log_opt_values /opt/stack/data/venv/lib/python3.12/site-packages/oslo_config/cfg.py:3253}}
Jul 13 09:42:12.361183 np0000005108 nova-scheduler[96410]: DEBUG cotyledon.oslo_config_glue [-] oslo_limit.service_name = None {{(pid=96410) log_opt_values /opt/stack/data/venv/lib/python3.12/site-packages/oslo_config/cfg.py:3253}}
Jul 13 09:42:12.361183 np0000005108 nova-scheduler[96410]: DEBUG cotyledon.oslo_config_glue [-] oslo_limit.service_type = None {{(pid=96410) log_opt_values /opt/stack/data/venv/lib/python3.12/site-packages/oslo_config/cfg.py:3253}}
Jul 13 09:42:12.361183 np0000005108 nova-scheduler[96410]: DEBUG cotyledon.oslo_config_glue [-] oslo_limit.split_loggers = False {{(pid=96410) log_opt_values /opt/stack/data/venv/lib/python3.12/site-packages/oslo_config/cfg.py:3253}}
Jul 13 09:42:12.361183 np0000005108 nova-scheduler[96410]: DEBUG cotyledon.oslo_config_glue [-] oslo_limit.status_code_retries = None {{(pid=96410) log_opt_values /opt/stack/data/venv/lib/python3.12/site-packages/oslo_config/cfg.py:3253}}
Jul 13 09:42:12.361183 np0000005108 nova-scheduler[96410]: DEBUG cotyledon.oslo_config_glue [-] oslo_limit.status_code_retry_delay = None {{(pid=96410) log_opt_values /opt/stack/data/venv/lib/python3.12/site-packages/oslo_config/cfg.py:3253}}
Jul 13 09:42:12.361183 np0000005108 nova-scheduler[96410]: DEBUG cotyledon.oslo_config_glue [-] oslo_limit.timeout = None {{(pid=96410) log_opt_values /opt/stack/data/venv/lib/python3.12/site-packages/oslo_config/cfg.py:3253}}
Jul 13 09:42:12.361462 np0000005108 nova-scheduler[96410]: DEBUG cotyledon.oslo_config_glue [-] oslo_limit.valid_interfaces = None {{(pid=96410) log_opt_values /opt/stack/data/venv/lib/python3.12/site-packages/oslo_config/cfg.py:3253}}
Jul 13 09:42:12.361462 np0000005108 nova-scheduler[96410]: DEBUG cotyledon.oslo_config_glue [-] oslo_limit.version = None {{(pid=96410) log_opt_values /opt/stack/data/venv/lib/python3.12/site-packages/oslo_config/cfg.py:3253}}
Jul 13 09:42:12.361462 np0000005108 nova-scheduler[96410]: DEBUG cotyledon.oslo_config_glue [-] oslo_reports.file_event_handler = None {{(pid=96410) log_opt_values /opt/stack/data/venv/lib/python3.12/site-packages/oslo_config/cfg.py:3253}}
Jul 13 09:42:12.361462 np0000005108 nova-scheduler[96410]: DEBUG cotyledon.oslo_config_glue [-] oslo_reports.file_event_handler_interval = 1 {{(pid=96410) log_opt_values /opt/stack/data/venv/lib/python3.12/site-packages/oslo_config/cfg.py:3253}}
Jul 13 09:42:12.361462 np0000005108 nova-scheduler[96410]: DEBUG cotyledon.oslo_config_glue [-] oslo_reports.log_dir = None {{(pid=96410) log_opt_values /opt/stack/data/venv/lib/python3.12/site-packages/oslo_config/cfg.py:3253}}
Jul 13 09:42:12.361462 np0000005108 nova-scheduler[96410]: DEBUG cotyledon.oslo_config_glue [-] ******************************************************************************** {{(pid=96410) log_opt_values /opt/stack/data/venv/lib/python3.12/site-packages/oslo_config/cfg.py:3260}}
Jul 13 09:42:12.361462 np0000005108 nova-scheduler[96410]: DEBUG cotyledon._service_worker [-] Run service ServiceWrapper(3) [96410] {{(pid=96410) wait_forever /opt/stack/data/venv/lib/python3.12/site-packages/cotyledon/_service_worker.py:218}}
Jul 13 09:42:12.361462 np0000005108 nova-scheduler[96410]: INFO nova.service [-] Starting scheduler node (version 33.1.0)
Jul 13 09:42:12.361462 np0000005108 nova-scheduler[96410]: INFO dbcounter [None req-5af37078-8fc3-41ba-9dda-dce193b28614 None None] Registered counter for database nova_cell0
Jul 13 09:42:12.361704 np0000005108 nova-scheduler[96404]: DEBUG oslo_db.sqlalchemy.engines [None req-637987bb-cd7b-4238-b372-fc26c087e4ff None None] MySQL server mode set to STRICT_TRANS_TABLES,STRICT_ALL_TABLES,NO_ZERO_IN_DATE,NO_ZERO_DATE,ERROR_FOR_DIVISION_BY_ZERO,TRADITIONAL,NO_ENGINE_SUBSTITUTION {{(pid=96404) _check_effective_sql_mode /opt/stack/data/venv/lib/python3.12/site-packages/oslo_db/sqlalchemy/engines.py:325}}
Jul 13 09:42:12.361704 np0000005108 nova-scheduler[96404]: DEBUG dbcounter [-] [96404] Writer thread running {{(pid=96404) stat_writer /opt/stack/data/venv/lib/python3.12/site-packages/dbcounter.py:102}}
Jul 13 09:42:12.361764 np0000005108 nova-scheduler[96408]: DEBUG oslo_db.sqlalchemy.engines [None req-e57f4476-b978-444f-9e7f-9e01d310cc56 None None] MySQL server mode set to STRICT_TRANS_TABLES,STRICT_ALL_TABLES,NO_ZERO_IN_DATE,NO_ZERO_DATE,ERROR_FOR_DIVISION_BY_ZERO,TRADITIONAL,NO_ENGINE_SUBSTITUTION {{(pid=96408) _check_effective_sql_mode /opt/stack/data/venv/lib/python3.12/site-packages/oslo_db/sqlalchemy/engines.py:325}}
Jul 13 09:42:12.361797 np0000005108 nova-scheduler[96406]: DEBUG oslo_db.sqlalchemy.engines [None req-8da9295c-7cce-462a-8f38-241915d89bec None None] MySQL server mode set to STRICT_TRANS_TABLES,STRICT_ALL_TABLES,NO_ZERO_IN_DATE,NO_ZERO_DATE,ERROR_FOR_DIVISION_BY_ZERO,TRADITIONAL,NO_ENGINE_SUBSTITUTION {{(pid=96406) _check_effective_sql_mode /opt/stack/data/venv/lib/python3.12/site-packages/oslo_db/sqlalchemy/engines.py:325}}
Jul 13 09:42:12.363404 np0000005108 nova-scheduler[96408]: DEBUG dbcounter [-] [96408] Writer thread running {{(pid=96408) stat_writer /opt/stack/data/venv/lib/python3.12/site-packages/dbcounter.py:102}}
Jul 13 09:42:12.371427 np0000005108 nova-scheduler[96406]: DEBUG dbcounter [-] [96406] Writer thread running {{(pid=96406) stat_writer /opt/stack/data/venv/lib/python3.12/site-packages/dbcounter.py:102}}
Jul 13 09:42:12.380494 np0000005108 nova-scheduler[96404]: DEBUG nova.service [None req-637987bb-cd7b-4238-b372-fc26c087e4ff None None] Creating RPC server for service: nova-scheduler on topic: scheduler {{(pid=96404) start /opt/stack/nova/nova/service.py:196}}
Jul 13 09:42:12.385792 np0000005108 nova-scheduler[96408]: DEBUG nova.service [None req-e57f4476-b978-444f-9e7f-9e01d310cc56 None None] Creating RPC server for service: nova-scheduler on topic: scheduler {{(pid=96408) start /opt/stack/nova/nova/service.py:196}}
Jul 13 09:42:12.388877 np0000005108 nova-scheduler[96410]: DEBUG oslo_db.sqlalchemy.engines [None req-5af37078-8fc3-41ba-9dda-dce193b28614 None None] MySQL server mode set to STRICT_TRANS_TABLES,STRICT_ALL_TABLES,NO_ZERO_IN_DATE,NO_ZERO_DATE,ERROR_FOR_DIVISION_BY_ZERO,TRADITIONAL,NO_ENGINE_SUBSTITUTION {{(pid=96410) _check_effective_sql_mode /opt/stack/data/venv/lib/python3.12/site-packages/oslo_db/sqlalchemy/engines.py:325}}
Jul 13 09:42:12.391074 np0000005108 nova-scheduler[96406]: DEBUG nova.service [None req-8da9295c-7cce-462a-8f38-241915d89bec None None] Creating RPC server for service: nova-scheduler on topic: scheduler {{(pid=96406) start /opt/stack/nova/nova/service.py:196}}
Jul 13 09:42:12.400439 np0000005108 nova-scheduler[96410]: DEBUG dbcounter [-] [96410] Writer thread running {{(pid=96410) stat_writer /opt/stack/data/venv/lib/python3.12/site-packages/dbcounter.py:102}}
Jul 13 09:42:12.403830 np0000005108 nova-scheduler[96410]: DEBUG nova.service [None req-5af37078-8fc3-41ba-9dda-dce193b28614 None None] Creating RPC server for service: nova-scheduler on topic: scheduler {{(pid=96410) start /opt/stack/nova/nova/service.py:196}}
Jul 13 09:42:12.407809 np0000005108 nova-scheduler[96408]: DEBUG nova.service [None req-e57f4476-b978-444f-9e7f-9e01d310cc56 None None] Join ServiceGroup membership for this service scheduler {{(pid=96408) start /opt/stack/nova/nova/service.py:222}}
Jul 13 09:42:12.408138 np0000005108 nova-scheduler[96408]: DEBUG nova.servicegroup.drivers.db [None req-e57f4476-b978-444f-9e7f-9e01d310cc56 None None] DB_Driver: join new ServiceGroup member np0000005108 to the scheduler group, service = {{(pid=96408) join /opt/stack/nova/nova/servicegroup/drivers/db.py:44}}
Jul 13 09:42:12.408773 np0000005108 nova-scheduler[96406]: DEBUG nova.service [None req-8da9295c-7cce-462a-8f38-241915d89bec None None] Join ServiceGroup membership for this service scheduler {{(pid=96406) start /opt/stack/nova/nova/service.py:222}}
Jul 13 09:42:12.409003 np0000005108 nova-scheduler[96406]: DEBUG nova.servicegroup.drivers.db [None req-8da9295c-7cce-462a-8f38-241915d89bec None None] DB_Driver: join new ServiceGroup member np0000005108 to the scheduler group, service = {{(pid=96406) join /opt/stack/nova/nova/servicegroup/drivers/db.py:44}}
Jul 13 09:42:12.410766 np0000005108 nova-scheduler[96406]: DEBUG oslo.service.backend._threading.loopingcall [None req-058e99ee-4bcd-41ba-b33d-ec1e4d48e393 None None] Dynamic interval looping call 'nova.service.Service.periodic_tasks' sleeping for 60.00 seconds {{(pid=96406) _run_loop /opt/stack/data/venv/lib/python3.12/site-packages/oslo_service/backend/_threading/loopingcall.py:125}}
Jul 13 09:42:12.411885 np0000005108 nova-scheduler[96404]: DEBUG nova.service [None req-637987bb-cd7b-4238-b372-fc26c087e4ff None None] Join ServiceGroup membership for this service scheduler {{(pid=96404) start /opt/stack/nova/nova/service.py:222}}
Jul 13 09:42:12.411968 np0000005108 nova-scheduler[96404]: DEBUG nova.servicegroup.drivers.db [None req-637987bb-cd7b-4238-b372-fc26c087e4ff None None] DB_Driver: join new ServiceGroup member np0000005108 to the scheduler group, service = {{(pid=96404) join /opt/stack/nova/nova/servicegroup/drivers/db.py:44}}
Jul 13 09:42:12.420191 np0000005108 nova-scheduler[96410]: DEBUG nova.service [None req-5af37078-8fc3-41ba-9dda-dce193b28614 None None] Join ServiceGroup membership for this service scheduler {{(pid=96410) start /opt/stack/nova/nova/service.py:222}}
Jul 13 09:42:12.420512 np0000005108 nova-scheduler[96410]: DEBUG nova.servicegroup.drivers.db [None req-5af37078-8fc3-41ba-9dda-dce193b28614 None None] DB_Driver: join new ServiceGroup member np0000005108 to the scheduler group, service = {{(pid=96410) join /opt/stack/nova/nova/servicegroup/drivers/db.py:44}}
Jul 13 09:42:14.410882 np0000005108 nova-scheduler[96408]: DEBUG oslo.service.backend._threading.loopingcall [None req-4a858747-96f6-4f0a-b089-8a3805e3a43f None None] Dynamic interval looping call 'nova.service.Service.periodic_tasks' sleeping for 60.00 seconds {{(pid=96408) _run_loop /opt/stack/data/venv/lib/python3.12/site-packages/oslo_service/backend/_threading/loopingcall.py:125}}
Jul 13 09:42:17.422690 np0000005108 nova-scheduler[96406]: DEBUG oslo.service.backend._threading.loopingcall [-] Fixed interval looping call 'nova.servicegroup.drivers.db.DbDriver._report_state' sleeping for 119.99 seconds {{(pid=96406) _run_loop /opt/stack/data/venv/lib/python3.12/site-packages/oslo_service/backend/_threading/loopingcall.py:125}}
Jul 13 09:42:17.423849 np0000005108 nova-scheduler[96404]: DEBUG oslo.service.backend._threading.loopingcall [-] Fixed interval looping call 'nova.servicegroup.drivers.db.DbDriver._report_state' sleeping for 119.99 seconds {{(pid=96404) _run_loop /opt/stack/data/venv/lib/python3.12/site-packages/oslo_service/backend/_threading/loopingcall.py:125}}
Jul 13 09:42:17.424467 np0000005108 nova-scheduler[96408]: DEBUG oslo.service.backend._threading.loopingcall [-] Fixed interval looping call 'nova.servicegroup.drivers.db.DbDriver._report_state' sleeping for 119.99 seconds {{(pid=96408) _run_loop /opt/stack/data/venv/lib/python3.12/site-packages/oslo_service/backend/_threading/loopingcall.py:125}}
Jul 13 09:42:17.431912 np0000005108 nova-scheduler[96410]: DEBUG oslo.service.backend._threading.loopingcall [-] Fixed interval looping call 'nova.servicegroup.drivers.db.DbDriver._report_state' sleeping for 119.99 seconds {{(pid=96410) _run_loop /opt/stack/data/venv/lib/python3.12/site-packages/oslo_service/backend/_threading/loopingcall.py:125}}
Jul 13 09:42:20.960312 np0000005108 nova-scheduler[95209]: DEBUG dbcounter [-] [95209] Writing DB stats nova_api:SELECT=3 {{(pid=95209) stat_writer /opt/stack/data/venv/lib/python3.12/site-packages/dbcounter.py:115}}
Jul 13 09:42:21.090699 np0000005108 nova-scheduler[95209]: DEBUG dbcounter [-] [95209] Writing DB stats nova_cell0:SELECT=1 {{(pid=95209) stat_writer /opt/stack/data/venv/lib/python3.12/site-packages/dbcounter.py:115}}
Jul 13 09:42:21.095062 np0000005108 nova-scheduler[95209]: DEBUG dbcounter [-] [95209] Writing DB stats nova_cell1:SELECT=1 {{(pid=95209) stat_writer /opt/stack/data/venv/lib/python3.12/site-packages/dbcounter.py:115}}
Jul 13 09:42:27.420625 np0000005108 nova-scheduler[96406]: DEBUG dbcounter [-] [96406] Writing DB stats nova_cell0:SELECT=4,nova_cell0:INSERT=1,nova_cell0:UPDATE=1 {{(pid=96406) stat_writer /opt/stack/data/venv/lib/python3.12/site-packages/dbcounter.py:115}}
Jul 13 09:42:27.420970 np0000005108 nova-scheduler[96404]: DEBUG dbcounter [-] [96404] Writing DB stats nova_cell0:SELECT=4,nova_cell0:INSERT=1,nova_cell0:UPDATE=1 {{(pid=96404) stat_writer /opt/stack/data/venv/lib/python3.12/site-packages/dbcounter.py:115}}
Jul 13 09:42:27.424546 np0000005108 nova-scheduler[96408]: DEBUG dbcounter [-] [96408] Writing DB stats nova_cell0:SELECT=5,nova_cell0:INSERT=1,nova_cell0:UPDATE=1 {{(pid=96408) stat_writer /opt/stack/data/venv/lib/python3.12/site-packages/dbcounter.py:115}}
Jul 13 09:42:27.431551 np0000005108 nova-scheduler[96410]: DEBUG dbcounter [-] [96410] Writing DB stats nova_cell0:SELECT=3 {{(pid=96410) stat_writer /opt/stack/data/venv/lib/python3.12/site-packages/dbcounter.py:115}}
Jul 13 09:42:30.413989 np0000005108 nova-scheduler[96404]: DEBUG oslo.service.backend._threading.loopingcall [None req-b29da765-79f7-414e-aa6a-2a8b74832fea None None] Dynamic interval looping call 'nova.service.Service.periodic_tasks' sleeping for 60.00 seconds {{(pid=96404) _run_loop /opt/stack/data/venv/lib/python3.12/site-packages/oslo_service/backend/_threading/loopingcall.py:125}}
Jul 13 09:42:40.422331 np0000005108 nova-scheduler[96410]: DEBUG oslo.service.backend._threading.loopingcall [None req-7f73f8da-3ebf-4f30-983a-19aca0f4d7a5 None None] Dynamic interval looping call 'nova.service.Service.periodic_tasks' sleeping for 60.00 seconds {{(pid=96410) _run_loop /opt/stack/data/venv/lib/python3.12/site-packages/oslo_service/backend/_threading/loopingcall.py:125}}
Jul 13 09:43:12.411422 np0000005108 nova-scheduler[96406]: DEBUG oslo.service.backend._threading.loopingcall [None req-058e99ee-4bcd-41ba-b33d-ec1e4d48e393 None None] Dynamic interval looping call 'nova.service.Service.periodic_tasks' sleeping for 60.00 seconds {{(pid=96406) _run_loop /opt/stack/data/venv/lib/python3.12/site-packages/oslo_service/backend/_threading/loopingcall.py:125}}
Jul 13 09:43:14.411525 np0000005108 nova-scheduler[96408]: DEBUG oslo.service.backend._threading.loopingcall [None req-4a858747-96f6-4f0a-b089-8a3805e3a43f None None] Dynamic interval looping call 'nova.service.Service.periodic_tasks' sleeping for 60.00 seconds {{(pid=96408) _run_loop /opt/stack/data/venv/lib/python3.12/site-packages/oslo_service/backend/_threading/loopingcall.py:125}}
Jul 13 09:43:30.414449 np0000005108 nova-scheduler[96404]: DEBUG oslo.service.backend._threading.loopingcall [None req-b29da765-79f7-414e-aa6a-2a8b74832fea None None] Dynamic interval looping call 'nova.service.Service.periodic_tasks' sleeping for 60.00 seconds {{(pid=96404) _run_loop /opt/stack/data/venv/lib/python3.12/site-packages/oslo_service/backend/_threading/loopingcall.py:125}}
Jul 13 09:43:40.423069 np0000005108 nova-scheduler[96410]: DEBUG oslo.service.backend._threading.loopingcall [None req-7f73f8da-3ebf-4f30-983a-19aca0f4d7a5 None None] Dynamic interval looping call 'nova.service.Service.periodic_tasks' sleeping for 60.00 seconds {{(pid=96410) _run_loop /opt/stack/data/venv/lib/python3.12/site-packages/oslo_service/backend/_threading/loopingcall.py:125}}
Jul 13 09:44:12.412080 np0000005108 nova-scheduler[96406]: DEBUG oslo.service.backend._threading.loopingcall [None req-058e99ee-4bcd-41ba-b33d-ec1e4d48e393 None None] Dynamic interval looping call 'nova.service.Service.periodic_tasks' sleeping for 60.00 seconds {{(pid=96406) _run_loop /opt/stack/data/venv/lib/python3.12/site-packages/oslo_service/backend/_threading/loopingcall.py:125}}
Jul 13 09:44:14.412014 np0000005108 nova-scheduler[96408]: DEBUG oslo.service.backend._threading.loopingcall [None req-4a858747-96f6-4f0a-b089-8a3805e3a43f None None] Dynamic interval looping call 'nova.service.Service.periodic_tasks' sleeping for 60.00 seconds {{(pid=96408) _run_loop /opt/stack/data/venv/lib/python3.12/site-packages/oslo_service/backend/_threading/loopingcall.py:125}}
Jul 13 09:44:17.421326 np0000005108 nova-scheduler[96406]: DEBUG oslo.service.backend._threading.loopingcall [-] Fixed interval looping call 'nova.servicegroup.drivers.db.DbDriver._report_state' sleeping for 119.99 seconds {{(pid=96406) _run_loop /opt/stack/data/venv/lib/python3.12/site-packages/oslo_service/backend/_threading/loopingcall.py:125}}
Jul 13 09:44:17.421822 np0000005108 nova-scheduler[96404]: DEBUG oslo.service.backend._threading.loopingcall [-] Fixed interval looping call 'nova.servicegroup.drivers.db.DbDriver._report_state' sleeping for 119.99 seconds {{(pid=96404) _run_loop /opt/stack/data/venv/lib/python3.12/site-packages/oslo_service/backend/_threading/loopingcall.py:125}}
Jul 13 09:44:17.423494 np0000005108 nova-scheduler[96408]: DEBUG oslo.service.backend._threading.loopingcall [-] Fixed interval looping call 'nova.servicegroup.drivers.db.DbDriver._report_state' sleeping for 119.99 seconds {{(pid=96408) _run_loop /opt/stack/data/venv/lib/python3.12/site-packages/oslo_service/backend/_threading/loopingcall.py:125}}
Jul 13 09:44:17.426456 np0000005108 nova-scheduler[96410]: DEBUG oslo.service.backend._threading.loopingcall [-] Fixed interval looping call 'nova.servicegroup.drivers.db.DbDriver._report_state' sleeping for 120.00 seconds {{(pid=96410) _run_loop /opt/stack/data/venv/lib/python3.12/site-packages/oslo_service/backend/_threading/loopingcall.py:125}}
Jul 13 09:44:27.416423 np0000005108 nova-scheduler[96406]: DEBUG dbcounter [-] [96406] Writing DB stats nova_cell0:SELECT=1,nova_cell0:UPDATE=1 {{(pid=96406) stat_writer /opt/stack/data/venv/lib/python3.12/site-packages/dbcounter.py:115}}
Jul 13 09:44:27.418015 np0000005108 nova-scheduler[96404]: DEBUG dbcounter [-] [96404] Writing DB stats nova_cell0:SELECT=1,nova_cell0:UPDATE=1 {{(pid=96404) stat_writer /opt/stack/data/venv/lib/python3.12/site-packages/dbcounter.py:115}}
Jul 13 09:44:27.418952 np0000005108 nova-scheduler[96408]: DEBUG dbcounter [-] [96408] Writing DB stats nova_cell0:SELECT=1,nova_cell0:UPDATE=1 {{(pid=96408) stat_writer /opt/stack/data/venv/lib/python3.12/site-packages/dbcounter.py:115}}
Jul 13 09:44:27.424698 np0000005108 nova-scheduler[96410]: DEBUG dbcounter [-] [96410] Writing DB stats nova_cell0:SELECT=1 {{(pid=96410) stat_writer /opt/stack/data/venv/lib/python3.12/site-packages/dbcounter.py:115}}
Jul 13 09:44:30.415242 np0000005108 nova-scheduler[96404]: DEBUG oslo.service.backend._threading.loopingcall [None req-b29da765-79f7-414e-aa6a-2a8b74832fea None None] Dynamic interval looping call 'nova.service.Service.periodic_tasks' sleeping for 60.00 seconds {{(pid=96404) _run_loop /opt/stack/data/venv/lib/python3.12/site-packages/oslo_service/backend/_threading/loopingcall.py:125}}
Jul 13 09:44:40.423658 np0000005108 nova-scheduler[96410]: DEBUG oslo.service.backend._threading.loopingcall [None req-7f73f8da-3ebf-4f30-983a-19aca0f4d7a5 None None] Dynamic interval looping call 'nova.service.Service.periodic_tasks' sleeping for 60.00 seconds {{(pid=96410) _run_loop /opt/stack/data/venv/lib/python3.12/site-packages/oslo_service/backend/_threading/loopingcall.py:125}}
Jul 13 09:44:49.188757 np0000005108 nova-scheduler[96408]: DEBUG nova.scheduler.manager [None req-928d14f9-4213-4e8e-94b9-2be2ef1de563 tempest-ServerActionsTestOtherA-462984426 tempest-ServerActionsTestOtherA-462984426-project-member] Starting to schedule for instances: ['c304286b-c003-473e-8419-0da793e233c8'] {{(pid=96408) select_destinations /opt/stack/nova/nova/scheduler/manager.py:209}}
Jul 13 09:44:49.189595 np0000005108 nova-scheduler[96408]: DEBUG nova.scheduler.request_filter [None req-928d14f9-4213-4e8e-94b9-2be2ef1de563 tempest-ServerActionsTestOtherA-462984426 tempest-ServerActionsTestOtherA-462984426-project-member] compute_status_filter request filter added forbidden trait COMPUTE_STATUS_DISABLED {{(pid=96408) compute_status_filter /opt/stack/nova/nova/scheduler/request_filter.py:253}}
Jul 13 09:44:49.190548 np0000005108 nova-scheduler[96408]: DEBUG nova.scheduler.request_filter [None req-928d14f9-4213-4e8e-94b9-2be2ef1de563 tempest-ServerActionsTestOtherA-462984426 tempest-ServerActionsTestOtherA-462984426-project-member] Request filter 'compute_status_filter' took 0.0 seconds {{(pid=96408) wrapper /opt/stack/nova/nova/scheduler/request_filter.py:46}}
Jul 13 09:44:49.194710 np0000005108 nova-scheduler[96408]: DEBUG nova.scheduler.request_filter [None req-928d14f9-4213-4e8e-94b9-2be2ef1de563 tempest-ServerActionsTestOtherA-462984426 tempest-ServerActionsTestOtherA-462984426-project-member] Request filter 'accelerators_filter' took 0.0 seconds {{(pid=96408) wrapper /opt/stack/nova/nova/scheduler/request_filter.py:46}}
Jul 13 09:44:49.194710 np0000005108 nova-scheduler[96408]: DEBUG nova.scheduler.request_filter [None req-928d14f9-4213-4e8e-94b9-2be2ef1de563 tempest-ServerActionsTestOtherA-462984426 tempest-ServerActionsTestOtherA-462984426-project-member] Request filter 'packed_virtqueue_filter' took 0.0 seconds {{(pid=96408) wrapper /opt/stack/nova/nova/scheduler/request_filter.py:46}}
Jul 13 09:44:49.194710 np0000005108 nova-scheduler[96408]: DEBUG nova.scheduler.request_filter [None req-928d14f9-4213-4e8e-94b9-2be2ef1de563 tempest-ServerActionsTestOtherA-462984426 tempest-ServerActionsTestOtherA-462984426-project-member] Request filter 'remote_managed_ports_filter' took 0.0 seconds {{(pid=96408) wrapper /opt/stack/nova/nova/scheduler/request_filter.py:46}}
Jul 13 09:44:49.194710 np0000005108 nova-scheduler[96408]: DEBUG nova.scheduler.request_filter [None req-928d14f9-4213-4e8e-94b9-2be2ef1de563 tempest-ServerActionsTestOtherA-462984426 tempest-ServerActionsTestOtherA-462984426-project-member] ephemeral_encryption_filter skipped {{(pid=96408) ephemeral_encryption_filter /opt/stack/nova/nova/scheduler/request_filter.py:426}}
Jul 13 09:44:49.194710 np0000005108 nova-scheduler[96408]: DEBUG nova.scheduler.request_filter [None req-928d14f9-4213-4e8e-94b9-2be2ef1de563 tempest-ServerActionsTestOtherA-462984426 tempest-ServerActionsTestOtherA-462984426-project-member] virtio_sound_filter skipped {{(pid=96408) virtio_sound_filter /opt/stack/nova/nova/scheduler/request_filter.py:460}}
Jul 13 09:44:49.195217 np0000005108 nova-scheduler[96408]: DEBUG nova.scheduler.request_filter [None req-928d14f9-4213-4e8e-94b9-2be2ef1de563 tempest-ServerActionsTestOtherA-462984426 tempest-ServerActionsTestOtherA-462984426-project-member] tpm_secret_security_filter skipped {{(pid=96408) tpm_secret_security_filter /opt/stack/nova/nova/scheduler/request_filter.py:477}}
Jul 13 09:44:49.981037 np0000005108 nova-scheduler[96408]: INFO nova.utils [None req-928d14f9-4213-4e8e-94b9-2be2ef1de563 tempest-ServerActionsTestOtherA-462984426 tempest-ServerActionsTestOtherA-462984426-project-member] The cell worker thread pool ForkProcess-3.cell_worker is initialized
Jul 13 09:44:49.981372 np0000005108 nova-scheduler[96408]: DEBUG oslo_concurrency.lockutils [None req-928d14f9-4213-4e8e-94b9-2be2ef1de563 tempest-ServerActionsTestOtherA-462984426 tempest-ServerActionsTestOtherA-462984426-project-member] Acquiring lock "afdff2b6-c49a-4f26-ad58-66e7fdc50caf" by "nova.context.set_target_cell..get_or_set_cached_cell_and_set_connections" {{(pid=96408) inner /opt/stack/data/venv/lib/python3.12/site-packages/oslo_concurrency/lockutils.py:511}}
Jul 13 09:44:49.981592 np0000005108 nova-scheduler[96408]: DEBUG oslo_concurrency.lockutils [None req-928d14f9-4213-4e8e-94b9-2be2ef1de563 tempest-ServerActionsTestOtherA-462984426 tempest-ServerActionsTestOtherA-462984426-project-member] Lock "afdff2b6-c49a-4f26-ad58-66e7fdc50caf" acquired by "nova.context.set_target_cell..get_or_set_cached_cell_and_set_connections" :: waited 0.000s {{(pid=96408) inner /opt/stack/data/venv/lib/python3.12/site-packages/oslo_concurrency/lockutils.py:524}}
