Aug 18 08:38:13.724255 np0000007622 nova-scheduler[93453]: DEBUG cotyledon.oslo_config_glue [-] oslo_messaging_rabbit.rabbit_quorum_max_memory_length = 0 {{(pid=93453) log_opt_values /opt/stack/data/venv/lib/python3.12/site-packages/oslo_config/cfg.py:3560}}
Aug 18 08:38:13.724255 np0000007622 nova-scheduler[93453]: DEBUG cotyledon.oslo_config_glue [-] oslo_messaging_rabbit.rabbit_quorum_queue = False {{(pid=93453) log_opt_values /opt/stack/data/venv/lib/python3.12/site-packages/oslo_config/cfg.py:3560}}
Aug 18 08:38:13.724255 np0000007622 nova-scheduler[93453]: DEBUG cotyledon.oslo_config_glue [-] oslo_messaging_rabbit.rabbit_retry_backoff = 2 {{(pid=93453) log_opt_values /opt/stack/data/venv/lib/python3.12/site-packages/oslo_config/cfg.py:3560}}
Aug 18 08:38:13.724255 np0000007622 nova-scheduler[93453]: DEBUG cotyledon.oslo_config_glue [-] oslo_messaging_rabbit.rabbit_retry_interval = 1 {{(pid=93453) log_opt_values /opt/stack/data/venv/lib/python3.12/site-packages/oslo_config/cfg.py:3560}}
Aug 18 08:38:13.724255 np0000007622 nova-scheduler[93453]: DEBUG cotyledon.oslo_config_glue [-] oslo_messaging_rabbit.rabbit_stream_fanout = False {{(pid=93453) log_opt_values /opt/stack/data/venv/lib/python3.12/site-packages/oslo_config/cfg.py:3560}}
Aug 18 08:38:13.724399 np0000007622 nova-scheduler[93453]: DEBUG cotyledon.oslo_config_glue [-] oslo_messaging_rabbit.rabbit_transient_queues_ttl = 1800 {{(pid=93453) log_opt_values /opt/stack/data/venv/lib/python3.12/site-packages/oslo_config/cfg.py:3560}}
Aug 18 08:38:13.724399 np0000007622 nova-scheduler[93453]: DEBUG cotyledon.oslo_config_glue [-] oslo_messaging_rabbit.rabbit_transient_quorum_queue = False {{(pid=93453) log_opt_values /opt/stack/data/venv/lib/python3.12/site-packages/oslo_config/cfg.py:3560}}
Aug 18 08:38:13.724399 np0000007622 nova-scheduler[93453]: DEBUG cotyledon.oslo_config_glue [-] oslo_messaging_rabbit.rpc_conn_pool_size = 30 {{(pid=93453) log_opt_values /opt/stack/data/venv/lib/python3.12/site-packages/oslo_config/cfg.py:3560}}
Aug 18 08:38:13.724399 np0000007622 nova-scheduler[93453]: DEBUG cotyledon.oslo_config_glue [-] oslo_messaging_rabbit.ssl = False {{(pid=93453) log_opt_values /opt/stack/data/venv/lib/python3.12/site-packages/oslo_config/cfg.py:3560}}
Aug 18 08:38:13.724399 np0000007622 nova-scheduler[93453]: DEBUG cotyledon.oslo_config_glue [-] oslo_messaging_rabbit.ssl_ca_file = {{(pid=93453) log_opt_values /opt/stack/data/venv/lib/python3.12/site-packages/oslo_config/cfg.py:3560}}
Aug 18 08:38:13.724399 np0000007622 nova-scheduler[93453]: DEBUG cotyledon.oslo_config_glue [-] oslo_messaging_rabbit.ssl_cert_file = {{(pid=93453) log_opt_values /opt/stack/data/venv/lib/python3.12/site-packages/oslo_config/cfg.py:3560}}
Aug 18 08:38:13.724399 np0000007622 nova-scheduler[93453]: DEBUG cotyledon.oslo_config_glue [-] oslo_messaging_rabbit.ssl_enforce_fips_mode = False {{(pid=93453) log_opt_values /opt/stack/data/venv/lib/python3.12/site-packages/oslo_config/cfg.py:3560}}
Aug 18 08:38:13.724399 np0000007622 nova-scheduler[93453]: DEBUG cotyledon.oslo_config_glue [-] oslo_messaging_rabbit.ssl_enforce_hostname_verification = True {{(pid=93453) log_opt_values /opt/stack/data/venv/lib/python3.12/site-packages/oslo_config/cfg.py:3560}}
Aug 18 08:38:13.724399 np0000007622 nova-scheduler[93453]: DEBUG cotyledon.oslo_config_glue [-] oslo_messaging_rabbit.ssl_key_file = {{(pid=93453) log_opt_values /opt/stack/data/venv/lib/python3.12/site-packages/oslo_config/cfg.py:3560}}
Aug 18 08:38:13.724651 np0000007622 nova-scheduler[93453]: DEBUG cotyledon.oslo_config_glue [-] oslo_messaging_rabbit.ssl_version = {{(pid=93453) log_opt_values /opt/stack/data/venv/lib/python3.12/site-packages/oslo_config/cfg.py:3560}}
Aug 18 08:38:13.724651 np0000007622 nova-scheduler[93453]: DEBUG cotyledon.oslo_config_glue [-] oslo_messaging_rabbit.use_queue_manager = False {{(pid=93453) log_opt_values /opt/stack/data/venv/lib/python3.12/site-packages/oslo_config/cfg.py:3560}}
Aug 18 08:38:13.724651 np0000007622 nova-scheduler[93453]: DEBUG cotyledon.oslo_config_glue [-] oslo_messaging_notifications.driver = ['messagingv2'] {{(pid=93453) log_opt_values /opt/stack/data/venv/lib/python3.12/site-packages/oslo_config/cfg.py:3560}}
Aug 18 08:38:13.724651 np0000007622 nova-scheduler[93453]: DEBUG cotyledon.oslo_config_glue [-] oslo_messaging_notifications.retry = -1 {{(pid=93453) log_opt_values /opt/stack/data/venv/lib/python3.12/site-packages/oslo_config/cfg.py:3560}}
Aug 18 08:38:13.724651 np0000007622 nova-scheduler[93453]: DEBUG cotyledon.oslo_config_glue [-] oslo_messaging_notifications.topics = ['notifications'] {{(pid=93453) log_opt_values /opt/stack/data/venv/lib/python3.12/site-packages/oslo_config/cfg.py:3560}}
Aug 18 08:38:13.724651 np0000007622 nova-scheduler[93453]: DEBUG cotyledon.oslo_config_glue [-] oslo_messaging_notifications.transport_url = **** {{(pid=93453) log_opt_values /opt/stack/data/venv/lib/python3.12/site-packages/oslo_config/cfg.py:3560}}
Aug 18 08:38:13.724651 np0000007622 nova-scheduler[93453]: DEBUG cotyledon.oslo_config_glue [-] oslo_limit.auth_section = None {{(pid=93453) log_opt_values /opt/stack/data/venv/lib/python3.12/site-packages/oslo_config/cfg.py:3560}}
Aug 18 08:38:13.724651 np0000007622 nova-scheduler[93453]: DEBUG cotyledon.oslo_config_glue [-] oslo_limit.auth_type = None {{(pid=93453) log_opt_values /opt/stack/data/venv/lib/python3.12/site-packages/oslo_config/cfg.py:3560}}
Aug 18 08:38:13.724651 np0000007622 nova-scheduler[93453]: DEBUG cotyledon.oslo_config_glue [-] oslo_limit.cafile = None {{(pid=93453) log_opt_values /opt/stack/data/venv/lib/python3.12/site-packages/oslo_config/cfg.py:3560}}
Aug 18 08:38:13.724920 np0000007622 nova-scheduler[93453]: DEBUG cotyledon.oslo_config_glue [-] oslo_limit.certfile = None {{(pid=93453) log_opt_values /opt/stack/data/venv/lib/python3.12/site-packages/oslo_config/cfg.py:3560}}
Aug 18 08:38:13.724920 np0000007622 nova-scheduler[93453]: DEBUG cotyledon.oslo_config_glue [-] oslo_limit.collect_timing = False {{(pid=93453) log_opt_values /opt/stack/data/venv/lib/python3.12/site-packages/oslo_config/cfg.py:3560}}
Aug 18 08:38:13.724920 np0000007622 nova-scheduler[93453]: DEBUG cotyledon.oslo_config_glue [-] oslo_limit.connect_retries = None {{(pid=93453) log_opt_values /opt/stack/data/venv/lib/python3.12/site-packages/oslo_config/cfg.py:3560}}
Aug 18 08:38:13.724920 np0000007622 nova-scheduler[93453]: DEBUG cotyledon.oslo_config_glue [-] oslo_limit.connect_retry_delay = None {{(pid=93453) log_opt_values /opt/stack/data/venv/lib/python3.12/site-packages/oslo_config/cfg.py:3560}}
Aug 18 08:38:13.724920 np0000007622 nova-scheduler[93453]: DEBUG cotyledon.oslo_config_glue [-] oslo_limit.endpoint_id = None {{(pid=93453) log_opt_values /opt/stack/data/venv/lib/python3.12/site-packages/oslo_config/cfg.py:3560}}
Aug 18 08:38:13.724920 np0000007622 nova-scheduler[93453]: DEBUG cotyledon.oslo_config_glue [-] oslo_limit.endpoint_interface = public {{(pid=93453) log_opt_values /opt/stack/data/venv/lib/python3.12/site-packages/oslo_config/cfg.py:3560}}
Aug 18 08:38:13.724920 np0000007622 nova-scheduler[93453]: DEBUG cotyledon.oslo_config_glue [-] oslo_limit.endpoint_override = None {{(pid=93453) log_opt_values /opt/stack/data/venv/lib/python3.12/site-packages/oslo_config/cfg.py:3560}}
Aug 18 08:38:13.724920 np0000007622 nova-scheduler[93453]: DEBUG cotyledon.oslo_config_glue [-] oslo_limit.endpoint_region_name = None {{(pid=93453) log_opt_values /opt/stack/data/venv/lib/python3.12/site-packages/oslo_config/cfg.py:3560}}
Aug 18 08:38:13.724920 np0000007622 nova-scheduler[93453]: DEBUG cotyledon.oslo_config_glue [-] oslo_limit.endpoint_service_name = None {{(pid=93453) log_opt_values /opt/stack/data/venv/lib/python3.12/site-packages/oslo_config/cfg.py:3560}}
Aug 18 08:38:13.725207 np0000007622 nova-scheduler[93453]: DEBUG cotyledon.oslo_config_glue [-] oslo_limit.endpoint_service_type = None {{(pid=93453) log_opt_values /opt/stack/data/venv/lib/python3.12/site-packages/oslo_config/cfg.py:3560}}
Aug 18 08:38:13.725207 np0000007622 nova-scheduler[93453]: DEBUG cotyledon.oslo_config_glue [-] oslo_limit.insecure = False {{(pid=93453) log_opt_values /opt/stack/data/venv/lib/python3.12/site-packages/oslo_config/cfg.py:3560}}
Aug 18 08:38:13.725207 np0000007622 nova-scheduler[93453]: DEBUG cotyledon.oslo_config_glue [-] oslo_limit.keyfile = None {{(pid=93453) log_opt_values /opt/stack/data/venv/lib/python3.12/site-packages/oslo_config/cfg.py:3560}}
Aug 18 08:38:13.725207 np0000007622 nova-scheduler[93453]: DEBUG cotyledon.oslo_config_glue [-] oslo_limit.max_version = None {{(pid=93453) log_opt_values /opt/stack/data/venv/lib/python3.12/site-packages/oslo_config/cfg.py:3560}}
Aug 18 08:38:13.725207 np0000007622 nova-scheduler[93453]: DEBUG cotyledon.oslo_config_glue [-] oslo_limit.min_version = None {{(pid=93453) log_opt_values /opt/stack/data/venv/lib/python3.12/site-packages/oslo_config/cfg.py:3560}}
Aug 18 08:38:13.725207 np0000007622 nova-scheduler[93453]: DEBUG cotyledon.oslo_config_glue [-] oslo_limit.region_name = None {{(pid=93453) log_opt_values /opt/stack/data/venv/lib/python3.12/site-packages/oslo_config/cfg.py:3560}}
Aug 18 08:38:13.725207 np0000007622 nova-scheduler[93453]: DEBUG cotyledon.oslo_config_glue [-] oslo_limit.retriable_status_codes = None {{(pid=93453) log_opt_values /opt/stack/data/venv/lib/python3.12/site-packages/oslo_config/cfg.py:3560}}
Aug 18 08:38:13.725207 np0000007622 nova-scheduler[93453]: DEBUG cotyledon.oslo_config_glue [-] oslo_limit.service_name = None {{(pid=93453) log_opt_values /opt/stack/data/venv/lib/python3.12/site-packages/oslo_config/cfg.py:3560}}
Aug 18 08:38:13.725207 np0000007622 nova-scheduler[93453]: DEBUG cotyledon.oslo_config_glue [-] oslo_limit.service_type = None {{(pid=93453) log_opt_values /opt/stack/data/venv/lib/python3.12/site-packages/oslo_config/cfg.py:3560}}
Aug 18 08:38:13.725531 np0000007622 nova-scheduler[93453]: DEBUG cotyledon.oslo_config_glue [-] oslo_limit.split_loggers = False {{(pid=93453) log_opt_values /opt/stack/data/venv/lib/python3.12/site-packages/oslo_config/cfg.py:3560}}
Aug 18 08:38:13.725531 np0000007622 nova-scheduler[93453]: DEBUG cotyledon.oslo_config_glue [-] oslo_limit.status_code_retries = None {{(pid=93453) log_opt_values /opt/stack/data/venv/lib/python3.12/site-packages/oslo_config/cfg.py:3560}}
Aug 18 08:38:13.725531 np0000007622 nova-scheduler[93453]: DEBUG cotyledon.oslo_config_glue [-] oslo_limit.status_code_retry_delay = None {{(pid=93453) log_opt_values /opt/stack/data/venv/lib/python3.12/site-packages/oslo_config/cfg.py:3560}}
Aug 18 08:38:13.725531 np0000007622 nova-scheduler[93453]: DEBUG cotyledon.oslo_config_glue [-] oslo_limit.timeout = None {{(pid=93453) log_opt_values /opt/stack/data/venv/lib/python3.12/site-packages/oslo_config/cfg.py:3560}}
Aug 18 08:38:13.725531 np0000007622 nova-scheduler[93453]: DEBUG cotyledon.oslo_config_glue [-] oslo_limit.valid_interfaces = None {{(pid=93453) log_opt_values /opt/stack/data/venv/lib/python3.12/site-packages/oslo_config/cfg.py:3560}}
Aug 18 08:38:13.725531 np0000007622 nova-scheduler[93453]: DEBUG cotyledon.oslo_config_glue [-] oslo_limit.version = None {{(pid=93453) log_opt_values /opt/stack/data/venv/lib/python3.12/site-packages/oslo_config/cfg.py:3560}}
Aug 18 08:38:13.725531 np0000007622 nova-scheduler[93453]: DEBUG cotyledon.oslo_config_glue [-] oslo_reports.file_event_handler = None {{(pid=93453) log_opt_values /opt/stack/data/venv/lib/python3.12/site-packages/oslo_config/cfg.py:3560}}
Aug 18 08:38:13.725531 np0000007622 nova-scheduler[93453]: DEBUG cotyledon.oslo_config_glue [-] oslo_reports.file_event_handler_interval = 1 {{(pid=93453) log_opt_values /opt/stack/data/venv/lib/python3.12/site-packages/oslo_config/cfg.py:3560}}
Aug 18 08:38:13.725531 np0000007622 nova-scheduler[93453]: DEBUG cotyledon.oslo_config_glue [-] oslo_reports.log_dir = None {{(pid=93453) log_opt_values /opt/stack/data/venv/lib/python3.12/site-packages/oslo_config/cfg.py:3560}}
Aug 18 08:38:13.725708 np0000007622 nova-scheduler[93453]: DEBUG cotyledon.oslo_config_glue [-] ******************************************************************************** {{(pid=93453) log_opt_values /opt/stack/data/venv/lib/python3.12/site-packages/oslo_config/cfg.py:3567}}
Aug 18 08:38:13.725708 np0000007622 nova-scheduler[93453]: DEBUG cotyledon._service_worker [-] Run service ServiceWrapper(2) [93453] {{(pid=93453) wait_forever /opt/stack/data/venv/lib/python3.12/site-packages/cotyledon/_service_worker.py:218}}
Aug 18 08:38:13.725708 np0000007622 nova-scheduler[93453]: INFO nova.service [-] Starting scheduler node (version 33.1.0)
Aug 18 08:38:13.725708 np0000007622 nova-scheduler[93453]: INFO dbcounter [None req-04b48984-bbea-4dc9-8834-71bfd0a1be40 None None] Registered counter for database nova_cell0
Aug 18 08:38:13.725794 np0000007622 nova-scheduler[93449]: DEBUG oslo_db.sqlalchemy.engines [None req-d2f259cc-8962-4edb-88ef-6b85a409928b None None] MySQL server mode set to STRICT_TRANS_TABLES,STRICT_ALL_TABLES,NO_ZERO_IN_DATE,NO_ZERO_DATE,ERROR_FOR_DIVISION_BY_ZERO,TRADITIONAL,NO_ENGINE_SUBSTITUTION {{(pid=93449) _check_effective_sql_mode /opt/stack/data/venv/lib/python3.12/site-packages/oslo_db/sqlalchemy/engines.py:325}}
Aug 18 08:38:13.730225 np0000007622 nova-scheduler[93449]: DEBUG dbcounter [-] [93449] Writer thread running {{(pid=93449) stat_writer /opt/stack/data/venv/lib/python3.12/site-packages/dbcounter.py:102}}
Aug 18 08:38:13.738558 np0000007622 nova-scheduler[93453]: DEBUG oslo_db.sqlalchemy.engines [None req-04b48984-bbea-4dc9-8834-71bfd0a1be40 None None] MySQL server mode set to STRICT_TRANS_TABLES,STRICT_ALL_TABLES,NO_ZERO_IN_DATE,NO_ZERO_DATE,ERROR_FOR_DIVISION_BY_ZERO,TRADITIONAL,NO_ENGINE_SUBSTITUTION {{(pid=93453) _check_effective_sql_mode /opt/stack/data/venv/lib/python3.12/site-packages/oslo_db/sqlalchemy/engines.py:325}}
Aug 18 08:38:13.749132 np0000007622 nova-scheduler[93449]: DEBUG nova.service [None req-d2f259cc-8962-4edb-88ef-6b85a409928b None None] Creating RPC server for service: nova-scheduler on topic: scheduler {{(pid=93449) start /opt/stack/nova/nova/service.py:262}}
Aug 18 08:38:13.751828 np0000007622 nova-scheduler[93453]: DEBUG dbcounter [-] [93453] Writer thread running {{(pid=93453) stat_writer /opt/stack/data/venv/lib/python3.12/site-packages/dbcounter.py:102}}
Aug 18 08:38:13.754986 np0000007622 nova-scheduler[93453]: DEBUG nova.service [None req-04b48984-bbea-4dc9-8834-71bfd0a1be40 None None] Creating RPC server for service: nova-scheduler on topic: scheduler {{(pid=93453) start /opt/stack/nova/nova/service.py:262}}
Aug 18 08:38:13.759913 np0000007622 nova-scheduler[93451]: DEBUG oslo_db.sqlalchemy.engines [None req-02db8aa3-55c8-4b38-a874-7347921b2340 None None] MySQL server mode set to STRICT_TRANS_TABLES,STRICT_ALL_TABLES,NO_ZERO_IN_DATE,NO_ZERO_DATE,ERROR_FOR_DIVISION_BY_ZERO,TRADITIONAL,NO_ENGINE_SUBSTITUTION {{(pid=93451) _check_effective_sql_mode /opt/stack/data/venv/lib/python3.12/site-packages/oslo_db/sqlalchemy/engines.py:325}}
Aug 18 08:38:13.781197 np0000007622 nova-scheduler[93453]: DEBUG nova.service [None req-04b48984-bbea-4dc9-8834-71bfd0a1be40 None None] Join ServiceGroup membership for this service scheduler {{(pid=93453) start /opt/stack/nova/nova/service.py:288}}
Aug 18 08:38:13.781513 np0000007622 nova-scheduler[93453]: DEBUG nova.servicegroup.drivers.db [None req-04b48984-bbea-4dc9-8834-71bfd0a1be40 None None] DB_Driver: join new ServiceGroup member np0000007622 to the scheduler group, service = {{(pid=93453) join /opt/stack/nova/nova/servicegroup/drivers/db.py:44}}
Aug 18 08:38:13.781730 np0000007622 nova-scheduler[93451]: DEBUG dbcounter [-] [93451] Writer thread running {{(pid=93451) stat_writer /opt/stack/data/venv/lib/python3.12/site-packages/dbcounter.py:102}}
Aug 18 08:38:13.786394 np0000007622 nova-scheduler[93451]: DEBUG nova.service [None req-02db8aa3-55c8-4b38-a874-7347921b2340 None None] Creating RPC server for service: nova-scheduler on topic: scheduler {{(pid=93451) start /opt/stack/nova/nova/service.py:262}}
Aug 18 08:38:13.786936 np0000007622 nova-scheduler[93449]: DEBUG nova.service [None req-d2f259cc-8962-4edb-88ef-6b85a409928b None None] Join ServiceGroup membership for this service scheduler {{(pid=93449) start /opt/stack/nova/nova/service.py:288}}
Aug 18 08:38:13.787127 np0000007622 nova-scheduler[93449]: DEBUG nova.servicegroup.drivers.db [None req-d2f259cc-8962-4edb-88ef-6b85a409928b None None] DB_Driver: join new ServiceGroup member np0000007622 to the scheduler group, service = {{(pid=93449) join /opt/stack/nova/nova/servicegroup/drivers/db.py:44}}
Aug 18 08:38:13.805707 np0000007622 nova-scheduler[93451]: DEBUG nova.service [None req-02db8aa3-55c8-4b38-a874-7347921b2340 None None] Join ServiceGroup membership for this service scheduler {{(pid=93451) start /opt/stack/nova/nova/service.py:288}}
Aug 18 08:38:13.805967 np0000007622 nova-scheduler[93451]: DEBUG nova.servicegroup.drivers.db [None req-02db8aa3-55c8-4b38-a874-7347921b2340 None None] DB_Driver: join new ServiceGroup member np0000007622 to the scheduler group, service = {{(pid=93451) join /opt/stack/nova/nova/servicegroup/drivers/db.py:44}}
Aug 18 08:38:14.783977 np0000007622 nova-scheduler[93453]: DEBUG oslo.service.backend._threading.loopingcall [None req-ffc74ca2-8a11-4ba3-892c-46ea467e34e9 None None] Dynamic interval looping call 'nova.service.Service.periodic_tasks' sleeping for 60.00 seconds {{(pid=93453) _run_loop /opt/stack/data/venv/lib/python3.12/site-packages/oslo_service/backend/_threading/loopingcall.py:125}}
Aug 18 08:38:18.798173 np0000007622 nova-scheduler[93453]: DEBUG oslo.service.backend._threading.loopingcall [-] Fixed interval looping call 'nova.servicegroup.drivers.db.DbDriver._report_state' sleeping for 119.99 seconds {{(pid=93453) _run_loop /opt/stack/data/venv/lib/python3.12/site-packages/oslo_service/backend/_threading/loopingcall.py:125}}
Aug 18 08:38:18.798727 np0000007622 nova-scheduler[93449]: DEBUG oslo.service.backend._threading.loopingcall [-] Fixed interval looping call 'nova.servicegroup.drivers.db.DbDriver._report_state' sleeping for 119.99 seconds {{(pid=93449) _run_loop /opt/stack/data/venv/lib/python3.12/site-packages/oslo_service/backend/_threading/loopingcall.py:125}}
Aug 18 08:38:18.818773 np0000007622 nova-scheduler[93451]: DEBUG oslo.service.backend._threading.loopingcall [-] Fixed interval looping call 'nova.servicegroup.drivers.db.DbDriver._report_state' sleeping for 119.99 seconds {{(pid=93451) _run_loop /opt/stack/data/venv/lib/python3.12/site-packages/oslo_service/backend/_threading/loopingcall.py:125}}
Aug 18 08:38:22.364300 np0000007622 nova-scheduler[92247]: DEBUG dbcounter [-] [92247] Writing DB stats nova_api:SELECT=3 {{(pid=92247) stat_writer /opt/stack/data/venv/lib/python3.12/site-packages/dbcounter.py:115}}
Aug 18 08:38:22.493068 np0000007622 nova-scheduler[92247]: DEBUG dbcounter [-] [92247] Writing DB stats nova_cell0:SELECT=1 {{(pid=92247) stat_writer /opt/stack/data/venv/lib/python3.12/site-packages/dbcounter.py:115}}
Aug 18 08:38:22.496674 np0000007622 nova-scheduler[92247]: DEBUG dbcounter [-] [92247] Writing DB stats nova_cell1:SELECT=1 {{(pid=92247) stat_writer /opt/stack/data/venv/lib/python3.12/site-packages/dbcounter.py:115}}
Aug 18 08:38:26.789063 np0000007622 nova-scheduler[93449]: DEBUG oslo.service.backend._threading.loopingcall [None req-477aae3c-a337-4e1c-8d1d-09fa8d7ae7af None None] Dynamic interval looping call 'nova.service.Service.periodic_tasks' sleeping for 60.00 seconds {{(pid=93449) _run_loop /opt/stack/data/venv/lib/python3.12/site-packages/oslo_service/backend/_threading/loopingcall.py:125}}
Aug 18 08:38:28.793464 np0000007622 nova-scheduler[93453]: DEBUG dbcounter [-] [93453] Writing DB stats nova_cell0:SELECT=3,nova_cell0:UPDATE=1 {{(pid=93453) stat_writer /opt/stack/data/venv/lib/python3.12/site-packages/dbcounter.py:115}}
Aug 18 08:38:28.797568 np0000007622 nova-scheduler[93449]: DEBUG dbcounter [-] [93449] Writing DB stats nova_cell0:SELECT=4,nova_cell0:INSERT=1,nova_cell0:UPDATE=1 {{(pid=93449) stat_writer /opt/stack/data/venv/lib/python3.12/site-packages/dbcounter.py:115}}
Aug 18 08:38:28.815366 np0000007622 nova-scheduler[93451]: DEBUG dbcounter [-] [93451] Writing DB stats nova_cell0:SELECT=3 {{(pid=93451) stat_writer /opt/stack/data/venv/lib/python3.12/site-packages/dbcounter.py:115}}
Aug 18 08:39:05.808398 np0000007622 nova-scheduler[93451]: DEBUG oslo.service.backend._threading.loopingcall [None req-d7ddd5a8-a60d-425d-92cc-0ff7fc39ae8f None None] Dynamic interval looping call 'nova.service.Service.periodic_tasks' sleeping for 60.00 seconds {{(pid=93451) _run_loop /opt/stack/data/venv/lib/python3.12/site-packages/oslo_service/backend/_threading/loopingcall.py:125}}
Aug 18 08:39:14.784531 np0000007622 nova-scheduler[93453]: DEBUG oslo.service.backend._threading.loopingcall [None req-ffc74ca2-8a11-4ba3-892c-46ea467e34e9 None None] Dynamic interval looping call 'nova.service.Service.periodic_tasks' sleeping for 60.00 seconds {{(pid=93453) _run_loop /opt/stack/data/venv/lib/python3.12/site-packages/oslo_service/backend/_threading/loopingcall.py:125}}
Aug 18 08:39:26.789563 np0000007622 nova-scheduler[93449]: DEBUG oslo.service.backend._threading.loopingcall [None req-477aae3c-a337-4e1c-8d1d-09fa8d7ae7af None None] Dynamic interval looping call 'nova.service.Service.periodic_tasks' sleeping for 60.00 seconds {{(pid=93449) _run_loop /opt/stack/data/venv/lib/python3.12/site-packages/oslo_service/backend/_threading/loopingcall.py:125}}
Aug 18 08:40:05.808911 np0000007622 nova-scheduler[93451]: DEBUG oslo.service.backend._threading.loopingcall [None req-d7ddd5a8-a60d-425d-92cc-0ff7fc39ae8f None None] Dynamic interval looping call 'nova.service.Service.periodic_tasks' sleeping for 60.00 seconds {{(pid=93451) _run_loop /opt/stack/data/venv/lib/python3.12/site-packages/oslo_service/backend/_threading/loopingcall.py:125}}
Aug 18 08:40:14.784960 np0000007622 nova-scheduler[93453]: DEBUG oslo.service.backend._threading.loopingcall [None req-ffc74ca2-8a11-4ba3-892c-46ea467e34e9 None None] Dynamic interval looping call 'nova.service.Service.periodic_tasks' sleeping for 60.00 seconds {{(pid=93453) _run_loop /opt/stack/data/venv/lib/python3.12/site-packages/oslo_service/backend/_threading/loopingcall.py:125}}
Aug 18 08:40:18.797548 np0000007622 nova-scheduler[93453]: DEBUG oslo.service.backend._threading.loopingcall [-] Fixed interval looping call 'nova.servicegroup.drivers.db.DbDriver._report_state' sleeping for 119.99 seconds {{(pid=93453) _run_loop /opt/stack/data/venv/lib/python3.12/site-packages/oslo_service/backend/_threading/loopingcall.py:125}}
Aug 18 08:40:18.798079 np0000007622 nova-scheduler[93449]: DEBUG oslo.service.backend._threading.loopingcall [-] Fixed interval looping call 'nova.servicegroup.drivers.db.DbDriver._report_state' sleeping for 119.99 seconds {{(pid=93449) _run_loop /opt/stack/data/venv/lib/python3.12/site-packages/oslo_service/backend/_threading/loopingcall.py:125}}
Aug 18 08:40:18.814942 np0000007622 nova-scheduler[93451]: DEBUG oslo.service.backend._threading.loopingcall [-] Fixed interval looping call 'nova.servicegroup.drivers.db.DbDriver._report_state' sleeping for 119.99 seconds {{(pid=93451) _run_loop /opt/stack/data/venv/lib/python3.12/site-packages/oslo_service/backend/_threading/loopingcall.py:125}}
Aug 18 08:40:26.790129 np0000007622 nova-scheduler[93449]: DEBUG oslo.service.backend._threading.loopingcall [None req-477aae3c-a337-4e1c-8d1d-09fa8d7ae7af None None] Dynamic interval looping call 'nova.service.Service.periodic_tasks' sleeping for 60.00 seconds {{(pid=93449) _run_loop /opt/stack/data/venv/lib/python3.12/site-packages/oslo_service/backend/_threading/loopingcall.py:125}}
Aug 18 08:40:28.794047 np0000007622 nova-scheduler[93449]: DEBUG dbcounter [-] [93449] Writing DB stats nova_cell0:SELECT=1,nova_cell0:UPDATE=1 {{(pid=93449) stat_writer /opt/stack/data/venv/lib/python3.12/site-packages/dbcounter.py:115}}
Aug 18 08:40:28.794632 np0000007622 nova-scheduler[93453]: DEBUG dbcounter [-] [93453] Writing DB stats nova_cell0:SELECT=1,nova_cell0:UPDATE=1 {{(pid=93453) stat_writer /opt/stack/data/venv/lib/python3.12/site-packages/dbcounter.py:115}}
Aug 18 08:40:28.813319 np0000007622 nova-scheduler[93451]: DEBUG dbcounter [-] [93451] Writing DB stats nova_cell0:SELECT=1 {{(pid=93451) stat_writer /opt/stack/data/venv/lib/python3.12/site-packages/dbcounter.py:115}}
Aug 18 08:40:41.877686 np0000007622 nova-scheduler[93453]: DEBUG nova.scheduler.manager [None req-13ea8e42-bd8b-414b-9136-49ec3c38bc68 tempest-DeleteServersTestJSON-295007049 tempest-DeleteServersTestJSON-295007049-project-member] Starting to schedule for instances: ['22892431-b629-4e41-9b1e-9fc801d1c8df'] {{(pid=93453) select_destinations /opt/stack/nova/nova/scheduler/manager.py:197}}
Aug 18 08:40:41.878707 np0000007622 nova-scheduler[93453]: DEBUG nova.scheduler.request_filter [None req-13ea8e42-bd8b-414b-9136-49ec3c38bc68 tempest-DeleteServersTestJSON-295007049 tempest-DeleteServersTestJSON-295007049-project-member] compute_status_filter request filter added forbidden trait COMPUTE_STATUS_DISABLED {{(pid=93453) compute_status_filter /opt/stack/nova/nova/scheduler/request_filter.py:253}}
Aug 18 08:40:41.878938 np0000007622 nova-scheduler[93453]: DEBUG nova.scheduler.request_filter [None req-13ea8e42-bd8b-414b-9136-49ec3c38bc68 tempest-DeleteServersTestJSON-295007049 tempest-DeleteServersTestJSON-295007049-project-member] Request filter 'compute_status_filter' took 0.0 seconds {{(pid=93453) wrapper /opt/stack/nova/nova/scheduler/request_filter.py:46}}
Aug 18 08:40:41.879204 np0000007622 nova-scheduler[93453]: DEBUG nova.scheduler.request_filter [None req-13ea8e42-bd8b-414b-9136-49ec3c38bc68 tempest-DeleteServersTestJSON-295007049 tempest-DeleteServersTestJSON-295007049-project-member] Request filter 'accelerators_filter' took 0.0 seconds {{(pid=93453) wrapper /opt/stack/nova/nova/scheduler/request_filter.py:46}}
Aug 18 08:40:41.879452 np0000007622 nova-scheduler[93453]: DEBUG nova.scheduler.request_filter [None req-13ea8e42-bd8b-414b-9136-49ec3c38bc68 tempest-DeleteServersTestJSON-295007049 tempest-DeleteServersTestJSON-295007049-project-member] Request filter 'packed_virtqueue_filter' took 0.0 seconds {{(pid=93453) wrapper /opt/stack/nova/nova/scheduler/request_filter.py:46}}
Aug 18 08:40:41.879750 np0000007622 nova-scheduler[93453]: DEBUG nova.scheduler.request_filter [None req-13ea8e42-bd8b-414b-9136-49ec3c38bc68 tempest-DeleteServersTestJSON-295007049 tempest-DeleteServersTestJSON-295007049-project-member] Request filter 'remote_managed_ports_filter' took 0.0 seconds {{(pid=93453) wrapper /opt/stack/nova/nova/scheduler/request_filter.py:46}}
Aug 18 08:40:41.879952 np0000007622 nova-scheduler[93453]: DEBUG nova.scheduler.request_filter [None req-13ea8e42-bd8b-414b-9136-49ec3c38bc68 tempest-DeleteServersTestJSON-295007049 tempest-DeleteServersTestJSON-295007049-project-member] ephemeral_encryption_filter skipped {{(pid=93453) ephemeral_encryption_filter /opt/stack/nova/nova/scheduler/request_filter.py:426}}
Aug 18 08:40:41.880142 np0000007622 nova-scheduler[93453]: DEBUG nova.scheduler.request_filter [None req-13ea8e42-bd8b-414b-9136-49ec3c38bc68 tempest-DeleteServersTestJSON-295007049 tempest-DeleteServersTestJSON-295007049-project-member] virtio_sound_filter skipped {{(pid=93453) virtio_sound_filter /opt/stack/nova/nova/scheduler/request_filter.py:460}}
Aug 18 08:40:41.880311 np0000007622 nova-scheduler[93453]: DEBUG nova.scheduler.request_filter [None req-13ea8e42-bd8b-414b-9136-49ec3c38bc68 tempest-DeleteServersTestJSON-295007049 tempest-DeleteServersTestJSON-295007049-project-member] tpm_secret_security_filter skipped {{(pid=93453) tpm_secret_security_filter /opt/stack/nova/nova/scheduler/request_filter.py:477}}
Aug 18 08:40:42.358421 np0000007622 nova-scheduler[93453]: INFO nova.utils [None req-13ea8e42-bd8b-414b-9136-49ec3c38bc68 tempest-DeleteServersTestJSON-295007049 tempest-DeleteServersTestJSON-295007049-project-member] The cell worker thread pool ForkProcess-3.cell_worker is initialized
Aug 18 08:40:42.358840 np0000007622 nova-scheduler[93453]: DEBUG oslo_concurrency.lockutils [None req-13ea8e42-bd8b-414b-9136-49ec3c38bc68 tempest-DeleteServersTestJSON-295007049 tempest-DeleteServersTestJSON-295007049-project-member] Acquiring lock "5c74f577-0e3a-4b1f-bae0-422b27ae62bb" by "nova.context.set_target_cell..get_or_set_cached_cell_and_set_connections" {{(pid=93453) inner /opt/stack/data/venv/lib/python3.12/site-packages/oslo_concurrency/lockutils.py:512}}
Aug 18 08:40:42.359090 np0000007622 nova-scheduler[93453]: DEBUG oslo_concurrency.lockutils [None req-13ea8e42-bd8b-414b-9136-49ec3c38bc68 tempest-DeleteServersTestJSON-295007049 tempest-DeleteServersTestJSON-295007049-project-member] Lock "5c74f577-0e3a-4b1f-bae0-422b27ae62bb" acquired by "nova.context.set_target_cell..get_or_set_cached_cell_and_set_connections" :: waited 0.000s {{(pid=93453) inner /opt/stack/data/venv/lib/python3.12/site-packages/oslo_concurrency/lockutils.py:525}}
Aug 18 08:40:42.360954 np0000007622 nova-scheduler[93453]: DEBUG oslo_concurrency.lockutils [None req-13ea8e42-bd8b-414b-9136-49ec3c38bc68 tempest-DeleteServersTestJSON-295007049 tempest-DeleteServersTestJSON-295007049-project-member] Lock "5c74f577-0e3a-4b1f-bae0-422b27ae62bb" "released" by "nova.context.set_target_cell..get_or_set_cached_cell_and_set_connections" :: held 0.002s {{(pid=93453) inner /opt/stack/data/venv/lib/python3.12/site-packages/oslo_concurrency/lockutils.py:544}}
Aug 18 08:40:42.362636 np0000007622 nova-scheduler[93453]: INFO dbcounter [None req-13ea8e42-bd8b-414b-9136-49ec3c38bc68 tempest-DeleteServersTestJSON-295007049 tempest-DeleteServersTestJSON-295007049-project-member] Registered counter for database nova_cell1
Aug 18 08:40:42.414399 np0000007622 nova-scheduler[93453]: DEBUG oslo_db.sqlalchemy.engines [None req-13ea8e42-bd8b-414b-9136-49ec3c38bc68 tempest-DeleteServersTestJSON-295007049 tempest-DeleteServersTestJSON-295007049-project-member] MySQL server mode set to STRICT_TRANS_TABLES,STRICT_ALL_TABLES,NO_ZERO_IN_DATE,NO_ZERO_DATE,ERROR_FOR_DIVISION_BY_ZERO,TRADITIONAL,NO_ENGINE_SUBSTITUTION {{(pid=93453) _check_effective_sql_mode /opt/stack/data/venv/lib/python3.12/site-packages/oslo_db/sqlalchemy/engines.py:325}}
Aug 18 08:40:42.422632 np0000007622 nova-scheduler[93453]: DEBUG dbcounter [-] [93453] Writer thread running {{(pid=93453) stat_writer /opt/stack/data/venv/lib/python3.12/site-packages/dbcounter.py:102}}
Aug 18 08:40:42.435637 np0000007622 nova-scheduler[93453]: DEBUG oslo_db.sqlalchemy.engines [None req-13ea8e42-bd8b-414b-9136-49ec3c38bc68 tempest-DeleteServersTestJSON-295007049 tempest-DeleteServersTestJSON-295007049-project-member] Parent process 92247 forked (93453) with an open database connection, which is being discarded and recreated. {{(pid=93453) checkout /opt/stack/data/venv/lib/python3.12/site-packages/oslo_db/sqlalchemy/engines.py:402}}
Aug 18 08:40:42.479285 np0000007622 nova-scheduler[93453]: DEBUG dbcounter [-] [93453] Writer thread running {{(pid=93453) stat_writer /opt/stack/data/venv/lib/python3.12/site-packages/dbcounter.py:102}}
Aug 18 08:40:42.482071 np0000007622 nova-scheduler[93453]: DEBUG oslo_concurrency.lockutils [None req-13ea8e42-bd8b-414b-9136-49ec3c38bc68 tempest-DeleteServersTestJSON-295007049 tempest-DeleteServersTestJSON-295007049-project-member] Acquiring lock "5c74f577-0e3a-4b1f-bae0-422b27ae62bb" by "nova.context.set_target_cell..get_or_set_cached_cell_and_set_connections" {{(pid=93453) inner /opt/stack/data/venv/lib/python3.12/site-packages/oslo_concurrency/lockutils.py:512}}
Aug 18 08:40:42.482209 np0000007622 nova-scheduler[93453]: DEBUG oslo_concurrency.lockutils [None req-13ea8e42-bd8b-414b-9136-49ec3c38bc68 tempest-DeleteServersTestJSON-295007049 tempest-DeleteServersTestJSON-295007049-project-member] Lock "5c74f577-0e3a-4b1f-bae0-422b27ae62bb" acquired by "nova.context.set_target_cell..get_or_set_cached_cell_and_set_connections" :: waited 0.000s {{(pid=93453) inner /opt/stack/data/venv/lib/python3.12/site-packages/oslo_concurrency/lockutils.py:525}}
Aug 18 08:40:42.482337 np0000007622 nova-scheduler[93453]: DEBUG oslo_concurrency.lockutils [None req-13ea8e42-bd8b-414b-9136-49ec3c38bc68 tempest-DeleteServersTestJSON-295007049 tempest-DeleteServersTestJSON-295007049-project-member] Lock "5c74f577-0e3a-4b1f-bae0-422b27ae62bb" "released" by "nova.context.set_target_cell..get_or_set_cached_cell_and_set_connections" :: held 0.000s {{(pid=93453) inner /opt/stack/data/venv/lib/python3.12/site-packages/oslo_concurrency/lockutils.py:544}}
Aug 18 08:40:42.485296 np0000007622 nova-scheduler[93453]: DEBUG oslo_concurrency.lockutils [None req-13ea8e42-bd8b-414b-9136-49ec3c38bc68 tempest-DeleteServersTestJSON-295007049 tempest-DeleteServersTestJSON-295007049-project-member] Acquiring lock "np0000007622-np0000007622" by "nova.scheduler.host_manager.HostState.update.._locked_update" {{(pid=93453) inner /opt/stack/data/venv/lib/python3.12/site-packages/oslo_concurrency/lockutils.py:512}}
Aug 18 08:40:42.485500 np0000007622 nova-scheduler[93453]: DEBUG oslo_concurrency.lockutils [None req-13ea8e42-bd8b-414b-9136-49ec3c38bc68 tempest-DeleteServersTestJSON-295007049 tempest-DeleteServersTestJSON-295007049-project-member] Lock "np0000007622-np0000007622" acquired by "nova.scheduler.host_manager.HostState.update.._locked_update" :: waited 0.000s {{(pid=93453) inner /opt/stack/data/venv/lib/python3.12/site-packages/oslo_concurrency/lockutils.py:525}}
Aug 18 08:40:42.486545 np0000007622 nova-scheduler[93453]: DEBUG nova.scheduler.host_manager [None req-13ea8e42-bd8b-414b-9136-49ec3c38bc68 tempest-DeleteServersTestJSON-295007049 tempest-DeleteServersTestJSON-295007049-project-member] Update host state from compute node: ComputeNode(cpu_allocation_ratio=4.0,cpu_info='{"arch": "x86_64", "model": "EPYC-Milan", "vendor": "AMD", "topology": {"cells": 1, "sockets": 16, "cores": 1, "threads": 1}, "maxphysaddr": {"mode": "emulate", "bits": 40}, "features": ["osvw", "npt", "stibp-always-on", "ibpb", "popcnt", "arch-capabilities", "fxsr", "fma", "sse4a", "xsaveerptr", "perfctr_core", "lm", "pdpe1gb", "no-nested-data-bp", "spec-ctrl", "hypervisor", "cx8", "xsaveopt", "sse4.1", "pcid", "cmov", "tsc", "fsrm", "skip-l1dfl-vmentry", "mca", "pge", "pschange-mc-no", "syscall", "pku", "xsaves", "cx16", "ssse3", "lahf_lm", "nrip-save", "clflush", "ssbd", "flushbyasid", "sse2", "umip", "msr", "vpclmulqdq", "amd-psfd", "gds-no", "arat", "xgetbv1", "stibp", "mtrr", "bmi2", "vme", "tsc-deadline", "lfence-always-serializing", "null-sel-clr-base", "mmx", "v-vmsave-vmload", "pclmuldq", "bmi1", "ibrs", "sha-ni", "mds-no", "lbrv", "fsgsbase", "svme-addr-chk", "wbnoinvd", "rdctl-no", "pni", "adx", "x2apic", "avx2", "clzero", "rdpid", "smep", "rdrand", "sep", "rdtscp", "cmp_legacy", "de", "pause-filter", "svm", "virt-ssbd", "misalignsse", "fpu", "amd-ssbd", "amd-stibp", "tsc_adjust", "abm", "smap", "xsave", "vgif", "cr8legacy", "clwb", "mce", "fxsr_opt", "erms", "aes", "3dnowprefetch", "vaes", "pfthreshold", "topoext", "rdseed", "pae", "pat", "xsavec", "movbe", "sse4.2", "pse", "avx", "clflushopt", "pse36", "sse", "f16c", "nx", "apic", "invpcid", "tsc-scale", "vmcb-clean", "mmxext"]}',created_at=2026-08-18T08:38:36Z,current_workload=0,deleted=False,deleted_at=None,disk_allocation_ratio=1.0,disk_available_least=73,free_disk_gb=95,free_ram_mb=62765,host='np0000007622',host_ip=10.4.3.54,hypervisor_hostname='np0000007622',hypervisor_type='QEMU',hypervisor_version=8002002,id=1,local_gb=95,local_gb_used=0,mapped=1,memory_mb=63277,memory_mb_used=512,metrics='[]',numa_topology='{"nova_object.name": "NUMATopology", "nova_object.namespace": "nova", "nova_object.version": "1.2", "nova_object.data": {"cells": [{"nova_object.name": "NUMACell", "nova_object.namespace": "nova", "nova_object.version": "1.5", "nova_object.data": {"id": 0, "cpuset": [0, 1, 2, 3, 4, 5, 6, 7, 8, 9, 10, 11, 12, 13, 14, 15], "pcpuset": [0, 1, 2, 3, 4, 5, 6, 7, 8, 9, 10, 11, 12, 13, 14, 15], "memory": 63277, "cpu_usage": 0, "memory_usage": 0, "pinned_cpus": [], "siblings": [[6], [12], [2], [15], [5], [11], [8], [14], [4], [1], [7], [10], [0], [13], [3], [9]], "mempages": [{"nova_object.name": "NUMAPagesTopology", "nova_object.namespace": "nova", "nova_object.version": "1.1", "nova_object.data": {"size_kb": 4, "total": 16177928, "used": 0, "reserved": 0}, "nova_object.changes": ["reserved", "used", "total", "size_kb"]}, {"nova_object.name": "NUMAPagesTopology", "nova_object.namespace": "nova", "nova_object.version": "1.1", "nova_object.data": {"size_kb": 2048, "total": 41, "used": 0, "reserved": 0}, "nova_object.changes": ["reserved", "used", "total", "size_kb"]}, {"nova_object.name": "NUMAPagesTopology", "nova_object.namespace": "nova", "nova_object.version": "1.1", "nova_object.data": {"size_kb": 1048576, "total": 0, "used": 0, "reserved": 0}, "nova_object.changes": ["reserved", "used", "total", "size_kb"]}], "network_metadata": {"nova_object.name": "NetworkMetadata", "nova_object.namespace": "nova", "nova_object.version": "1.0", "nova_object.data": {"physnets": [], "tunneled": false}, "nova_object.changes": ["physnets", "tunneled"]}, "socket": null}, "nova_object.changes": ["memory", "cpuset", "siblings", "pcpuset", "pinned_cpus", "mempages", "memory_usage", "cpu_usage", "network_metadata", "socket", "id"]}]}, "nova_object.changes": ["cells"]}',pci_device_pools=PciDevicePoolList,ram_allocation_ratio=1.0,running_vms=0,service_id=4,stats={failed_builds='0',uptime=' 08:40:24 up 14 min, 2 users, load average: 1.46, 1.43, 0.85
Aug 18 08:40:42.486545 np0000007622 nova-scheduler[93453]: '},supported_hv_specs=[HVSpec,HVSpec,HVSpec,HVSpec,HVSpec,HVSpec,HVSpec,HVSpec,HVSpec,HVSpec,HVSpec,HVSpec,HVSpec,HVSpec,HVSpec,HVSpec,HVSpec,HVSpec,HVSpec,HVSpec,HVSpec,HVSpec,HVSpec,HVSpec,HVSpec],updated_at=2026-08-18T08:40:25Z,uuid=db1c1b3a-9bfa-42a2-8f6d-d479abcf49d9,vcpus=16,vcpus_used=0) {{(pid=93453) _locked_update /opt/stack/nova/nova/scheduler/host_manager.py:168}}
Aug 18 08:40:42.487266 np0000007622 nova-scheduler[93453]: DEBUG nova.scheduler.host_manager [None req-13ea8e42-bd8b-414b-9136-49ec3c38bc68 tempest-DeleteServersTestJSON-295007049 tempest-DeleteServersTestJSON-295007049-project-member] Update host state with aggregates: [] {{(pid=93453) _locked_update /opt/stack/nova/nova/scheduler/host_manager.py:171}}
Aug 18 08:40:42.487380 np0000007622 nova-scheduler[93453]: DEBUG nova.scheduler.host_manager [None req-13ea8e42-bd8b-414b-9136-49ec3c38bc68 tempest-DeleteServersTestJSON-295007049 tempest-DeleteServersTestJSON-295007049-project-member] Update host state with service dict: {'id': 4, 'uuid': '671f6010-91c4-480a-9773-006e1a6fd0c5', 'host': 'np0000007622', 'binary': 'nova-compute', 'topic': 'compute', 'report_count': 2, 'disabled': False, 'disabled_reason': None, 'last_seen_up': datetime.datetime(2026, 8, 18, 8, 40, 42, tzinfo=datetime.timezone.utc), 'forced_down': False, 'version': 72, 'created_at': datetime.datetime(2026, 8, 18, 8, 38, 36, tzinfo=datetime.timezone.utc), 'updated_at': datetime.datetime(2026, 8, 18, 8, 40, 42, tzinfo=datetime.timezone.utc), 'deleted_at': None, 'deleted': False} {{(pid=93453) _locked_update /opt/stack/nova/nova/scheduler/host_manager.py:174}}
Aug 18 08:40:42.487534 np0000007622 nova-scheduler[93453]: DEBUG nova.scheduler.host_manager [None req-13ea8e42-bd8b-414b-9136-49ec3c38bc68 tempest-DeleteServersTestJSON-295007049 tempest-DeleteServersTestJSON-295007049-project-member] Update host state with instances: [] {{(pid=93453) _locked_update /opt/stack/nova/nova/scheduler/host_manager.py:177}}
Aug 18 08:40:42.487648 np0000007622 nova-scheduler[93453]: DEBUG oslo_concurrency.lockutils [None req-13ea8e42-bd8b-414b-9136-49ec3c38bc68 tempest-DeleteServersTestJSON-295007049 tempest-DeleteServersTestJSON-295007049-project-member] Lock "np0000007622-np0000007622" "released" by "nova.scheduler.host_manager.HostState.update.._locked_update" :: held 0.002s {{(pid=93453) inner /opt/stack/data/venv/lib/python3.12/site-packages/oslo_concurrency/lockutils.py:544}}
Aug 18 08:40:42.488016 np0000007622 nova-scheduler[93453]: DEBUG nova.filters [None req-13ea8e42-bd8b-414b-9136-49ec3c38bc68 tempest-DeleteServersTestJSON-295007049 tempest-DeleteServersTestJSON-295007049-project-member] Starting with 1 host(s) {{(pid=93453) get_filtered_objects /opt/stack/nova/nova/filters.py:70}}
Aug 18 08:40:42.488224 np0000007622 nova-scheduler[93453]: DEBUG nova.filters [None req-13ea8e42-bd8b-414b-9136-49ec3c38bc68 tempest-DeleteServersTestJSON-295007049 tempest-DeleteServersTestJSON-295007049-project-member] Filter ComputeFilter returned 1 host(s) {{(pid=93453) get_filtered_objects /opt/stack/nova/nova/filters.py:102}}
Aug 18 08:40:42.488456 np0000007622 nova-scheduler[93453]: DEBUG nova.filters [None req-13ea8e42-bd8b-414b-9136-49ec3c38bc68 tempest-DeleteServersTestJSON-295007049 tempest-DeleteServersTestJSON-295007049-project-member] Filter ComputeCapabilitiesFilter returned 1 host(s) {{(pid=93453) get_filtered_objects /opt/stack/nova/nova/filters.py:102}}
Aug 18 08:40:42.488671 np0000007622 nova-scheduler[93453]: DEBUG nova.filters [None req-13ea8e42-bd8b-414b-9136-49ec3c38bc68 tempest-DeleteServersTestJSON-295007049 tempest-DeleteServersTestJSON-295007049-project-member] Filter ImagePropertiesFilter returned 1 host(s) {{(pid=93453) get_filtered_objects /opt/stack/nova/nova/filters.py:102}}
Aug 18 08:40:42.488872 np0000007622 nova-scheduler[93453]: DEBUG nova.filters [None req-13ea8e42-bd8b-414b-9136-49ec3c38bc68 tempest-DeleteServersTestJSON-295007049 tempest-DeleteServersTestJSON-295007049-project-member] Filter ServerGroupAntiAffinityFilter returned 1 host(s) {{(pid=93453) get_filtered_objects /opt/stack/nova/nova/filters.py:102}}
Aug 18 08:40:42.489072 np0000007622 nova-scheduler[93453]: DEBUG nova.filters [None req-13ea8e42-bd8b-414b-9136-49ec3c38bc68 tempest-DeleteServersTestJSON-295007049 tempest-DeleteServersTestJSON-295007049-project-member] Filter ServerGroupAffinityFilter returned 1 host(s) {{(pid=93453) get_filtered_objects /opt/stack/nova/nova/filters.py:102}}
Aug 18 08:40:42.489132 np0000007622 nova-scheduler[93453]: DEBUG nova.filters [None req-13ea8e42-bd8b-414b-9136-49ec3c38bc68 tempest-DeleteServersTestJSON-295007049 tempest-DeleteServersTestJSON-295007049-project-member] Filter SameHostFilter returned 1 host(s) {{(pid=93453) get_filtered_objects /opt/stack/nova/nova/filters.py:102}}
Aug 18 08:40:42.489274 np0000007622 nova-scheduler[93453]: DEBUG nova.filters [None req-13ea8e42-bd8b-414b-9136-49ec3c38bc68 tempest-DeleteServersTestJSON-295007049 tempest-DeleteServersTestJSON-295007049-project-member] Filter DifferentHostFilter returned 1 host(s) {{(pid=93453) get_filtered_objects /opt/stack/nova/nova/filters.py:102}}
Aug 18 08:40:42.489408 np0000007622 nova-scheduler[93453]: DEBUG nova.scheduler.manager [None req-13ea8e42-bd8b-414b-9136-49ec3c38bc68 tempest-DeleteServersTestJSON-295007049 tempest-DeleteServersTestJSON-295007049-project-member] Filtered [(np0000007622, np0000007622) ram: 62765MB disk: 74752MB io_ops: 0 instances: 0, allocation_candidates: 1] {{(pid=93453) _get_sorted_hosts /opt/stack/nova/nova/scheduler/manager.py:730}}
Aug 18 08:40:42.489689 np0000007622 nova-scheduler[93453]: DEBUG nova.scheduler.manager [None req-13ea8e42-bd8b-414b-9136-49ec3c38bc68 tempest-DeleteServersTestJSON-295007049 tempest-DeleteServersTestJSON-295007049-project-member] Weighed [WeighedHost [host: (np0000007622, np0000007622) ram: 62765MB disk: 74752MB io_ops: 0 instances: 0, allocation_candidates: 1, weight: 0.0]] {{(pid=93453) _get_sorted_hosts /opt/stack/nova/nova/scheduler/manager.py:752}}
Aug 18 08:40:42.489830 np0000007622 nova-scheduler[93453]: DEBUG nova.scheduler.utils [None req-13ea8e42-bd8b-414b-9136-49ec3c38bc68 tempest-DeleteServersTestJSON-295007049 tempest-DeleteServersTestJSON-295007049-project-member] Attempting to claim resources in the placement API for instance 22892431-b629-4e41-9b1e-9fc801d1c8df {{(pid=93453) claim_resources /opt/stack/nova/nova/scheduler/utils.py:1345}}
Aug 18 08:40:42.628115 np0000007622 nova-scheduler[93453]: DEBUG nova.scheduler.manager [None req-13ea8e42-bd8b-414b-9136-49ec3c38bc68 tempest-DeleteServersTestJSON-295007049 tempest-DeleteServersTestJSON-295007049-project-member] [instance: 22892431-b629-4e41-9b1e-9fc801d1c8df] Selected host: (np0000007622, np0000007622) ram: 62765MB disk: 74752MB io_ops: 0 instances: 0, allocation_candidates: 1 {{(pid=93453) _consume_selected_host /opt/stack/nova/nova/scheduler/manager.py:612}}
Aug 18 08:40:42.628410 np0000007622 nova-scheduler[93453]: DEBUG oslo_concurrency.lockutils [None req-13ea8e42-bd8b-414b-9136-49ec3c38bc68 tempest-DeleteServersTestJSON-295007049 tempest-DeleteServersTestJSON-295007049-project-member] Acquiring lock "np0000007622-np0000007622" by "nova.scheduler.host_manager.HostState.consume_from_request.._locked" {{(pid=93453) inner /opt/stack/data/venv/lib/python3.12/site-packages/oslo_concurrency/lockutils.py:512}}
Aug 18 08:40:42.628773 np0000007622 nova-scheduler[93453]: DEBUG oslo_concurrency.lockutils [None req-13ea8e42-bd8b-414b-9136-49ec3c38bc68 tempest-DeleteServersTestJSON-295007049 tempest-DeleteServersTestJSON-295007049-project-member] Lock "np0000007622-np0000007622" acquired by "nova.scheduler.host_manager.HostState.consume_from_request.._locked" :: waited 0.000s {{(pid=93453) inner /opt/stack/data/venv/lib/python3.12/site-packages/oslo_concurrency/lockutils.py:525}}
Aug 18 08:40:42.628947 np0000007622 nova-scheduler[93453]: DEBUG oslo_concurrency.lockutils [None req-13ea8e42-bd8b-414b-9136-49ec3c38bc68 tempest-DeleteServersTestJSON-295007049 tempest-DeleteServersTestJSON-295007049-project-member] Lock "np0000007622-np0000007622" "released" by "nova.scheduler.host_manager.HostState.consume_from_request.._locked" :: held 0.000s {{(pid=93453) inner /opt/stack/data/venv/lib/python3.12/site-packages/oslo_concurrency/lockutils.py:544}}
Aug 18 08:40:49.940168 np0000007622 nova-scheduler[93449]: DEBUG nova.scheduler.manager [None req-35dedf83-53c4-4f73-9636-2903456bcf60 tempest-ImageDependencyTests-503236982 tempest-ImageDependencyTests-503236982-project-member] Starting to schedule for instances: ['a2ab33c9-5c60-4e1a-9a01-f7923559a65a'] {{(pid=93449) select_destinations /opt/stack/nova/nova/scheduler/manager.py:197}}
Aug 18 08:40:49.940885 np0000007622 nova-scheduler[93449]: DEBUG nova.scheduler.request_filter [None req-35dedf83-53c4-4f73-9636-2903456bcf60 tempest-ImageDependencyTests-503236982 tempest-ImageDependencyTests-503236982-project-member] compute_status_filter request filter added forbidden trait COMPUTE_STATUS_DISABLED {{(pid=93449) compute_status_filter /opt/stack/nova/nova/scheduler/request_filter.py:253}}
Aug 18 08:40:49.941112 np0000007622 nova-scheduler[93449]: DEBUG nova.scheduler.request_filter [None req-35dedf83-53c4-4f73-9636-2903456bcf60 tempest-ImageDependencyTests-503236982 tempest-ImageDependencyTests-503236982-project-member] Request filter 'compute_status_filter' took 0.0 seconds {{(pid=93449) wrapper /opt/stack/nova/nova/scheduler/request_filter.py:46}}
Aug 18 08:40:49.941404 np0000007622 nova-scheduler[93449]: DEBUG nova.scheduler.request_filter [None req-35dedf83-53c4-4f73-9636-2903456bcf60 tempest-ImageDependencyTests-503236982 tempest-ImageDependencyTests-503236982-project-member] Request filter 'accelerators_filter' took 0.0 seconds {{(pid=93449) wrapper /opt/stack/nova/nova/scheduler/request_filter.py:46}}
Aug 18 08:40:49.941651 np0000007622 nova-scheduler[93449]: DEBUG nova.scheduler.request_filter [None req-35dedf83-53c4-4f73-9636-2903456bcf60 tempest-ImageDependencyTests-503236982 tempest-ImageDependencyTests-503236982-project-member] Request filter 'packed_virtqueue_filter' took 0.0 seconds {{(pid=93449) wrapper /opt/stack/nova/nova/scheduler/request_filter.py:46}}
Aug 18 08:40:49.941928 np0000007622 nova-scheduler[93449]: DEBUG nova.scheduler.request_filter [None req-35dedf83-53c4-4f73-9636-2903456bcf60 tempest-ImageDependencyTests-503236982 tempest-ImageDependencyTests-503236982-project-member] Request filter 'remote_managed_ports_filter' took 0.0 seconds {{(pid=93449) wrapper /opt/stack/nova/nova/scheduler/request_filter.py:46}}
Aug 18 08:40:49.942119 np0000007622 nova-scheduler[93449]: DEBUG nova.scheduler.request_filter [None req-35dedf83-53c4-4f73-9636-2903456bcf60 tempest-ImageDependencyTests-503236982 tempest-ImageDependencyTests-503236982-project-member] ephemeral_encryption_filter skipped {{(pid=93449) ephemeral_encryption_filter /opt/stack/nova/nova/scheduler/request_filter.py:426}}
Aug 18 08:40:49.942296 np0000007622 nova-scheduler[93449]: DEBUG nova.scheduler.request_filter [None req-35dedf83-53c4-4f73-9636-2903456bcf60 tempest-ImageDependencyTests-503236982 tempest-ImageDependencyTests-503236982-project-member] virtio_sound_filter skipped {{(pid=93449) virtio_sound_filter /opt/stack/nova/nova/scheduler/request_filter.py:460}}
Aug 18 08:40:49.942492 np0000007622 nova-scheduler[93449]: DEBUG nova.scheduler.request_filter [None req-35dedf83-53c4-4f73-9636-2903456bcf60 tempest-ImageDependencyTests-503236982 tempest-ImageDependencyTests-503236982-project-member] tpm_secret_security_filter skipped {{(pid=93449) tpm_secret_security_filter /opt/stack/nova/nova/scheduler/request_filter.py:477}}
Aug 18 08:40:50.042138 np0000007622 nova-scheduler[93449]: INFO nova.utils [None req-35dedf83-53c4-4f73-9636-2903456bcf60 tempest-ImageDependencyTests-503236982 tempest-ImageDependencyTests-503236982-project-member] The cell worker thread pool ForkProcess-1.cell_worker is initialized
