Jun 09 05:36:52.558684 np0000002408 nova-scheduler[95730]: DEBUG cotyledon.oslo_config_glue [-] oslo_limit.endpoint_id = None {{(pid=95730) log_opt_values /opt/stack/data/venv/lib/python3.12/site-packages/oslo_config/cfg.py:3256}}
Jun 09 05:36:52.558684 np0000002408 nova-scheduler[95730]: DEBUG cotyledon.oslo_config_glue [-] oslo_limit.endpoint_interface = public {{(pid=95730) log_opt_values /opt/stack/data/venv/lib/python3.12/site-packages/oslo_config/cfg.py:3256}}
Jun 09 05:36:52.558684 np0000002408 nova-scheduler[95730]: DEBUG cotyledon.oslo_config_glue [-] oslo_limit.endpoint_override = None {{(pid=95730) log_opt_values /opt/stack/data/venv/lib/python3.12/site-packages/oslo_config/cfg.py:3256}}
Jun 09 05:36:52.558684 np0000002408 nova-scheduler[95730]: DEBUG cotyledon.oslo_config_glue [-] oslo_limit.endpoint_region_name = None {{(pid=95730) log_opt_values /opt/stack/data/venv/lib/python3.12/site-packages/oslo_config/cfg.py:3256}}
Jun 09 05:36:52.558918 np0000002408 nova-scheduler[95730]: DEBUG cotyledon.oslo_config_glue [-] oslo_limit.endpoint_service_name = None {{(pid=95730) log_opt_values /opt/stack/data/venv/lib/python3.12/site-packages/oslo_config/cfg.py:3256}}
Jun 09 05:36:52.558918 np0000002408 nova-scheduler[95730]: DEBUG cotyledon.oslo_config_glue [-] oslo_limit.endpoint_service_type = None {{(pid=95730) log_opt_values /opt/stack/data/venv/lib/python3.12/site-packages/oslo_config/cfg.py:3256}}
Jun 09 05:36:52.558918 np0000002408 nova-scheduler[95730]: DEBUG cotyledon.oslo_config_glue [-] oslo_limit.insecure = False {{(pid=95730) log_opt_values /opt/stack/data/venv/lib/python3.12/site-packages/oslo_config/cfg.py:3256}}
Jun 09 05:36:52.558918 np0000002408 nova-scheduler[95730]: DEBUG cotyledon.oslo_config_glue [-] oslo_limit.keyfile = None {{(pid=95730) log_opt_values /opt/stack/data/venv/lib/python3.12/site-packages/oslo_config/cfg.py:3256}}
Jun 09 05:36:52.558918 np0000002408 nova-scheduler[95730]: DEBUG cotyledon.oslo_config_glue [-] oslo_limit.max_version = None {{(pid=95730) log_opt_values /opt/stack/data/venv/lib/python3.12/site-packages/oslo_config/cfg.py:3256}}
Jun 09 05:36:52.558918 np0000002408 nova-scheduler[95730]: DEBUG cotyledon.oslo_config_glue [-] oslo_limit.min_version = None {{(pid=95730) log_opt_values /opt/stack/data/venv/lib/python3.12/site-packages/oslo_config/cfg.py:3256}}
Jun 09 05:36:52.558918 np0000002408 nova-scheduler[95730]: DEBUG cotyledon.oslo_config_glue [-] oslo_limit.region_name = None {{(pid=95730) log_opt_values /opt/stack/data/venv/lib/python3.12/site-packages/oslo_config/cfg.py:3256}}
Jun 09 05:36:52.558918 np0000002408 nova-scheduler[95730]: DEBUG cotyledon.oslo_config_glue [-] oslo_limit.retriable_status_codes = None {{(pid=95730) log_opt_values /opt/stack/data/venv/lib/python3.12/site-packages/oslo_config/cfg.py:3256}}
Jun 09 05:36:52.558918 np0000002408 nova-scheduler[95730]: DEBUG cotyledon.oslo_config_glue [-] oslo_limit.service_name = None {{(pid=95730) log_opt_values /opt/stack/data/venv/lib/python3.12/site-packages/oslo_config/cfg.py:3256}}
Jun 09 05:36:52.559151 np0000002408 nova-scheduler[95730]: DEBUG cotyledon.oslo_config_glue [-] oslo_limit.service_type = None {{(pid=95730) log_opt_values /opt/stack/data/venv/lib/python3.12/site-packages/oslo_config/cfg.py:3256}}
Jun 09 05:36:52.559151 np0000002408 nova-scheduler[95730]: DEBUG cotyledon.oslo_config_glue [-] oslo_limit.split_loggers = False {{(pid=95730) log_opt_values /opt/stack/data/venv/lib/python3.12/site-packages/oslo_config/cfg.py:3256}}
Jun 09 05:36:52.559151 np0000002408 nova-scheduler[95730]: DEBUG cotyledon.oslo_config_glue [-] oslo_limit.status_code_retries = None {{(pid=95730) log_opt_values /opt/stack/data/venv/lib/python3.12/site-packages/oslo_config/cfg.py:3256}}
Jun 09 05:36:52.559151 np0000002408 nova-scheduler[95730]: DEBUG cotyledon.oslo_config_glue [-] oslo_limit.status_code_retry_delay = None {{(pid=95730) log_opt_values /opt/stack/data/venv/lib/python3.12/site-packages/oslo_config/cfg.py:3256}}
Jun 09 05:36:52.559151 np0000002408 nova-scheduler[95730]: DEBUG cotyledon.oslo_config_glue [-] oslo_limit.timeout = None {{(pid=95730) log_opt_values /opt/stack/data/venv/lib/python3.12/site-packages/oslo_config/cfg.py:3256}}
Jun 09 05:36:52.559151 np0000002408 nova-scheduler[95730]: DEBUG cotyledon.oslo_config_glue [-] oslo_limit.valid_interfaces = None {{(pid=95730) log_opt_values /opt/stack/data/venv/lib/python3.12/site-packages/oslo_config/cfg.py:3256}}
Jun 09 05:36:52.559151 np0000002408 nova-scheduler[95730]: DEBUG cotyledon.oslo_config_glue [-] oslo_limit.version = None {{(pid=95730) log_opt_values /opt/stack/data/venv/lib/python3.12/site-packages/oslo_config/cfg.py:3256}}
Jun 09 05:36:52.559151 np0000002408 nova-scheduler[95730]: DEBUG cotyledon.oslo_config_glue [-] oslo_reports.file_event_handler = None {{(pid=95730) log_opt_values /opt/stack/data/venv/lib/python3.12/site-packages/oslo_config/cfg.py:3256}}
Jun 09 05:36:52.559151 np0000002408 nova-scheduler[95730]: DEBUG cotyledon.oslo_config_glue [-] oslo_reports.file_event_handler_interval = 1 {{(pid=95730) log_opt_values /opt/stack/data/venv/lib/python3.12/site-packages/oslo_config/cfg.py:3256}}
Jun 09 05:36:52.559333 np0000002408 nova-scheduler[95730]: DEBUG cotyledon.oslo_config_glue [-] oslo_reports.log_dir = None {{(pid=95730) log_opt_values /opt/stack/data/venv/lib/python3.12/site-packages/oslo_config/cfg.py:3256}}
Jun 09 05:36:52.559333 np0000002408 nova-scheduler[95730]: DEBUG cotyledon.oslo_config_glue [-] ******************************************************************************** {{(pid=95730) log_opt_values /opt/stack/data/venv/lib/python3.12/site-packages/oslo_config/cfg.py:3263}}
Jun 09 05:36:52.559333 np0000002408 nova-scheduler[95730]: DEBUG cotyledon._service_worker [-] Run service ServiceWrapper(2) [95730] {{(pid=95730) wait_forever /opt/stack/data/venv/lib/python3.12/site-packages/cotyledon/_service_worker.py:218}}
Jun 09 05:36:52.559333 np0000002408 nova-scheduler[95730]: INFO nova.service [-] Starting scheduler node (version 33.1.0)
Jun 09 05:36:52.559333 np0000002408 nova-scheduler[95730]: INFO dbcounter [None req-ebb4f112-34ee-4ea3-a47a-eb5a29e6de71 None None] Registered counter for database nova_cell0
Jun 09 05:36:52.563971 np0000002408 nova-scheduler[95721]: DEBUG oslo_db.sqlalchemy.engines [None req-e3d15d39-20fb-45e1-a78e-798fdd6e53f6 None None] MySQL server mode set to STRICT_TRANS_TABLES,STRICT_ALL_TABLES,NO_ZERO_IN_DATE,NO_ZERO_DATE,ERROR_FOR_DIVISION_BY_ZERO,TRADITIONAL,NO_ENGINE_SUBSTITUTION {{(pid=95721) _check_effective_sql_mode /opt/stack/data/venv/lib/python3.12/site-packages/oslo_db/sqlalchemy/engines.py:325}}
Jun 09 05:36:52.567326 np0000002408 nova-scheduler[95727]: DEBUG oslo_db.sqlalchemy.engines [None req-87b7e3dc-8b4d-4e87-b1e5-0d6f452a7523 None None] MySQL server mode set to STRICT_TRANS_TABLES,STRICT_ALL_TABLES,NO_ZERO_IN_DATE,NO_ZERO_DATE,ERROR_FOR_DIVISION_BY_ZERO,TRADITIONAL,NO_ENGINE_SUBSTITUTION {{(pid=95727) _check_effective_sql_mode /opt/stack/data/venv/lib/python3.12/site-packages/oslo_db/sqlalchemy/engines.py:325}}
Jun 09 05:36:52.577275 np0000002408 nova-scheduler[95721]: DEBUG dbcounter [-] [95721] Writer thread running {{(pid=95721) stat_writer /opt/stack/data/venv/lib/python3.12/site-packages/dbcounter.py:102}}
Jun 09 05:36:52.582108 np0000002408 nova-scheduler[95727]: DEBUG dbcounter [-] [95727] Writer thread running {{(pid=95727) stat_writer /opt/stack/data/venv/lib/python3.12/site-packages/dbcounter.py:102}}
Jun 09 05:36:52.592974 np0000002408 nova-scheduler[95721]: DEBUG nova.service [None req-e3d15d39-20fb-45e1-a78e-798fdd6e53f6 None None] Creating RPC server for service: nova-scheduler on topic: scheduler {{(pid=95721) start /opt/stack/nova/nova/service.py:195}}
Jun 09 05:36:52.593438 np0000002408 nova-scheduler[95730]: DEBUG oslo_db.sqlalchemy.engines [None req-ebb4f112-34ee-4ea3-a47a-eb5a29e6de71 None None] MySQL server mode set to STRICT_TRANS_TABLES,STRICT_ALL_TABLES,NO_ZERO_IN_DATE,NO_ZERO_DATE,ERROR_FOR_DIVISION_BY_ZERO,TRADITIONAL,NO_ENGINE_SUBSTITUTION {{(pid=95730) _check_effective_sql_mode /opt/stack/data/venv/lib/python3.12/site-packages/oslo_db/sqlalchemy/engines.py:325}}
Jun 09 05:36:52.598417 np0000002408 nova-scheduler[95727]: DEBUG nova.service [None req-87b7e3dc-8b4d-4e87-b1e5-0d6f452a7523 None None] Creating RPC server for service: nova-scheduler on topic: scheduler {{(pid=95727) start /opt/stack/nova/nova/service.py:195}}
Jun 09 05:36:52.603720 np0000002408 nova-scheduler[95730]: DEBUG dbcounter [-] [95730] Writer thread running {{(pid=95730) stat_writer /opt/stack/data/venv/lib/python3.12/site-packages/dbcounter.py:102}}
Jun 09 05:36:52.607319 np0000002408 nova-scheduler[95730]: DEBUG nova.service [None req-ebb4f112-34ee-4ea3-a47a-eb5a29e6de71 None None] Creating RPC server for service: nova-scheduler on topic: scheduler {{(pid=95730) start /opt/stack/nova/nova/service.py:195}}
Jun 09 05:36:52.615421 np0000002408 nova-scheduler[95721]: DEBUG nova.service [None req-e3d15d39-20fb-45e1-a78e-798fdd6e53f6 None None] Join ServiceGroup membership for this service scheduler {{(pid=95721) start /opt/stack/nova/nova/service.py:221}}
Jun 09 05:36:52.615421 np0000002408 nova-scheduler[95721]: DEBUG nova.servicegroup.drivers.db [None req-e3d15d39-20fb-45e1-a78e-798fdd6e53f6 None None] DB_Driver: join new ServiceGroup member np0000002408 to the scheduler group, service = {{(pid=95721) join /opt/stack/nova/nova/servicegroup/drivers/db.py:44}}
Jun 09 05:36:52.619310 np0000002408 nova-scheduler[95727]: DEBUG nova.service [None req-87b7e3dc-8b4d-4e87-b1e5-0d6f452a7523 None None] Join ServiceGroup membership for this service scheduler {{(pid=95727) start /opt/stack/nova/nova/service.py:221}}
Jun 09 05:36:52.619624 np0000002408 nova-scheduler[95727]: DEBUG nova.servicegroup.drivers.db [None req-87b7e3dc-8b4d-4e87-b1e5-0d6f452a7523 None None] DB_Driver: join new ServiceGroup member np0000002408 to the scheduler group, service = {{(pid=95727) join /opt/stack/nova/nova/servicegroup/drivers/db.py:44}}
Jun 09 05:36:52.627571 np0000002408 nova-scheduler[95730]: DEBUG nova.service [None req-ebb4f112-34ee-4ea3-a47a-eb5a29e6de71 None None] Join ServiceGroup membership for this service scheduler {{(pid=95730) start /opt/stack/nova/nova/service.py:221}}
Jun 09 05:36:52.627783 np0000002408 nova-scheduler[95730]: DEBUG nova.servicegroup.drivers.db [None req-ebb4f112-34ee-4ea3-a47a-eb5a29e6de71 None None] DB_Driver: join new ServiceGroup member np0000002408 to the scheduler group, service = {{(pid=95730) join /opt/stack/nova/nova/servicegroup/drivers/db.py:44}}
Jun 09 05:36:55.621688 np0000002408 nova-scheduler[95727]: DEBUG oslo.service.backend._threading.loopingcall [None req-1b9e67ac-8a96-4b88-a54b-8c804b5359ae None None] Dynamic interval looping call 'nova.service.Service.periodic_tasks' sleeping for 60.00 seconds {{(pid=95727) _run_loop /opt/stack/data/venv/lib/python3.12/site-packages/oslo_service/backend/_threading/loopingcall.py:125}}
Jun 09 05:36:57.637992 np0000002408 nova-scheduler[95721]: DEBUG oslo.service.backend._threading.loopingcall [-] Fixed interval looping call 'nova.servicegroup.drivers.db.DbDriver._report_state' sleeping for 119.98 seconds {{(pid=95721) _run_loop /opt/stack/data/venv/lib/python3.12/site-packages/oslo_service/backend/_threading/loopingcall.py:125}}
Jun 09 05:36:57.646819 np0000002408 nova-scheduler[95727]: DEBUG oslo.service.backend._threading.loopingcall [-] Fixed interval looping call 'nova.servicegroup.drivers.db.DbDriver._report_state' sleeping for 119.98 seconds {{(pid=95727) _run_loop /opt/stack/data/venv/lib/python3.12/site-packages/oslo_service/backend/_threading/loopingcall.py:125}}
Jun 09 05:36:57.651357 np0000002408 nova-scheduler[95730]: DEBUG oslo.service.backend._threading.loopingcall [-] Fixed interval looping call 'nova.servicegroup.drivers.db.DbDriver._report_state' sleeping for 119.98 seconds {{(pid=95730) _run_loop /opt/stack/data/venv/lib/python3.12/site-packages/oslo_service/backend/_threading/loopingcall.py:125}}
Jun 09 05:37:01.183336 np0000002408 nova-scheduler[94508]: DEBUG dbcounter [-] [94508] Writing DB stats nova_api:SELECT=3 {{(pid=94508) stat_writer /opt/stack/data/venv/lib/python3.12/site-packages/dbcounter.py:115}}
Jun 09 05:37:01.305532 np0000002408 nova-scheduler[94508]: DEBUG dbcounter [-] [94508] Writing DB stats nova_cell0:SELECT=1 {{(pid=94508) stat_writer /opt/stack/data/venv/lib/python3.12/site-packages/dbcounter.py:115}}
Jun 09 05:37:01.316185 np0000002408 nova-scheduler[94508]: DEBUG dbcounter [-] [94508] Writing DB stats nova_cell1:SELECT=1 {{(pid=94508) stat_writer /opt/stack/data/venv/lib/python3.12/site-packages/dbcounter.py:115}}
Jun 09 05:37:07.628563 np0000002408 nova-scheduler[95721]: DEBUG dbcounter [-] [95721] Writing DB stats nova_cell0:SELECT=4,nova_cell0:INSERT=1,nova_cell0:UPDATE=1 {{(pid=95721) stat_writer /opt/stack/data/venv/lib/python3.12/site-packages/dbcounter.py:115}}
Jun 09 05:37:07.640309 np0000002408 nova-scheduler[95727]: DEBUG dbcounter [-] [95727] Writing DB stats nova_cell0:SELECT=5,nova_cell0:INSERT=1,nova_cell0:UPDATE=1 {{(pid=95727) stat_writer /opt/stack/data/venv/lib/python3.12/site-packages/dbcounter.py:115}}
Jun 09 05:37:07.650779 np0000002408 nova-scheduler[95730]: DEBUG dbcounter [-] [95730] Writing DB stats nova_cell0:SELECT=3 {{(pid=95730) stat_writer /opt/stack/data/venv/lib/python3.12/site-packages/dbcounter.py:115}}
Jun 09 05:37:13.630484 np0000002408 nova-scheduler[95730]: DEBUG oslo.service.backend._threading.loopingcall [None req-d17916d1-bed4-4a01-a886-78a3c0803b1b None None] Dynamic interval looping call 'nova.service.Service.periodic_tasks' sleeping for 60.00 seconds {{(pid=95730) _run_loop /opt/stack/data/venv/lib/python3.12/site-packages/oslo_service/backend/_threading/loopingcall.py:125}}
Jun 09 05:37:16.617475 np0000002408 nova-scheduler[95721]: DEBUG oslo.service.backend._threading.loopingcall [None req-938cae78-6ad7-4aa3-a20c-cea3e7ebf0ca None None] Dynamic interval looping call 'nova.service.Service.periodic_tasks' sleeping for 60.00 seconds {{(pid=95721) _run_loop /opt/stack/data/venv/lib/python3.12/site-packages/oslo_service/backend/_threading/loopingcall.py:125}}
Jun 09 05:37:55.622249 np0000002408 nova-scheduler[95727]: DEBUG oslo.service.backend._threading.loopingcall [None req-1b9e67ac-8a96-4b88-a54b-8c804b5359ae None None] Dynamic interval looping call 'nova.service.Service.periodic_tasks' sleeping for 60.00 seconds {{(pid=95727) _run_loop /opt/stack/data/venv/lib/python3.12/site-packages/oslo_service/backend/_threading/loopingcall.py:125}}
Jun 09 05:38:13.631004 np0000002408 nova-scheduler[95730]: DEBUG oslo.service.backend._threading.loopingcall [None req-d17916d1-bed4-4a01-a886-78a3c0803b1b None None] Dynamic interval looping call 'nova.service.Service.periodic_tasks' sleeping for 60.00 seconds {{(pid=95730) _run_loop /opt/stack/data/venv/lib/python3.12/site-packages/oslo_service/backend/_threading/loopingcall.py:125}}
Jun 09 05:38:16.618032 np0000002408 nova-scheduler[95721]: DEBUG oslo.service.backend._threading.loopingcall [None req-938cae78-6ad7-4aa3-a20c-cea3e7ebf0ca None None] Dynamic interval looping call 'nova.service.Service.periodic_tasks' sleeping for 60.00 seconds {{(pid=95721) _run_loop /opt/stack/data/venv/lib/python3.12/site-packages/oslo_service/backend/_threading/loopingcall.py:125}}
Jun 09 05:38:55.622857 np0000002408 nova-scheduler[95727]: DEBUG oslo.service.backend._threading.loopingcall [None req-1b9e67ac-8a96-4b88-a54b-8c804b5359ae None None] Dynamic interval looping call 'nova.service.Service.periodic_tasks' sleeping for 60.00 seconds {{(pid=95727) _run_loop /opt/stack/data/venv/lib/python3.12/site-packages/oslo_service/backend/_threading/loopingcall.py:125}}
Jun 09 05:38:57.630732 np0000002408 nova-scheduler[95721]: DEBUG oslo.service.backend._threading.loopingcall [-] Fixed interval looping call 'nova.servicegroup.drivers.db.DbDriver._report_state' sleeping for 119.99 seconds {{(pid=95721) _run_loop /opt/stack/data/venv/lib/python3.12/site-packages/oslo_service/backend/_threading/loopingcall.py:125}}
Jun 09 05:38:57.631474 np0000002408 nova-scheduler[95727]: DEBUG oslo.service.backend._threading.loopingcall [-] Fixed interval looping call 'nova.servicegroup.drivers.db.DbDriver._report_state' sleeping for 120.00 seconds {{(pid=95727) _run_loop /opt/stack/data/venv/lib/python3.12/site-packages/oslo_service/backend/_threading/loopingcall.py:125}}
Jun 09 05:38:57.635400 np0000002408 nova-scheduler[95730]: DEBUG oslo.service.backend._threading.loopingcall [-] Fixed interval looping call 'nova.servicegroup.drivers.db.DbDriver._report_state' sleeping for 120.00 seconds {{(pid=95730) _run_loop /opt/stack/data/venv/lib/python3.12/site-packages/oslo_service/backend/_threading/loopingcall.py:125}}
Jun 09 05:39:07.621530 np0000002408 nova-scheduler[95721]: DEBUG dbcounter [-] [95721] Writing DB stats nova_cell0:SELECT=1,nova_cell0:UPDATE=1 {{(pid=95721) stat_writer /opt/stack/data/venv/lib/python3.12/site-packages/dbcounter.py:115}}
Jun 09 05:39:07.630411 np0000002408 nova-scheduler[95727]: DEBUG dbcounter [-] [95727] Writing DB stats nova_cell0:SELECT=1,nova_cell0:UPDATE=1 {{(pid=95727) stat_writer /opt/stack/data/venv/lib/python3.12/site-packages/dbcounter.py:115}}
Jun 09 05:39:07.633196 np0000002408 nova-scheduler[95730]: DEBUG dbcounter [-] [95730] Writing DB stats nova_cell0:SELECT=1 {{(pid=95730) stat_writer /opt/stack/data/venv/lib/python3.12/site-packages/dbcounter.py:115}}
Jun 09 05:39:13.631610 np0000002408 nova-scheduler[95730]: DEBUG oslo.service.backend._threading.loopingcall [None req-d17916d1-bed4-4a01-a886-78a3c0803b1b None None] Dynamic interval looping call 'nova.service.Service.periodic_tasks' sleeping for 60.00 seconds {{(pid=95730) _run_loop /opt/stack/data/venv/lib/python3.12/site-packages/oslo_service/backend/_threading/loopingcall.py:125}}
Jun 09 05:39:16.618523 np0000002408 nova-scheduler[95721]: DEBUG oslo.service.backend._threading.loopingcall [None req-938cae78-6ad7-4aa3-a20c-cea3e7ebf0ca None None] Dynamic interval looping call 'nova.service.Service.periodic_tasks' sleeping for 60.00 seconds {{(pid=95721) _run_loop /opt/stack/data/venv/lib/python3.12/site-packages/oslo_service/backend/_threading/loopingcall.py:125}}
Jun 09 05:39:37.194188 np0000002408 nova-scheduler[95721]: DEBUG nova.scheduler.manager [None req-cc2c4762-fe9e-404a-b0a8-91fdc469440b tempest-ServersNegativeTestJSON-2043442203 tempest-ServersNegativeTestJSON-2043442203-project-member] Starting to schedule for instances: ['0a6dc83a-9cb1-4b00-802a-15a5f68c25e0'] {{(pid=95721) select_destinations /opt/stack/nova/nova/scheduler/manager.py:210}}
Jun 09 05:39:37.195228 np0000002408 nova-scheduler[95721]: DEBUG nova.scheduler.request_filter [None req-cc2c4762-fe9e-404a-b0a8-91fdc469440b tempest-ServersNegativeTestJSON-2043442203 tempest-ServersNegativeTestJSON-2043442203-project-member] compute_status_filter request filter added forbidden trait COMPUTE_STATUS_DISABLED {{(pid=95721) compute_status_filter /opt/stack/nova/nova/scheduler/request_filter.py:253}}
Jun 09 05:39:37.195504 np0000002408 nova-scheduler[95721]: DEBUG nova.scheduler.request_filter [None req-cc2c4762-fe9e-404a-b0a8-91fdc469440b tempest-ServersNegativeTestJSON-2043442203 tempest-ServersNegativeTestJSON-2043442203-project-member] Request filter 'compute_status_filter' took 0.0 seconds {{(pid=95721) wrapper /opt/stack/nova/nova/scheduler/request_filter.py:46}}
Jun 09 05:39:37.196011 np0000002408 nova-scheduler[95721]: DEBUG nova.scheduler.request_filter [None req-cc2c4762-fe9e-404a-b0a8-91fdc469440b tempest-ServersNegativeTestJSON-2043442203 tempest-ServersNegativeTestJSON-2043442203-project-member] Request filter 'accelerators_filter' took 0.0 seconds {{(pid=95721) wrapper /opt/stack/nova/nova/scheduler/request_filter.py:46}}
Jun 09 05:39:37.196822 np0000002408 nova-scheduler[95721]: DEBUG nova.scheduler.request_filter [None req-cc2c4762-fe9e-404a-b0a8-91fdc469440b tempest-ServersNegativeTestJSON-2043442203 tempest-ServersNegativeTestJSON-2043442203-project-member] Request filter 'packed_virtqueue_filter' took 0.0 seconds {{(pid=95721) wrapper /opt/stack/nova/nova/scheduler/request_filter.py:46}}
Jun 09 05:39:37.197109 np0000002408 nova-scheduler[95721]: DEBUG nova.scheduler.request_filter [None req-cc2c4762-fe9e-404a-b0a8-91fdc469440b tempest-ServersNegativeTestJSON-2043442203 tempest-ServersNegativeTestJSON-2043442203-project-member] Request filter 'remote_managed_ports_filter' took 0.0 seconds {{(pid=95721) wrapper /opt/stack/nova/nova/scheduler/request_filter.py:46}}
Jun 09 05:39:37.197474 np0000002408 nova-scheduler[95721]: DEBUG nova.scheduler.request_filter [None req-cc2c4762-fe9e-404a-b0a8-91fdc469440b tempest-ServersNegativeTestJSON-2043442203 tempest-ServersNegativeTestJSON-2043442203-project-member] ephemeral_encryption_filter skipped {{(pid=95721) ephemeral_encryption_filter /opt/stack/nova/nova/scheduler/request_filter.py:426}}
Jun 09 05:39:37.197739 np0000002408 nova-scheduler[95721]: DEBUG nova.scheduler.request_filter [None req-cc2c4762-fe9e-404a-b0a8-91fdc469440b tempest-ServersNegativeTestJSON-2043442203 tempest-ServersNegativeTestJSON-2043442203-project-member] virtio_sound_filter skipped {{(pid=95721) virtio_sound_filter /opt/stack/nova/nova/scheduler/request_filter.py:460}}
Jun 09 05:39:37.198071 np0000002408 nova-scheduler[95721]: DEBUG nova.scheduler.request_filter [None req-cc2c4762-fe9e-404a-b0a8-91fdc469440b tempest-ServersNegativeTestJSON-2043442203 tempest-ServersNegativeTestJSON-2043442203-project-member] tpm_secret_security_filter skipped {{(pid=95721) tpm_secret_security_filter /opt/stack/nova/nova/scheduler/request_filter.py:477}}
Jun 09 05:39:37.334279 np0000002408 nova-scheduler[95727]: DEBUG nova.scheduler.manager [None req-c80a8085-e34a-4c03-bf23-d9dc1d78cdac tempest-DeleteServersTestJSON-988304992 tempest-DeleteServersTestJSON-988304992-project-member] Starting to schedule for instances: ['9b268228-0443-4d6d-bfdd-1bdef239d873'] {{(pid=95727) select_destinations /opt/stack/nova/nova/scheduler/manager.py:210}}
Jun 09 05:39:37.337535 np0000002408 nova-scheduler[95727]: DEBUG nova.scheduler.request_filter [None req-c80a8085-e34a-4c03-bf23-d9dc1d78cdac tempest-DeleteServersTestJSON-988304992 tempest-DeleteServersTestJSON-988304992-project-member] compute_status_filter request filter added forbidden trait COMPUTE_STATUS_DISABLED {{(pid=95727) compute_status_filter /opt/stack/nova/nova/scheduler/request_filter.py:253}}
Jun 09 05:39:37.337713 np0000002408 nova-scheduler[95727]: DEBUG nova.scheduler.request_filter [None req-c80a8085-e34a-4c03-bf23-d9dc1d78cdac tempest-DeleteServersTestJSON-988304992 tempest-DeleteServersTestJSON-988304992-project-member] Request filter 'compute_status_filter' took 0.0 seconds {{(pid=95727) wrapper /opt/stack/nova/nova/scheduler/request_filter.py:46}}
Jun 09 05:39:37.337980 np0000002408 nova-scheduler[95727]: DEBUG nova.scheduler.request_filter [None req-c80a8085-e34a-4c03-bf23-d9dc1d78cdac tempest-DeleteServersTestJSON-988304992 tempest-DeleteServersTestJSON-988304992-project-member] Request filter 'accelerators_filter' took 0.0 seconds {{(pid=95727) wrapper /opt/stack/nova/nova/scheduler/request_filter.py:46}}
Jun 09 05:39:37.338200 np0000002408 nova-scheduler[95727]: DEBUG nova.scheduler.request_filter [None req-c80a8085-e34a-4c03-bf23-d9dc1d78cdac tempest-DeleteServersTestJSON-988304992 tempest-DeleteServersTestJSON-988304992-project-member] Request filter 'packed_virtqueue_filter' took 0.0 seconds {{(pid=95727) wrapper /opt/stack/nova/nova/scheduler/request_filter.py:46}}
Jun 09 05:39:37.338496 np0000002408 nova-scheduler[95727]: DEBUG nova.scheduler.request_filter [None req-c80a8085-e34a-4c03-bf23-d9dc1d78cdac tempest-DeleteServersTestJSON-988304992 tempest-DeleteServersTestJSON-988304992-project-member] Request filter 'remote_managed_ports_filter' took 0.0 seconds {{(pid=95727) wrapper /opt/stack/nova/nova/scheduler/request_filter.py:46}}
Jun 09 05:39:37.338657 np0000002408 nova-scheduler[95727]: DEBUG nova.scheduler.request_filter [None req-c80a8085-e34a-4c03-bf23-d9dc1d78cdac tempest-DeleteServersTestJSON-988304992 tempest-DeleteServersTestJSON-988304992-project-member] ephemeral_encryption_filter skipped {{(pid=95727) ephemeral_encryption_filter /opt/stack/nova/nova/scheduler/request_filter.py:426}}
Jun 09 05:39:37.338828 np0000002408 nova-scheduler[95727]: DEBUG nova.scheduler.request_filter [None req-c80a8085-e34a-4c03-bf23-d9dc1d78cdac tempest-DeleteServersTestJSON-988304992 tempest-DeleteServersTestJSON-988304992-project-member] virtio_sound_filter skipped {{(pid=95727) virtio_sound_filter /opt/stack/nova/nova/scheduler/request_filter.py:460}}
Jun 09 05:39:37.339002 np0000002408 nova-scheduler[95727]: DEBUG nova.scheduler.request_filter [None req-c80a8085-e34a-4c03-bf23-d9dc1d78cdac tempest-DeleteServersTestJSON-988304992 tempest-DeleteServersTestJSON-988304992-project-member] tpm_secret_security_filter skipped {{(pid=95727) tpm_secret_security_filter /opt/stack/nova/nova/scheduler/request_filter.py:477}}
Jun 09 05:39:37.894943 np0000002408 nova-scheduler[95727]: INFO nova.utils [None req-c80a8085-e34a-4c03-bf23-d9dc1d78cdac tempest-DeleteServersTestJSON-988304992 tempest-DeleteServersTestJSON-988304992-project-member] The cell worker thread pool ForkProcess-2.cell_worker is initialized
Jun 09 05:39:37.895425 np0000002408 nova-scheduler[95727]: DEBUG oslo_concurrency.lockutils [None req-c80a8085-e34a-4c03-bf23-d9dc1d78cdac tempest-DeleteServersTestJSON-988304992 tempest-DeleteServersTestJSON-988304992-project-member] Acquiring lock "fcb3135d-686f-4542-81b0-af971d017d9b" by "nova.context.set_target_cell..get_or_set_cached_cell_and_set_connections" {{(pid=95727) inner /opt/stack/data/venv/lib/python3.12/site-packages/oslo_concurrency/lockutils.py:511}}
Jun 09 05:39:37.895666 np0000002408 nova-scheduler[95727]: DEBUG oslo_concurrency.lockutils [None req-c80a8085-e34a-4c03-bf23-d9dc1d78cdac tempest-DeleteServersTestJSON-988304992 tempest-DeleteServersTestJSON-988304992-project-member] Lock "fcb3135d-686f-4542-81b0-af971d017d9b" acquired by "nova.context.set_target_cell..get_or_set_cached_cell_and_set_connections" :: waited 0.000s {{(pid=95727) inner /opt/stack/data/venv/lib/python3.12/site-packages/oslo_concurrency/lockutils.py:524}}
Jun 09 05:39:37.900069 np0000002408 nova-scheduler[95727]: DEBUG oslo_concurrency.lockutils [None req-c80a8085-e34a-4c03-bf23-d9dc1d78cdac tempest-DeleteServersTestJSON-988304992 tempest-DeleteServersTestJSON-988304992-project-member] Lock "fcb3135d-686f-4542-81b0-af971d017d9b" "released" by "nova.context.set_target_cell..get_or_set_cached_cell_and_set_connections" :: held 0.004s {{(pid=95727) inner /opt/stack/data/venv/lib/python3.12/site-packages/oslo_concurrency/lockutils.py:543}}
Jun 09 05:39:37.903047 np0000002408 nova-scheduler[95727]: INFO dbcounter [None req-c80a8085-e34a-4c03-bf23-d9dc1d78cdac tempest-DeleteServersTestJSON-988304992 tempest-DeleteServersTestJSON-988304992-project-member] Registered counter for database nova_cell1
Jun 09 05:39:37.952373 np0000002408 nova-scheduler[95727]: DEBUG oslo_db.sqlalchemy.engines [None req-c80a8085-e34a-4c03-bf23-d9dc1d78cdac tempest-DeleteServersTestJSON-988304992 tempest-DeleteServersTestJSON-988304992-project-member] MySQL server mode set to STRICT_TRANS_TABLES,STRICT_ALL_TABLES,NO_ZERO_IN_DATE,NO_ZERO_DATE,ERROR_FOR_DIVISION_BY_ZERO,TRADITIONAL,NO_ENGINE_SUBSTITUTION {{(pid=95727) _check_effective_sql_mode /opt/stack/data/venv/lib/python3.12/site-packages/oslo_db/sqlalchemy/engines.py:325}}
Jun 09 05:39:37.958335 np0000002408 nova-scheduler[95727]: DEBUG dbcounter [-] [95727] Writer thread running {{(pid=95727) stat_writer /opt/stack/data/venv/lib/python3.12/site-packages/dbcounter.py:102}}
Jun 09 05:39:37.975102 np0000002408 nova-scheduler[95727]: DEBUG oslo_db.sqlalchemy.engines [None req-c80a8085-e34a-4c03-bf23-d9dc1d78cdac tempest-DeleteServersTestJSON-988304992 tempest-DeleteServersTestJSON-988304992-project-member] Parent process 94508 forked (95727) with an open database connection, which is being discarded and recreated. {{(pid=95727) checkout /opt/stack/data/venv/lib/python3.12/site-packages/oslo_db/sqlalchemy/engines.py:402}}
Jun 09 05:39:38.024200 np0000002408 nova-scheduler[95727]: DEBUG dbcounter [-] [95727] Writer thread running {{(pid=95727) stat_writer /opt/stack/data/venv/lib/python3.12/site-packages/dbcounter.py:102}}
Jun 09 05:39:38.028282 np0000002408 nova-scheduler[95727]: DEBUG oslo_concurrency.lockutils [None req-c80a8085-e34a-4c03-bf23-d9dc1d78cdac tempest-DeleteServersTestJSON-988304992 tempest-DeleteServersTestJSON-988304992-project-member] Acquiring lock "fcb3135d-686f-4542-81b0-af971d017d9b" by "nova.context.set_target_cell..get_or_set_cached_cell_and_set_connections" {{(pid=95727) inner /opt/stack/data/venv/lib/python3.12/site-packages/oslo_concurrency/lockutils.py:511}}
Jun 09 05:39:38.028468 np0000002408 nova-scheduler[95727]: DEBUG oslo_concurrency.lockutils [None req-c80a8085-e34a-4c03-bf23-d9dc1d78cdac tempest-DeleteServersTestJSON-988304992 tempest-DeleteServersTestJSON-988304992-project-member] Lock "fcb3135d-686f-4542-81b0-af971d017d9b" acquired by "nova.context.set_target_cell..get_or_set_cached_cell_and_set_connections" :: waited 0.000s {{(pid=95727) inner /opt/stack/data/venv/lib/python3.12/site-packages/oslo_concurrency/lockutils.py:524}}
Jun 09 05:39:38.028599 np0000002408 nova-scheduler[95727]: DEBUG oslo_concurrency.lockutils [None req-c80a8085-e34a-4c03-bf23-d9dc1d78cdac tempest-DeleteServersTestJSON-988304992 tempest-DeleteServersTestJSON-988304992-project-member] Lock "fcb3135d-686f-4542-81b0-af971d017d9b" "released" by "nova.context.set_target_cell..get_or_set_cached_cell_and_set_connections" :: held 0.000s {{(pid=95727) inner /opt/stack/data/venv/lib/python3.12/site-packages/oslo_concurrency/lockutils.py:543}}
Jun 09 05:39:38.033487 np0000002408 nova-scheduler[95727]: DEBUG oslo_concurrency.lockutils [None req-c80a8085-e34a-4c03-bf23-d9dc1d78cdac tempest-DeleteServersTestJSON-988304992 tempest-DeleteServersTestJSON-988304992-project-member] Acquiring lock "('np0000002408', 'np0000002408')" by "nova.scheduler.host_manager.HostState.update.._locked_update" {{(pid=95727) inner /opt/stack/data/venv/lib/python3.12/site-packages/oslo_concurrency/lockutils.py:511}}
Jun 09 05:39:38.033628 np0000002408 nova-scheduler[95727]: DEBUG oslo_concurrency.lockutils [None req-c80a8085-e34a-4c03-bf23-d9dc1d78cdac tempest-DeleteServersTestJSON-988304992 tempest-DeleteServersTestJSON-988304992-project-member] Lock "('np0000002408', 'np0000002408')" acquired by "nova.scheduler.host_manager.HostState.update.._locked_update" :: waited 0.000s {{(pid=95727) inner /opt/stack/data/venv/lib/python3.12/site-packages/oslo_concurrency/lockutils.py:524}}
Jun 09 05:39:38.035094 np0000002408 nova-scheduler[95727]: DEBUG nova.scheduler.host_manager [None req-c80a8085-e34a-4c03-bf23-d9dc1d78cdac tempest-DeleteServersTestJSON-988304992 tempest-DeleteServersTestJSON-988304992-project-member] Update host state from compute node: ComputeNode(cpu_allocation_ratio=4.0,cpu_info='{"arch": "x86_64", "model": "EPYC-Milan", "vendor": "AMD", "topology": {"cells": 1, "sockets": 12, "cores": 1, "threads": 1}, "maxphysaddr": {"mode": "emulate", "bits": 40}, "features": ["xsave", "abm", "x2apic", "clflushopt", "syscall", "popcnt", "tsc", "gds-no", "xsaveopt", "de", "f16c", "lfence-always-serializing", "hypervisor", "xsavec", "flushbyasid", "cx16", "svm", "cmov", "apic", "vmcb-clean", "umip", "mmx", "pclmuldq", "topoext", "tsc_adjust", "lahf_lm", "lbrv", "aes", "cx8", "mds-no", "sse4.1", "ssbd", "pae", "cmp_legacy", "lm", "vaes", "fxsr_opt", "vpclmulqdq", "mca", "wbnoinvd", "xsaveerptr", "sse2", "sep", "pse36", "fpu", "stibp-always-on", "arat", "avx", "pcid", "movbe", "ssse3", "ibpb", "osvw", "misalignsse", "null-sel-clr-base", "sha-ni", "amd-stibp", "bmi1", "erms", "v-vmsave-vmload", "mmxext", "xgetbv1", "skip-l1dfl-vmentry", "fsgsbase", "perfctr_core", "mtrr", "pni", "cr8legacy", "rdtscp", "pfthreshold", "invpcid", "spec-ctrl", "pku", "3dnowprefetch", "smap", "pause-filter", "smep", "virt-ssbd", "clflush", "pdpe1gb", "xsaves", "amd-ssbd", "clwb", "rdpid", "pat", "sse", "sse4.2", "npt", "pschange-mc-no", "bmi2", "pge", "adx", "arch-capabilities", "fsrm", "mce", "rdrand", "amd-psfd", "clzero", "no-nested-data-bp", "tsc-deadline", "msr", "stibp", "sse4a", "rdctl-no", "nrip-save", "fma", "vme", "svme-addr-chk", "fxsr", "pse", "tsc-scale", "avx2", "vgif", "ibrs", "rdseed", "nx"]}',created_at=2026-06-09T05:37:17Z,current_workload=0,deleted=False,deleted_at=None,disk_allocation_ratio=1.0,disk_available_least=74,free_disk_gb=95,free_ram_mb=23518,host='np0000002408',host_ip=10.4.3.110,hypervisor_hostname='np0000002408',hypervisor_type='QEMU',hypervisor_version=8002002,id=1,local_gb=95,local_gb_used=0,mapped=1,memory_mb=24030,memory_mb_used=512,metrics='[]',numa_topology='{"nova_object.name": "NUMATopology", "nova_object.namespace": "nova", "nova_object.version": "1.2", "nova_object.data": {"cells": [{"nova_object.name": "NUMACell", "nova_object.namespace": "nova", "nova_object.version": "1.5", "nova_object.data": {"id": 0, "cpuset": [0, 1, 2, 3, 4, 5, 6, 7, 8, 9, 10, 11], "pcpuset": [0, 1, 2, 3, 4, 5, 6, 7, 8, 9, 10, 11], "memory": 24030, "cpu_usage": 0, "memory_usage": 0, "pinned_cpus": [], "siblings": [[6], [2], [5], [11], [8], [4], [1], [7], [10], [0], [3], [9]], "mempages": [{"nova_object.name": "NUMAPagesTopology", "nova_object.namespace": "nova", "nova_object.version": "1.1", "nova_object.data": {"size_kb": 4, "total": 6151797, "used": 0, "reserved": 0}, "nova_object.changes": ["total", "used", "size_kb", "reserved"]}, {"nova_object.name": "NUMAPagesTopology", "nova_object.namespace": "nova", "nova_object.version": "1.1", "nova_object.data": {"size_kb": 2048, "total": 0, "used": 0, "reserved": 0}, "nova_object.changes": ["total", "used", "size_kb", "reserved"]}, {"nova_object.name": "NUMAPagesTopology", "nova_object.namespace": "nova", "nova_object.version": "1.1", "nova_object.data": {"size_kb": 1048576, "total": 0, "used": 0, "reserved": 0}, "nova_object.changes": ["total", "used", "size_kb", "reserved"]}], "network_metadata": {"nova_object.name": "NetworkMetadata", "nova_object.namespace": "nova", "nova_object.version": "1.0", "nova_object.data": {"physnets": [], "tunneled": false}, "nova_object.changes": ["physnets", "tunneled"]}, "socket": null}, "nova_object.changes": ["network_metadata", "pinned_cpus", "memory_usage", "socket", "memory", "id", "cpuset", "siblings", "cpu_usage", "mempages", "pcpuset"]}]}, "nova_object.changes": ["cells"]}',pci_device_pools=PciDevicePoolList,ram_allocation_ratio=1.0,running_vms=0,service_id=3,stats={failed_builds='0',uptime=' 05:39:03 up 28 min, 2 users, load average: 1.39, 1.45, 0.84
Jun 09 05:39:38.035094 np0000002408 nova-scheduler[95727]: '},supported_hv_specs=[HVSpec,HVSpec,HVSpec,HVSpec,HVSpec,HVSpec,HVSpec,HVSpec,HVSpec,HVSpec,HVSpec,HVSpec,HVSpec,HVSpec,HVSpec,HVSpec,HVSpec,HVSpec,HVSpec,HVSpec,HVSpec,HVSpec,HVSpec,HVSpec,HVSpec],updated_at=2026-06-09T05:39:05Z,uuid=72a2d7fa-af5b-49b2-bf18-63105736680e,vcpus=12,vcpus_used=0) {{(pid=95727) _locked_update /opt/stack/nova/nova/scheduler/host_manager.py:168}}
Jun 09 05:39:38.035637 np0000002408 nova-scheduler[95727]: DEBUG nova.scheduler.host_manager [None req-c80a8085-e34a-4c03-bf23-d9dc1d78cdac tempest-DeleteServersTestJSON-988304992 tempest-DeleteServersTestJSON-988304992-project-member] Update host state with aggregates: [] {{(pid=95727) _locked_update /opt/stack/nova/nova/scheduler/host_manager.py:171}}
Jun 09 05:39:38.035637 np0000002408 nova-scheduler[95727]: DEBUG nova.scheduler.host_manager [None req-c80a8085-e34a-4c03-bf23-d9dc1d78cdac tempest-DeleteServersTestJSON-988304992 tempest-DeleteServersTestJSON-988304992-project-member] Update host state with service dict: {'id': 3, 'uuid': '87ecf397-478b-4194-8937-c038eeb41a11', 'host': 'np0000002408', 'binary': 'nova-compute', 'topic': 'compute', 'report_count': 2, 'disabled': False, 'disabled_reason': None, 'last_seen_up': datetime.datetime(2026, 6, 9, 5, 39, 26, tzinfo=datetime.timezone.utc), 'forced_down': False, 'version': 72, 'created_at': datetime.datetime(2026, 6, 9, 5, 37, 16, tzinfo=datetime.timezone.utc), 'updated_at': datetime.datetime(2026, 6, 9, 5, 39, 26, tzinfo=datetime.timezone.utc), 'deleted_at': None, 'deleted': False} {{(pid=95727) _locked_update /opt/stack/nova/nova/scheduler/host_manager.py:174}}
Jun 09 05:39:38.035637 np0000002408 nova-scheduler[95727]: DEBUG nova.scheduler.host_manager [None req-c80a8085-e34a-4c03-bf23-d9dc1d78cdac tempest-DeleteServersTestJSON-988304992 tempest-DeleteServersTestJSON-988304992-project-member] Update host state with instances: [] {{(pid=95727) _locked_update /opt/stack/nova/nova/scheduler/host_manager.py:177}}
Jun 09 05:39:38.035637 np0000002408 nova-scheduler[95727]: DEBUG oslo_concurrency.lockutils [None req-c80a8085-e34a-4c03-bf23-d9dc1d78cdac tempest-DeleteServersTestJSON-988304992 tempest-DeleteServersTestJSON-988304992-project-member] Lock "('np0000002408', 'np0000002408')" "released" by "nova.scheduler.host_manager.HostState.update.._locked_update" :: held 0.002s {{(pid=95727) inner /opt/stack/data/venv/lib/python3.12/site-packages/oslo_concurrency/lockutils.py:543}}
Jun 09 05:39:38.036237 np0000002408 nova-scheduler[95727]: DEBUG nova.filters [None req-c80a8085-e34a-4c03-bf23-d9dc1d78cdac tempest-DeleteServersTestJSON-988304992 tempest-DeleteServersTestJSON-988304992-project-member] Starting with 1 host(s) {{(pid=95727) get_filtered_objects /opt/stack/nova/nova/filters.py:70}}
Jun 09 05:39:38.036237 np0000002408 nova-scheduler[95727]: DEBUG nova.filters [None req-c80a8085-e34a-4c03-bf23-d9dc1d78cdac tempest-DeleteServersTestJSON-988304992 tempest-DeleteServersTestJSON-988304992-project-member] Filter ComputeFilter returned 1 host(s) {{(pid=95727) get_filtered_objects /opt/stack/nova/nova/filters.py:102}}
Jun 09 05:39:38.036498 np0000002408 nova-scheduler[95727]: DEBUG nova.filters [None req-c80a8085-e34a-4c03-bf23-d9dc1d78cdac tempest-DeleteServersTestJSON-988304992 tempest-DeleteServersTestJSON-988304992-project-member] Filter ComputeCapabilitiesFilter returned 1 host(s) {{(pid=95727) get_filtered_objects /opt/stack/nova/nova/filters.py:102}}
Jun 09 05:39:38.036698 np0000002408 nova-scheduler[95727]: DEBUG nova.filters [None req-c80a8085-e34a-4c03-bf23-d9dc1d78cdac tempest-DeleteServersTestJSON-988304992 tempest-DeleteServersTestJSON-988304992-project-member] Filter ImagePropertiesFilter returned 1 host(s) {{(pid=95727) get_filtered_objects /opt/stack/nova/nova/filters.py:102}}
Jun 09 05:39:38.036890 np0000002408 nova-scheduler[95727]: DEBUG nova.filters [None req-c80a8085-e34a-4c03-bf23-d9dc1d78cdac tempest-DeleteServersTestJSON-988304992 tempest-DeleteServersTestJSON-988304992-project-member] Filter ServerGroupAntiAffinityFilter returned 1 host(s) {{(pid=95727) get_filtered_objects /opt/stack/nova/nova/filters.py:102}}
Jun 09 05:39:38.037056 np0000002408 nova-scheduler[95727]: DEBUG nova.filters [None req-c80a8085-e34a-4c03-bf23-d9dc1d78cdac tempest-DeleteServersTestJSON-988304992 tempest-DeleteServersTestJSON-988304992-project-member] Filter ServerGroupAffinityFilter returned 1 host(s) {{(pid=95727) get_filtered_objects /opt/stack/nova/nova/filters.py:102}}
Jun 09 05:39:38.037239 np0000002408 nova-scheduler[95727]: DEBUG nova.filters [None req-c80a8085-e34a-4c03-bf23-d9dc1d78cdac tempest-DeleteServersTestJSON-988304992 tempest-DeleteServersTestJSON-988304992-project-member] Filter SameHostFilter returned 1 host(s) {{(pid=95727) get_filtered_objects /opt/stack/nova/nova/filters.py:102}}
Jun 09 05:39:38.037379 np0000002408 nova-scheduler[95727]: DEBUG nova.filters [None req-c80a8085-e34a-4c03-bf23-d9dc1d78cdac tempest-DeleteServersTestJSON-988304992 tempest-DeleteServersTestJSON-988304992-project-member] Filter DifferentHostFilter returned 1 host(s) {{(pid=95727) get_filtered_objects /opt/stack/nova/nova/filters.py:102}}
Jun 09 05:39:38.037539 np0000002408 nova-scheduler[95727]: DEBUG nova.scheduler.manager [None req-c80a8085-e34a-4c03-bf23-d9dc1d78cdac tempest-DeleteServersTestJSON-988304992 tempest-DeleteServersTestJSON-988304992-project-member] Filtered [(np0000002408, np0000002408) ram: 23518MB disk: 75776MB io_ops: 0 instances: 0, allocation_candidates: 1] {{(pid=95727) _get_sorted_hosts /opt/stack/nova/nova/scheduler/manager.py:743}}
Jun 09 05:39:38.037683 np0000002408 nova-scheduler[95727]: DEBUG nova.scheduler.manager [None req-c80a8085-e34a-4c03-bf23-d9dc1d78cdac tempest-DeleteServersTestJSON-988304992 tempest-DeleteServersTestJSON-988304992-project-member] Weighed [WeighedHost [host: (np0000002408, np0000002408) ram: 23518MB disk: 75776MB io_ops: 0 instances: 0, allocation_candidates: 1, weight: 0.0]] {{(pid=95727) _get_sorted_hosts /opt/stack/nova/nova/scheduler/manager.py:765}}
Jun 09 05:39:38.037913 np0000002408 nova-scheduler[95727]: DEBUG nova.scheduler.utils [None req-c80a8085-e34a-4c03-bf23-d9dc1d78cdac tempest-DeleteServersTestJSON-988304992 tempest-DeleteServersTestJSON-988304992-project-member] Attempting to claim resources in the placement API for instance 9b268228-0443-4d6d-bfdd-1bdef239d873 {{(pid=95727) claim_resources /opt/stack/nova/nova/scheduler/utils.py:1345}}
Jun 09 05:39:38.217175 np0000002408 nova-scheduler[95727]: DEBUG nova.scheduler.manager [None req-c80a8085-e34a-4c03-bf23-d9dc1d78cdac tempest-DeleteServersTestJSON-988304992 tempest-DeleteServersTestJSON-988304992-project-member] [instance: 9b268228-0443-4d6d-bfdd-1bdef239d873] Selected host: (np0000002408, np0000002408) ram: 23518MB disk: 75776MB io_ops: 0 instances: 0, allocation_candidates: 1 {{(pid=95727) _consume_selected_host /opt/stack/nova/nova/scheduler/manager.py:625}}
Jun 09 05:39:38.217336 np0000002408 nova-scheduler[95727]: DEBUG oslo_concurrency.lockutils [None req-c80a8085-e34a-4c03-bf23-d9dc1d78cdac tempest-DeleteServersTestJSON-988304992 tempest-DeleteServersTestJSON-988304992-project-member] Acquiring lock "('np0000002408', 'np0000002408')" by "nova.scheduler.host_manager.HostState.consume_from_request.._locked" {{(pid=95727) inner /opt/stack/data/venv/lib/python3.12/site-packages/oslo_concurrency/lockutils.py:511}}
Jun 09 05:39:38.218407 np0000002408 nova-scheduler[95727]: DEBUG oslo_concurrency.lockutils [None req-c80a8085-e34a-4c03-bf23-d9dc1d78cdac tempest-DeleteServersTestJSON-988304992 tempest-DeleteServersTestJSON-988304992-project-member] Lock "('np0000002408', 'np0000002408')" acquired by "nova.scheduler.host_manager.HostState.consume_from_request.._locked" :: waited 0.000s {{(pid=95727) inner /opt/stack/data/venv/lib/python3.12/site-packages/oslo_concurrency/lockutils.py:524}}
Jun 09 05:39:38.218407 np0000002408 nova-scheduler[95727]: DEBUG oslo_concurrency.lockutils [None req-c80a8085-e34a-4c03-bf23-d9dc1d78cdac tempest-DeleteServersTestJSON-988304992 tempest-DeleteServersTestJSON-988304992-project-member] Lock "('np0000002408', 'np0000002408')" "released" by "nova.scheduler.host_manager.HostState.consume_from_request.._locked" :: held 0.000s {{(pid=95727) inner /opt/stack/data/venv/lib/python3.12/site-packages/oslo_concurrency/lockutils.py:543}}
Jun 09 05:39:38.433118 np0000002408 nova-scheduler[95721]: INFO nova.utils [None req-cc2c4762-fe9e-404a-b0a8-91fdc469440b tempest-ServersNegativeTestJSON-2043442203 tempest-ServersNegativeTestJSON-2043442203-project-member] The cell worker thread pool ForkProcess-1.cell_worker is initialized
Jun 09 05:39:38.433545 np0000002408 nova-scheduler[95721]: DEBUG oslo_concurrency.lockutils [None req-cc2c4762-fe9e-404a-b0a8-91fdc469440b tempest-ServersNegativeTestJSON-2043442203 tempest-ServersNegativeTestJSON-2043442203-project-member] Acquiring lock "fcb3135d-686f-4542-81b0-af971d017d9b" by "nova.context.set_target_cell..get_or_set_cached_cell_and_set_connections" {{(pid=95721) inner /opt/stack/data/venv/lib/python3.12/site-packages/oslo_concurrency/lockutils.py:511}}
Jun 09 05:39:38.433796 np0000002408 nova-scheduler[95721]: DEBUG oslo_concurrency.lockutils [None req-cc2c4762-fe9e-404a-b0a8-91fdc469440b tempest-ServersNegativeTestJSON-2043442203 tempest-ServersNegativeTestJSON-2043442203-project-member] Lock "fcb3135d-686f-4542-81b0-af971d017d9b" acquired by "nova.context.set_target_cell..get_or_set_cached_cell_and_set_connections" :: waited 0.000s {{(pid=95721) inner /opt/stack/data/venv/lib/python3.12/site-packages/oslo_concurrency/lockutils.py:524}}
Jun 09 05:39:38.436563 np0000002408 nova-scheduler[95721]: DEBUG oslo_concurrency.lockutils [None req-cc2c4762-fe9e-404a-b0a8-91fdc469440b tempest-ServersNegativeTestJSON-2043442203 tempest-ServersNegativeTestJSON-2043442203-project-member] Lock "fcb3135d-686f-4542-81b0-af971d017d9b" "released" by "nova.context.set_target_cell..get_or_set_cached_cell_and_set_connections" :: held 0.002s {{(pid=95721) inner /opt/stack/data/venv/lib/python3.12/site-packages/oslo_concurrency/lockutils.py:543}}
Jun 09 05:39:38.440206 np0000002408 nova-scheduler[95721]: INFO dbcounter [None req-cc2c4762-fe9e-404a-b0a8-91fdc469440b tempest-ServersNegativeTestJSON-2043442203 tempest-ServersNegativeTestJSON-2043442203-project-member] Registered counter for database nova_cell1
Jun 09 05:39:38.500817 np0000002408 nova-scheduler[95721]: DEBUG oslo_db.sqlalchemy.engines [None req-cc2c4762-fe9e-404a-b0a8-91fdc469440b tempest-ServersNegativeTestJSON-2043442203 tempest-ServersNegativeTestJSON-2043442203-project-member] MySQL server mode set to STRICT_TRANS_TABLES,STRICT_ALL_TABLES,NO_ZERO_IN_DATE,NO_ZERO_DATE,ERROR_FOR_DIVISION_BY_ZERO,TRADITIONAL,NO_ENGINE_SUBSTITUTION {{(pid=95721) _check_effective_sql_mode /opt/stack/data/venv/lib/python3.12/site-packages/oslo_db/sqlalchemy/engines.py:325}}
Jun 09 05:39:38.512999 np0000002408 nova-scheduler[95721]: DEBUG dbcounter [-] [95721] Writer thread running {{(pid=95721) stat_writer /opt/stack/data/venv/lib/python3.12/site-packages/dbcounter.py:102}}
Jun 09 05:39:38.603028 np0000002408 nova-scheduler[95721]: DEBUG dbcounter [-] [95721] Writer thread running {{(pid=95721) stat_writer /opt/stack/data/venv/lib/python3.12/site-packages/dbcounter.py:102}}
Jun 09 05:39:38.605924 np0000002408 nova-scheduler[95721]: DEBUG oslo_concurrency.lockutils [None req-cc2c4762-fe9e-404a-b0a8-91fdc469440b tempest-ServersNegativeTestJSON-2043442203 tempest-ServersNegativeTestJSON-2043442203-project-member] Acquiring lock "fcb3135d-686f-4542-81b0-af971d017d9b" by "nova.context.set_target_cell..get_or_set_cached_cell_and_set_connections" {{(pid=95721) inner /opt/stack/data/venv/lib/python3.12/site-packages/oslo_concurrency/lockutils.py:511}}
Jun 09 05:39:38.606120 np0000002408 nova-scheduler[95721]: DEBUG oslo_concurrency.lockutils [None req-cc2c4762-fe9e-404a-b0a8-91fdc469440b tempest-ServersNegativeTestJSON-2043442203 tempest-ServersNegativeTestJSON-2043442203-project-member] Lock "fcb3135d-686f-4542-81b0-af971d017d9b" acquired by "nova.context.set_target_cell..get_or_set_cached_cell_and_set_connections" :: waited 0.000s {{(pid=95721) inner /opt/stack/data/venv/lib/python3.12/site-packages/oslo_concurrency/lockutils.py:524}}
Jun 09 05:39:38.606276 np0000002408 nova-scheduler[95721]: DEBUG oslo_concurrency.lockutils [None req-cc2c4762-fe9e-404a-b0a8-91fdc469440b tempest-ServersNegativeTestJSON-2043442203 tempest-ServersNegativeTestJSON-2043442203-project-member] Lock "fcb3135d-686f-4542-81b0-af971d017d9b" "released" by "nova.context.set_target_cell..get_or_set_cached_cell_and_set_connections" :: held 0.000s {{(pid=95721) inner /opt/stack/data/venv/lib/python3.12/site-packages/oslo_concurrency/lockutils.py:543}}
Jun 09 05:39:38.610082 np0000002408 nova-scheduler[95721]: DEBUG oslo_concurrency.lockutils [None req-cc2c4762-fe9e-404a-b0a8-91fdc469440b tempest-ServersNegativeTestJSON-2043442203 tempest-ServersNegativeTestJSON-2043442203-project-member] Acquiring lock "('np0000002408', 'np0000002408')" by "nova.scheduler.host_manager.HostState.update.._locked_update" {{(pid=95721) inner /opt/stack/data/venv/lib/python3.12/site-packages/oslo_concurrency/lockutils.py:511}}
Jun 09 05:39:38.610272 np0000002408 nova-scheduler[95721]: DEBUG oslo_concurrency.lockutils [None req-cc2c4762-fe9e-404a-b0a8-91fdc469440b tempest-ServersNegativeTestJSON-2043442203 tempest-ServersNegativeTestJSON-2043442203-project-member] Lock "('np0000002408', 'np0000002408')" acquired by "nova.scheduler.host_manager.HostState.update.._locked_update" :: waited 0.000s {{(pid=95721) inner /opt/stack/data/venv/lib/python3.12/site-packages/oslo_concurrency/lockutils.py:524}}
