Aug 18 08:02:27.963167 np0000007616 devstack@g-api.service[99717]: DEBUG glance.api.middleware.version_negotiation [None req-e8c98b63-0006-4cc3-be5b-6f9bd0a0fca9 tempest-TestVolumeBootPatternV346-1897587866 tempest-TestVolumeBootPatternV346-1897587866-project-member] new path /v2/schemas/image {{(pid=99717) process_request /opt/stack/glance/glance/api/middleware/version_negotiation.py:70}}
Aug 18 08:02:27.965354 np0000007616 devstack@g-api.service[99717]: [pid: 99717|app: 0|req: 121/373] 127.0.0.1 () {44 vars in 1055 bytes} [Tue Aug 18 08:02:27 2026] GET /v2/schemas/image => generated 6083 bytes in 2 msecs (HTTP/1.1 200) 4 headers in 158 bytes (1 switches on core 0)
Aug 18 08:02:27.977994 np0000007616 devstack@g-api.service[99716]: DEBUG glance.api.middleware.version_negotiation [None req-e8c98b63-0006-4cc3-be5b-6f9bd0a0fca9 tempest-TestVolumeBootPatternV346-1897587866 tempest-TestVolumeBootPatternV346-1897587866-project-member] Determining version of request: GET /v2/schemas/image Accept: */* {{(pid=99716) process_request /opt/stack/glance/glance/api/middleware/version_negotiation.py:44}}
Aug 18 08:02:27.977994 np0000007616 devstack@g-api.service[99716]: DEBUG glance.api.middleware.version_negotiation [None req-e8c98b63-0006-4cc3-be5b-6f9bd0a0fca9 tempest-TestVolumeBootPatternV346-1897587866 tempest-TestVolumeBootPatternV346-1897587866-project-member] Using url versioning {{(pid=99716) process_request /opt/stack/glance/glance/api/middleware/version_negotiation.py:57}}
Aug 18 08:02:27.977994 np0000007616 devstack@g-api.service[99716]: DEBUG glance.api.middleware.version_negotiation [None req-e8c98b63-0006-4cc3-be5b-6f9bd0a0fca9 tempest-TestVolumeBootPatternV346-1897587866 tempest-TestVolumeBootPatternV346-1897587866-project-member] Matched version: v2 {{(pid=99716) process_request /opt/stack/glance/glance/api/middleware/version_negotiation.py:69}}
Aug 18 08:02:27.977994 np0000007616 devstack@g-api.service[99716]: DEBUG glance.api.middleware.version_negotiation [None req-e8c98b63-0006-4cc3-be5b-6f9bd0a0fca9 tempest-TestVolumeBootPatternV346-1897587866 tempest-TestVolumeBootPatternV346-1897587866-project-member] new path /v2/schemas/image {{(pid=99716) process_request /opt/stack/glance/glance/api/middleware/version_negotiation.py:70}}
Aug 18 08:02:27.980146 np0000007616 devstack@g-api.service[99716]: [pid: 99716|app: 0|req: 133/374] 127.0.0.1 () {44 vars in 1055 bytes} [Tue Aug 18 08:02:27 2026] GET /v2/schemas/image => generated 6083 bytes in 2 msecs (HTTP/1.1 200) 4 headers in 158 bytes (1 switches on core 0)
Aug 18 08:02:28.167319 np0000007616 devstack@g-api.service[99718]: DEBUG swiftclient [None req-ec215fb1-91e0-498b-a98e-2911d0614301 tempest-VolumesActionsTest-426653623 tempest-VolumesActionsTest-426653623-project-member] REQ: curl -i https://10.4.3.175:8080/v1/AUTH_05a523dff0414d49b9199e3f342e1ada/glance/164b5bbb-94c5-4e27-aacf-868f8a38da0b-00001 -X PUT -H "X-Auth-Token: gAAAAABqhBGR73_v..." {{(pid=99718) http_log /opt/stack/data/venv/lib/python3.12/site-packages/swiftclient/client.py:160}}
Aug 18 08:02:28.167569 np0000007616 devstack@g-api.service[99718]: DEBUG swiftclient [None req-ec215fb1-91e0-498b-a98e-2911d0614301 tempest-VolumesActionsTest-426653623 tempest-VolumesActionsTest-426653623-project-member] RESP STATUS: 201 Created {{(pid=99718) http_log /opt/stack/data/venv/lib/python3.12/site-packages/swiftclient/client.py:161}}
Aug 18 08:02:28.167668 np0000007616 devstack@g-api.service[99718]: DEBUG swiftclient [None req-ec215fb1-91e0-498b-a98e-2911d0614301 tempest-VolumesActionsTest-426653623 tempest-VolumesActionsTest-426653623-project-member] RESP HEADERS: {'Date': 'Tue, 18 Aug 2026 08:02:28 GMT', 'Server': 'Apache/2.4.58 (Ubuntu)', 'Content-Type': 'text/html; charset=UTF-8', 'Content-Length': '0', 'Etag': 'eda9a9889837ac4bc81d6387d92c1bec', 'Last-Modified': 'Tue, 18 Aug 2026 08:02:27 GMT', 'X-Trans-Id': 'tx67b2942dfa5e40febbd4e-006a841192', 'X-Openstack-Request-Id': 'tx67b2942dfa5e40febbd4e-006a841192', 'Connection': 'close'} {{(pid=99718) http_log /opt/stack/data/venv/lib/python3.12/site-packages/swiftclient/client.py:162}}
Aug 18 08:02:28.167919 np0000007616 devstack@g-api.service[99718]: DEBUG glance_store._drivers.swift.store [None req-ec215fb1-91e0-498b-a98e-2911d0614301 tempest-VolumesActionsTest-426653623 tempest-VolumesActionsTest-426653623-project-member] Wrote chunk 164b5bbb-94c5-4e27-aacf-868f8a38da0b-00001 (1/?) of length 204800000 to Swift returning MD5 of content: eda9a9889837ac4bc81d6387d92c1bec {{(pid=99718) add /opt/stack/data/venv/lib/python3.12/site-packages/glance_store/_drivers/swift/store.py:1059}}
Aug 18 08:02:28.695471 np0000007616 devstack@g-api.service[99717]: DEBUG glance.api.middleware.version_negotiation [None req-e8c98b63-0006-4cc3-be5b-6f9bd0a0fca9 tempest-TestVolumeBootPatternV346-1897587866 tempest-TestVolumeBootPatternV346-1897587866-project-member] Determining version of request: GET /v2/images/164b5bbb-94c5-4e27-aacf-868f8a38da0b Accept: application/json {{(pid=99717) process_request /opt/stack/glance/glance/api/middleware/version_negotiation.py:44}}
Aug 18 08:02:28.695471 np0000007616 devstack@g-api.service[99717]: DEBUG glance.api.middleware.version_negotiation [None req-e8c98b63-0006-4cc3-be5b-6f9bd0a0fca9 tempest-TestVolumeBootPatternV346-1897587866 tempest-TestVolumeBootPatternV346-1897587866-project-member] Using url versioning {{(pid=99717) process_request /opt/stack/glance/glance/api/middleware/version_negotiation.py:57}}
Aug 18 08:02:28.695471 np0000007616 devstack@g-api.service[99717]: DEBUG glance.api.middleware.version_negotiation [None req-e8c98b63-0006-4cc3-be5b-6f9bd0a0fca9 tempest-TestVolumeBootPatternV346-1897587866 tempest-TestVolumeBootPatternV346-1897587866-project-member] Matched version: v2 {{(pid=99717) process_request /opt/stack/glance/glance/api/middleware/version_negotiation.py:69}}
Aug 18 08:02:28.695471 np0000007616 devstack@g-api.service[99717]: DEBUG glance.api.middleware.version_negotiation [None req-e8c98b63-0006-4cc3-be5b-6f9bd0a0fca9 tempest-TestVolumeBootPatternV346-1897587866 tempest-TestVolumeBootPatternV346-1897587866-project-member] new path /v2/images/164b5bbb-94c5-4e27-aacf-868f8a38da0b {{(pid=99717) process_request /opt/stack/glance/glance/api/middleware/version_negotiation.py:70}}
Aug 18 08:02:28.713077 np0000007616 devstack@g-api.service[99717]: [pid: 99717|app: 0|req: 122/375] 127.0.0.1 () {40 vars in 838 bytes} [Tue Aug 18 08:02:28 2026] GET /v2/images/164b5bbb-94c5-4e27-aacf-868f8a38da0b => generated 650 bytes in 19 msecs (HTTP/1.1 200) 4 headers in 157 bytes (1 switches on core 0)
Aug 18 08:02:29.722125 np0000007616 devstack@g-api.service[99716]: DEBUG glance.api.middleware.version_negotiation [None req-e8c98b63-0006-4cc3-be5b-6f9bd0a0fca9 tempest-TestVolumeBootPatternV346-1897587866 tempest-TestVolumeBootPatternV346-1897587866-project-member] Determining version of request: GET /v2/images/164b5bbb-94c5-4e27-aacf-868f8a38da0b Accept: application/json {{(pid=99716) process_request /opt/stack/glance/glance/api/middleware/version_negotiation.py:44}}
Aug 18 08:02:29.722668 np0000007616 devstack@g-api.service[99716]: DEBUG glance.api.middleware.version_negotiation [None req-e8c98b63-0006-4cc3-be5b-6f9bd0a0fca9 tempest-TestVolumeBootPatternV346-1897587866 tempest-TestVolumeBootPatternV346-1897587866-project-member] Using url versioning {{(pid=99716) process_request /opt/stack/glance/glance/api/middleware/version_negotiation.py:57}}
Aug 18 08:02:29.722668 np0000007616 devstack@g-api.service[99716]: DEBUG glance.api.middleware.version_negotiation [None req-e8c98b63-0006-4cc3-be5b-6f9bd0a0fca9 tempest-TestVolumeBootPatternV346-1897587866 tempest-TestVolumeBootPatternV346-1897587866-project-member] Matched version: v2 {{(pid=99716) process_request /opt/stack/glance/glance/api/middleware/version_negotiation.py:69}}
Aug 18 08:02:29.722668 np0000007616 devstack@g-api.service[99716]: DEBUG glance.api.middleware.version_negotiation [None req-e8c98b63-0006-4cc3-be5b-6f9bd0a0fca9 tempest-TestVolumeBootPatternV346-1897587866 tempest-TestVolumeBootPatternV346-1897587866-project-member] new path /v2/images/164b5bbb-94c5-4e27-aacf-868f8a38da0b {{(pid=99716) process_request /opt/stack/glance/glance/api/middleware/version_negotiation.py:70}}
Aug 18 08:02:29.733560 np0000007616 devstack@g-api.service[99716]: [pid: 99716|app: 0|req: 134/376] 127.0.0.1 () {40 vars in 838 bytes} [Tue Aug 18 08:02:29 2026] GET /v2/images/164b5bbb-94c5-4e27-aacf-868f8a38da0b => generated 650 bytes in 11 msecs (HTTP/1.1 200) 4 headers in 157 bytes (1 switches on core 0)
Aug 18 08:02:30.190230 np0000007616 devstack@g-api.service[99718]: DEBUG swiftclient [None req-ec215fb1-91e0-498b-a98e-2911d0614301 tempest-VolumesActionsTest-426653623 tempest-VolumesActionsTest-426653623-project-member] REQ: curl -i https://10.4.3.175:8080/v1/AUTH_05a523dff0414d49b9199e3f342e1ada/glance/164b5bbb-94c5-4e27-aacf-868f8a38da0b-00002 -X PUT -H "X-Auth-Token: gAAAAABqhBGR73_v..." {{(pid=99718) http_log /opt/stack/data/venv/lib/python3.12/site-packages/swiftclient/client.py:160}}
Aug 18 08:02:30.190230 np0000007616 devstack@g-api.service[99718]: DEBUG swiftclient [None req-ec215fb1-91e0-498b-a98e-2911d0614301 tempest-VolumesActionsTest-426653623 tempest-VolumesActionsTest-426653623-project-member] RESP STATUS: 201 Created {{(pid=99718) http_log /opt/stack/data/venv/lib/python3.12/site-packages/swiftclient/client.py:161}}
Aug 18 08:02:30.190230 np0000007616 devstack@g-api.service[99718]: DEBUG swiftclient [None req-ec215fb1-91e0-498b-a98e-2911d0614301 tempest-VolumesActionsTest-426653623 tempest-VolumesActionsTest-426653623-project-member] RESP HEADERS: {'Date': 'Tue, 18 Aug 2026 08:02:30 GMT', 'Server': 'Apache/2.4.58 (Ubuntu)', 'Content-Type': 'text/html; charset=UTF-8', 'Content-Length': '0', 'Etag': 'eda9a9889837ac4bc81d6387d92c1bec', 'Last-Modified': 'Tue, 18 Aug 2026 08:02:29 GMT', 'X-Trans-Id': 'tx78e8a979d21c456191a9c-006a841194', 'X-Openstack-Request-Id': 'tx78e8a979d21c456191a9c-006a841194', 'Connection': 'close'} {{(pid=99718) http_log /opt/stack/data/venv/lib/python3.12/site-packages/swiftclient/client.py:162}}
Aug 18 08:02:30.190230 np0000007616 devstack@g-api.service[99718]: DEBUG glance_store._drivers.swift.store [None req-ec215fb1-91e0-498b-a98e-2911d0614301 tempest-VolumesActionsTest-426653623 tempest-VolumesActionsTest-426653623-project-member] Wrote chunk 164b5bbb-94c5-4e27-aacf-868f8a38da0b-00002 (2/?) of length 204800000 to Swift returning MD5 of content: eda9a9889837ac4bc81d6387d92c1bec {{(pid=99718) add /opt/stack/data/venv/lib/python3.12/site-packages/glance_store/_drivers/swift/store.py:1059}}
Aug 18 08:02:30.743133 np0000007616 devstack@g-api.service[99717]: DEBUG glance.api.middleware.version_negotiation [None req-308d0064-20a3-4185-8907-fe6085db7734 tempest-VolumesActionsTest-426653623 tempest-VolumesActionsTest-426653623-project-member] Determining version of request: GET /v2/images/164b5bbb-94c5-4e27-aacf-868f8a38da0b Accept: application/json {{(pid=99717) process_request /opt/stack/glance/glance/api/middleware/version_negotiation.py:44}}
Aug 18 08:02:30.743468 np0000007616 devstack@g-api.service[99717]: DEBUG glance.api.middleware.version_negotiation [None req-308d0064-20a3-4185-8907-fe6085db7734 tempest-VolumesActionsTest-426653623 tempest-VolumesActionsTest-426653623-project-member] Using url versioning {{(pid=99717) process_request /opt/stack/glance/glance/api/middleware/version_negotiation.py:57}}
Aug 18 08:02:30.743468 np0000007616 devstack@g-api.service[99717]: DEBUG glance.api.middleware.version_negotiation [None req-308d0064-20a3-4185-8907-fe6085db7734 tempest-VolumesActionsTest-426653623 tempest-VolumesActionsTest-426653623-project-member] Matched version: v2 {{(pid=99717) process_request /opt/stack/glance/glance/api/middleware/version_negotiation.py:69}}
Aug 18 08:02:30.744586 np0000007616 devstack@g-api.service[99717]: DEBUG glance.api.middleware.version_negotiation [None req-308d0064-20a3-4185-8907-fe6085db7734 tempest-VolumesActionsTest-426653623 tempest-VolumesActionsTest-426653623-project-member] new path /v2/images/164b5bbb-94c5-4e27-aacf-868f8a38da0b {{(pid=99717) process_request /opt/stack/glance/glance/api/middleware/version_negotiation.py:70}}
Aug 18 08:02:30.755887 np0000007616 devstack@g-api.service[99717]: [pid: 99717|app: 0|req: 123/377] 127.0.0.1 () {40 vars in 838 bytes} [Tue Aug 18 08:02:30 2026] GET /v2/images/164b5bbb-94c5-4e27-aacf-868f8a38da0b => generated 650 bytes in 13 msecs (HTTP/1.1 200) 4 headers in 157 bytes (1 switches on core 0)
Aug 18 08:02:31.768300 np0000007616 devstack@g-api.service[99716]: DEBUG glance.api.middleware.version_negotiation [None req-13474a60-5139-4fff-bf80-2ed6ec8dad4b tempest-VolumesActionsTest-426653623 tempest-VolumesActionsTest-426653623-project-member] Determining version of request: GET /v2/images/164b5bbb-94c5-4e27-aacf-868f8a38da0b Accept: application/json {{(pid=99716) process_request /opt/stack/glance/glance/api/middleware/version_negotiation.py:44}}
Aug 18 08:02:31.768300 np0000007616 devstack@g-api.service[99716]: DEBUG glance.api.middleware.version_negotiation [None req-13474a60-5139-4fff-bf80-2ed6ec8dad4b tempest-VolumesActionsTest-426653623 tempest-VolumesActionsTest-426653623-project-member] Using url versioning {{(pid=99716) process_request /opt/stack/glance/glance/api/middleware/version_negotiation.py:57}}
Aug 18 08:02:31.768300 np0000007616 devstack@g-api.service[99716]: DEBUG glance.api.middleware.version_negotiation [None req-13474a60-5139-4fff-bf80-2ed6ec8dad4b tempest-VolumesActionsTest-426653623 tempest-VolumesActionsTest-426653623-project-member] Matched version: v2 {{(pid=99716) process_request /opt/stack/glance/glance/api/middleware/version_negotiation.py:69}}
Aug 18 08:02:31.769169 np0000007616 devstack@g-api.service[99716]: DEBUG glance.api.middleware.version_negotiation [None req-13474a60-5139-4fff-bf80-2ed6ec8dad4b tempest-VolumesActionsTest-426653623 tempest-VolumesActionsTest-426653623-project-member] new path /v2/images/164b5bbb-94c5-4e27-aacf-868f8a38da0b {{(pid=99716) process_request /opt/stack/glance/glance/api/middleware/version_negotiation.py:70}}
Aug 18 08:02:31.787169 np0000007616 devstack@g-api.service[99716]: [pid: 99716|app: 0|req: 135/378] 127.0.0.1 () {40 vars in 838 bytes} [Tue Aug 18 08:02:31 2026] GET /v2/images/164b5bbb-94c5-4e27-aacf-868f8a38da0b => generated 650 bytes in 22 msecs (HTTP/1.1 200) 4 headers in 157 bytes (1 switches on core 0)
Aug 18 08:02:32.416090 np0000007616 devstack@g-api.service[99718]: DEBUG swiftclient [None req-ec215fb1-91e0-498b-a98e-2911d0614301 tempest-VolumesActionsTest-426653623 tempest-VolumesActionsTest-426653623-project-member] REQ: curl -i https://10.4.3.175:8080/v1/AUTH_05a523dff0414d49b9199e3f342e1ada/glance/164b5bbb-94c5-4e27-aacf-868f8a38da0b-00003 -X PUT -H "X-Auth-Token: gAAAAABqhBGR73_v..." {{(pid=99718) http_log /opt/stack/data/venv/lib/python3.12/site-packages/swiftclient/client.py:160}}
Aug 18 08:02:32.416090 np0000007616 devstack@g-api.service[99718]: DEBUG swiftclient [None req-ec215fb1-91e0-498b-a98e-2911d0614301 tempest-VolumesActionsTest-426653623 tempest-VolumesActionsTest-426653623-project-member] RESP STATUS: 201 Created {{(pid=99718) http_log /opt/stack/data/venv/lib/python3.12/site-packages/swiftclient/client.py:161}}
Aug 18 08:02:32.416090 np0000007616 devstack@g-api.service[99718]: DEBUG swiftclient [None req-ec215fb1-91e0-498b-a98e-2911d0614301 tempest-VolumesActionsTest-426653623 tempest-VolumesActionsTest-426653623-project-member] RESP HEADERS: {'Date': 'Tue, 18 Aug 2026 08:02:32 GMT', 'Server': 'Apache/2.4.58 (Ubuntu)', 'Content-Type': 'text/html; charset=UTF-8', 'Content-Length': '0', 'Etag': 'eda9a9889837ac4bc81d6387d92c1bec', 'Last-Modified': 'Tue, 18 Aug 2026 08:02:31 GMT', 'X-Trans-Id': 'txa12dab9fe05448f5859e1-006a841196', 'X-Openstack-Request-Id': 'txa12dab9fe05448f5859e1-006a841196', 'Connection': 'close'} {{(pid=99718) http_log /opt/stack/data/venv/lib/python3.12/site-packages/swiftclient/client.py:162}}
Aug 18 08:02:32.416090 np0000007616 devstack@g-api.service[99718]: DEBUG glance_store._drivers.swift.store [None req-ec215fb1-91e0-498b-a98e-2911d0614301 tempest-VolumesActionsTest-426653623 tempest-VolumesActionsTest-426653623-project-member] Wrote chunk 164b5bbb-94c5-4e27-aacf-868f8a38da0b-00003 (3/?) of length 204800000 to Swift returning MD5 of content: eda9a9889837ac4bc81d6387d92c1bec {{(pid=99718) add /opt/stack/data/venv/lib/python3.12/site-packages/glance_store/_drivers/swift/store.py:1059}}
Aug 18 08:02:32.795483 np0000007616 devstack@g-api.service[99717]: DEBUG glance.api.middleware.version_negotiation [None req-0123d9c6-8210-48c7-bde3-b6b47efc5907 tempest-VolumesActionsTest-426653623 tempest-VolumesActionsTest-426653623-project-member] Determining version of request: GET /v2/images/164b5bbb-94c5-4e27-aacf-868f8a38da0b Accept: application/json {{(pid=99717) process_request /opt/stack/glance/glance/api/middleware/version_negotiation.py:44}}
Aug 18 08:02:32.795483 np0000007616 devstack@g-api.service[99717]: DEBUG glance.api.middleware.version_negotiation [None req-0123d9c6-8210-48c7-bde3-b6b47efc5907 tempest-VolumesActionsTest-426653623 tempest-VolumesActionsTest-426653623-project-member] Using url versioning {{(pid=99717) process_request /opt/stack/glance/glance/api/middleware/version_negotiation.py:57}}
Aug 18 08:02:32.795483 np0000007616 devstack@g-api.service[99717]: DEBUG glance.api.middleware.version_negotiation [None req-0123d9c6-8210-48c7-bde3-b6b47efc5907 tempest-VolumesActionsTest-426653623 tempest-VolumesActionsTest-426653623-project-member] Matched version: v2 {{(pid=99717) process_request /opt/stack/glance/glance/api/middleware/version_negotiation.py:69}}
Aug 18 08:02:32.795483 np0000007616 devstack@g-api.service[99717]: DEBUG glance.api.middleware.version_negotiation [None req-0123d9c6-8210-48c7-bde3-b6b47efc5907 tempest-VolumesActionsTest-426653623 tempest-VolumesActionsTest-426653623-project-member] new path /v2/images/164b5bbb-94c5-4e27-aacf-868f8a38da0b {{(pid=99717) process_request /opt/stack/glance/glance/api/middleware/version_negotiation.py:70}}
Aug 18 08:02:32.858580 np0000007616 devstack@g-api.service[99717]: [pid: 99717|app: 0|req: 124/379] 127.0.0.1 () {40 vars in 838 bytes} [Tue Aug 18 08:02:32 2026] GET /v2/images/164b5bbb-94c5-4e27-aacf-868f8a38da0b => generated 650 bytes in 64 msecs (HTTP/1.1 200) 4 headers in 157 bytes (1 switches on core 0)
Aug 18 08:02:33.914008 np0000007616 devstack@g-api.service[99716]: DEBUG glance.api.middleware.version_negotiation [None req-2834ade5-9f6d-4ff7-b0f7-3cd9b06251b6 tempest-VolumesActionsTest-426653623 tempest-VolumesActionsTest-426653623-project-member] Determining version of request: GET /v2/images/164b5bbb-94c5-4e27-aacf-868f8a38da0b Accept: application/json {{(pid=99716) process_request /opt/stack/glance/glance/api/middleware/version_negotiation.py:44}}
Aug 18 08:02:33.914008 np0000007616 devstack@g-api.service[99716]: DEBUG glance.api.middleware.version_negotiation [None req-2834ade5-9f6d-4ff7-b0f7-3cd9b06251b6 tempest-VolumesActionsTest-426653623 tempest-VolumesActionsTest-426653623-project-member] Using url versioning {{(pid=99716) process_request /opt/stack/glance/glance/api/middleware/version_negotiation.py:57}}
Aug 18 08:02:33.915476 np0000007616 devstack@g-api.service[99716]: DEBUG glance.api.middleware.version_negotiation [None req-2834ade5-9f6d-4ff7-b0f7-3cd9b06251b6 tempest-VolumesActionsTest-426653623 tempest-VolumesActionsTest-426653623-project-member] Matched version: v2 {{(pid=99716) process_request /opt/stack/glance/glance/api/middleware/version_negotiation.py:69}}
Aug 18 08:02:33.915476 np0000007616 devstack@g-api.service[99716]: DEBUG glance.api.middleware.version_negotiation [None req-2834ade5-9f6d-4ff7-b0f7-3cd9b06251b6 tempest-VolumesActionsTest-426653623 tempest-VolumesActionsTest-426653623-project-member] new path /v2/images/164b5bbb-94c5-4e27-aacf-868f8a38da0b {{(pid=99716) process_request /opt/stack/glance/glance/api/middleware/version_negotiation.py:70}}
Aug 18 08:02:33.929358 np0000007616 devstack@g-api.service[99716]: [pid: 99716|app: 0|req: 136/380] 127.0.0.1 () {40 vars in 838 bytes} [Tue Aug 18 08:02:33 2026] GET /v2/images/164b5bbb-94c5-4e27-aacf-868f8a38da0b => generated 650 bytes in 16 msecs (HTTP/1.1 200) 4 headers in 157 bytes (1 switches on core 0)
Aug 18 08:02:34.406935 np0000007616 devstack@g-api.service[99718]: DEBUG swiftclient [None req-ec215fb1-91e0-498b-a98e-2911d0614301 tempest-VolumesActionsTest-426653623 tempest-VolumesActionsTest-426653623-project-member] REQ: curl -i https://10.4.3.175:8080/v1/AUTH_05a523dff0414d49b9199e3f342e1ada/glance/164b5bbb-94c5-4e27-aacf-868f8a38da0b-00004 -X PUT -H "X-Auth-Token: gAAAAABqhBGR73_v..." {{(pid=99718) http_log /opt/stack/data/venv/lib/python3.12/site-packages/swiftclient/client.py:160}}
Aug 18 08:02:34.407316 np0000007616 devstack@g-api.service[99718]: DEBUG swiftclient [None req-ec215fb1-91e0-498b-a98e-2911d0614301 tempest-VolumesActionsTest-426653623 tempest-VolumesActionsTest-426653623-project-member] RESP STATUS: 201 Created {{(pid=99718) http_log /opt/stack/data/venv/lib/python3.12/site-packages/swiftclient/client.py:161}}
Aug 18 08:02:34.407316 np0000007616 devstack@g-api.service[99718]: DEBUG swiftclient [None req-ec215fb1-91e0-498b-a98e-2911d0614301 tempest-VolumesActionsTest-426653623 tempest-VolumesActionsTest-426653623-project-member] RESP HEADERS: {'Date': 'Tue, 18 Aug 2026 08:02:34 GMT', 'Server': 'Apache/2.4.58 (Ubuntu)', 'Content-Type': 'text/html; charset=UTF-8', 'Content-Length': '0', 'Etag': 'eda9a9889837ac4bc81d6387d92c1bec', 'Last-Modified': 'Tue, 18 Aug 2026 08:02:33 GMT', 'X-Trans-Id': 'tx28f7096038bf4094b5a9d-006a841198', 'X-Openstack-Request-Id': 'tx28f7096038bf4094b5a9d-006a841198', 'Connection': 'close'} {{(pid=99718) http_log /opt/stack/data/venv/lib/python3.12/site-packages/swiftclient/client.py:162}}
Aug 18 08:02:34.407316 np0000007616 devstack@g-api.service[99718]: DEBUG glance_store._drivers.swift.store [None req-ec215fb1-91e0-498b-a98e-2911d0614301 tempest-VolumesActionsTest-426653623 tempest-VolumesActionsTest-426653623-project-member] Wrote chunk 164b5bbb-94c5-4e27-aacf-868f8a38da0b-00004 (4/?) of length 204800000 to Swift returning MD5 of content: eda9a9889837ac4bc81d6387d92c1bec {{(pid=99718) add /opt/stack/data/venv/lib/python3.12/site-packages/glance_store/_drivers/swift/store.py:1059}}
Aug 18 08:02:34.967871 np0000007616 devstack@g-api.service[99717]: DEBUG glance.api.middleware.version_negotiation [None req-c51c76e9-b67f-4b05-ab86-f0780dbf70f4 tempest-VolumesActionsTest-426653623 tempest-VolumesActionsTest-426653623-project-member] Determining version of request: GET /v2/images/164b5bbb-94c5-4e27-aacf-868f8a38da0b Accept: application/json {{(pid=99717) process_request /opt/stack/glance/glance/api/middleware/version_negotiation.py:44}}
Aug 18 08:02:34.967871 np0000007616 devstack@g-api.service[99717]: DEBUG glance.api.middleware.version_negotiation [None req-c51c76e9-b67f-4b05-ab86-f0780dbf70f4 tempest-VolumesActionsTest-426653623 tempest-VolumesActionsTest-426653623-project-member] Using url versioning {{(pid=99717) process_request /opt/stack/glance/glance/api/middleware/version_negotiation.py:57}}
Aug 18 08:02:34.967871 np0000007616 devstack@g-api.service[99717]: DEBUG glance.api.middleware.version_negotiation [None req-c51c76e9-b67f-4b05-ab86-f0780dbf70f4 tempest-VolumesActionsTest-426653623 tempest-VolumesActionsTest-426653623-project-member] Matched version: v2 {{(pid=99717) process_request /opt/stack/glance/glance/api/middleware/version_negotiation.py:69}}
Aug 18 08:02:34.967871 np0000007616 devstack@g-api.service[99717]: DEBUG glance.api.middleware.version_negotiation [None req-c51c76e9-b67f-4b05-ab86-f0780dbf70f4 tempest-VolumesActionsTest-426653623 tempest-VolumesActionsTest-426653623-project-member] new path /v2/images/164b5bbb-94c5-4e27-aacf-868f8a38da0b {{(pid=99717) process_request /opt/stack/glance/glance/api/middleware/version_negotiation.py:70}}
Aug 18 08:02:34.968704 np0000007616 devstack@g-api.service[99716]: DEBUG glance.api.middleware.version_negotiation [None req-7512eafe-0653-44f0-b19e-03966f331055 tempest-VolumesActionsTest-426653623 tempest-VolumesActionsTest-426653623-project-member] Determining version of request: GET /v2/images/44faa12e-ad2d-4335-9d23-4cd470e7b090 Accept: */* {{(pid=99716) process_request /opt/stack/glance/glance/api/middleware/version_negotiation.py:44}}
Aug 18 08:02:34.968704 np0000007616 devstack@g-api.service[99716]: DEBUG glance.api.middleware.version_negotiation [None req-7512eafe-0653-44f0-b19e-03966f331055 tempest-VolumesActionsTest-426653623 tempest-VolumesActionsTest-426653623-project-member] Using url versioning {{(pid=99716) process_request /opt/stack/glance/glance/api/middleware/version_negotiation.py:57}}
Aug 18 08:02:34.968704 np0000007616 devstack@g-api.service[99716]: DEBUG glance.api.middleware.version_negotiation [None req-7512eafe-0653-44f0-b19e-03966f331055 tempest-VolumesActionsTest-426653623 tempest-VolumesActionsTest-426653623-project-member] Matched version: v2 {{(pid=99716) process_request /opt/stack/glance/glance/api/middleware/version_negotiation.py:69}}
Aug 18 08:02:34.968704 np0000007616 devstack@g-api.service[99716]: DEBUG glance.api.middleware.version_negotiation [None req-7512eafe-0653-44f0-b19e-03966f331055 tempest-VolumesActionsTest-426653623 tempest-VolumesActionsTest-426653623-project-member] new path /v2/images/44faa12e-ad2d-4335-9d23-4cd470e7b090 {{(pid=99716) process_request /opt/stack/glance/glance/api/middleware/version_negotiation.py:70}}
Aug 18 08:02:34.969238 np0000007616 devstack@g-api.service[99717]: [pid: 99717|app: 0|req: 125/381] 127.0.0.1 () {40 vars in 838 bytes} [Tue Aug 18 08:02:34 2026] GET /v2/images/164b5bbb-94c5-4e27-aacf-868f8a38da0b => generated 650 bytes in 11 msecs (HTTP/1.1 200) 4 headers in 157 bytes (1 switches on core 0)
Aug 18 08:02:34.969378 np0000007616 devstack@g-api.service[99716]: [pid: 99716|app: 0|req: 137/382] 127.0.0.1 () {44 vars in 1115 bytes} [Tue Aug 18 08:02:34 2026] GET /v2/images/44faa12e-ad2d-4335-9d23-4cd470e7b090 => generated 1044 bytes in 14 msecs (HTTP/1.1 200) 4 headers in 158 bytes (1 switches on core 0)
Aug 18 08:02:34.995837 np0000007616 devstack@g-api.service[99717]: DEBUG glance.api.middleware.version_negotiation [None req-e4c1aac0-1e4a-4a91-9012-f554594eac21 tempest-VolumesActionsTest-426653623 tempest-VolumesActionsTest-426653623-project-member] Determining version of request: GET /v2/schemas/image Accept: */* {{(pid=99717) process_request /opt/stack/glance/glance/api/middleware/version_negotiation.py:44}}
Aug 18 08:02:34.995837 np0000007616 devstack@g-api.service[99717]: DEBUG glance.api.middleware.version_negotiation [None req-e4c1aac0-1e4a-4a91-9012-f554594eac21 tempest-VolumesActionsTest-426653623 tempest-VolumesActionsTest-426653623-project-member] Using url versioning {{(pid=99717) process_request /opt/stack/glance/glance/api/middleware/version_negotiation.py:57}}
Aug 18 08:02:34.995837 np0000007616 devstack@g-api.service[99717]: DEBUG glance.api.middleware.version_negotiation [None req-e4c1aac0-1e4a-4a91-9012-f554594eac21 tempest-VolumesActionsTest-426653623 tempest-VolumesActionsTest-426653623-project-member] Matched version: v2 {{(pid=99717) process_request /opt/stack/glance/glance/api/middleware/version_negotiation.py:69}}
Aug 18 08:02:34.995837 np0000007616 devstack@g-api.service[99717]: DEBUG glance.api.middleware.version_negotiation [None req-e4c1aac0-1e4a-4a91-9012-f554594eac21 tempest-VolumesActionsTest-426653623 tempest-VolumesActionsTest-426653623-project-member] new path /v2/schemas/image {{(pid=99717) process_request /opt/stack/glance/glance/api/middleware/version_negotiation.py:70}}
Aug 18 08:02:34.999444 np0000007616 devstack@g-api.service[99717]: [pid: 99717|app: 0|req: 126/383] 127.0.0.1 () {44 vars in 1055 bytes} [Tue Aug 18 08:02:34 2026] GET /v2/schemas/image => generated 6083 bytes in 4 msecs (HTTP/1.1 200) 4 headers in 158 bytes (1 switches on core 0)
Aug 18 08:02:35.786684 np0000007616 devstack@g-api.service[99718]: DEBUG dbcounter [-] [99718] Writing DB stats glance:SELECT=16,glance:INSERT=1,glance:UPDATE=1 {{(pid=99718) stat_writer /opt/stack/data/venv/lib/python3.12/site-packages/dbcounter.py:115}}
Aug 18 08:02:35.959441 np0000007616 devstack@g-api.service[99716]: DEBUG glance.api.middleware.version_negotiation [None req-d7f82bf5-a550-4f02-9d14-7de60543f0e2 tempest-AttachVolumeTestJSON-2003865214 tempest-AttachVolumeTestJSON-2003865214-project-member] Determining version of request: GET /v2/images/164b5bbb-94c5-4e27-aacf-868f8a38da0b Accept: application/json {{(pid=99716) process_request /opt/stack/glance/glance/api/middleware/version_negotiation.py:44}}
Aug 18 08:02:35.961393 np0000007616 devstack@g-api.service[99716]: DEBUG glance.api.middleware.version_negotiation [None req-d7f82bf5-a550-4f02-9d14-7de60543f0e2 tempest-AttachVolumeTestJSON-2003865214 tempest-AttachVolumeTestJSON-2003865214-project-member] Using url versioning {{(pid=99716) process_request /opt/stack/glance/glance/api/middleware/version_negotiation.py:57}}
Aug 18 08:02:35.961643 np0000007616 devstack@g-api.service[99716]: DEBUG glance.api.middleware.version_negotiation [None req-d7f82bf5-a550-4f02-9d14-7de60543f0e2 tempest-AttachVolumeTestJSON-2003865214 tempest-AttachVolumeTestJSON-2003865214-project-member] Matched version: v2 {{(pid=99716) process_request /opt/stack/glance/glance/api/middleware/version_negotiation.py:69}}
Aug 18 08:02:35.961748 np0000007616 devstack@g-api.service[99716]: DEBUG glance.api.middleware.version_negotiation [None req-d7f82bf5-a550-4f02-9d14-7de60543f0e2 tempest-AttachVolumeTestJSON-2003865214 tempest-AttachVolumeTestJSON-2003865214-project-member] new path /v2/images/164b5bbb-94c5-4e27-aacf-868f8a38da0b {{(pid=99716) process_request /opt/stack/glance/glance/api/middleware/version_negotiation.py:70}}
Aug 18 08:02:35.979961 np0000007616 devstack@g-api.service[99716]: [pid: 99716|app: 0|req: 138/384] 127.0.0.1 () {40 vars in 838 bytes} [Tue Aug 18 08:02:35 2026] GET /v2/images/164b5bbb-94c5-4e27-aacf-868f8a38da0b => generated 650 bytes in 21 msecs (HTTP/1.1 200) 4 headers in 157 bytes (1 switches on core 0)
Aug 18 08:02:36.515194 np0000007616 devstack@g-api.service[99718]: DEBUG swiftclient [None req-ec215fb1-91e0-498b-a98e-2911d0614301 tempest-VolumesActionsTest-426653623 tempest-VolumesActionsTest-426653623-project-member] REQ: curl -i https://10.4.3.175:8080/v1/AUTH_05a523dff0414d49b9199e3f342e1ada/glance/164b5bbb-94c5-4e27-aacf-868f8a38da0b-00005 -X PUT -H "X-Auth-Token: gAAAAABqhBGR73_v..." {{(pid=99718) http_log /opt/stack/data/venv/lib/python3.12/site-packages/swiftclient/client.py:160}}
Aug 18 08:02:36.515194 np0000007616 devstack@g-api.service[99718]: DEBUG swiftclient [None req-ec215fb1-91e0-498b-a98e-2911d0614301 tempest-VolumesActionsTest-426653623 tempest-VolumesActionsTest-426653623-project-member] RESP STATUS: 201 Created {{(pid=99718) http_log /opt/stack/data/venv/lib/python3.12/site-packages/swiftclient/client.py:161}}
Aug 18 08:02:36.515366 np0000007616 devstack@g-api.service[99718]: DEBUG swiftclient [None req-ec215fb1-91e0-498b-a98e-2911d0614301 tempest-VolumesActionsTest-426653623 tempest-VolumesActionsTest-426653623-project-member] RESP HEADERS: {'Date': 'Tue, 18 Aug 2026 08:02:36 GMT', 'Server': 'Apache/2.4.58 (Ubuntu)', 'Content-Type': 'text/html; charset=UTF-8', 'Content-Length': '0', 'Etag': 'eda9a9889837ac4bc81d6387d92c1bec', 'Last-Modified': 'Tue, 18 Aug 2026 08:02:35 GMT', 'X-Trans-Id': 'tx02e8797fe8d44422be1ec-006a84119a', 'X-Openstack-Request-Id': 'tx02e8797fe8d44422be1ec-006a84119a', 'Connection': 'close'} {{(pid=99718) http_log /opt/stack/data/venv/lib/python3.12/site-packages/swiftclient/client.py:162}}
Aug 18 08:02:36.515444 np0000007616 devstack@g-api.service[99718]: DEBUG glance_store._drivers.swift.store [None req-ec215fb1-91e0-498b-a98e-2911d0614301 tempest-VolumesActionsTest-426653623 tempest-VolumesActionsTest-426653623-project-member] Wrote chunk 164b5bbb-94c5-4e27-aacf-868f8a38da0b-00005 (5/?) of length 204800000 to Swift returning MD5 of content: eda9a9889837ac4bc81d6387d92c1bec {{(pid=99718) add /opt/stack/data/venv/lib/python3.12/site-packages/glance_store/_drivers/swift/store.py:1059}}
Aug 18 08:02:36.992008 np0000007616 devstack@g-api.service[99717]: DEBUG glance.api.middleware.version_negotiation [None req-d7f82bf5-a550-4f02-9d14-7de60543f0e2 tempest-AttachVolumeTestJSON-2003865214 tempest-AttachVolumeTestJSON-2003865214-project-member] Determining version of request: GET /v2/images/164b5bbb-94c5-4e27-aacf-868f8a38da0b Accept: application/json {{(pid=99717) process_request /opt/stack/glance/glance/api/middleware/version_negotiation.py:44}}
Aug 18 08:02:36.992521 np0000007616 devstack@g-api.service[99717]: DEBUG glance.api.middleware.version_negotiation [None req-d7f82bf5-a550-4f02-9d14-7de60543f0e2 tempest-AttachVolumeTestJSON-2003865214 tempest-AttachVolumeTestJSON-2003865214-project-member] Using url versioning {{(pid=99717) process_request /opt/stack/glance/glance/api/middleware/version_negotiation.py:57}}
Aug 18 08:02:36.992521 np0000007616 devstack@g-api.service[99717]: DEBUG glance.api.middleware.version_negotiation [None req-d7f82bf5-a550-4f02-9d14-7de60543f0e2 tempest-AttachVolumeTestJSON-2003865214 tempest-AttachVolumeTestJSON-2003865214-project-member] Matched version: v2 {{(pid=99717) process_request /opt/stack/glance/glance/api/middleware/version_negotiation.py:69}}
Aug 18 08:02:36.992521 np0000007616 devstack@g-api.service[99717]: DEBUG glance.api.middleware.version_negotiation [None req-d7f82bf5-a550-4f02-9d14-7de60543f0e2 tempest-AttachVolumeTestJSON-2003865214 tempest-AttachVolumeTestJSON-2003865214-project-member] new path /v2/images/164b5bbb-94c5-4e27-aacf-868f8a38da0b {{(pid=99717) process_request /opt/stack/glance/glance/api/middleware/version_negotiation.py:70}}
Aug 18 08:02:37.013039 np0000007616 devstack@g-api.service[99717]: [pid: 99717|app: 0|req: 127/385] 127.0.0.1 () {40 vars in 838 bytes} [Tue Aug 18 08:02:36 2026] GET /v2/images/164b5bbb-94c5-4e27-aacf-868f8a38da0b => generated 650 bytes in 21 msecs (HTTP/1.1 200) 4 headers in 157 bytes (1 switches on core 0)
Aug 18 08:02:37.074233 np0000007616 devstack@g-api.service[99718]: DEBUG swiftclient [None req-ec215fb1-91e0-498b-a98e-2911d0614301 tempest-VolumesActionsTest-426653623 tempest-VolumesActionsTest-426653623-project-member] REQ: curl -i https://10.4.3.175:8080/v1/AUTH_05a523dff0414d49b9199e3f342e1ada/glance/164b5bbb-94c5-4e27-aacf-868f8a38da0b-00006 -X PUT -H "X-Auth-Token: gAAAAABqhBGR73_v..." {{(pid=99718) http_log /opt/stack/data/venv/lib/python3.12/site-packages/swiftclient/client.py:160}}
Aug 18 08:02:37.074645 np0000007616 devstack@g-api.service[99718]: DEBUG swiftclient [None req-ec215fb1-91e0-498b-a98e-2911d0614301 tempest-VolumesActionsTest-426653623 tempest-VolumesActionsTest-426653623-project-member] RESP STATUS: 201 Created {{(pid=99718) http_log /opt/stack/data/venv/lib/python3.12/site-packages/swiftclient/client.py:161}}
Aug 18 08:02:37.074645 np0000007616 devstack@g-api.service[99718]: DEBUG swiftclient [None req-ec215fb1-91e0-498b-a98e-2911d0614301 tempest-VolumesActionsTest-426653623 tempest-VolumesActionsTest-426653623-project-member] RESP HEADERS: {'Date': 'Tue, 18 Aug 2026 08:02:37 GMT', 'Server': 'Apache/2.4.58 (Ubuntu)', 'Content-Type': 'text/html; charset=UTF-8', 'Content-Length': '0', 'Etag': '708761f3b8777ec77058e63da08eeeb6', 'Last-Modified': 'Tue, 18 Aug 2026 08:02:37 GMT', 'X-Trans-Id': 'tx98e75968cefe4f2897e3f-006a84119c', 'X-Openstack-Request-Id': 'tx98e75968cefe4f2897e3f-006a84119c', 'Connection': 'close'} {{(pid=99718) http_log /opt/stack/data/venv/lib/python3.12/site-packages/swiftclient/client.py:162}}
Aug 18 08:02:37.074645 np0000007616 devstack@g-api.service[99718]: DEBUG glance_store._drivers.swift.store [None req-ec215fb1-91e0-498b-a98e-2911d0614301 tempest-VolumesActionsTest-426653623 tempest-VolumesActionsTest-426653623-project-member] Wrote chunk 164b5bbb-94c5-4e27-aacf-868f8a38da0b-00006 (6/?) of length 49741824 to Swift returning MD5 of content: 708761f3b8777ec77058e63da08eeeb6 {{(pid=99718) add /opt/stack/data/venv/lib/python3.12/site-packages/glance_store/_drivers/swift/store.py:1059}}
Aug 18 08:02:37.074832 np0000007616 devstack@g-api.service[99718]: DEBUG glance_store._drivers.swift.store [None req-ec215fb1-91e0-498b-a98e-2911d0614301 tempest-VolumesActionsTest-426653623 tempest-VolumesActionsTest-426653623-project-member] Not writing zero-length chunk. {{(pid=99718) add /opt/stack/data/venv/lib/python3.12/site-packages/glance_store/_drivers/swift/store.py:1028}}
Aug 18 08:02:37.110865 np0000007616 devstack@g-api.service[99718]: DEBUG swiftclient [None req-ec215fb1-91e0-498b-a98e-2911d0614301 tempest-VolumesActionsTest-426653623 tempest-VolumesActionsTest-426653623-project-member] REQ: curl -i https://10.4.3.175:8080/v1/AUTH_05a523dff0414d49b9199e3f342e1ada/glance/164b5bbb-94c5-4e27-aacf-868f8a38da0b -X PUT -H "X-Object-Manifest: glance/164b5bbb-94c5-4e27-aacf-868f8a38da0b-" -H "X-Auth-Token: gAAAAABqhBGR73_v..." -H "Content-Length: 0" {{(pid=99718) http_log /opt/stack/data/venv/lib/python3.12/site-packages/swiftclient/client.py:160}}
Aug 18 08:02:37.111017 np0000007616 devstack@g-api.service[99718]: DEBUG swiftclient [None req-ec215fb1-91e0-498b-a98e-2911d0614301 tempest-VolumesActionsTest-426653623 tempest-VolumesActionsTest-426653623-project-member] RESP STATUS: 201 Created {{(pid=99718) http_log /opt/stack/data/venv/lib/python3.12/site-packages/swiftclient/client.py:161}}
Aug 18 08:02:37.111737 np0000007616 devstack@g-api.service[99718]: DEBUG swiftclient [None req-ec215fb1-91e0-498b-a98e-2911d0614301 tempest-VolumesActionsTest-426653623 tempest-VolumesActionsTest-426653623-project-member] RESP HEADERS: {'Date': 'Tue, 18 Aug 2026 08:02:37 GMT', 'Server': 'Apache/2.4.58 (Ubuntu)', 'Content-Type': 'text/html; charset=UTF-8', 'Content-Length': '0', 'Etag': 'd41d8cd98f00b204e9800998ecf8427e', 'Last-Modified': 'Tue, 18 Aug 2026 08:02:38 GMT', 'X-Trans-Id': 'tx8a514563a0764126a10c2-006a84119d', 'X-Openstack-Request-Id': 'tx8a514563a0764126a10c2-006a84119d', 'Connection': 'close'} {{(pid=99718) http_log /opt/stack/data/venv/lib/python3.12/site-packages/swiftclient/client.py:162}}
Aug 18 08:02:37.111835 np0000007616 devstack@g-api.service[99718]: INFO glance.location [None req-ec215fb1-91e0-498b-a98e-2911d0614301 tempest-VolumesActionsTest-426653623 tempest-VolumesActionsTest-426653623-project-member] Image format matched and virtual size computed: 1073741824
Aug 18 08:02:37.148239 np0000007616 devstack@g-api.service[99718]: DEBUG glance_store.backend [None req-ec215fb1-91e0-498b-a98e-2911d0614301 tempest-VolumesActionsTest-426653623 tempest-VolumesActionsTest-426653623-project-member] Attempting to import store swift {{(pid=99718) _load_store /opt/stack/data/venv/lib/python3.12/site-packages/glance_store/backend.py:215}}
Aug 18 08:02:37.149961 np0000007616 devstack@g-api.service[99718]: DEBUG glance_store.capabilities [None req-ec215fb1-91e0-498b-a98e-2911d0614301 tempest-VolumesActionsTest-426653623 tempest-VolumesActionsTest-426653623-project-member] Store glance_store._drivers.swift.store.SingleTenantStore doesn't support updating dynamic storage capabilities. Please overwrite 'update_capabilities' method of the store to implement updating logics if needed. {{(pid=99718) update_capabilities /opt/stack/data/venv/lib/python3.12/site-packages/glance_store/capabilities.py:91}}
Aug 18 08:02:37.150092 np0000007616 devstack@g-api.service[99718]: DEBUG glance_store.driver [None req-ec215fb1-91e0-498b-a98e-2911d0614301 tempest-VolumesActionsTest-426653623 tempest-VolumesActionsTest-426653623-project-member] Late loading location class glance_store._drivers.swift.store.StoreLocation {{(pid=99718) get_store_location_class /opt/stack/data/venv/lib/python3.12/site-packages/glance_store/driver.py:134}}
Aug 18 08:02:37.150226 np0000007616 devstack@g-api.service[99718]: DEBUG glance_store.location [None req-ec215fb1-91e0-498b-a98e-2911d0614301 tempest-VolumesActionsTest-426653623 tempest-VolumesActionsTest-426653623-project-member] Registering scheme swift+https with {'store': , 'location_class': , 'store_entry': 'swift'} {{(pid=99718) register_scheme_map /opt/stack/data/venv/lib/python3.12/site-packages/glance_store/location.py:146}}
Aug 18 08:02:37.150347 np0000007616 devstack@g-api.service[99718]: DEBUG glance_store.location [None req-ec215fb1-91e0-498b-a98e-2911d0614301 tempest-VolumesActionsTest-426653623 tempest-VolumesActionsTest-426653623-project-member] Registering scheme swift+https with {'store': , 'location_class': , 'store_entry': 'swift'} {{(pid=99718) register_scheme_map /opt/stack/data/venv/lib/python3.12/site-packages/glance_store/location.py:146}}
Aug 18 08:02:37.150437 np0000007616 devstack@g-api.service[99718]: DEBUG glance_store.location [None req-ec215fb1-91e0-498b-a98e-2911d0614301 tempest-VolumesActionsTest-426653623 tempest-VolumesActionsTest-426653623-project-member] Registering scheme swift with {'store': , 'location_class': , 'store_entry': 'swift'} {{(pid=99718) register_scheme_map /opt/stack/data/venv/lib/python3.12/site-packages/glance_store/location.py:146}}
Aug 18 08:02:37.150545 np0000007616 devstack@g-api.service[99718]: DEBUG glance_store.location [None req-ec215fb1-91e0-498b-a98e-2911d0614301 tempest-VolumesActionsTest-426653623 tempest-VolumesActionsTest-426653623-project-member] Registering scheme swift+https with {'store': , 'location_class': , 'store_entry': 'swift'} {{(pid=99718) register_scheme_map /opt/stack/data/venv/lib/python3.12/site-packages/glance_store/location.py:146}}
Aug 18 08:02:37.150644 np0000007616 devstack@g-api.service[99718]: DEBUG glance_store.location [None req-ec215fb1-91e0-498b-a98e-2911d0614301 tempest-VolumesActionsTest-426653623 tempest-VolumesActionsTest-426653623-project-member] Registering scheme swift with {'store': , 'location_class': , 'store_entry': 'swift'} {{(pid=99718) register_scheme_map /opt/stack/data/venv/lib/python3.12/site-packages/glance_store/location.py:146}}
Aug 18 08:02:37.150737 np0000007616 devstack@g-api.service[99718]: DEBUG glance_store.location [None req-ec215fb1-91e0-498b-a98e-2911d0614301 tempest-VolumesActionsTest-426653623 tempest-VolumesActionsTest-426653623-project-member] Registering scheme swift+http with {'store': , 'location_class': , 'store_entry': 'swift'} {{(pid=99718) register_scheme_map /opt/stack/data/venv/lib/python3.12/site-packages/glance_store/location.py:146}}
Aug 18 08:02:37.150835 np0000007616 devstack@g-api.service[99718]: DEBUG glance_store.location [None req-ec215fb1-91e0-498b-a98e-2911d0614301 tempest-VolumesActionsTest-426653623 tempest-VolumesActionsTest-426653623-project-member] Registering scheme swift+https with {'store': , 'location_class': , 'store_entry': 'swift'} {{(pid=99718) register_scheme_map /opt/stack/data/venv/lib/python3.12/site-packages/glance_store/location.py:146}}
Aug 18 08:02:37.150928 np0000007616 devstack@g-api.service[99718]: DEBUG glance_store.location [None req-ec215fb1-91e0-498b-a98e-2911d0614301 tempest-VolumesActionsTest-426653623 tempest-VolumesActionsTest-426653623-project-member] Registering scheme swift with {'store': , 'location_class': , 'store_entry': 'swift'} {{(pid=99718) register_scheme_map /opt/stack/data/venv/lib/python3.12/site-packages/glance_store/location.py:146}}
Aug 18 08:02:37.151020 np0000007616 devstack@g-api.service[99718]: DEBUG glance_store.location [None req-ec215fb1-91e0-498b-a98e-2911d0614301 tempest-VolumesActionsTest-426653623 tempest-VolumesActionsTest-426653623-project-member] Registering scheme swift+http with {'store': , 'location_class': , 'store_entry': 'swift'} {{(pid=99718) register_scheme_map /opt/stack/data/venv/lib/python3.12/site-packages/glance_store/location.py:146}}
Aug 18 08:02:37.151110 np0000007616 devstack@g-api.service[99718]: DEBUG glance_store.location [None req-ec215fb1-91e0-498b-a98e-2911d0614301 tempest-VolumesActionsTest-426653623 tempest-VolumesActionsTest-426653623-project-member] Registering scheme swift+config with {'store': , 'location_class': , 'store_entry': 'swift'} {{(pid=99718) register_scheme_map /opt/stack/data/venv/lib/python3.12/site-packages/glance_store/location.py:146}}
Aug 18 08:02:37.151396 np0000007616 devstack@g-api.service[99718]: DEBUG glance_store.backend [None req-ec215fb1-91e0-498b-a98e-2911d0614301 tempest-VolumesActionsTest-426653623 tempest-VolumesActionsTest-426653623-project-member] Skipping store.set_acls... not implemented. {{(pid=99718) set_acls /opt/stack/data/venv/lib/python3.12/site-packages/glance_store/backend.py:507}}
Aug 18 08:02:37.154701 np0000007616 devstack@g-api.service[99718]: [pid: 99718|app: 0|req: 121/386] 127.0.0.1 () {46 vars in 1158 bytes} [Tue Aug 18 08:02:24 2026] PUT /v2/images/164b5bbb-94c5-4e27-aacf-868f8a38da0b/file => generated 0 bytes in 12313 msecs (HTTP/1.1 204) 4 headers in 171 bytes (1 switches on core 0)
Aug 18 08:02:37.164836 np0000007616 devstack@g-api.service[99716]: DEBUG glance.api.middleware.version_negotiation [None req-754a0b95-bdb2-430c-9381-6a8087f15103 tempest-VolumesActionsTest-426653623 tempest-VolumesActionsTest-426653623-project-member] Determining version of request: GET /v2/images/164b5bbb-94c5-4e27-aacf-868f8a38da0b Accept: */* {{(pid=99716) process_request /opt/stack/glance/glance/api/middleware/version_negotiation.py:44}}
Aug 18 08:02:37.165348 np0000007616 devstack@g-api.service[99716]: DEBUG glance.api.middleware.version_negotiation [None req-754a0b95-bdb2-430c-9381-6a8087f15103 tempest-VolumesActionsTest-426653623 tempest-VolumesActionsTest-426653623-project-member] Using url versioning {{(pid=99716) process_request /opt/stack/glance/glance/api/middleware/version_negotiation.py:57}}
Aug 18 08:02:37.165348 np0000007616 devstack@g-api.service[99716]: DEBUG glance.api.middleware.version_negotiation [None req-754a0b95-bdb2-430c-9381-6a8087f15103 tempest-VolumesActionsTest-426653623 tempest-VolumesActionsTest-426653623-project-member] Matched version: v2 {{(pid=99716) process_request /opt/stack/glance/glance/api/middleware/version_negotiation.py:69}}
Aug 18 08:02:37.165348 np0000007616 devstack@g-api.service[99716]: DEBUG glance.api.middleware.version_negotiation [None req-754a0b95-bdb2-430c-9381-6a8087f15103 tempest-VolumesActionsTest-426653623 tempest-VolumesActionsTest-426653623-project-member] new path /v2/images/164b5bbb-94c5-4e27-aacf-868f8a38da0b {{(pid=99716) process_request /opt/stack/glance/glance/api/middleware/version_negotiation.py:70}}
Aug 18 08:02:37.174351 np0000007616 devstack@g-api.service[99716]: [pid: 99716|app: 0|req: 139/387] 127.0.0.1 () {44 vars in 1115 bytes} [Tue Aug 18 08:02:37 2026] GET /v2/images/164b5bbb-94c5-4e27-aacf-868f8a38da0b => generated 822 bytes in 9 msecs (HTTP/1.1 200) 4 headers in 157 bytes (1 switches on core 0)
Aug 18 08:02:37.184432 np0000007616 devstack@g-api.service[99717]: DEBUG glance.api.middleware.version_negotiation [None req-bb2701ac-80a4-4b4c-b62d-a739884225ae tempest-VolumesActionsTest-426653623 tempest-VolumesActionsTest-426653623-project-member] Determining version of request: GET /v2/schemas/image Accept: */* {{(pid=99717) process_request /opt/stack/glance/glance/api/middleware/version_negotiation.py:44}}
Aug 18 08:02:37.185266 np0000007616 devstack@g-api.service[99717]: DEBUG glance.api.middleware.version_negotiation [None req-bb2701ac-80a4-4b4c-b62d-a739884225ae tempest-VolumesActionsTest-426653623 tempest-VolumesActionsTest-426653623-project-member] Using url versioning {{(pid=99717) process_request /opt/stack/glance/glance/api/middleware/version_negotiation.py:57}}
Aug 18 08:02:37.185450 np0000007616 devstack@g-api.service[99717]: DEBUG glance.api.middleware.version_negotiation [None req-bb2701ac-80a4-4b4c-b62d-a739884225ae tempest-VolumesActionsTest-426653623 tempest-VolumesActionsTest-426653623-project-member] Matched version: v2 {{(pid=99717) process_request /opt/stack/glance/glance/api/middleware/version_negotiation.py:69}}
Aug 18 08:02:37.186451 np0000007616 devstack@g-api.service[99717]: DEBUG glance.api.middleware.version_negotiation [None req-bb2701ac-80a4-4b4c-b62d-a739884225ae tempest-VolumesActionsTest-426653623 tempest-VolumesActionsTest-426653623-project-member] new path /v2/schemas/image {{(pid=99717) process_request /opt/stack/glance/glance/api/middleware/version_negotiation.py:70}}
Aug 18 08:02:37.189927 np0000007616 devstack@g-api.service[99717]: [pid: 99717|app: 0|req: 128/388] 127.0.0.1 () {44 vars in 1055 bytes} [Tue Aug 18 08:02:37 2026] GET /v2/schemas/image => generated 6083 bytes in 6 msecs (HTTP/1.1 200) 4 headers in 158 bytes (1 switches on core 0)
Aug 18 08:02:37.200942 np0000007616 devstack@g-api.service[99718]: DEBUG glance.api.middleware.version_negotiation [None req-ec215fb1-91e0-498b-a98e-2911d0614301 tempest-VolumesActionsTest-426653623 tempest-VolumesActionsTest-426653623-project-member] Determining version of request: GET /v2/schemas/image Accept: */* {{(pid=99718) process_request /opt/stack/glance/glance/api/middleware/version_negotiation.py:44}}
Aug 18 08:02:37.201107 np0000007616 devstack@g-api.service[99718]: DEBUG glance.api.middleware.version_negotiation [None req-ec215fb1-91e0-498b-a98e-2911d0614301 tempest-VolumesActionsTest-426653623 tempest-VolumesActionsTest-426653623-project-member] Using url versioning {{(pid=99718) process_request /opt/stack/glance/glance/api/middleware/version_negotiation.py:57}}
Aug 18 08:02:37.201306 np0000007616 devstack@g-api.service[99718]: DEBUG glance.api.middleware.version_negotiation [None req-ec215fb1-91e0-498b-a98e-2911d0614301 tempest-VolumesActionsTest-426653623 tempest-VolumesActionsTest-426653623-project-member] Matched version: v2 {{(pid=99718) process_request /opt/stack/glance/glance/api/middleware/version_negotiation.py:69}}
