Aug 18 07:57:24.483003 np0000007616 devstack@g-api.service[99717]: DEBUG glance.api.middleware.version_negotiation [None req-41d4b301-5269-46bb-8e97-fa63a000755d tempest-ServerStableDeviceRescueTest-447062711 tempest-ServerStableDeviceRescueTest-447062711-project-member] new path /v2/images {{(pid=99717) process_request /opt/stack/glance/glance/api/middleware/version_negotiation.py:70}}
Aug 18 07:57:24.753408 np0000007616 devstack@g-api.service[99716]: DEBUG glance.api.middleware.version_negotiation [None req-bf055f5a-b71d-47ff-b675-892b3acef226 tempest-AttachSCSIVolumeTestJSON-565282348 tempest-AttachSCSIVolumeTestJSON-565282348-project-reader] Determining version of request: GET /v2/images/44faa12e-ad2d-4335-9d23-4cd470e7b090 Accept: */* {{(pid=99716) process_request /opt/stack/glance/glance/api/middleware/version_negotiation.py:44}}
Aug 18 07:57:24.753735 np0000007616 devstack@g-api.service[99716]: DEBUG glance.api.middleware.version_negotiation [None req-bf055f5a-b71d-47ff-b675-892b3acef226 tempest-AttachSCSIVolumeTestJSON-565282348 tempest-AttachSCSIVolumeTestJSON-565282348-project-reader] Using url versioning {{(pid=99716) process_request /opt/stack/glance/glance/api/middleware/version_negotiation.py:57}}
Aug 18 07:57:24.753735 np0000007616 devstack@g-api.service[99716]: DEBUG glance.api.middleware.version_negotiation [None req-bf055f5a-b71d-47ff-b675-892b3acef226 tempest-AttachSCSIVolumeTestJSON-565282348 tempest-AttachSCSIVolumeTestJSON-565282348-project-reader] Matched version: v2 {{(pid=99716) process_request /opt/stack/glance/glance/api/middleware/version_negotiation.py:69}}
Aug 18 07:57:24.753735 np0000007616 devstack@g-api.service[99716]: DEBUG glance.api.middleware.version_negotiation [None req-bf055f5a-b71d-47ff-b675-892b3acef226 tempest-AttachSCSIVolumeTestJSON-565282348 tempest-AttachSCSIVolumeTestJSON-565282348-project-reader] new path /v2/images/44faa12e-ad2d-4335-9d23-4cd470e7b090 {{(pid=99716) process_request /opt/stack/glance/glance/api/middleware/version_negotiation.py:70}}
Aug 18 07:57:25.073968 np0000007616 devstack@g-api.service[99716]: [pid: 99716|app: 0|req: 9/26] 127.0.0.1 () {44 vars in 1115 bytes} [Tue Aug 18 07:57:24 2026] GET /v2/images/44faa12e-ad2d-4335-9d23-4cd470e7b090 => generated 1044 bytes in 321 msecs (HTTP/1.1 200) 4 headers in 158 bytes (1 switches on core 0)
Aug 18 07:57:25.083484 np0000007616 devstack@g-api.service[99717]: [pid: 99717|app: 0|req: 9/27] 127.0.0.1 () {42 vars in 786 bytes} [Tue Aug 18 07:57:24 2026] POST /v2/images => generated 690 bytes in 601 msecs (HTTP/1.1 201) 6 headers in 315 bytes (1 switches on core 0)
Aug 18 07:57:25.084453 np0000007616 devstack@g-api.service[99716]: DEBUG glance.api.middleware.version_negotiation [None req-c7a28b60-6935-4272-af30-75867bbb8530 tempest-TaggedBootDevicesTest-1951239458 tempest-TaggedBootDevicesTest-1951239458-project-member] Determining version of request: GET /v2/schemas/image Accept: */* {{(pid=99716) process_request /opt/stack/glance/glance/api/middleware/version_negotiation.py:44}}
Aug 18 07:57:25.084625 np0000007616 devstack@g-api.service[99716]: DEBUG glance.api.middleware.version_negotiation [None req-c7a28b60-6935-4272-af30-75867bbb8530 tempest-TaggedBootDevicesTest-1951239458 tempest-TaggedBootDevicesTest-1951239458-project-member] Using url versioning {{(pid=99716) process_request /opt/stack/glance/glance/api/middleware/version_negotiation.py:57}}
Aug 18 07:57:25.084783 np0000007616 devstack@g-api.service[99716]: DEBUG glance.api.middleware.version_negotiation [None req-c7a28b60-6935-4272-af30-75867bbb8530 tempest-TaggedBootDevicesTest-1951239458 tempest-TaggedBootDevicesTest-1951239458-project-member] Matched version: v2 {{(pid=99716) process_request /opt/stack/glance/glance/api/middleware/version_negotiation.py:69}}
Aug 18 07:57:25.084931 np0000007616 devstack@g-api.service[99716]: DEBUG glance.api.middleware.version_negotiation [None req-c7a28b60-6935-4272-af30-75867bbb8530 tempest-TaggedBootDevicesTest-1951239458 tempest-TaggedBootDevicesTest-1951239458-project-member] new path /v2/schemas/image {{(pid=99716) process_request /opt/stack/glance/glance/api/middleware/version_negotiation.py:70}}
Aug 18 07:57:25.087100 np0000007616 devstack@g-api.service[99716]: [pid: 99716|app: 0|req: 10/28] 127.0.0.1 () {44 vars in 1055 bytes} [Tue Aug 18 07:57:25 2026] GET /v2/schemas/image => generated 6083 bytes in 3 msecs (HTTP/1.1 200) 4 headers in 158 bytes (1 switches on core 0)
Aug 18 07:57:25.097907 np0000007616 devstack@g-api.service[99717]: DEBUG glance.api.middleware.version_negotiation [None req-9c354be7-98cf-4cb8-92fd-43bd521436f1 tempest-AttachSCSIVolumeTestJSON-633467292 tempest-AttachSCSIVolumeTestJSON-633467292-project-admin] Determining version of request: PUT /v2/images/041f591f-d629-4453-9280-d5a4f847b13c/file Accept: {{(pid=99717) process_request /opt/stack/glance/glance/api/middleware/version_negotiation.py:44}}
Aug 18 07:57:25.097907 np0000007616 devstack@g-api.service[99717]: DEBUG glance.api.middleware.version_negotiation [None req-9c354be7-98cf-4cb8-92fd-43bd521436f1 tempest-AttachSCSIVolumeTestJSON-633467292 tempest-AttachSCSIVolumeTestJSON-633467292-project-admin] Using url versioning {{(pid=99717) process_request /opt/stack/glance/glance/api/middleware/version_negotiation.py:57}}
Aug 18 07:57:25.097907 np0000007616 devstack@g-api.service[99717]: DEBUG glance.api.middleware.version_negotiation [None req-9c354be7-98cf-4cb8-92fd-43bd521436f1 tempest-AttachSCSIVolumeTestJSON-633467292 tempest-AttachSCSIVolumeTestJSON-633467292-project-admin] Matched version: v2 {{(pid=99717) process_request /opt/stack/glance/glance/api/middleware/version_negotiation.py:69}}
Aug 18 07:57:25.097907 np0000007616 devstack@g-api.service[99717]: DEBUG glance.api.middleware.version_negotiation [None req-9c354be7-98cf-4cb8-92fd-43bd521436f1 tempest-AttachSCSIVolumeTestJSON-633467292 tempest-AttachSCSIVolumeTestJSON-633467292-project-admin] new path /v2/images/041f591f-d629-4453-9280-d5a4f847b13c/file {{(pid=99717) process_request /opt/stack/glance/glance/api/middleware/version_negotiation.py:70}}
Aug 18 07:57:25.103956 np0000007616 devstack@g-api.service[99716]: DEBUG glance.api.middleware.version_negotiation [None req-c7a28b60-6935-4272-af30-75867bbb8530 tempest-TaggedBootDevicesTest-1951239458 tempest-TaggedBootDevicesTest-1951239458-project-member] Determining version of request: GET /v2/schemas/image Accept: */* {{(pid=99716) process_request /opt/stack/glance/glance/api/middleware/version_negotiation.py:44}}
Aug 18 07:57:25.104166 np0000007616 devstack@g-api.service[99716]: DEBUG glance.api.middleware.version_negotiation [None req-c7a28b60-6935-4272-af30-75867bbb8530 tempest-TaggedBootDevicesTest-1951239458 tempest-TaggedBootDevicesTest-1951239458-project-member] Using url versioning {{(pid=99716) process_request /opt/stack/glance/glance/api/middleware/version_negotiation.py:57}}
Aug 18 07:57:25.104384 np0000007616 devstack@g-api.service[99716]: DEBUG glance.api.middleware.version_negotiation [None req-c7a28b60-6935-4272-af30-75867bbb8530 tempest-TaggedBootDevicesTest-1951239458 tempest-TaggedBootDevicesTest-1951239458-project-member] Matched version: v2 {{(pid=99716) process_request /opt/stack/glance/glance/api/middleware/version_negotiation.py:69}}
Aug 18 07:57:25.104553 np0000007616 devstack@g-api.service[99716]: DEBUG glance.api.middleware.version_negotiation [None req-c7a28b60-6935-4272-af30-75867bbb8530 tempest-TaggedBootDevicesTest-1951239458 tempest-TaggedBootDevicesTest-1951239458-project-member] new path /v2/schemas/image {{(pid=99716) process_request /opt/stack/glance/glance/api/middleware/version_negotiation.py:70}}
Aug 18 07:57:25.109034 np0000007616 devstack@g-api.service[99716]: [pid: 99716|app: 0|req: 11/29] 127.0.0.1 () {44 vars in 1055 bytes} [Tue Aug 18 07:57:25 2026] GET /v2/schemas/image => generated 6083 bytes in 5 msecs (HTTP/1.1 200) 4 headers in 158 bytes (1 switches on core 0)
Aug 18 07:57:25.115570 np0000007616 devstack@g-api.service[99718]: DEBUG glance.image_cache.drivers.centralized_db [None req-8877bd07-721c-465c-ad5b-13ceaaa199d3 tempest-AttachSCSIVolumeTestJSON-633467292 tempest-AttachSCSIVolumeTestJSON-633467292-project-admin] Fetch finished, moving '/opt/stack/data/glance/cache/incomplete/44faa12e-ad2d-4335-9d23-4cd470e7b090' to '/opt/stack/data/glance/cache/44faa12e-ad2d-4335-9d23-4cd470e7b090' {{(pid=99718) commit /opt/stack/glance/glance/image_cache/drivers/centralized_db.py:243}}
Aug 18 07:57:25.116176 np0000007616 devstack@g-api.service[99716]: DEBUG glance.api.middleware.version_negotiation [None req-c7a28b60-6935-4272-af30-75867bbb8530 tempest-TaggedBootDevicesTest-1951239458 tempest-TaggedBootDevicesTest-1951239458-project-member] Determining version of request: GET /v2/images/44faa12e-ad2d-4335-9d23-4cd470e7b090 Accept: */* {{(pid=99716) process_request /opt/stack/glance/glance/api/middleware/version_negotiation.py:44}}
Aug 18 07:57:25.116307 np0000007616 devstack@g-api.service[99716]: DEBUG glance.api.middleware.version_negotiation [None req-c7a28b60-6935-4272-af30-75867bbb8530 tempest-TaggedBootDevicesTest-1951239458 tempest-TaggedBootDevicesTest-1951239458-project-member] Using url versioning {{(pid=99716) process_request /opt/stack/glance/glance/api/middleware/version_negotiation.py:57}}
Aug 18 07:57:25.116420 np0000007616 devstack@g-api.service[99716]: DEBUG glance.api.middleware.version_negotiation [None req-c7a28b60-6935-4272-af30-75867bbb8530 tempest-TaggedBootDevicesTest-1951239458 tempest-TaggedBootDevicesTest-1951239458-project-member] Matched version: v2 {{(pid=99716) process_request /opt/stack/glance/glance/api/middleware/version_negotiation.py:69}}
Aug 18 07:57:25.116501 np0000007616 devstack@g-api.service[99716]: DEBUG glance.api.middleware.version_negotiation [None req-c7a28b60-6935-4272-af30-75867bbb8530 tempest-TaggedBootDevicesTest-1951239458 tempest-TaggedBootDevicesTest-1951239458-project-member] new path /v2/images/44faa12e-ad2d-4335-9d23-4cd470e7b090 {{(pid=99716) process_request /opt/stack/glance/glance/api/middleware/version_negotiation.py:70}}
Aug 18 07:57:25.130035 np0000007616 devstack@g-api.service[99716]: [pid: 99716|app: 0|req: 12/30] 127.0.0.1 () {44 vars in 1115 bytes} [Tue Aug 18 07:57:25 2026] GET /v2/images/44faa12e-ad2d-4335-9d23-4cd470e7b090 => generated 1044 bytes in 14 msecs (HTTP/1.1 200) 4 headers in 158 bytes (1 switches on core 0)
Aug 18 07:57:25.136299 np0000007616 devstack@g-api.service[99716]: DEBUG glance.api.middleware.version_negotiation [None req-c7a28b60-6935-4272-af30-75867bbb8530 tempest-TaggedBootDevicesTest-1951239458 tempest-TaggedBootDevicesTest-1951239458-project-member] Determining version of request: GET /v2/schemas/image Accept: */* {{(pid=99716) process_request /opt/stack/glance/glance/api/middleware/version_negotiation.py:44}}
Aug 18 07:57:25.136484 np0000007616 devstack@g-api.service[99716]: DEBUG glance.api.middleware.version_negotiation [None req-c7a28b60-6935-4272-af30-75867bbb8530 tempest-TaggedBootDevicesTest-1951239458 tempest-TaggedBootDevicesTest-1951239458-project-member] Using url versioning {{(pid=99716) process_request /opt/stack/glance/glance/api/middleware/version_negotiation.py:57}}
Aug 18 07:57:25.136614 np0000007616 devstack@g-api.service[99716]: DEBUG glance.api.middleware.version_negotiation [None req-c7a28b60-6935-4272-af30-75867bbb8530 tempest-TaggedBootDevicesTest-1951239458 tempest-TaggedBootDevicesTest-1951239458-project-member] Matched version: v2 {{(pid=99716) process_request /opt/stack/glance/glance/api/middleware/version_negotiation.py:69}}
Aug 18 07:57:25.136694 np0000007616 devstack@g-api.service[99716]: DEBUG glance.api.middleware.version_negotiation [None req-c7a28b60-6935-4272-af30-75867bbb8530 tempest-TaggedBootDevicesTest-1951239458 tempest-TaggedBootDevicesTest-1951239458-project-member] new path /v2/schemas/image {{(pid=99716) process_request /opt/stack/glance/glance/api/middleware/version_negotiation.py:70}}
Aug 18 07:57:25.138774 np0000007616 devstack@g-api.service[99716]: [pid: 99716|app: 0|req: 13/31] 127.0.0.1 () {44 vars in 1055 bytes} [Tue Aug 18 07:57:25 2026] GET /v2/schemas/image => generated 6083 bytes in 2 msecs (HTTP/1.1 200) 4 headers in 158 bytes (1 switches on core 0)
Aug 18 07:57:25.139440 np0000007616 devstack@g-api.service[99718]: DEBUG glance.image_cache.drivers.centralized_db [None req-8877bd07-721c-465c-ad5b-13ceaaa199d3 tempest-AttachSCSIVolumeTestJSON-633467292 tempest-AttachSCSIVolumeTestJSON-633467292-project-admin] Image cached successfully. {{(pid=99718) commit /opt/stack/glance/glance/image_cache/drivers/centralized_db.py:258}}
Aug 18 07:57:25.139552 np0000007616 devstack@g-api.service[99718]: [pid: 99718|app: 0|req: 10/32] 127.0.0.1 () {40 vars in 848 bytes} [Tue Aug 18 07:57:23 2026] GET /v2/images/44faa12e-ad2d-4335-9d23-4cd470e7b090/file => generated 21692416 bytes in 1306 msecs (HTTP/1.1 200) 4 headers in 191 bytes (335 switches on core 0)
Aug 18 07:57:25.149849 np0000007616 devstack@g-api.service[99716]: DEBUG glance.api.middleware.version_negotiation [None req-c7a28b60-6935-4272-af30-75867bbb8530 tempest-TaggedBootDevicesTest-1951239458 tempest-TaggedBootDevicesTest-1951239458-project-member] Determining version of request: GET /v2/schemas/image Accept: */* {{(pid=99716) process_request /opt/stack/glance/glance/api/middleware/version_negotiation.py:44}}
Aug 18 07:57:25.150042 np0000007616 devstack@g-api.service[99716]: DEBUG glance.api.middleware.version_negotiation [None req-c7a28b60-6935-4272-af30-75867bbb8530 tempest-TaggedBootDevicesTest-1951239458 tempest-TaggedBootDevicesTest-1951239458-project-member] Using url versioning {{(pid=99716) process_request /opt/stack/glance/glance/api/middleware/version_negotiation.py:57}}
Aug 18 07:57:25.150197 np0000007616 devstack@g-api.service[99716]: DEBUG glance.api.middleware.version_negotiation [None req-c7a28b60-6935-4272-af30-75867bbb8530 tempest-TaggedBootDevicesTest-1951239458 tempest-TaggedBootDevicesTest-1951239458-project-member] Matched version: v2 {{(pid=99716) process_request /opt/stack/glance/glance/api/middleware/version_negotiation.py:69}}
Aug 18 07:57:25.150378 np0000007616 devstack@g-api.service[99716]: DEBUG glance.api.middleware.version_negotiation [None req-c7a28b60-6935-4272-af30-75867bbb8530 tempest-TaggedBootDevicesTest-1951239458 tempest-TaggedBootDevicesTest-1951239458-project-member] new path /v2/schemas/image {{(pid=99716) process_request /opt/stack/glance/glance/api/middleware/version_negotiation.py:70}}
Aug 18 07:57:25.156235 np0000007616 devstack@g-api.service[99716]: [pid: 99716|app: 0|req: 14/33] 127.0.0.1 () {44 vars in 1055 bytes} [Tue Aug 18 07:57:25 2026] GET /v2/schemas/image => generated 6083 bytes in 3 msecs (HTTP/1.1 200) 4 headers in 158 bytes (1 switches on core 0)
Aug 18 07:57:25.179543 np0000007616 devstack@g-api.service[99718]: DEBUG glance.api.middleware.version_negotiation [None req-8877bd07-721c-465c-ad5b-13ceaaa199d3 tempest-AttachSCSIVolumeTestJSON-633467292 tempest-AttachSCSIVolumeTestJSON-633467292-project-admin] Determining version of request: GET /v2/images/44faa12e-ad2d-4335-9d23-4cd470e7b090 Accept: */* {{(pid=99718) process_request /opt/stack/glance/glance/api/middleware/version_negotiation.py:44}}
Aug 18 07:57:25.179683 np0000007616 devstack@g-api.service[99718]: DEBUG glance.api.middleware.version_negotiation [None req-8877bd07-721c-465c-ad5b-13ceaaa199d3 tempest-AttachSCSIVolumeTestJSON-633467292 tempest-AttachSCSIVolumeTestJSON-633467292-project-admin] Using url versioning {{(pid=99718) process_request /opt/stack/glance/glance/api/middleware/version_negotiation.py:57}}
Aug 18 07:57:25.179837 np0000007616 devstack@g-api.service[99718]: DEBUG glance.api.middleware.version_negotiation [None req-8877bd07-721c-465c-ad5b-13ceaaa199d3 tempest-AttachSCSIVolumeTestJSON-633467292 tempest-AttachSCSIVolumeTestJSON-633467292-project-admin] Matched version: v2 {{(pid=99718) process_request /opt/stack/glance/glance/api/middleware/version_negotiation.py:69}}
Aug 18 07:57:25.179967 np0000007616 devstack@g-api.service[99718]: DEBUG glance.api.middleware.version_negotiation [None req-8877bd07-721c-465c-ad5b-13ceaaa199d3 tempest-AttachSCSIVolumeTestJSON-633467292 tempest-AttachSCSIVolumeTestJSON-633467292-project-admin] new path /v2/images/44faa12e-ad2d-4335-9d23-4cd470e7b090 {{(pid=99718) process_request /opt/stack/glance/glance/api/middleware/version_negotiation.py:70}}
Aug 18 07:57:25.193418 np0000007616 devstack@g-api.service[99718]: [pid: 99718|app: 0|req: 11/34] 127.0.0.1 () {44 vars in 1115 bytes} [Tue Aug 18 07:57:25 2026] GET /v2/images/44faa12e-ad2d-4335-9d23-4cd470e7b090 => generated 1044 bytes in 14 msecs (HTTP/1.1 200) 4 headers in 158 bytes (1 switches on core 0)
Aug 18 07:57:25.203275 np0000007616 devstack@g-api.service[99716]: DEBUG glance.api.middleware.version_negotiation [None req-c7a28b60-6935-4272-af30-75867bbb8530 tempest-TaggedBootDevicesTest-1951239458 tempest-TaggedBootDevicesTest-1951239458-project-member] Determining version of request: GET /v2/schemas/image Accept: */* {{(pid=99716) process_request /opt/stack/glance/glance/api/middleware/version_negotiation.py:44}}
Aug 18 07:57:25.203466 np0000007616 devstack@g-api.service[99716]: DEBUG glance.api.middleware.version_negotiation [None req-c7a28b60-6935-4272-af30-75867bbb8530 tempest-TaggedBootDevicesTest-1951239458 tempest-TaggedBootDevicesTest-1951239458-project-member] Using url versioning {{(pid=99716) process_request /opt/stack/glance/glance/api/middleware/version_negotiation.py:57}}
Aug 18 07:57:25.203657 np0000007616 devstack@g-api.service[99716]: DEBUG glance.api.middleware.version_negotiation [None req-c7a28b60-6935-4272-af30-75867bbb8530 tempest-TaggedBootDevicesTest-1951239458 tempest-TaggedBootDevicesTest-1951239458-project-member] Matched version: v2 {{(pid=99716) process_request /opt/stack/glance/glance/api/middleware/version_negotiation.py:69}}
Aug 18 07:57:25.203810 np0000007616 devstack@g-api.service[99716]: DEBUG glance.api.middleware.version_negotiation [None req-c7a28b60-6935-4272-af30-75867bbb8530 tempest-TaggedBootDevicesTest-1951239458 tempest-TaggedBootDevicesTest-1951239458-project-member] new path /v2/schemas/image {{(pid=99716) process_request /opt/stack/glance/glance/api/middleware/version_negotiation.py:70}}
Aug 18 07:57:25.206406 np0000007616 devstack@g-api.service[99716]: [pid: 99716|app: 0|req: 15/35] 127.0.0.1 () {44 vars in 1055 bytes} [Tue Aug 18 07:57:25 2026] GET /v2/schemas/image => generated 6083 bytes in 3 msecs (HTTP/1.1 200) 4 headers in 158 bytes (1 switches on core 0)
Aug 18 07:57:25.216590 np0000007616 devstack@g-api.service[99718]: DEBUG glance.api.middleware.version_negotiation [None req-c7a28b60-6935-4272-af30-75867bbb8530 tempest-TaggedBootDevicesTest-1951239458 tempest-TaggedBootDevicesTest-1951239458-project-member] Determining version of request: GET /v2/schemas/image Accept: */* {{(pid=99718) process_request /opt/stack/glance/glance/api/middleware/version_negotiation.py:44}}
Aug 18 07:57:25.216885 np0000007616 devstack@g-api.service[99718]: DEBUG glance.api.middleware.version_negotiation [None req-c7a28b60-6935-4272-af30-75867bbb8530 tempest-TaggedBootDevicesTest-1951239458 tempest-TaggedBootDevicesTest-1951239458-project-member] Using url versioning {{(pid=99718) process_request /opt/stack/glance/glance/api/middleware/version_negotiation.py:57}}
Aug 18 07:57:25.217599 np0000007616 devstack@g-api.service[99718]: DEBUG glance.api.middleware.version_negotiation [None req-c7a28b60-6935-4272-af30-75867bbb8530 tempest-TaggedBootDevicesTest-1951239458 tempest-TaggedBootDevicesTest-1951239458-project-member] Matched version: v2 {{(pid=99718) process_request /opt/stack/glance/glance/api/middleware/version_negotiation.py:69}}
Aug 18 07:57:25.217599 np0000007616 devstack@g-api.service[99718]: DEBUG glance.api.middleware.version_negotiation [None req-c7a28b60-6935-4272-af30-75867bbb8530 tempest-TaggedBootDevicesTest-1951239458 tempest-TaggedBootDevicesTest-1951239458-project-member] new path /v2/schemas/image {{(pid=99718) process_request /opt/stack/glance/glance/api/middleware/version_negotiation.py:70}}
Aug 18 07:57:25.219609 np0000007616 devstack@g-api.service[99718]: [pid: 99718|app: 0|req: 12/36] 127.0.0.1 () {44 vars in 1055 bytes} [Tue Aug 18 07:57:25 2026] GET /v2/schemas/image => generated 6083 bytes in 3 msecs (HTTP/1.1 200) 4 headers in 158 bytes (1 switches on core 0)
Aug 18 07:57:25.675674 np0000007616 devstack@g-api.service[99717]: INFO glance.api.v2.image_data [None req-1d0ebe9c-2d74-4c80-a5f6-dfc6db07001b tempest-AttachSCSIVolumeTestJSON-633467292 tempest-AttachSCSIVolumeTestJSON-633467292-project-admin] Unable to create trust: no such option collect_timing in group [keystone_authtoken] Use the existing user token.
Aug 18 07:57:25.944369 np0000007616 devstack@g-api.service[99716]: DEBUG glance.api.middleware.version_negotiation [None req-c7a28b60-6935-4272-af30-75867bbb8530 tempest-TaggedBootDevicesTest-1951239458 tempest-TaggedBootDevicesTest-1951239458-project-member] Determining version of request: GET /versions Accept: */* {{(pid=99716) process_request /opt/stack/glance/glance/api/middleware/version_negotiation.py:44}}
Aug 18 07:57:25.945145 np0000007616 devstack@g-api.service[99716]: [pid: 99716|app: 0|req: 16/37] 127.0.0.1 () {44 vars in 1039 bytes} [Tue Aug 18 07:57:25 2026] GET /versions => generated 1515 bytes in 1 msecs (HTTP/1.1 200) 3 headers in 92 bytes (1 switches on core 0)
Aug 18 07:57:25.957090 np0000007616 devstack@g-api.service[99718]: DEBUG glance.api.middleware.version_negotiation [None req-c7a28b60-6935-4272-af30-75867bbb8530 tempest-TaggedBootDevicesTest-1951239458 tempest-TaggedBootDevicesTest-1951239458-project-member] Determining version of request: GET /v2/images/44faa12e-ad2d-4335-9d23-4cd470e7b090/locations Accept: */* {{(pid=99718) process_request /opt/stack/glance/glance/api/middleware/version_negotiation.py:44}}
Aug 18 07:57:25.957224 np0000007616 devstack@g-api.service[99718]: DEBUG glance.api.middleware.version_negotiation [None req-c7a28b60-6935-4272-af30-75867bbb8530 tempest-TaggedBootDevicesTest-1951239458 tempest-TaggedBootDevicesTest-1951239458-project-member] Using url versioning {{(pid=99718) process_request /opt/stack/glance/glance/api/middleware/version_negotiation.py:57}}
Aug 18 07:57:25.957354 np0000007616 devstack@g-api.service[99718]: DEBUG glance.api.middleware.version_negotiation [None req-c7a28b60-6935-4272-af30-75867bbb8530 tempest-TaggedBootDevicesTest-1951239458 tempest-TaggedBootDevicesTest-1951239458-project-member] Matched version: v2 {{(pid=99718) process_request /opt/stack/glance/glance/api/middleware/version_negotiation.py:69}}
Aug 18 07:57:25.957469 np0000007616 devstack@g-api.service[99718]: DEBUG glance.api.middleware.version_negotiation [None req-c7a28b60-6935-4272-af30-75867bbb8530 tempest-TaggedBootDevicesTest-1951239458 tempest-TaggedBootDevicesTest-1951239458-project-member] new path /v2/images/44faa12e-ad2d-4335-9d23-4cd470e7b090/locations {{(pid=99718) process_request /opt/stack/glance/glance/api/middleware/version_negotiation.py:70}}
Aug 18 07:57:26.368133 np0000007616 devstack@g-api.service[99717]: DEBUG glance.location [None req-1d0ebe9c-2d74-4c80-a5f6-dfc6db07001b tempest-AttachSCSIVolumeTestJSON-633467292 tempest-AttachSCSIVolumeTestJSON-633467292-project-admin] Enabling in-flight format inspection for qcow2 {{(pid=99717) set_data /opt/stack/glance/glance/location.py:596}}
Aug 18 07:57:26.368645 np0000007616 devstack@g-api.service[99717]: DEBUG glance_store.backend [None req-1d0ebe9c-2d74-4c80-a5f6-dfc6db07001b tempest-AttachSCSIVolumeTestJSON-633467292 tempest-AttachSCSIVolumeTestJSON-633467292-project-admin] Attempting to import store swift {{(pid=99717) _load_store /opt/stack/data/venv/lib/python3.12/site-packages/glance_store/backend.py:215}}
Aug 18 07:57:26.369981 np0000007616 devstack@g-api.service[99717]: DEBUG glance_store.capabilities [None req-1d0ebe9c-2d74-4c80-a5f6-dfc6db07001b tempest-AttachSCSIVolumeTestJSON-633467292 tempest-AttachSCSIVolumeTestJSON-633467292-project-admin] Store glance_store._drivers.swift.store.SingleTenantStore doesn't support updating dynamic storage capabilities. Please overwrite 'update_capabilities' method of the store to implement updating logics if needed. {{(pid=99717) update_capabilities /opt/stack/data/venv/lib/python3.12/site-packages/glance_store/capabilities.py:91}}
Aug 18 07:57:26.370061 np0000007616 devstack@g-api.service[99717]: DEBUG glance_store.driver [None req-1d0ebe9c-2d74-4c80-a5f6-dfc6db07001b tempest-AttachSCSIVolumeTestJSON-633467292 tempest-AttachSCSIVolumeTestJSON-633467292-project-admin] Late loading location class glance_store._drivers.swift.store.StoreLocation {{(pid=99717) get_store_location_class /opt/stack/data/venv/lib/python3.12/site-packages/glance_store/driver.py:134}}
Aug 18 07:57:26.370121 np0000007616 devstack@g-api.service[99717]: DEBUG glance_store.location [None req-1d0ebe9c-2d74-4c80-a5f6-dfc6db07001b tempest-AttachSCSIVolumeTestJSON-633467292 tempest-AttachSCSIVolumeTestJSON-633467292-project-admin] Registering scheme swift+https with {'store': , 'location_class': , 'store_entry': 'swift'} {{(pid=99717) register_scheme_map /opt/stack/data/venv/lib/python3.12/site-packages/glance_store/location.py:146}}
Aug 18 07:57:26.370181 np0000007616 devstack@g-api.service[99717]: DEBUG glance_store.location [None req-1d0ebe9c-2d74-4c80-a5f6-dfc6db07001b tempest-AttachSCSIVolumeTestJSON-633467292 tempest-AttachSCSIVolumeTestJSON-633467292-project-admin] Registering scheme swift+https with {'store': , 'location_class': , 'store_entry': 'swift'} {{(pid=99717) register_scheme_map /opt/stack/data/venv/lib/python3.12/site-packages/glance_store/location.py:146}}
Aug 18 07:57:26.370255 np0000007616 devstack@g-api.service[99717]: DEBUG glance_store.location [None req-1d0ebe9c-2d74-4c80-a5f6-dfc6db07001b tempest-AttachSCSIVolumeTestJSON-633467292 tempest-AttachSCSIVolumeTestJSON-633467292-project-admin] Registering scheme swift with {'store': , 'location_class': , 'store_entry': 'swift'} {{(pid=99717) register_scheme_map /opt/stack/data/venv/lib/python3.12/site-packages/glance_store/location.py:146}}
Aug 18 07:57:26.370444 np0000007616 devstack@g-api.service[99717]: DEBUG glance_store.location [None req-1d0ebe9c-2d74-4c80-a5f6-dfc6db07001b tempest-AttachSCSIVolumeTestJSON-633467292 tempest-AttachSCSIVolumeTestJSON-633467292-project-admin] Registering scheme swift+https with {'store': , 'location_class': , 'store_entry': 'swift'} {{(pid=99717) register_scheme_map /opt/stack/data/venv/lib/python3.12/site-packages/glance_store/location.py:146}}
Aug 18 07:57:26.370444 np0000007616 devstack@g-api.service[99717]: DEBUG glance_store.location [None req-1d0ebe9c-2d74-4c80-a5f6-dfc6db07001b tempest-AttachSCSIVolumeTestJSON-633467292 tempest-AttachSCSIVolumeTestJSON-633467292-project-admin] Registering scheme swift with {'store': , 'location_class': , 'store_entry': 'swift'} {{(pid=99717) register_scheme_map /opt/stack/data/venv/lib/python3.12/site-packages/glance_store/location.py:146}}
Aug 18 07:57:26.370444 np0000007616 devstack@g-api.service[99717]: DEBUG glance_store.location [None req-1d0ebe9c-2d74-4c80-a5f6-dfc6db07001b tempest-AttachSCSIVolumeTestJSON-633467292 tempest-AttachSCSIVolumeTestJSON-633467292-project-admin] Registering scheme swift+http with {'store': , 'location_class': , 'store_entry': 'swift'} {{(pid=99717) register_scheme_map /opt/stack/data/venv/lib/python3.12/site-packages/glance_store/location.py:146}}
Aug 18 07:57:26.371020 np0000007616 devstack@g-api.service[99717]: DEBUG glance_store.location [None req-1d0ebe9c-2d74-4c80-a5f6-dfc6db07001b tempest-AttachSCSIVolumeTestJSON-633467292 tempest-AttachSCSIVolumeTestJSON-633467292-project-admin] Registering scheme swift+https with {'store': , 'location_class': , 'store_entry': 'swift'} {{(pid=99717) register_scheme_map /opt/stack/data/venv/lib/python3.12/site-packages/glance_store/location.py:146}}
Aug 18 07:57:26.371020 np0000007616 devstack@g-api.service[99717]: DEBUG glance_store.location [None req-1d0ebe9c-2d74-4c80-a5f6-dfc6db07001b tempest-AttachSCSIVolumeTestJSON-633467292 tempest-AttachSCSIVolumeTestJSON-633467292-project-admin] Registering scheme swift with {'store': , 'location_class': , 'store_entry': 'swift'} {{(pid=99717) register_scheme_map /opt/stack/data/venv/lib/python3.12/site-packages/glance_store/location.py:146}}
Aug 18 07:57:26.371020 np0000007616 devstack@g-api.service[99717]: DEBUG glance_store.location [None req-1d0ebe9c-2d74-4c80-a5f6-dfc6db07001b tempest-AttachSCSIVolumeTestJSON-633467292 tempest-AttachSCSIVolumeTestJSON-633467292-project-admin] Registering scheme swift+http with {'store': , 'location_class': , 'store_entry': 'swift'} {{(pid=99717) register_scheme_map /opt/stack/data/venv/lib/python3.12/site-packages/glance_store/location.py:146}}
Aug 18 07:57:26.371364 np0000007616 devstack@g-api.service[99717]: DEBUG glance_store.location [None req-1d0ebe9c-2d74-4c80-a5f6-dfc6db07001b tempest-AttachSCSIVolumeTestJSON-633467292 tempest-AttachSCSIVolumeTestJSON-633467292-project-admin] Registering scheme swift+config with {'store': , 'location_class': , 'store_entry': 'swift'} {{(pid=99717) register_scheme_map /opt/stack/data/venv/lib/python3.12/site-packages/glance_store/location.py:146}}
Aug 18 07:57:26.390561 np0000007616 devstack@g-api.service[99718]: [pid: 99718|app: 0|req: 13/38] 127.0.0.1 () {44 vars in 1135 bytes} [Tue Aug 18 07:57:25 2026] GET /v2/images/44faa12e-ad2d-4335-9d23-4cd470e7b090/locations => generated 92 bytes in 434 msecs (HTTP/1.1 200) 4 headers in 156 bytes (1 switches on core 0)
Aug 18 07:57:26.402143 np0000007616 devstack@g-api.service[99716]: DEBUG glance.api.middleware.version_negotiation [None req-c7a28b60-6935-4272-af30-75867bbb8530 tempest-TaggedBootDevicesTest-1951239458 tempest-TaggedBootDevicesTest-1951239458-project-member] Determining version of request: GET /v2/images/44faa12e-ad2d-4335-9d23-4cd470e7b090 Accept: */* {{(pid=99716) process_request /opt/stack/glance/glance/api/middleware/version_negotiation.py:44}}
Aug 18 07:57:26.402298 np0000007616 devstack@g-api.service[99716]: DEBUG glance.api.middleware.version_negotiation [None req-c7a28b60-6935-4272-af30-75867bbb8530 tempest-TaggedBootDevicesTest-1951239458 tempest-TaggedBootDevicesTest-1951239458-project-member] Using url versioning {{(pid=99716) process_request /opt/stack/glance/glance/api/middleware/version_negotiation.py:57}}
Aug 18 07:57:26.402408 np0000007616 devstack@g-api.service[99716]: DEBUG glance.api.middleware.version_negotiation [None req-c7a28b60-6935-4272-af30-75867bbb8530 tempest-TaggedBootDevicesTest-1951239458 tempest-TaggedBootDevicesTest-1951239458-project-member] Matched version: v2 {{(pid=99716) process_request /opt/stack/glance/glance/api/middleware/version_negotiation.py:69}}
Aug 18 07:57:26.402511 np0000007616 devstack@g-api.service[99716]: DEBUG glance.api.middleware.version_negotiation [None req-c7a28b60-6935-4272-af30-75867bbb8530 tempest-TaggedBootDevicesTest-1951239458 tempest-TaggedBootDevicesTest-1951239458-project-member] new path /v2/images/44faa12e-ad2d-4335-9d23-4cd470e7b090 {{(pid=99716) process_request /opt/stack/glance/glance/api/middleware/version_negotiation.py:70}}
Aug 18 07:57:26.420914 np0000007616 devstack@g-api.service[99716]: [pid: 99716|app: 0|req: 17/39] 127.0.0.1 () {44 vars in 1115 bytes} [Tue Aug 18 07:57:26 2026] GET /v2/images/44faa12e-ad2d-4335-9d23-4cd470e7b090 => generated 1044 bytes in 18 msecs (HTTP/1.1 200) 4 headers in 158 bytes (1 switches on core 0)
Aug 18 07:57:26.431884 np0000007616 devstack@g-api.service[99718]: DEBUG glance.api.middleware.version_negotiation [None req-c7a28b60-6935-4272-af30-75867bbb8530 service glance] Determining version of request: GET /v2/schemas/image Accept: */* {{(pid=99718) process_request /opt/stack/glance/glance/api/middleware/version_negotiation.py:44}}
Aug 18 07:57:26.432029 np0000007616 devstack@g-api.service[99718]: DEBUG glance.api.middleware.version_negotiation [None req-c7a28b60-6935-4272-af30-75867bbb8530 service glance] Using url versioning {{(pid=99718) process_request /opt/stack/glance/glance/api/middleware/version_negotiation.py:57}}
Aug 18 07:57:26.432175 np0000007616 devstack@g-api.service[99718]: DEBUG glance.api.middleware.version_negotiation [None req-c7a28b60-6935-4272-af30-75867bbb8530 service glance] Matched version: v2 {{(pid=99718) process_request /opt/stack/glance/glance/api/middleware/version_negotiation.py:69}}
Aug 18 07:57:26.432305 np0000007616 devstack@g-api.service[99718]: DEBUG glance.api.middleware.version_negotiation [None req-c7a28b60-6935-4272-af30-75867bbb8530 service glance] new path /v2/schemas/image {{(pid=99718) process_request /opt/stack/glance/glance/api/middleware/version_negotiation.py:70}}
Aug 18 07:57:26.434367 np0000007616 devstack@g-api.service[99718]: [pid: 99718|app: 0|req: 14/40] 127.0.0.1 () {44 vars in 1055 bytes} [Tue Aug 18 07:57:26 2026] GET /v2/schemas/image => generated 6083 bytes in 3 msecs (HTTP/1.1 200) 4 headers in 158 bytes (1 switches on core 0)
Aug 18 07:57:26.445732 np0000007616 devstack@g-api.service[99716]: DEBUG glance.api.middleware.version_negotiation [None req-c7a28b60-6935-4272-af30-75867bbb8530 tempest-TaggedBootDevicesTest-1951239458 tempest-TaggedBootDevicesTest-1951239458-project-member] Determining version of request: GET /v2/schemas/image Accept: */* {{(pid=99716) process_request /opt/stack/glance/glance/api/middleware/version_negotiation.py:44}}
Aug 18 07:57:26.445886 np0000007616 devstack@g-api.service[99716]: DEBUG glance.api.middleware.version_negotiation [None req-c7a28b60-6935-4272-af30-75867bbb8530 tempest-TaggedBootDevicesTest-1951239458 tempest-TaggedBootDevicesTest-1951239458-project-member] Using url versioning {{(pid=99716) process_request /opt/stack/glance/glance/api/middleware/version_negotiation.py:57}}
Aug 18 07:57:26.446011 np0000007616 devstack@g-api.service[99716]: DEBUG glance.api.middleware.version_negotiation [None req-c7a28b60-6935-4272-af30-75867bbb8530 tempest-TaggedBootDevicesTest-1951239458 tempest-TaggedBootDevicesTest-1951239458-project-member] Matched version: v2 {{(pid=99716) process_request /opt/stack/glance/glance/api/middleware/version_negotiation.py:69}}
Aug 18 07:57:26.446103 np0000007616 devstack@g-api.service[99716]: DEBUG glance.api.middleware.version_negotiation [None req-c7a28b60-6935-4272-af30-75867bbb8530 tempest-TaggedBootDevicesTest-1951239458 tempest-TaggedBootDevicesTest-1951239458-project-member] new path /v2/schemas/image {{(pid=99716) process_request /opt/stack/glance/glance/api/middleware/version_negotiation.py:70}}
Aug 18 07:57:26.448197 np0000007616 devstack@g-api.service[99716]: [pid: 99716|app: 0|req: 18/41] 127.0.0.1 () {44 vars in 1055 bytes} [Tue Aug 18 07:57:26 2026] GET /v2/schemas/image => generated 6083 bytes in 2 msecs (HTTP/1.1 200) 4 headers in 158 bytes (1 switches on core 0)
Aug 18 07:57:26.496575 np0000007616 devstack@g-api.service[99718]: DEBUG glance.api.middleware.version_negotiation [None req-c7a28b60-6935-4272-af30-75867bbb8530 tempest-TaggedBootDevicesTest-1951239458 tempest-TaggedBootDevicesTest-1951239458-project-member] Determining version of request: GET /v2/images/44faa12e-ad2d-4335-9d23-4cd470e7b090 Accept: */* {{(pid=99718) process_request /opt/stack/glance/glance/api/middleware/version_negotiation.py:44}}
Aug 18 07:57:26.496803 np0000007616 devstack@g-api.service[99718]: DEBUG glance.api.middleware.version_negotiation [None req-c7a28b60-6935-4272-af30-75867bbb8530 tempest-TaggedBootDevicesTest-1951239458 tempest-TaggedBootDevicesTest-1951239458-project-member] Using url versioning {{(pid=99718) process_request /opt/stack/glance/glance/api/middleware/version_negotiation.py:57}}
Aug 18 07:57:26.497011 np0000007616 devstack@g-api.service[99718]: DEBUG glance.api.middleware.version_negotiation [None req-c7a28b60-6935-4272-af30-75867bbb8530 tempest-TaggedBootDevicesTest-1951239458 tempest-TaggedBootDevicesTest-1951239458-project-member] Matched version: v2 {{(pid=99718) process_request /opt/stack/glance/glance/api/middleware/version_negotiation.py:69}}
Aug 18 07:57:26.497135 np0000007616 devstack@g-api.service[99718]: DEBUG glance.api.middleware.version_negotiation [None req-c7a28b60-6935-4272-af30-75867bbb8530 tempest-TaggedBootDevicesTest-1951239458 tempest-TaggedBootDevicesTest-1951239458-project-member] new path /v2/images/44faa12e-ad2d-4335-9d23-4cd470e7b090 {{(pid=99718) process_request /opt/stack/glance/glance/api/middleware/version_negotiation.py:70}}
Aug 18 07:57:26.512991 np0000007616 devstack@g-api.service[99718]: [pid: 99718|app: 0|req: 15/42] 127.0.0.1 () {44 vars in 1115 bytes} [Tue Aug 18 07:57:26 2026] GET /v2/images/44faa12e-ad2d-4335-9d23-4cd470e7b090 => generated 1044 bytes in 20 msecs (HTTP/1.1 200) 4 headers in 158 bytes (1 switches on core 0)
Aug 18 07:57:26.523780 np0000007616 devstack@g-api.service[99716]: DEBUG glance.api.middleware.version_negotiation [None req-c7a28b60-6935-4272-af30-75867bbb8530 tempest-TaggedBootDevicesTest-1951239458 tempest-TaggedBootDevicesTest-1951239458-project-member] Determining version of request: GET /v2/images/44faa12e-ad2d-4335-9d23-4cd470e7b090/file Accept: */* {{(pid=99716) process_request /opt/stack/glance/glance/api/middleware/version_negotiation.py:44}}
Aug 18 07:57:26.523937 np0000007616 devstack@g-api.service[99716]: DEBUG glance.api.middleware.version_negotiation [None req-c7a28b60-6935-4272-af30-75867bbb8530 tempest-TaggedBootDevicesTest-1951239458 tempest-TaggedBootDevicesTest-1951239458-project-member] Using url versioning {{(pid=99716) process_request /opt/stack/glance/glance/api/middleware/version_negotiation.py:57}}
Aug 18 07:57:26.524053 np0000007616 devstack@g-api.service[99716]: DEBUG glance.api.middleware.version_negotiation [None req-c7a28b60-6935-4272-af30-75867bbb8530 tempest-TaggedBootDevicesTest-1951239458 tempest-TaggedBootDevicesTest-1951239458-project-member] Matched version: v2 {{(pid=99716) process_request /opt/stack/glance/glance/api/middleware/version_negotiation.py:69}}
Aug 18 07:57:26.524143 np0000007616 devstack@g-api.service[99716]: DEBUG glance.api.middleware.version_negotiation [None req-c7a28b60-6935-4272-af30-75867bbb8530 tempest-TaggedBootDevicesTest-1951239458 tempest-TaggedBootDevicesTest-1951239458-project-member] new path /v2/images/44faa12e-ad2d-4335-9d23-4cd470e7b090/file {{(pid=99716) process_request /opt/stack/glance/glance/api/middleware/version_negotiation.py:70}}
Aug 18 07:57:26.543780 np0000007616 devstack@g-api.service[99716]: DEBUG glance.api.middleware.cache [None req-c7a28b60-6935-4272-af30-75867bbb8530 tempest-TaggedBootDevicesTest-1951239458 tempest-TaggedBootDevicesTest-1951239458-project-member] Cache hit for image '44faa12e-ad2d-4335-9d23-4cd470e7b090' {{(pid=99716) process_request /opt/stack/glance/glance/api/middleware/cache.py:160}}
Aug 18 07:57:26.650777 np0000007616 devstack@g-api.service[99716]: [pid: 99716|app: 0|req: 19/43] 127.0.0.1 () {44 vars in 1125 bytes} [Tue Aug 18 07:57:26 2026] GET /v2/images/44faa12e-ad2d-4335-9d23-4cd470e7b090/file => generated 21692416 bytes in 127 msecs (HTTP/1.1 200) 5 headers in 217 bytes (339 switches on core 0)
Aug 18 07:57:26.744026 np0000007616 devstack@g-api.service[99718]: DEBUG glance.api.middleware.version_negotiation [None req-c7a28b60-6935-4272-af30-75867bbb8530 tempest-TaggedBootDevicesTest-1951239458 tempest-TaggedBootDevicesTest-1951239458-project-member] Determining version of request: GET /v2/images/44faa12e-ad2d-4335-9d23-4cd470e7b090 Accept: */* {{(pid=99718) process_request /opt/stack/glance/glance/api/middleware/version_negotiation.py:44}}
Aug 18 07:57:26.744258 np0000007616 devstack@g-api.service[99718]: DEBUG glance.api.middleware.version_negotiation [None req-c7a28b60-6935-4272-af30-75867bbb8530 tempest-TaggedBootDevicesTest-1951239458 tempest-TaggedBootDevicesTest-1951239458-project-member] Using url versioning {{(pid=99718) process_request /opt/stack/glance/glance/api/middleware/version_negotiation.py:57}}
Aug 18 07:57:26.744324 np0000007616 devstack@g-api.service[99718]: DEBUG glance.api.middleware.version_negotiation [None req-c7a28b60-6935-4272-af30-75867bbb8530 tempest-TaggedBootDevicesTest-1951239458 tempest-TaggedBootDevicesTest-1951239458-project-member] Matched version: v2 {{(pid=99718) process_request /opt/stack/glance/glance/api/middleware/version_negotiation.py:69}}
Aug 18 07:57:26.744401 np0000007616 devstack@g-api.service[99718]: DEBUG glance.api.middleware.version_negotiation [None req-c7a28b60-6935-4272-af30-75867bbb8530 tempest-TaggedBootDevicesTest-1951239458 tempest-TaggedBootDevicesTest-1951239458-project-member] new path /v2/images/44faa12e-ad2d-4335-9d23-4cd470e7b090 {{(pid=99718) process_request /opt/stack/glance/glance/api/middleware/version_negotiation.py:70}}
Aug 18 07:57:26.755631 np0000007616 devstack@g-api.service[99718]: [pid: 99718|app: 0|req: 16/44] 127.0.0.1 () {44 vars in 1115 bytes} [Tue Aug 18 07:57:26 2026] GET /v2/images/44faa12e-ad2d-4335-9d23-4cd470e7b090 => generated 1044 bytes in 12 msecs (HTTP/1.1 200) 4 headers in 158 bytes (1 switches on core 0)
Aug 18 07:57:26.766183 np0000007616 devstack@g-api.service[99716]: DEBUG glance.api.middleware.version_negotiation [None req-c7a28b60-6935-4272-af30-75867bbb8530 tempest-TaggedBootDevicesTest-1951239458 tempest-TaggedBootDevicesTest-1951239458-project-member] Determining version of request: GET /v2/schemas/image Accept: */* {{(pid=99716) process_request /opt/stack/glance/glance/api/middleware/version_negotiation.py:44}}
Aug 18 07:57:26.766559 np0000007616 devstack@g-api.service[99716]: DEBUG glance.api.middleware.version_negotiation [None req-c7a28b60-6935-4272-af30-75867bbb8530 tempest-TaggedBootDevicesTest-1951239458 tempest-TaggedBootDevicesTest-1951239458-project-member] Using url versioning {{(pid=99716) process_request /opt/stack/glance/glance/api/middleware/version_negotiation.py:57}}
Aug 18 07:57:26.766741 np0000007616 devstack@g-api.service[99716]: DEBUG glance.api.middleware.version_negotiation [None req-c7a28b60-6935-4272-af30-75867bbb8530 tempest-TaggedBootDevicesTest-1951239458 tempest-TaggedBootDevicesTest-1951239458-project-member] Matched version: v2 {{(pid=99716) process_request /opt/stack/glance/glance/api/middleware/version_negotiation.py:69}}
Aug 18 07:57:26.766910 np0000007616 devstack@g-api.service[99716]: DEBUG glance.api.middleware.version_negotiation [None req-c7a28b60-6935-4272-af30-75867bbb8530 tempest-TaggedBootDevicesTest-1951239458 tempest-TaggedBootDevicesTest-1951239458-project-member] new path /v2/schemas/image {{(pid=99716) process_request /opt/stack/glance/glance/api/middleware/version_negotiation.py:70}}
Aug 18 07:57:26.771331 np0000007616 devstack@g-api.service[99716]: [pid: 99716|app: 0|req: 20/45] 127.0.0.1 () {44 vars in 1055 bytes} [Tue Aug 18 07:57:26 2026] GET /v2/schemas/image => generated 6083 bytes in 6 msecs (HTTP/1.1 200) 4 headers in 158 bytes (1 switches on core 0)
Aug 18 07:57:26.803561 np0000007616 devstack@g-api.service[99717]: DEBUG swiftclient [None req-1d0ebe9c-2d74-4c80-a5f6-dfc6db07001b tempest-AttachSCSIVolumeTestJSON-633467292 tempest-AttachSCSIVolumeTestJSON-633467292-project-admin] REQ: curl -i https://10.4.3.175:8080/v1/AUTH_05a523dff0414d49b9199e3f342e1ada/glance -I -H "X-Auth-Token: gAAAAABqhBBmjSBE..." {{(pid=99717) http_log /opt/stack/data/venv/lib/python3.12/site-packages/swiftclient/client.py:160}}
Aug 18 07:57:26.803862 np0000007616 devstack@g-api.service[99717]: DEBUG swiftclient [None req-1d0ebe9c-2d74-4c80-a5f6-dfc6db07001b tempest-AttachSCSIVolumeTestJSON-633467292 tempest-AttachSCSIVolumeTestJSON-633467292-project-admin] RESP STATUS: 204 No Content {{(pid=99717) http_log /opt/stack/data/venv/lib/python3.12/site-packages/swiftclient/client.py:161}}
Aug 18 07:57:26.803862 np0000007616 devstack@g-api.service[99717]: DEBUG swiftclient [None req-1d0ebe9c-2d74-4c80-a5f6-dfc6db07001b tempest-AttachSCSIVolumeTestJSON-633467292 tempest-AttachSCSIVolumeTestJSON-633467292-project-admin] RESP HEADERS: {'Date': 'Tue, 18 Aug 2026 07:57:26 GMT', 'Server': 'Apache/2.4.58 (Ubuntu)', 'Content-Type': 'text/plain; charset=utf-8', 'X-Container-Object-Count': '3', 'X-Container-Bytes-Used': '64356352', 'X-Timestamp': '1787039727.16073', 'Last-Modified': 'Tue, 18 Aug 2026 07:55:28 GMT', 'Accept-Ranges': 'bytes', 'X-Storage-Policy': 'Policy-0', 'X-Container-Sharding': 'False', 'Vary': 'Accept', 'X-Trans-Id': 'txacec02099c974fc58fe6c-006a841066', 'X-Openstack-Request-Id': 'txacec02099c974fc58fe6c-006a841066', 'Connection': 'close'} {{(pid=99717) http_log /opt/stack/data/venv/lib/python3.12/site-packages/swiftclient/client.py:162}}
Aug 18 07:57:26.803985 np0000007616 devstack@g-api.service[99717]: DEBUG glance_store._drivers.swift.store [None req-1d0ebe9c-2d74-4c80-a5f6-dfc6db07001b tempest-AttachSCSIVolumeTestJSON-633467292 tempest-AttachSCSIVolumeTestJSON-633467292-project-admin] Adding image object '041f591f-d629-4453-9280-d5a4f847b13c' to Swift {{(pid=99717) add /opt/stack/data/venv/lib/python3.12/site-packages/glance_store/_drivers/swift/store.py:970}}
Aug 18 07:57:26.804059 np0000007616 devstack@g-api.service[99717]: DEBUG glance_store._drivers.swift.store [None req-1d0ebe9c-2d74-4c80-a5f6-dfc6db07001b tempest-AttachSCSIVolumeTestJSON-633467292 tempest-AttachSCSIVolumeTestJSON-633467292-project-admin] Cannot determine image size because it is either not provided in the request or chunked-transfer encoding is used. Adding image as a segmented object to Swift. {{(pid=99717) add /opt/stack/data/venv/lib/python3.12/site-packages/glance_store/_drivers/swift/store.py:994}}
Aug 18 07:57:26.813117 np0000007616 devstack@g-api.service[99717]: DEBUG oslo_utils.imageutils.format_inspector [None req-1d0ebe9c-2d74-4c80-a5f6-dfc6db07001b tempest-AttachSCSIVolumeTestJSON-633467292 tempest-AttachSCSIVolumeTestJSON-633467292-project-admin] Format inspector for vmdk does not match, excluding from consideration (Signature KDMV not found: b'QFI\xfb') {{(pid=99717) _process_chunk /opt/stack/data/venv/lib/python3.12/site-packages/oslo_utils/imageutils/format_inspector.py:1758}}
Aug 18 07:57:26.819823 np0000007616 devstack@g-api.service[99717]: DEBUG oslo_utils.imageutils.format_inspector [None req-1d0ebe9c-2d74-4c80-a5f6-dfc6db07001b tempest-AttachSCSIVolumeTestJSON-633467292 tempest-AttachSCSIVolumeTestJSON-633467292-project-admin] Format inspector for vhdx does not match, excluding from consideration (Region signature not found at 30000) {{(pid=99717) _process_chunk /opt/stack/data/venv/lib/python3.12/site-packages/oslo_utils/imageutils/format_inspector.py:1758}}
Aug 18 07:57:27.077870 np0000007616 devstack@g-api.service[99717]: DEBUG swiftclient [None req-1d0ebe9c-2d74-4c80-a5f6-dfc6db07001b tempest-AttachSCSIVolumeTestJSON-633467292 tempest-AttachSCSIVolumeTestJSON-633467292-project-admin] REQ: curl -i https://10.4.3.175:8080/v1/AUTH_05a523dff0414d49b9199e3f342e1ada/glance/041f591f-d629-4453-9280-d5a4f847b13c-00001 -X PUT -H "X-Auth-Token: gAAAAABqhBBmjSBE..." {{(pid=99717) http_log /opt/stack/data/venv/lib/python3.12/site-packages/swiftclient/client.py:160}}
Aug 18 07:57:27.078034 np0000007616 devstack@g-api.service[99717]: DEBUG swiftclient [None req-1d0ebe9c-2d74-4c80-a5f6-dfc6db07001b tempest-AttachSCSIVolumeTestJSON-633467292 tempest-AttachSCSIVolumeTestJSON-633467292-project-admin] RESP STATUS: 201 Created {{(pid=99717) http_log /opt/stack/data/venv/lib/python3.12/site-packages/swiftclient/client.py:161}}
Aug 18 07:57:27.078277 np0000007616 devstack@g-api.service[99717]: DEBUG swiftclient [None req-1d0ebe9c-2d74-4c80-a5f6-dfc6db07001b tempest-AttachSCSIVolumeTestJSON-633467292 tempest-AttachSCSIVolumeTestJSON-633467292-project-admin] RESP HEADERS: {'Date': 'Tue, 18 Aug 2026 07:57:27 GMT', 'Server': 'Apache/2.4.58 (Ubuntu)', 'Content-Type': 'text/html; charset=UTF-8', 'Content-Length': '0', 'Etag': '87617e24a5e30cb3b87fda8c0764838f', 'Last-Modified': 'Tue, 18 Aug 2026 07:57:27 GMT', 'X-Trans-Id': 'tx7cc5c37e5f624bf195ced-006a841066', 'X-Openstack-Request-Id': 'tx7cc5c37e5f624bf195ced-006a841066', 'Connection': 'close'} {{(pid=99717) http_log /opt/stack/data/venv/lib/python3.12/site-packages/swiftclient/client.py:162}}
Aug 18 07:57:27.078440 np0000007616 devstack@g-api.service[99717]: DEBUG glance_store._drivers.swift.store [None req-1d0ebe9c-2d74-4c80-a5f6-dfc6db07001b tempest-AttachSCSIVolumeTestJSON-633467292 tempest-AttachSCSIVolumeTestJSON-633467292-project-admin] Wrote chunk 041f591f-d629-4453-9280-d5a4f847b13c-00001 (1/?) of length 21692416 to Swift returning MD5 of content: 87617e24a5e30cb3b87fda8c0764838f {{(pid=99717) add /opt/stack/data/venv/lib/python3.12/site-packages/glance_store/_drivers/swift/store.py:1059}}
Aug 18 07:57:27.078751 np0000007616 devstack@g-api.service[99717]: DEBUG glance_store._drivers.swift.store [None req-1d0ebe9c-2d74-4c80-a5f6-dfc6db07001b tempest-AttachSCSIVolumeTestJSON-633467292 tempest-AttachSCSIVolumeTestJSON-633467292-project-admin] Not writing zero-length chunk. {{(pid=99717) add /opt/stack/data/venv/lib/python3.12/site-packages/glance_store/_drivers/swift/store.py:1028}}
Aug 18 07:57:27.111290 np0000007616 devstack@g-api.service[99717]: DEBUG swiftclient [None req-1d0ebe9c-2d74-4c80-a5f6-dfc6db07001b tempest-AttachSCSIVolumeTestJSON-633467292 tempest-AttachSCSIVolumeTestJSON-633467292-project-admin] REQ: curl -i https://10.4.3.175:8080/v1/AUTH_05a523dff0414d49b9199e3f342e1ada/glance/041f591f-d629-4453-9280-d5a4f847b13c -X PUT -H "X-Object-Manifest: glance/041f591f-d629-4453-9280-d5a4f847b13c-" -H "X-Auth-Token: gAAAAABqhBBmjSBE..." -H "Content-Length: 0" {{(pid=99717) http_log /opt/stack/data/venv/lib/python3.12/site-packages/swiftclient/client.py:160}}
