Aug 18 07:55:04.202001 np0000007616 nova-conductor[95797]: DEBUG cotyledon.oslo_config_glue [-] oslo_messaging_rabbit.rabbit_login_method = AMQPLAIN {{(pid=95797) log_opt_values /opt/stack/data/venv/lib/python3.12/site-packages/oslo_config/cfg.py:3560}}
Aug 18 07:55:04.202001 np0000007616 nova-conductor[95797]: DEBUG cotyledon.oslo_config_glue [-] oslo_messaging_rabbit.rabbit_qos_prefetch_count = 0 {{(pid=95797) log_opt_values /opt/stack/data/venv/lib/python3.12/site-packages/oslo_config/cfg.py:3560}}
Aug 18 07:55:04.202001 np0000007616 nova-conductor[95797]: DEBUG cotyledon.oslo_config_glue [-] oslo_messaging_rabbit.rabbit_quorum_delivery_limit = 0 {{(pid=95797) log_opt_values /opt/stack/data/venv/lib/python3.12/site-packages/oslo_config/cfg.py:3560}}
Aug 18 07:55:04.202001 np0000007616 nova-conductor[95797]: DEBUG cotyledon.oslo_config_glue [-] oslo_messaging_rabbit.rabbit_quorum_max_memory_bytes = 0 {{(pid=95797) log_opt_values /opt/stack/data/venv/lib/python3.12/site-packages/oslo_config/cfg.py:3560}}
Aug 18 07:55:04.202001 np0000007616 nova-conductor[95797]: DEBUG cotyledon.oslo_config_glue [-] oslo_messaging_rabbit.rabbit_quorum_max_memory_length = 0 {{(pid=95797) log_opt_values /opt/stack/data/venv/lib/python3.12/site-packages/oslo_config/cfg.py:3560}}
Aug 18 07:55:04.202186 np0000007616 nova-conductor[95797]: DEBUG cotyledon.oslo_config_glue [-] oslo_messaging_rabbit.rabbit_quorum_queue = False {{(pid=95797) log_opt_values /opt/stack/data/venv/lib/python3.12/site-packages/oslo_config/cfg.py:3560}}
Aug 18 07:55:04.202186 np0000007616 nova-conductor[95797]: DEBUG cotyledon.oslo_config_glue [-] oslo_messaging_rabbit.rabbit_retry_backoff = 2 {{(pid=95797) log_opt_values /opt/stack/data/venv/lib/python3.12/site-packages/oslo_config/cfg.py:3560}}
Aug 18 07:55:04.202186 np0000007616 nova-conductor[95797]: DEBUG cotyledon.oslo_config_glue [-] oslo_messaging_rabbit.rabbit_retry_interval = 1 {{(pid=95797) log_opt_values /opt/stack/data/venv/lib/python3.12/site-packages/oslo_config/cfg.py:3560}}
Aug 18 07:55:04.202186 np0000007616 nova-conductor[95797]: DEBUG cotyledon.oslo_config_glue [-] oslo_messaging_rabbit.rabbit_stream_fanout = False {{(pid=95797) log_opt_values /opt/stack/data/venv/lib/python3.12/site-packages/oslo_config/cfg.py:3560}}
Aug 18 07:55:04.202186 np0000007616 nova-conductor[95797]: DEBUG cotyledon.oslo_config_glue [-] oslo_messaging_rabbit.rabbit_transient_queues_ttl = 1800 {{(pid=95797) log_opt_values /opt/stack/data/venv/lib/python3.12/site-packages/oslo_config/cfg.py:3560}}
Aug 18 07:55:04.202186 np0000007616 nova-conductor[95797]: DEBUG cotyledon.oslo_config_glue [-] oslo_messaging_rabbit.rabbit_transient_quorum_queue = False {{(pid=95797) log_opt_values /opt/stack/data/venv/lib/python3.12/site-packages/oslo_config/cfg.py:3560}}
Aug 18 07:55:04.202186 np0000007616 nova-conductor[95797]: DEBUG cotyledon.oslo_config_glue [-] oslo_messaging_rabbit.rpc_conn_pool_size = 30 {{(pid=95797) log_opt_values /opt/stack/data/venv/lib/python3.12/site-packages/oslo_config/cfg.py:3560}}
Aug 18 07:55:04.202186 np0000007616 nova-conductor[95797]: DEBUG cotyledon.oslo_config_glue [-] oslo_messaging_rabbit.ssl = False {{(pid=95797) log_opt_values /opt/stack/data/venv/lib/python3.12/site-packages/oslo_config/cfg.py:3560}}
Aug 18 07:55:04.202186 np0000007616 nova-conductor[95797]: DEBUG cotyledon.oslo_config_glue [-] oslo_messaging_rabbit.ssl_ca_file = {{(pid=95797) log_opt_values /opt/stack/data/venv/lib/python3.12/site-packages/oslo_config/cfg.py:3560}}
Aug 18 07:55:04.202378 np0000007616 nova-conductor[95797]: DEBUG cotyledon.oslo_config_glue [-] oslo_messaging_rabbit.ssl_cert_file = {{(pid=95797) log_opt_values /opt/stack/data/venv/lib/python3.12/site-packages/oslo_config/cfg.py:3560}}
Aug 18 07:55:04.202378 np0000007616 nova-conductor[95797]: DEBUG cotyledon.oslo_config_glue [-] oslo_messaging_rabbit.ssl_enforce_fips_mode = False {{(pid=95797) log_opt_values /opt/stack/data/venv/lib/python3.12/site-packages/oslo_config/cfg.py:3560}}
Aug 18 07:55:04.202378 np0000007616 nova-conductor[95797]: DEBUG cotyledon.oslo_config_glue [-] oslo_messaging_rabbit.ssl_enforce_hostname_verification = True {{(pid=95797) log_opt_values /opt/stack/data/venv/lib/python3.12/site-packages/oslo_config/cfg.py:3560}}
Aug 18 07:55:04.202378 np0000007616 nova-conductor[95797]: DEBUG cotyledon.oslo_config_glue [-] oslo_messaging_rabbit.ssl_key_file = {{(pid=95797) log_opt_values /opt/stack/data/venv/lib/python3.12/site-packages/oslo_config/cfg.py:3560}}
Aug 18 07:55:04.202378 np0000007616 nova-conductor[95797]: DEBUG cotyledon.oslo_config_glue [-] oslo_messaging_rabbit.ssl_version = {{(pid=95797) log_opt_values /opt/stack/data/venv/lib/python3.12/site-packages/oslo_config/cfg.py:3560}}
Aug 18 07:55:04.202378 np0000007616 nova-conductor[95797]: DEBUG cotyledon.oslo_config_glue [-] oslo_messaging_rabbit.use_queue_manager = False {{(pid=95797) log_opt_values /opt/stack/data/venv/lib/python3.12/site-packages/oslo_config/cfg.py:3560}}
Aug 18 07:55:04.202378 np0000007616 nova-conductor[95797]: DEBUG cotyledon.oslo_config_glue [-] oslo_messaging_notifications.driver = ['messagingv2'] {{(pid=95797) log_opt_values /opt/stack/data/venv/lib/python3.12/site-packages/oslo_config/cfg.py:3560}}
Aug 18 07:55:04.202378 np0000007616 nova-conductor[95797]: DEBUG cotyledon.oslo_config_glue [-] oslo_messaging_notifications.retry = -1 {{(pid=95797) log_opt_values /opt/stack/data/venv/lib/python3.12/site-packages/oslo_config/cfg.py:3560}}
Aug 18 07:55:04.202378 np0000007616 nova-conductor[95797]: DEBUG cotyledon.oslo_config_glue [-] oslo_messaging_notifications.topics = ['notifications'] {{(pid=95797) log_opt_values /opt/stack/data/venv/lib/python3.12/site-packages/oslo_config/cfg.py:3560}}
Aug 18 07:55:04.202530 np0000007616 nova-conductor[95797]: DEBUG cotyledon.oslo_config_glue [-] oslo_messaging_notifications.transport_url = **** {{(pid=95797) log_opt_values /opt/stack/data/venv/lib/python3.12/site-packages/oslo_config/cfg.py:3560}}
Aug 18 07:55:04.202530 np0000007616 nova-conductor[95797]: DEBUG cotyledon.oslo_config_glue [-] oslo_limit.auth_section = None {{(pid=95797) log_opt_values /opt/stack/data/venv/lib/python3.12/site-packages/oslo_config/cfg.py:3560}}
Aug 18 07:55:04.202530 np0000007616 nova-conductor[95797]: DEBUG cotyledon.oslo_config_glue [-] oslo_limit.auth_type = None {{(pid=95797) log_opt_values /opt/stack/data/venv/lib/python3.12/site-packages/oslo_config/cfg.py:3560}}
Aug 18 07:55:04.202530 np0000007616 nova-conductor[95797]: DEBUG cotyledon.oslo_config_glue [-] oslo_limit.cafile = None {{(pid=95797) log_opt_values /opt/stack/data/venv/lib/python3.12/site-packages/oslo_config/cfg.py:3560}}
Aug 18 07:55:04.202530 np0000007616 nova-conductor[95797]: DEBUG cotyledon.oslo_config_glue [-] oslo_limit.certfile = None {{(pid=95797) log_opt_values /opt/stack/data/venv/lib/python3.12/site-packages/oslo_config/cfg.py:3560}}
Aug 18 07:55:04.202530 np0000007616 nova-conductor[95797]: DEBUG cotyledon.oslo_config_glue [-] oslo_limit.collect_timing = False {{(pid=95797) log_opt_values /opt/stack/data/venv/lib/python3.12/site-packages/oslo_config/cfg.py:3560}}
Aug 18 07:55:04.202530 np0000007616 nova-conductor[95797]: DEBUG cotyledon.oslo_config_glue [-] oslo_limit.connect_retries = None {{(pid=95797) log_opt_values /opt/stack/data/venv/lib/python3.12/site-packages/oslo_config/cfg.py:3560}}
Aug 18 07:55:04.202530 np0000007616 nova-conductor[95797]: DEBUG cotyledon.oslo_config_glue [-] oslo_limit.connect_retry_delay = None {{(pid=95797) log_opt_values /opt/stack/data/venv/lib/python3.12/site-packages/oslo_config/cfg.py:3560}}
Aug 18 07:55:04.202530 np0000007616 nova-conductor[95797]: DEBUG cotyledon.oslo_config_glue [-] oslo_limit.endpoint_id = None {{(pid=95797) log_opt_values /opt/stack/data/venv/lib/python3.12/site-packages/oslo_config/cfg.py:3560}}
Aug 18 07:55:04.202723 np0000007616 nova-conductor[95797]: DEBUG cotyledon.oslo_config_glue [-] oslo_limit.endpoint_interface = public {{(pid=95797) log_opt_values /opt/stack/data/venv/lib/python3.12/site-packages/oslo_config/cfg.py:3560}}
Aug 18 07:55:04.202723 np0000007616 nova-conductor[95797]: DEBUG cotyledon.oslo_config_glue [-] oslo_limit.endpoint_override = None {{(pid=95797) log_opt_values /opt/stack/data/venv/lib/python3.12/site-packages/oslo_config/cfg.py:3560}}
Aug 18 07:55:04.202723 np0000007616 nova-conductor[95797]: DEBUG cotyledon.oslo_config_glue [-] oslo_limit.endpoint_region_name = None {{(pid=95797) log_opt_values /opt/stack/data/venv/lib/python3.12/site-packages/oslo_config/cfg.py:3560}}
Aug 18 07:55:04.202723 np0000007616 nova-conductor[95797]: DEBUG cotyledon.oslo_config_glue [-] oslo_limit.endpoint_service_name = None {{(pid=95797) log_opt_values /opt/stack/data/venv/lib/python3.12/site-packages/oslo_config/cfg.py:3560}}
Aug 18 07:55:04.202723 np0000007616 nova-conductor[95797]: DEBUG cotyledon.oslo_config_glue [-] oslo_limit.endpoint_service_type = None {{(pid=95797) log_opt_values /opt/stack/data/venv/lib/python3.12/site-packages/oslo_config/cfg.py:3560}}
Aug 18 07:55:04.202723 np0000007616 nova-conductor[95797]: DEBUG cotyledon.oslo_config_glue [-] oslo_limit.insecure = False {{(pid=95797) log_opt_values /opt/stack/data/venv/lib/python3.12/site-packages/oslo_config/cfg.py:3560}}
Aug 18 07:55:04.202723 np0000007616 nova-conductor[95797]: DEBUG cotyledon.oslo_config_glue [-] oslo_limit.keyfile = None {{(pid=95797) log_opt_values /opt/stack/data/venv/lib/python3.12/site-packages/oslo_config/cfg.py:3560}}
Aug 18 07:55:04.202723 np0000007616 nova-conductor[95797]: DEBUG cotyledon.oslo_config_glue [-] oslo_limit.max_version = None {{(pid=95797) log_opt_values /opt/stack/data/venv/lib/python3.12/site-packages/oslo_config/cfg.py:3560}}
Aug 18 07:55:04.202723 np0000007616 nova-conductor[95797]: DEBUG cotyledon.oslo_config_glue [-] oslo_limit.min_version = None {{(pid=95797) log_opt_values /opt/stack/data/venv/lib/python3.12/site-packages/oslo_config/cfg.py:3560}}
Aug 18 07:55:04.202932 np0000007616 nova-conductor[95797]: DEBUG cotyledon.oslo_config_glue [-] oslo_limit.region_name = None {{(pid=95797) log_opt_values /opt/stack/data/venv/lib/python3.12/site-packages/oslo_config/cfg.py:3560}}
Aug 18 07:55:04.202932 np0000007616 nova-conductor[95797]: DEBUG cotyledon.oslo_config_glue [-] oslo_limit.retriable_status_codes = None {{(pid=95797) log_opt_values /opt/stack/data/venv/lib/python3.12/site-packages/oslo_config/cfg.py:3560}}
Aug 18 07:55:04.202932 np0000007616 nova-conductor[95797]: DEBUG cotyledon.oslo_config_glue [-] oslo_limit.service_name = None {{(pid=95797) log_opt_values /opt/stack/data/venv/lib/python3.12/site-packages/oslo_config/cfg.py:3560}}
Aug 18 07:55:04.202932 np0000007616 nova-conductor[95797]: DEBUG cotyledon.oslo_config_glue [-] oslo_limit.service_type = None {{(pid=95797) log_opt_values /opt/stack/data/venv/lib/python3.12/site-packages/oslo_config/cfg.py:3560}}
Aug 18 07:55:04.202932 np0000007616 nova-conductor[95797]: DEBUG cotyledon.oslo_config_glue [-] oslo_limit.split_loggers = False {{(pid=95797) log_opt_values /opt/stack/data/venv/lib/python3.12/site-packages/oslo_config/cfg.py:3560}}
Aug 18 07:55:04.202932 np0000007616 nova-conductor[95797]: DEBUG cotyledon.oslo_config_glue [-] oslo_limit.status_code_retries = None {{(pid=95797) log_opt_values /opt/stack/data/venv/lib/python3.12/site-packages/oslo_config/cfg.py:3560}}
Aug 18 07:55:04.202932 np0000007616 nova-conductor[95797]: DEBUG cotyledon.oslo_config_glue [-] oslo_limit.status_code_retry_delay = None {{(pid=95797) log_opt_values /opt/stack/data/venv/lib/python3.12/site-packages/oslo_config/cfg.py:3560}}
Aug 18 07:55:04.202932 np0000007616 nova-conductor[95797]: DEBUG cotyledon.oslo_config_glue [-] oslo_limit.timeout = None {{(pid=95797) log_opt_values /opt/stack/data/venv/lib/python3.12/site-packages/oslo_config/cfg.py:3560}}
Aug 18 07:55:04.202932 np0000007616 nova-conductor[95797]: DEBUG cotyledon.oslo_config_glue [-] oslo_limit.valid_interfaces = None {{(pid=95797) log_opt_values /opt/stack/data/venv/lib/python3.12/site-packages/oslo_config/cfg.py:3560}}
Aug 18 07:55:04.203221 np0000007616 nova-conductor[95797]: DEBUG cotyledon.oslo_config_glue [-] oslo_limit.version = None {{(pid=95797) log_opt_values /opt/stack/data/venv/lib/python3.12/site-packages/oslo_config/cfg.py:3560}}
Aug 18 07:55:04.203221 np0000007616 nova-conductor[95797]: DEBUG cotyledon.oslo_config_glue [-] oslo_reports.file_event_handler = None {{(pid=95797) log_opt_values /opt/stack/data/venv/lib/python3.12/site-packages/oslo_config/cfg.py:3560}}
Aug 18 07:55:04.203221 np0000007616 nova-conductor[95797]: DEBUG cotyledon.oslo_config_glue [-] oslo_reports.file_event_handler_interval = 1 {{(pid=95797) log_opt_values /opt/stack/data/venv/lib/python3.12/site-packages/oslo_config/cfg.py:3560}}
Aug 18 07:55:04.203221 np0000007616 nova-conductor[95797]: DEBUG cotyledon.oslo_config_glue [-] oslo_reports.log_dir = None {{(pid=95797) log_opt_values /opt/stack/data/venv/lib/python3.12/site-packages/oslo_config/cfg.py:3560}}
Aug 18 07:55:04.203221 np0000007616 nova-conductor[95797]: DEBUG cotyledon.oslo_config_glue [-] ******************************************************************************** {{(pid=95797) log_opt_values /opt/stack/data/venv/lib/python3.12/site-packages/oslo_config/cfg.py:3567}}
Aug 18 07:55:04.203221 np0000007616 nova-conductor[95797]: DEBUG cotyledon._service_worker [-] Run service ServiceWrapper(1) [95797] {{(pid=95797) wait_forever /opt/stack/data/venv/lib/python3.12/site-packages/cotyledon/_service_worker.py:218}}
Aug 18 07:55:04.203221 np0000007616 nova-conductor[95797]: INFO nova.service [-] Starting conductor node (version 33.1.0)
Aug 18 07:55:04.203457 np0000007616 nova-conductor[95790]: DEBUG oslo_db.sqlalchemy.engines [None req-9dfdc453-3068-498e-912a-beb24c1ab69d None None] MySQL server mode set to STRICT_TRANS_TABLES,STRICT_ALL_TABLES,NO_ZERO_IN_DATE,NO_ZERO_DATE,ERROR_FOR_DIVISION_BY_ZERO,TRADITIONAL,NO_ENGINE_SUBSTITUTION {{(pid=95790) _check_effective_sql_mode /opt/stack/data/venv/lib/python3.12/site-packages/oslo_db/sqlalchemy/engines.py:325}}
Aug 18 07:55:04.203509 np0000007616 nova-conductor[95797]: INFO dbcounter [None req-ca9e1866-e962-4adc-96af-a84882dd82b3 None None] Registered counter for database nova_cell0
Aug 18 07:55:04.203555 np0000007616 nova-conductor[95790]: DEBUG dbcounter [-] [95790] Writer thread running {{(pid=95790) stat_writer /opt/stack/data/venv/lib/python3.12/site-packages/dbcounter.py:102}}
Aug 18 07:55:04.203610 np0000007616 nova-conductor[95803]: DEBUG oslo_db.sqlalchemy.engines [None req-f820ca26-a452-4b26-8178-9c5d056c4509 None None] MySQL server mode set to STRICT_TRANS_TABLES,STRICT_ALL_TABLES,NO_ZERO_IN_DATE,NO_ZERO_DATE,ERROR_FOR_DIVISION_BY_ZERO,TRADITIONAL,NO_ENGINE_SUBSTITUTION {{(pid=95803) _check_effective_sql_mode /opt/stack/data/venv/lib/python3.12/site-packages/oslo_db/sqlalchemy/engines.py:325}}
Aug 18 07:55:04.203642 np0000007616 nova-conductor[95790]: DEBUG nova.service [None req-9dfdc453-3068-498e-912a-beb24c1ab69d None None] Creating RPC server for service: nova-conductor on topic: conductor {{(pid=95790) start /opt/stack/nova/nova/service.py:262}}
Aug 18 07:55:04.203674 np0000007616 nova-conductor[95803]: DEBUG dbcounter [-] [95803] Writer thread running {{(pid=95803) stat_writer /opt/stack/data/venv/lib/python3.12/site-packages/dbcounter.py:102}}
Aug 18 07:55:04.203674 np0000007616 nova-conductor[95803]: DEBUG nova.service [None req-f820ca26-a452-4b26-8178-9c5d056c4509 None None] Creating RPC server for service: nova-conductor on topic: conductor {{(pid=95803) start /opt/stack/nova/nova/service.py:262}}
Aug 18 07:55:04.207168 np0000007616 nova-conductor[95797]: DEBUG oslo_db.sqlalchemy.engines [None req-ca9e1866-e962-4adc-96af-a84882dd82b3 None None] MySQL server mode set to STRICT_TRANS_TABLES,STRICT_ALL_TABLES,NO_ZERO_IN_DATE,NO_ZERO_DATE,ERROR_FOR_DIVISION_BY_ZERO,TRADITIONAL,NO_ENGINE_SUBSTITUTION {{(pid=95797) _check_effective_sql_mode /opt/stack/data/venv/lib/python3.12/site-packages/oslo_db/sqlalchemy/engines.py:325}}
Aug 18 07:55:04.216859 np0000007616 nova-conductor[95797]: DEBUG dbcounter [-] [95797] Writer thread running {{(pid=95797) stat_writer /opt/stack/data/venv/lib/python3.12/site-packages/dbcounter.py:102}}
Aug 18 07:55:04.217914 np0000007616 nova-conductor[95790]: DEBUG nova.service [None req-9dfdc453-3068-498e-912a-beb24c1ab69d None None] Join ServiceGroup membership for this service conductor {{(pid=95790) start /opt/stack/nova/nova/service.py:288}}
Aug 18 07:55:04.218148 np0000007616 nova-conductor[95803]: DEBUG nova.service [None req-f820ca26-a452-4b26-8178-9c5d056c4509 None None] Join ServiceGroup membership for this service conductor {{(pid=95803) start /opt/stack/nova/nova/service.py:288}}
Aug 18 07:55:04.218223 np0000007616 nova-conductor[95790]: DEBUG nova.servicegroup.drivers.db [None req-9dfdc453-3068-498e-912a-beb24c1ab69d None None] DB_Driver: join new ServiceGroup member np0000007616 to the conductor group, service = {{(pid=95790) join /opt/stack/nova/nova/servicegroup/drivers/db.py:44}}
Aug 18 07:55:04.218738 np0000007616 nova-conductor[95803]: DEBUG nova.servicegroup.drivers.db [None req-f820ca26-a452-4b26-8178-9c5d056c4509 None None] DB_Driver: join new ServiceGroup member np0000007616 to the conductor group, service = {{(pid=95803) join /opt/stack/nova/nova/servicegroup/drivers/db.py:44}}
Aug 18 07:55:04.220127 np0000007616 nova-conductor[95797]: DEBUG nova.service [None req-ca9e1866-e962-4adc-96af-a84882dd82b3 None None] Creating RPC server for service: nova-conductor on topic: conductor {{(pid=95797) start /opt/stack/nova/nova/service.py:262}}
Aug 18 07:55:04.236241 np0000007616 nova-conductor[95797]: DEBUG nova.service [None req-ca9e1866-e962-4adc-96af-a84882dd82b3 None None] Join ServiceGroup membership for this service conductor {{(pid=95797) start /opt/stack/nova/nova/service.py:288}}
Aug 18 07:55:04.236496 np0000007616 nova-conductor[95797]: DEBUG nova.servicegroup.drivers.db [None req-ca9e1866-e962-4adc-96af-a84882dd82b3 None None] DB_Driver: join new ServiceGroup member np0000007616 to the conductor group, service = {{(pid=95797) join /opt/stack/nova/nova/servicegroup/drivers/db.py:44}}
Aug 18 07:55:09.232051 np0000007616 nova-conductor[95790]: DEBUG oslo.service.backend._threading.loopingcall [-] Fixed interval looping call 'nova.servicegroup.drivers.db.DbDriver._report_state' sleeping for 119.99 seconds {{(pid=95790) _run_loop /opt/stack/data/venv/lib/python3.12/site-packages/oslo_service/backend/_threading/loopingcall.py:125}}
Aug 18 07:55:09.232626 np0000007616 nova-conductor[95803]: DEBUG oslo.service.backend._threading.loopingcall [-] Fixed interval looping call 'nova.servicegroup.drivers.db.DbDriver._report_state' sleeping for 119.99 seconds {{(pid=95803) _run_loop /opt/stack/data/venv/lib/python3.12/site-packages/oslo_service/backend/_threading/loopingcall.py:125}}
Aug 18 07:55:09.246680 np0000007616 nova-conductor[95797]: DEBUG oslo.service.backend._threading.loopingcall [-] Fixed interval looping call 'nova.servicegroup.drivers.db.DbDriver._report_state' sleeping for 119.99 seconds {{(pid=95797) _run_loop /opt/stack/data/venv/lib/python3.12/site-packages/oslo_service/backend/_threading/loopingcall.py:125}}
Aug 18 07:55:12.833610 np0000007616 nova-conductor[94287]: DEBUG dbcounter [-] [94287] Writing DB stats nova_api:SELECT=1 {{(pid=94287) stat_writer /opt/stack/data/venv/lib/python3.12/site-packages/dbcounter.py:115}}
Aug 18 07:55:12.947308 np0000007616 nova-conductor[94287]: DEBUG dbcounter [-] [94287] Writing DB stats nova_cell1:SELECT=1 {{(pid=94287) stat_writer /opt/stack/data/venv/lib/python3.12/site-packages/dbcounter.py:115}}
Aug 18 07:55:12.951229 np0000007616 nova-conductor[94287]: DEBUG dbcounter [-] [94287] Writing DB stats nova_cell0:SELECT=1 {{(pid=94287) stat_writer /opt/stack/data/venv/lib/python3.12/site-packages/dbcounter.py:115}}
Aug 18 07:55:16.221255 np0000007616 nova-conductor[95803]: DEBUG oslo.service.backend._threading.loopingcall [None req-5461bf4c-97d9-4331-a4fd-fdf94dbd6858 None None] Dynamic interval looping call 'nova.service.Service.periodic_tasks' sleeping for 60.00 seconds {{(pid=95803) _run_loop /opt/stack/data/venv/lib/python3.12/site-packages/oslo_service/backend/_threading/loopingcall.py:125}}
Aug 18 07:55:19.226484 np0000007616 nova-conductor[95790]: DEBUG dbcounter [-] [95790] Writing DB stats nova_cell0:SELECT=4,nova_cell0:INSERT=1,nova_cell0:UPDATE=1 {{(pid=95790) stat_writer /opt/stack/data/venv/lib/python3.12/site-packages/dbcounter.py:115}}
Aug 18 07:55:19.232221 np0000007616 nova-conductor[95803]: DEBUG dbcounter [-] [95803] Writing DB stats nova_cell0:SELECT=3,nova_cell0:UPDATE=1 {{(pid=95803) stat_writer /opt/stack/data/venv/lib/python3.12/site-packages/dbcounter.py:115}}
Aug 18 07:55:19.243679 np0000007616 nova-conductor[95797]: DEBUG dbcounter [-] [95797] Writing DB stats nova_cell0:SELECT=3 {{(pid=95797) stat_writer /opt/stack/data/venv/lib/python3.12/site-packages/dbcounter.py:115}}
Aug 18 07:55:30.238369 np0000007616 nova-conductor[95797]: DEBUG oslo.service.backend._threading.loopingcall [None req-5a1fb4e1-088e-4511-9613-81dba6181f53 None None] Dynamic interval looping call 'nova.service.Service.periodic_tasks' sleeping for 60.00 seconds {{(pid=95797) _run_loop /opt/stack/data/venv/lib/python3.12/site-packages/oslo_service/backend/_threading/loopingcall.py:125}}
Aug 18 07:55:36.220291 np0000007616 nova-conductor[95790]: DEBUG oslo.service.backend._threading.loopingcall [None req-4127410f-4143-4700-ad2a-8480182197e3 None None] Dynamic interval looping call 'nova.service.Service.periodic_tasks' sleeping for 60.00 seconds {{(pid=95790) _run_loop /opt/stack/data/venv/lib/python3.12/site-packages/oslo_service/backend/_threading/loopingcall.py:125}}
Aug 18 07:56:16.221716 np0000007616 nova-conductor[95803]: DEBUG oslo.service.backend._threading.loopingcall [None req-5461bf4c-97d9-4331-a4fd-fdf94dbd6858 None None] Dynamic interval looping call 'nova.service.Service.periodic_tasks' sleeping for 60.00 seconds {{(pid=95803) _run_loop /opt/stack/data/venv/lib/python3.12/site-packages/oslo_service/backend/_threading/loopingcall.py:125}}
Aug 18 07:56:30.238835 np0000007616 nova-conductor[95797]: DEBUG oslo.service.backend._threading.loopingcall [None req-5a1fb4e1-088e-4511-9613-81dba6181f53 None None] Dynamic interval looping call 'nova.service.Service.periodic_tasks' sleeping for 60.00 seconds {{(pid=95797) _run_loop /opt/stack/data/venv/lib/python3.12/site-packages/oslo_service/backend/_threading/loopingcall.py:125}}
Aug 18 07:56:36.220808 np0000007616 nova-conductor[95790]: DEBUG oslo.service.backend._threading.loopingcall [None req-4127410f-4143-4700-ad2a-8480182197e3 None None] Dynamic interval looping call 'nova.service.Service.periodic_tasks' sleeping for 60.00 seconds {{(pid=95790) _run_loop /opt/stack/data/venv/lib/python3.12/site-packages/oslo_service/backend/_threading/loopingcall.py:125}}
Aug 18 07:57:09.228341 np0000007616 nova-conductor[95803]: DEBUG oslo.service.backend._threading.loopingcall [-] Fixed interval looping call 'nova.servicegroup.drivers.db.DbDriver._report_state' sleeping for 119.99 seconds {{(pid=95803) _run_loop /opt/stack/data/venv/lib/python3.12/site-packages/oslo_service/backend/_threading/loopingcall.py:125}}
Aug 18 07:57:09.229465 np0000007616 nova-conductor[95790]: DEBUG oslo.service.backend._threading.loopingcall [-] Fixed interval looping call 'nova.servicegroup.drivers.db.DbDriver._report_state' sleeping for 119.99 seconds {{(pid=95790) _run_loop /opt/stack/data/venv/lib/python3.12/site-packages/oslo_service/backend/_threading/loopingcall.py:125}}
Aug 18 07:57:09.241136 np0000007616 nova-conductor[95797]: DEBUG oslo.service.backend._threading.loopingcall [-] Fixed interval looping call 'nova.servicegroup.drivers.db.DbDriver._report_state' sleeping for 120.00 seconds {{(pid=95797) _run_loop /opt/stack/data/venv/lib/python3.12/site-packages/oslo_service/backend/_threading/loopingcall.py:125}}
Aug 18 07:57:16.222473 np0000007616 nova-conductor[95803]: DEBUG oslo.service.backend._threading.loopingcall [None req-5461bf4c-97d9-4331-a4fd-fdf94dbd6858 None None] Dynamic interval looping call 'nova.service.Service.periodic_tasks' sleeping for 60.00 seconds {{(pid=95803) _run_loop /opt/stack/data/venv/lib/python3.12/site-packages/oslo_service/backend/_threading/loopingcall.py:125}}
Aug 18 07:57:19.226313 np0000007616 nova-conductor[95803]: DEBUG dbcounter [-] [95803] Writing DB stats nova_cell0:SELECT=1,nova_cell0:UPDATE=1 {{(pid=95803) stat_writer /opt/stack/data/venv/lib/python3.12/site-packages/dbcounter.py:115}}
Aug 18 07:57:19.226786 np0000007616 nova-conductor[95790]: DEBUG dbcounter [-] [95790] Writing DB stats nova_cell0:SELECT=1,nova_cell0:UPDATE=1 {{(pid=95790) stat_writer /opt/stack/data/venv/lib/python3.12/site-packages/dbcounter.py:115}}
Aug 18 07:57:19.239647 np0000007616 nova-conductor[95797]: DEBUG dbcounter [-] [95797] Writing DB stats nova_cell0:SELECT=1 {{(pid=95797) stat_writer /opt/stack/data/venv/lib/python3.12/site-packages/dbcounter.py:115}}
Aug 18 07:57:26.475312 np0000007616 nova-conductor[95790]: DEBUG oslo_db.sqlalchemy.engines [None req-3fb2e6f1-6497-4640-a7e0-3755abc0457f tempest-DeleteServersTestJSON-1391907280 tempest-DeleteServersTestJSON-1391907280-project-member] Parent process 94287 forked (95790) with an open database connection, which is being discarded and recreated. {{(pid=95790) checkout /opt/stack/data/venv/lib/python3.12/site-packages/oslo_db/sqlalchemy/engines.py:402}}
Aug 18 07:57:26.521484 np0000007616 nova-conductor[95790]: DEBUG dbcounter [-] [95790] Writer thread running {{(pid=95790) stat_writer /opt/stack/data/venv/lib/python3.12/site-packages/dbcounter.py:102}}
Aug 18 07:57:27.196994 np0000007616 nova-conductor[95803]: DEBUG dbcounter [-] [95803] Writer thread running {{(pid=95803) stat_writer /opt/stack/data/venv/lib/python3.12/site-packages/dbcounter.py:102}}
Aug 18 07:57:27.606525 np0000007616 nova-conductor[95790]: DEBUG nova.conductor.manager [None req-3fb2e6f1-6497-4640-a7e0-3755abc0457f tempest-DeleteServersTestJSON-1391907280 tempest-DeleteServersTestJSON-1391907280-project-member] Took 1.08 seconds to select destinations for 1 instance(s). {{(pid=95790) _schedule_instances /opt/stack/nova/nova/conductor/manager.py:956}}
Aug 18 07:57:27.646363 np0000007616 nova-conductor[95790]: DEBUG oslo_concurrency.lockutils [None req-3fb2e6f1-6497-4640-a7e0-3755abc0457f tempest-DeleteServersTestJSON-1391907280 tempest-DeleteServersTestJSON-1391907280-project-member] Acquiring lock "0dcdbfc9-85fe-4b10-a921-407db57dc76e" by "nova.context.set_target_cell..get_or_set_cached_cell_and_set_connections" {{(pid=95790) inner /opt/stack/data/venv/lib/python3.12/site-packages/oslo_concurrency/lockutils.py:512}}
Aug 18 07:57:27.646616 np0000007616 nova-conductor[95790]: DEBUG oslo_concurrency.lockutils [None req-3fb2e6f1-6497-4640-a7e0-3755abc0457f tempest-DeleteServersTestJSON-1391907280 tempest-DeleteServersTestJSON-1391907280-project-member] Lock "0dcdbfc9-85fe-4b10-a921-407db57dc76e" acquired by "nova.context.set_target_cell..get_or_set_cached_cell_and_set_connections" :: waited 0.000s {{(pid=95790) inner /opt/stack/data/venv/lib/python3.12/site-packages/oslo_concurrency/lockutils.py:525}}
Aug 18 07:57:27.648405 np0000007616 nova-conductor[95790]: DEBUG oslo_concurrency.lockutils [None req-3fb2e6f1-6497-4640-a7e0-3755abc0457f tempest-DeleteServersTestJSON-1391907280 tempest-DeleteServersTestJSON-1391907280-project-member] Lock "0dcdbfc9-85fe-4b10-a921-407db57dc76e" "released" by "nova.context.set_target_cell..get_or_set_cached_cell_and_set_connections" :: held 0.002s {{(pid=95790) inner /opt/stack/data/venv/lib/python3.12/site-packages/oslo_concurrency/lockutils.py:544}}
Aug 18 07:57:27.652250 np0000007616 nova-conductor[95790]: INFO dbcounter [None req-3fb2e6f1-6497-4640-a7e0-3755abc0457f tempest-DeleteServersTestJSON-1391907280 tempest-DeleteServersTestJSON-1391907280-project-member] Registered counter for database nova_cell1
Aug 18 07:57:27.683553 np0000007616 nova-conductor[95803]: DEBUG nova.conductor.manager [None req-41d4b301-5269-46bb-8e97-fa63a000755d tempest-ServerStableDeviceRescueTest-447062711 tempest-ServerStableDeviceRescueTest-447062711-project-member] Took 0.48 seconds to select destinations for 1 instance(s). {{(pid=95803) _schedule_instances /opt/stack/nova/nova/conductor/manager.py:956}}
Aug 18 07:57:27.689744 np0000007616 nova-conductor[95790]: DEBUG oslo_db.sqlalchemy.engines [None req-3fb2e6f1-6497-4640-a7e0-3755abc0457f tempest-DeleteServersTestJSON-1391907280 tempest-DeleteServersTestJSON-1391907280-project-member] MySQL server mode set to STRICT_TRANS_TABLES,STRICT_ALL_TABLES,NO_ZERO_IN_DATE,NO_ZERO_DATE,ERROR_FOR_DIVISION_BY_ZERO,TRADITIONAL,NO_ENGINE_SUBSTITUTION {{(pid=95790) _check_effective_sql_mode /opt/stack/data/venv/lib/python3.12/site-packages/oslo_db/sqlalchemy/engines.py:325}}
Aug 18 07:57:27.695229 np0000007616 nova-conductor[95790]: DEBUG dbcounter [-] [95790] Writer thread running {{(pid=95790) stat_writer /opt/stack/data/venv/lib/python3.12/site-packages/dbcounter.py:102}}
Aug 18 07:57:27.717666 np0000007616 nova-conductor[95803]: DEBUG oslo_concurrency.lockutils [None req-41d4b301-5269-46bb-8e97-fa63a000755d tempest-ServerStableDeviceRescueTest-447062711 tempest-ServerStableDeviceRescueTest-447062711-project-member] Acquiring lock "0dcdbfc9-85fe-4b10-a921-407db57dc76e" by "nova.context.set_target_cell..get_or_set_cached_cell_and_set_connections" {{(pid=95803) inner /opt/stack/data/venv/lib/python3.12/site-packages/oslo_concurrency/lockutils.py:512}}
Aug 18 07:57:27.717931 np0000007616 nova-conductor[95803]: DEBUG oslo_concurrency.lockutils [None req-41d4b301-5269-46bb-8e97-fa63a000755d tempest-ServerStableDeviceRescueTest-447062711 tempest-ServerStableDeviceRescueTest-447062711-project-member] Lock "0dcdbfc9-85fe-4b10-a921-407db57dc76e" acquired by "nova.context.set_target_cell..get_or_set_cached_cell_and_set_connections" :: waited 0.000s {{(pid=95803) inner /opt/stack/data/venv/lib/python3.12/site-packages/oslo_concurrency/lockutils.py:525}}
Aug 18 07:57:27.719193 np0000007616 nova-conductor[95803]: DEBUG oslo_concurrency.lockutils [None req-41d4b301-5269-46bb-8e97-fa63a000755d tempest-ServerStableDeviceRescueTest-447062711 tempest-ServerStableDeviceRescueTest-447062711-project-member] Lock "0dcdbfc9-85fe-4b10-a921-407db57dc76e" "released" by "nova.context.set_target_cell..get_or_set_cached_cell_and_set_connections" :: held 0.001s {{(pid=95803) inner /opt/stack/data/venv/lib/python3.12/site-packages/oslo_concurrency/lockutils.py:544}}
Aug 18 07:57:27.722762 np0000007616 nova-conductor[95803]: INFO dbcounter [None req-41d4b301-5269-46bb-8e97-fa63a000755d tempest-ServerStableDeviceRescueTest-447062711 tempest-ServerStableDeviceRescueTest-447062711-project-member] Registered counter for database nova_cell1
Aug 18 07:57:27.753168 np0000007616 nova-conductor[95790]: INFO nova.utils [None req-3fb2e6f1-6497-4640-a7e0-3755abc0457f tempest-DeleteServersTestJSON-1391907280 tempest-DeleteServersTestJSON-1391907280-project-member] The cell worker thread pool ForkProcess-1.cell_worker is initialized
Aug 18 07:57:27.753520 np0000007616 nova-conductor[95790]: DEBUG oslo_concurrency.lockutils [None req-3fb2e6f1-6497-4640-a7e0-3755abc0457f tempest-DeleteServersTestJSON-1391907280 tempest-DeleteServersTestJSON-1391907280-project-member] Acquiring lock "00000000-0000-0000-0000-000000000000" by "nova.context.set_target_cell..get_or_set_cached_cell_and_set_connections" {{(pid=95790) inner /opt/stack/data/venv/lib/python3.12/site-packages/oslo_concurrency/lockutils.py:512}}
Aug 18 07:57:27.753570 np0000007616 nova-conductor[95790]: DEBUG oslo_concurrency.lockutils [None req-3fb2e6f1-6497-4640-a7e0-3755abc0457f tempest-DeleteServersTestJSON-1391907280 tempest-DeleteServersTestJSON-1391907280-project-member] Lock "00000000-0000-0000-0000-000000000000" acquired by "nova.context.set_target_cell..get_or_set_cached_cell_and_set_connections" :: waited 0.000s {{(pid=95790) inner /opt/stack/data/venv/lib/python3.12/site-packages/oslo_concurrency/lockutils.py:525}}
Aug 18 07:57:27.753884 np0000007616 nova-conductor[95790]: DEBUG oslo_concurrency.lockutils [None req-3fb2e6f1-6497-4640-a7e0-3755abc0457f tempest-DeleteServersTestJSON-1391907280 tempest-DeleteServersTestJSON-1391907280-project-member] Lock "00000000-0000-0000-0000-000000000000" "released" by "nova.context.set_target_cell..get_or_set_cached_cell_and_set_connections" :: held 0.000s {{(pid=95790) inner /opt/stack/data/venv/lib/python3.12/site-packages/oslo_concurrency/lockutils.py:544}}
Aug 18 07:57:27.754476 np0000007616 nova-conductor[95790]: DEBUG oslo_concurrency.lockutils [None req-3fb2e6f1-6497-4640-a7e0-3755abc0457f tempest-DeleteServersTestJSON-1391907280 tempest-DeleteServersTestJSON-1391907280-project-member] Acquiring lock "0dcdbfc9-85fe-4b10-a921-407db57dc76e" by "nova.context.set_target_cell..get_or_set_cached_cell_and_set_connections" {{(pid=95790) inner /opt/stack/data/venv/lib/python3.12/site-packages/oslo_concurrency/lockutils.py:512}}
Aug 18 07:57:27.754686 np0000007616 nova-conductor[95790]: DEBUG oslo_concurrency.lockutils [None req-3fb2e6f1-6497-4640-a7e0-3755abc0457f tempest-DeleteServersTestJSON-1391907280 tempest-DeleteServersTestJSON-1391907280-project-member] Lock "0dcdbfc9-85fe-4b10-a921-407db57dc76e" acquired by "nova.context.set_target_cell..get_or_set_cached_cell_and_set_connections" :: waited 0.000s {{(pid=95790) inner /opt/stack/data/venv/lib/python3.12/site-packages/oslo_concurrency/lockutils.py:525}}
Aug 18 07:57:27.754739 np0000007616 nova-conductor[95790]: DEBUG oslo_concurrency.lockutils [None req-3fb2e6f1-6497-4640-a7e0-3755abc0457f tempest-DeleteServersTestJSON-1391907280 tempest-DeleteServersTestJSON-1391907280-project-member] Lock "0dcdbfc9-85fe-4b10-a921-407db57dc76e" "released" by "nova.context.set_target_cell..get_or_set_cached_cell_and_set_connections" :: held 0.000s {{(pid=95790) inner /opt/stack/data/venv/lib/python3.12/site-packages/oslo_concurrency/lockutils.py:544}}
Aug 18 07:57:27.755910 np0000007616 nova-conductor[95790]: INFO dbcounter [None req-3fb2e6f1-6497-4640-a7e0-3755abc0457f tempest-DeleteServersTestJSON-1391907280 tempest-DeleteServersTestJSON-1391907280-project-member] Registered counter for database nova_cell0
Aug 18 07:57:27.768711 np0000007616 nova-conductor[95803]: DEBUG oslo_db.sqlalchemy.engines [None req-41d4b301-5269-46bb-8e97-fa63a000755d tempest-ServerStableDeviceRescueTest-447062711 tempest-ServerStableDeviceRescueTest-447062711-project-member] MySQL server mode set to STRICT_TRANS_TABLES,STRICT_ALL_TABLES,NO_ZERO_IN_DATE,NO_ZERO_DATE,ERROR_FOR_DIVISION_BY_ZERO,TRADITIONAL,NO_ENGINE_SUBSTITUTION {{(pid=95803) _check_effective_sql_mode /opt/stack/data/venv/lib/python3.12/site-packages/oslo_db/sqlalchemy/engines.py:325}}
Aug 18 07:57:27.774765 np0000007616 nova-conductor[95803]: DEBUG dbcounter [-] [95803] Writer thread running {{(pid=95803) stat_writer /opt/stack/data/venv/lib/python3.12/site-packages/dbcounter.py:102}}
Aug 18 07:57:27.787921 np0000007616 nova-conductor[95790]: DEBUG oslo_db.sqlalchemy.engines [None req-3fb2e6f1-6497-4640-a7e0-3755abc0457f tempest-DeleteServersTestJSON-1391907280 tempest-DeleteServersTestJSON-1391907280-project-member] MySQL server mode set to STRICT_TRANS_TABLES,STRICT_ALL_TABLES,NO_ZERO_IN_DATE,NO_ZERO_DATE,ERROR_FOR_DIVISION_BY_ZERO,TRADITIONAL,NO_ENGINE_SUBSTITUTION {{(pid=95790) _check_effective_sql_mode /opt/stack/data/venv/lib/python3.12/site-packages/oslo_db/sqlalchemy/engines.py:325}}
Aug 18 07:57:27.795674 np0000007616 nova-conductor[95790]: DEBUG dbcounter [-] [95790] Writer thread running {{(pid=95790) stat_writer /opt/stack/data/venv/lib/python3.12/site-packages/dbcounter.py:102}}
Aug 18 07:57:27.807685 np0000007616 nova-conductor[95790]: DEBUG nova.quota [None req-3fb2e6f1-6497-4640-a7e0-3755abc0457f tempest-DeleteServersTestJSON-1391907280 tempest-DeleteServersTestJSON-1391907280-project-member] Getting quotas for project 8ccf5626ec204b189acf960b2d8fbc74. Resources: {'cores', 'ram', 'instances'} {{(pid=95790) _get_quotas /opt/stack/nova/nova/quota.py:389}}
Aug 18 07:57:27.810815 np0000007616 nova-conductor[95790]: DEBUG nova.quota [None req-3fb2e6f1-6497-4640-a7e0-3755abc0457f tempest-DeleteServersTestJSON-1391907280 tempest-DeleteServersTestJSON-1391907280-project-member] Getting quotas for user 0437893705c24d27b6a42e6f8c372e98 and project 8ccf5626ec204b189acf960b2d8fbc74. Resources: {'cores', 'ram', 'instances'} {{(pid=95790) _get_quotas /opt/stack/nova/nova/quota.py:379}}
Aug 18 07:57:27.815356 np0000007616 nova-conductor[95790]: DEBUG nova.conductor.manager [None req-3fb2e6f1-6497-4640-a7e0-3755abc0457f tempest-DeleteServersTestJSON-1391907280 tempest-DeleteServersTestJSON-1391907280-project-member] [instance: e58936ad-d7a1-4a5f-8203-ed44e45c6bbd] Selected host: np0000007616; Selected node: np0000007616; Alternates: [] {{(pid=95790) schedule_and_build_instances /opt/stack/nova/nova/conductor/manager.py:1772}}
Aug 18 07:57:27.815771 np0000007616 nova-conductor[95790]: DEBUG oslo_concurrency.lockutils [None req-3fb2e6f1-6497-4640-a7e0-3755abc0457f tempest-DeleteServersTestJSON-1391907280 tempest-DeleteServersTestJSON-1391907280-project-member] Acquiring lock "0dcdbfc9-85fe-4b10-a921-407db57dc76e" by "nova.context.set_target_cell..get_or_set_cached_cell_and_set_connections" {{(pid=95790) inner /opt/stack/data/venv/lib/python3.12/site-packages/oslo_concurrency/lockutils.py:512}}
Aug 18 07:57:27.815836 np0000007616 nova-conductor[95790]: DEBUG oslo_concurrency.lockutils [None req-3fb2e6f1-6497-4640-a7e0-3755abc0457f tempest-DeleteServersTestJSON-1391907280 tempest-DeleteServersTestJSON-1391907280-project-member] Lock "0dcdbfc9-85fe-4b10-a921-407db57dc76e" acquired by "nova.context.set_target_cell..get_or_set_cached_cell_and_set_connections" :: waited 0.000s {{(pid=95790) inner /opt/stack/data/venv/lib/python3.12/site-packages/oslo_concurrency/lockutils.py:525}}
Aug 18 07:57:27.815982 np0000007616 nova-conductor[95790]: DEBUG oslo_concurrency.lockutils [None req-3fb2e6f1-6497-4640-a7e0-3755abc0457f tempest-DeleteServersTestJSON-1391907280 tempest-DeleteServersTestJSON-1391907280-project-member] Lock "0dcdbfc9-85fe-4b10-a921-407db57dc76e" "released" by "nova.context.set_target_cell..get_or_set_cached_cell_and_set_connections" :: held 0.000s {{(pid=95790) inner /opt/stack/data/venv/lib/python3.12/site-packages/oslo_concurrency/lockutils.py:544}}
Aug 18 07:57:27.824550 np0000007616 nova-conductor[95790]: DEBUG nova.conductor.manager [None req-3fb2e6f1-6497-4640-a7e0-3755abc0457f tempest-DeleteServersTestJSON-1391907280 tempest-DeleteServersTestJSON-1391907280-project-member] [instance: e58936ad-d7a1-4a5f-8203-ed44e45c6bbd] block_device_mapping [BlockDeviceMapping(attachment_id=,boot_index=0,connection_info=None,created_at=,delete_on_termination=True,deleted=,deleted_at=,destination_type='local',device_name=None,device_type='disk',disk_bus=None,encrypted=False,encryption_format=None,encryption_options=None,encryption_secret_uuid=None,guest_format=None,id=,image_id='44faa12e-ad2d-4335-9d23-4cd470e7b090',instance=,instance_uuid=,no_device=False,snapshot_id=None,source_type='image',tag=None,updated_at=,uuid=,volume_id=None,volume_size=None,volume_type=None)] {{(pid=95790) _create_block_device_mapping /opt/stack/nova/nova/conductor/manager.py:1517}}
Aug 18 07:57:27.824661 np0000007616 nova-conductor[95803]: INFO nova.utils [None req-41d4b301-5269-46bb-8e97-fa63a000755d tempest-ServerStableDeviceRescueTest-447062711 tempest-ServerStableDeviceRescueTest-447062711-project-member] The cell worker thread pool ForkProcess-3.cell_worker is initialized
Aug 18 07:57:27.824917 np0000007616 nova-conductor[95803]: DEBUG oslo_concurrency.lockutils [None req-41d4b301-5269-46bb-8e97-fa63a000755d tempest-ServerStableDeviceRescueTest-447062711 tempest-ServerStableDeviceRescueTest-447062711-project-member] Acquiring lock "00000000-0000-0000-0000-000000000000" by "nova.context.set_target_cell..get_or_set_cached_cell_and_set_connections" {{(pid=95803) inner /opt/stack/data/venv/lib/python3.12/site-packages/oslo_concurrency/lockutils.py:512}}
Aug 18 07:57:27.825108 np0000007616 nova-conductor[95803]: DEBUG oslo_concurrency.lockutils [None req-41d4b301-5269-46bb-8e97-fa63a000755d tempest-ServerStableDeviceRescueTest-447062711 tempest-ServerStableDeviceRescueTest-447062711-project-member] Lock "00000000-0000-0000-0000-000000000000" acquired by "nova.context.set_target_cell..get_or_set_cached_cell_and_set_connections" :: waited 0.000s {{(pid=95803) inner /opt/stack/data/venv/lib/python3.12/site-packages/oslo_concurrency/lockutils.py:525}}
Aug 18 07:57:27.825492 np0000007616 nova-conductor[95803]: DEBUG oslo_concurrency.lockutils [None req-41d4b301-5269-46bb-8e97-fa63a000755d tempest-ServerStableDeviceRescueTest-447062711 tempest-ServerStableDeviceRescueTest-447062711-project-member] Lock "00000000-0000-0000-0000-000000000000" "released" by "nova.context.set_target_cell..get_or_set_cached_cell_and_set_connections" :: held 0.000s {{(pid=95803) inner /opt/stack/data/venv/lib/python3.12/site-packages/oslo_concurrency/lockutils.py:544}}
Aug 18 07:57:27.826006 np0000007616 nova-conductor[95790]: DEBUG oslo_concurrency.lockutils [None req-3fb2e6f1-6497-4640-a7e0-3755abc0457f tempest-DeleteServersTestJSON-1391907280 tempest-DeleteServersTestJSON-1391907280-project-member] Acquiring lock "0dcdbfc9-85fe-4b10-a921-407db57dc76e" by "nova.context.set_target_cell..get_or_set_cached_cell_and_set_connections" {{(pid=95790) inner /opt/stack/data/venv/lib/python3.12/site-packages/oslo_concurrency/lockutils.py:512}}
Aug 18 07:57:27.826156 np0000007616 nova-conductor[95790]: DEBUG oslo_concurrency.lockutils [None req-3fb2e6f1-6497-4640-a7e0-3755abc0457f tempest-DeleteServersTestJSON-1391907280 tempest-DeleteServersTestJSON-1391907280-project-member] Lock "0dcdbfc9-85fe-4b10-a921-407db57dc76e" acquired by "nova.context.set_target_cell..get_or_set_cached_cell_and_set_connections" :: waited 0.000s {{(pid=95790) inner /opt/stack/data/venv/lib/python3.12/site-packages/oslo_concurrency/lockutils.py:525}}
Aug 18 07:57:27.826292 np0000007616 nova-conductor[95790]: DEBUG oslo_concurrency.lockutils [None req-3fb2e6f1-6497-4640-a7e0-3755abc0457f tempest-DeleteServersTestJSON-1391907280 tempest-DeleteServersTestJSON-1391907280-project-member] Lock "0dcdbfc9-85fe-4b10-a921-407db57dc76e" "released" by "nova.context.set_target_cell..get_or_set_cached_cell_and_set_connections" :: held 0.000s {{(pid=95790) inner /opt/stack/data/venv/lib/python3.12/site-packages/oslo_concurrency/lockutils.py:544}}
Aug 18 07:57:27.829084 np0000007616 nova-conductor[95803]: DEBUG oslo_concurrency.lockutils [None req-41d4b301-5269-46bb-8e97-fa63a000755d tempest-ServerStableDeviceRescueTest-447062711 tempest-ServerStableDeviceRescueTest-447062711-project-member] Acquiring lock "0dcdbfc9-85fe-4b10-a921-407db57dc76e" by "nova.context.set_target_cell..get_or_set_cached_cell_and_set_connections" {{(pid=95803) inner /opt/stack/data/venv/lib/python3.12/site-packages/oslo_concurrency/lockutils.py:512}}
Aug 18 07:57:27.829586 np0000007616 nova-conductor[95803]: DEBUG oslo_concurrency.lockutils [None req-41d4b301-5269-46bb-8e97-fa63a000755d tempest-ServerStableDeviceRescueTest-447062711 tempest-ServerStableDeviceRescueTest-447062711-project-member] Lock "0dcdbfc9-85fe-4b10-a921-407db57dc76e" acquired by "nova.context.set_target_cell..get_or_set_cached_cell_and_set_connections" :: waited 0.001s {{(pid=95803) inner /opt/stack/data/venv/lib/python3.12/site-packages/oslo_concurrency/lockutils.py:525}}
Aug 18 07:57:27.829711 np0000007616 nova-conductor[95803]: DEBUG oslo_concurrency.lockutils [None req-41d4b301-5269-46bb-8e97-fa63a000755d tempest-ServerStableDeviceRescueTest-447062711 tempest-ServerStableDeviceRescueTest-447062711-project-member] Lock "0dcdbfc9-85fe-4b10-a921-407db57dc76e" "released" by "nova.context.set_target_cell..get_or_set_cached_cell_and_set_connections" :: held 0.000s {{(pid=95803) inner /opt/stack/data/venv/lib/python3.12/site-packages/oslo_concurrency/lockutils.py:544}}
Aug 18 07:57:27.831368 np0000007616 nova-conductor[95803]: INFO dbcounter [None req-41d4b301-5269-46bb-8e97-fa63a000755d tempest-ServerStableDeviceRescueTest-447062711 tempest-ServerStableDeviceRescueTest-447062711-project-member] Registered counter for database nova_cell0
Aug 18 07:57:27.853821 np0000007616 nova-conductor[95790]: DEBUG oslo_concurrency.lockutils [None req-3fb2e6f1-6497-4640-a7e0-3755abc0457f tempest-DeleteServersTestJSON-1391907280 tempest-DeleteServersTestJSON-1391907280-project-member] Acquiring lock "0dcdbfc9-85fe-4b10-a921-407db57dc76e" by "nova.context.set_target_cell..get_or_set_cached_cell_and_set_connections" {{(pid=95790) inner /opt/stack/data/venv/lib/python3.12/site-packages/oslo_concurrency/lockutils.py:512}}
Aug 18 07:57:27.854030 np0000007616 nova-conductor[95790]: DEBUG oslo_concurrency.lockutils [None req-3fb2e6f1-6497-4640-a7e0-3755abc0457f tempest-DeleteServersTestJSON-1391907280 tempest-DeleteServersTestJSON-1391907280-project-member] Lock "0dcdbfc9-85fe-4b10-a921-407db57dc76e" acquired by "nova.context.set_target_cell..get_or_set_cached_cell_and_set_connections" :: waited 0.000s {{(pid=95790) inner /opt/stack/data/venv/lib/python3.12/site-packages/oslo_concurrency/lockutils.py:525}}
Aug 18 07:57:27.854195 np0000007616 nova-conductor[95790]: DEBUG oslo_concurrency.lockutils [None req-3fb2e6f1-6497-4640-a7e0-3755abc0457f tempest-DeleteServersTestJSON-1391907280 tempest-DeleteServersTestJSON-1391907280-project-member] Lock "0dcdbfc9-85fe-4b10-a921-407db57dc76e" "released" by "nova.context.set_target_cell..get_or_set_cached_cell_and_set_connections" :: held 0.000s {{(pid=95790) inner /opt/stack/data/venv/lib/python3.12/site-packages/oslo_concurrency/lockutils.py:544}}
Aug 18 07:57:27.854453 np0000007616 nova-conductor[95790]: DEBUG oslo_concurrency.lockutils [None req-3fb2e6f1-6497-4640-a7e0-3755abc0457f tempest-DeleteServersTestJSON-1391907280 tempest-DeleteServersTestJSON-1391907280-project-member] Acquiring lock "compute-rpcapi-router" {{(pid=95790) lock /opt/stack/data/venv/lib/python3.12/site-packages/oslo_concurrency/lockutils.py:396}}
Aug 18 07:57:27.854801 np0000007616 nova-conductor[95790]: DEBUG oslo_concurrency.lockutils [None req-3fb2e6f1-6497-4640-a7e0-3755abc0457f tempest-DeleteServersTestJSON-1391907280 tempest-DeleteServersTestJSON-1391907280-project-member] Acquired lock "compute-rpcapi-router" {{(pid=95790) lock /opt/stack/data/venv/lib/python3.12/site-packages/oslo_concurrency/lockutils.py:399}}
Aug 18 07:57:27.855038 np0000007616 nova-conductor[95790]: DEBUG oslo_concurrency.lockutils [None req-65a0a380-45b6-40c8-bc29-a75cd4ee3f27 None None] Acquiring lock "00000000-0000-0000-0000-000000000000" by "nova.context.set_target_cell..get_or_set_cached_cell_and_set_connections" {{(pid=95790) inner /opt/stack/data/venv/lib/python3.12/site-packages/oslo_concurrency/lockutils.py:512}}
Aug 18 07:57:27.855195 np0000007616 nova-conductor[95790]: DEBUG oslo_concurrency.lockutils [None req-65a0a380-45b6-40c8-bc29-a75cd4ee3f27 None None] Lock "00000000-0000-0000-0000-000000000000" acquired by "nova.context.set_target_cell..get_or_set_cached_cell_and_set_connections" :: waited 0.000s {{(pid=95790) inner /opt/stack/data/venv/lib/python3.12/site-packages/oslo_concurrency/lockutils.py:525}}
Aug 18 07:57:27.855369 np0000007616 nova-conductor[95790]: DEBUG oslo_concurrency.lockutils [None req-65a0a380-45b6-40c8-bc29-a75cd4ee3f27 None None] Lock "00000000-0000-0000-0000-000000000000" "released" by "nova.context.set_target_cell..get_or_set_cached_cell_and_set_connections" :: held 0.000s {{(pid=95790) inner /opt/stack/data/venv/lib/python3.12/site-packages/oslo_concurrency/lockutils.py:544}}
Aug 18 07:57:27.856095 np0000007616 nova-conductor[95790]: DEBUG oslo_concurrency.lockutils [None req-65a0a380-45b6-40c8-bc29-a75cd4ee3f27 None None] Acquiring lock "0dcdbfc9-85fe-4b10-a921-407db57dc76e" by "nova.context.set_target_cell..get_or_set_cached_cell_and_set_connections" {{(pid=95790) inner /opt/stack/data/venv/lib/python3.12/site-packages/oslo_concurrency/lockutils.py:512}}
Aug 18 07:57:27.856290 np0000007616 nova-conductor[95790]: DEBUG oslo_concurrency.lockutils [None req-65a0a380-45b6-40c8-bc29-a75cd4ee3f27 None None] Lock "0dcdbfc9-85fe-4b10-a921-407db57dc76e" acquired by "nova.context.set_target_cell..get_or_set_cached_cell_and_set_connections" :: waited 0.000s {{(pid=95790) inner /opt/stack/data/venv/lib/python3.12/site-packages/oslo_concurrency/lockutils.py:525}}
Aug 18 07:57:27.856438 np0000007616 nova-conductor[95790]: DEBUG oslo_concurrency.lockutils [None req-65a0a380-45b6-40c8-bc29-a75cd4ee3f27 None None] Lock "0dcdbfc9-85fe-4b10-a921-407db57dc76e" "released" by "nova.context.set_target_cell..get_or_set_cached_cell_and_set_connections" :: held 0.000s {{(pid=95790) inner /opt/stack/data/venv/lib/python3.12/site-packages/oslo_concurrency/lockutils.py:544}}
Aug 18 07:57:27.864973 np0000007616 nova-conductor[95803]: DEBUG oslo_db.sqlalchemy.engines [None req-41d4b301-5269-46bb-8e97-fa63a000755d tempest-ServerStableDeviceRescueTest-447062711 tempest-ServerStableDeviceRescueTest-447062711-project-member] MySQL server mode set to STRICT_TRANS_TABLES,STRICT_ALL_TABLES,NO_ZERO_IN_DATE,NO_ZERO_DATE,ERROR_FOR_DIVISION_BY_ZERO,TRADITIONAL,NO_ENGINE_SUBSTITUTION {{(pid=95803) _check_effective_sql_mode /opt/stack/data/venv/lib/python3.12/site-packages/oslo_db/sqlalchemy/engines.py:325}}
Aug 18 07:57:27.866223 np0000007616 nova-conductor[95790]: INFO nova.compute.rpcapi [None req-65a0a380-45b6-40c8-bc29-a75cd4ee3f27 None None] Automatically selected compute RPC version 6.5 from minimum service version 72
