Jul 11 08:34:38.314456 np0000005069 devstack@g-api.service[99649]: DEBUG glance_store.capabilities [-] Store glance_store._drivers.swift.store.SingleTenantStore doesn't support updating dynamic storage capabilities. Please overwrite 'update_capabilities' method of the store to implement updating logics if needed. {{(pid=99649) update_capabilities /opt/stack/data/venv/lib/python3.12/site-packages/glance_store/capabilities.py:91}}
Jul 11 08:34:38.314456 np0000005069 devstack@g-api.service[99649]: DEBUG glance_store.driver [-] Late loading location class glance_store._drivers.swift.store.StoreLocation {{(pid=99649) get_store_location_class /opt/stack/data/venv/lib/python3.12/site-packages/glance_store/driver.py:134}}
Jul 11 08:34:38.314500 np0000005069 devstack@g-api.service[99651]: DEBUG glance_store.driver [-] Late loading location class glance_store._drivers.swift.store.StoreLocation {{(pid=99651) get_store_location_class /opt/stack/data/venv/lib/python3.12/site-packages/glance_store/driver.py:134}}
Jul 11 08:34:38.314596 np0000005069 devstack@g-api.service[99649]: DEBUG glance_store.location [-] Registering scheme swift+https with {'store': , 'location_class': , 'store_entry': 'swift'} {{(pid=99649) register_scheme_map /opt/stack/data/venv/lib/python3.12/site-packages/glance_store/location.py:146}}
Jul 11 08:34:38.314652 np0000005069 devstack@g-api.service[99651]: DEBUG glance_store.location [-] Registering scheme swift+https with {'store': , 'location_class': , 'store_entry': 'swift'} {{(pid=99651) register_scheme_map /opt/stack/data/venv/lib/python3.12/site-packages/glance_store/location.py:146}}
Jul 11 08:34:38.314652 np0000005069 devstack@g-api.service[99651]: DEBUG glance_store.location [-] Registering scheme swift+https with {'store': , 'location_class': , 'store_entry': 'swift'} {{(pid=99651) register_scheme_map /opt/stack/data/venv/lib/python3.12/site-packages/glance_store/location.py:146}}
Jul 11 08:34:38.314770 np0000005069 devstack@g-api.service[99649]: DEBUG glance_store.location [-] Registering scheme swift+https with {'store': , 'location_class': , 'store_entry': 'swift'} {{(pid=99649) register_scheme_map /opt/stack/data/venv/lib/python3.12/site-packages/glance_store/location.py:146}}
Jul 11 08:34:38.314770 np0000005069 devstack@g-api.service[99649]: DEBUG glance_store.location [-] Registering scheme swift with {'store': , 'location_class': , 'store_entry': 'swift'} {{(pid=99649) register_scheme_map /opt/stack/data/venv/lib/python3.12/site-packages/glance_store/location.py:146}}
Jul 11 08:34:38.314817 np0000005069 devstack@g-api.service[99651]: DEBUG glance_store.location [-] Registering scheme swift with {'store': , 'location_class': , 'store_entry': 'swift'} {{(pid=99651) register_scheme_map /opt/stack/data/venv/lib/python3.12/site-packages/glance_store/location.py:146}}
Jul 11 08:34:38.314840 np0000005069 devstack@g-api.service[99649]: DEBUG glance_store.location [-] Registering scheme swift+https with {'store': , 'location_class': , 'store_entry': 'swift'} {{(pid=99649) register_scheme_map /opt/stack/data/venv/lib/python3.12/site-packages/glance_store/location.py:146}}
Jul 11 08:34:38.314860 np0000005069 devstack@g-api.service[99651]: DEBUG glance_store.location [-] Registering scheme swift+https with {'store': , 'location_class': , 'store_entry': 'swift'} {{(pid=99651) register_scheme_map /opt/stack/data/venv/lib/python3.12/site-packages/glance_store/location.py:146}}
Jul 11 08:34:38.314860 np0000005069 devstack@g-api.service[99651]: DEBUG glance_store.location [-] Registering scheme swift with {'store': , 'location_class': , 'store_entry': 'swift'} {{(pid=99651) register_scheme_map /opt/stack/data/venv/lib/python3.12/site-packages/glance_store/location.py:146}}
Jul 11 08:34:38.314897 np0000005069 devstack@g-api.service[99649]: DEBUG glance_store.location [-] Registering scheme swift with {'store': , 'location_class': , 'store_entry': 'swift'} {{(pid=99649) register_scheme_map /opt/stack/data/venv/lib/python3.12/site-packages/glance_store/location.py:146}}
Jul 11 08:34:38.314897 np0000005069 devstack@g-api.service[99649]: DEBUG glance_store.location [-] Registering scheme swift+http with {'store': , 'location_class': , 'store_entry': 'swift'} {{(pid=99649) register_scheme_map /opt/stack/data/venv/lib/python3.12/site-packages/glance_store/location.py:146}}
Jul 11 08:34:38.314937 np0000005069 devstack@g-api.service[99651]: DEBUG glance_store.location [-] Registering scheme swift+http with {'store': , 'location_class': , 'store_entry': 'swift'} {{(pid=99651) register_scheme_map /opt/stack/data/venv/lib/python3.12/site-packages/glance_store/location.py:146}}
Jul 11 08:34:38.314937 np0000005069 devstack@g-api.service[99651]: DEBUG glance_store.location [-] Registering scheme swift+https with {'store': , 'location_class': , 'store_entry': 'swift'} {{(pid=99651) register_scheme_map /opt/stack/data/venv/lib/python3.12/site-packages/glance_store/location.py:146}}
Jul 11 08:34:38.315017 np0000005069 devstack@g-api.service[99649]: DEBUG glance_store.location [-] Registering scheme swift+https with {'store': , 'location_class': , 'store_entry': 'swift'} {{(pid=99649) register_scheme_map /opt/stack/data/venv/lib/python3.12/site-packages/glance_store/location.py:146}}
Jul 11 08:34:38.315017 np0000005069 devstack@g-api.service[99649]: DEBUG glance_store.location [-] Registering scheme swift with {'store': , 'location_class': , 'store_entry': 'swift'} {{(pid=99649) register_scheme_map /opt/stack/data/venv/lib/python3.12/site-packages/glance_store/location.py:146}}
Jul 11 08:34:38.315068 np0000005069 devstack@g-api.service[99651]: DEBUG glance_store.location [-] Registering scheme swift with {'store': , 'location_class': , 'store_entry': 'swift'} {{(pid=99651) register_scheme_map /opt/stack/data/venv/lib/python3.12/site-packages/glance_store/location.py:146}}
Jul 11 08:34:38.315103 np0000005069 devstack@g-api.service[99649]: DEBUG glance_store.location [-] Registering scheme swift+http with {'store': , 'location_class': , 'store_entry': 'swift'} {{(pid=99649) register_scheme_map /opt/stack/data/venv/lib/python3.12/site-packages/glance_store/location.py:146}}
Jul 11 08:34:38.315135 np0000005069 devstack@g-api.service[99651]: DEBUG glance_store.location [-] Registering scheme swift+http with {'store': , 'location_class': , 'store_entry': 'swift'} {{(pid=99651) register_scheme_map /opt/stack/data/venv/lib/python3.12/site-packages/glance_store/location.py:146}}
Jul 11 08:34:38.315169 np0000005069 devstack@g-api.service[99651]: DEBUG glance_store.location [-] Registering scheme swift+config with {'store': , 'location_class': , 'store_entry': 'swift'} {{(pid=99651) register_scheme_map /opt/stack/data/venv/lib/python3.12/site-packages/glance_store/location.py:146}}
Jul 11 08:34:38.315197 np0000005069 devstack@g-api.service[99649]: DEBUG glance_store.location [-] Registering scheme swift+config with {'store': , 'location_class': , 'store_entry': 'swift'} {{(pid=99649) register_scheme_map /opt/stack/data/venv/lib/python3.12/site-packages/glance_store/location.py:146}}
Jul 11 08:34:38.315491 np0000005069 devstack@g-api.service[99651]: DEBUG glance.sqlite_migration [-] SQLite caching database not located, skipping migration {{(pid=99651) get_db_path /opt/stack/glance/glance/sqlite_migration.py:68}}
Jul 11 08:34:38.315536 np0000005069 devstack@g-api.service[99649]: DEBUG glance.sqlite_migration [-] SQLite caching database not located, skipping migration {{(pid=99649) get_db_path /opt/stack/glance/glance/sqlite_migration.py:68}}
Jul 11 08:34:38.315733 np0000005069 devstack@g-api.service[99649]: WARNING glance.common.wsgi_app [-] Import methods are enabled but staging directory /tmp/staging/ does not exist; Imports will fail!
Jul 11 08:34:38.315767 np0000005069 devstack@g-api.service[99651]: WARNING glance.common.wsgi_app [-] Import methods are enabled but staging directory /tmp/staging/ does not exist; Imports will fail!
Jul 11 08:34:38.436545 np0000005069 devstack@g-api.service[99650]: DEBUG glance.common.config [None req-f531cf99-f07b-4cb2-a494-d178d5715462 None None] Loading glance-api-keystone+cachemanagement from /etc/glance/glance-api-paste.ini {{(pid=99650) load_paste_app /opt/stack/glance/glance/common/config.py:765}}
Jul 11 08:34:38.459058 np0000005069 devstack@g-api.service[99649]: DEBUG glance.common.config [None req-11bbf757-bc3a-4de8-98c3-555275b37231 None None] Loading glance-api-keystone+cachemanagement from /etc/glance/glance-api-paste.ini {{(pid=99649) load_paste_app /opt/stack/glance/glance/common/config.py:765}}
Jul 11 08:34:38.486496 np0000005069 devstack@g-api.service[99651]: DEBUG glance.common.config [None req-ab60fbd5-6664-4c0c-848f-17205b97b310 None None] Loading glance-api-keystone+cachemanagement from /etc/glance/glance-api-paste.ini {{(pid=99651) load_paste_app /opt/stack/glance/glance/common/config.py:765}}
Jul 11 08:34:39.077921 np0000005069 devstack@g-api.service[99649]: INFO glance.image_cache [None req-11bbf757-bc3a-4de8-98c3-555275b37231 None None] Image cache loaded driver 'centralized_db'.
Jul 11 08:34:39.081880 np0000005069 devstack@g-api.service[99650]: INFO glance.image_cache [None req-f531cf99-f07b-4cb2-a494-d178d5715462 None None] Image cache loaded driver 'centralized_db'.
Jul 11 08:34:39.084687 np0000005069 devstack@g-api.service[99651]: INFO glance.image_cache [None req-ab60fbd5-6664-4c0c-848f-17205b97b310 None None] Image cache loaded driver 'centralized_db'.
Jul 11 08:34:39.122038 np0000005069 devstack@g-api.service[99649]: INFO dbcounter [None req-11bbf757-bc3a-4de8-98c3-555275b37231 None None] Registered counter for database glance
Jul 11 08:34:39.130595 np0000005069 devstack@g-api.service[99650]: INFO dbcounter [None req-f531cf99-f07b-4cb2-a494-d178d5715462 None None] Registered counter for database glance
Jul 11 08:34:39.131309 np0000005069 devstack@g-api.service[99651]: INFO dbcounter [None req-ab60fbd5-6664-4c0c-848f-17205b97b310 None None] Registered counter for database glance
Jul 11 08:34:39.159018 np0000005069 devstack@g-api.service[99649]: DEBUG oslo_db.sqlalchemy.engines [None req-11bbf757-bc3a-4de8-98c3-555275b37231 None None] MySQL server mode set to STRICT_TRANS_TABLES,STRICT_ALL_TABLES,NO_ZERO_IN_DATE,NO_ZERO_DATE,ERROR_FOR_DIVISION_BY_ZERO,TRADITIONAL,NO_ENGINE_SUBSTITUTION {{(pid=99649) _check_effective_sql_mode /opt/stack/data/venv/lib/python3.12/site-packages/oslo_db/sqlalchemy/engines.py:325}}
Jul 11 08:34:39.168645 np0000005069 devstack@g-api.service[99651]: DEBUG oslo_db.sqlalchemy.engines [None req-ab60fbd5-6664-4c0c-848f-17205b97b310 None None] MySQL server mode set to STRICT_TRANS_TABLES,STRICT_ALL_TABLES,NO_ZERO_IN_DATE,NO_ZERO_DATE,ERROR_FOR_DIVISION_BY_ZERO,TRADITIONAL,NO_ENGINE_SUBSTITUTION {{(pid=99651) _check_effective_sql_mode /opt/stack/data/venv/lib/python3.12/site-packages/oslo_db/sqlalchemy/engines.py:325}}
Jul 11 08:34:39.175149 np0000005069 devstack@g-api.service[99650]: DEBUG oslo_db.sqlalchemy.engines [None req-f531cf99-f07b-4cb2-a494-d178d5715462 None None] MySQL server mode set to STRICT_TRANS_TABLES,STRICT_ALL_TABLES,NO_ZERO_IN_DATE,NO_ZERO_DATE,ERROR_FOR_DIVISION_BY_ZERO,TRADITIONAL,NO_ENGINE_SUBSTITUTION {{(pid=99650) _check_effective_sql_mode /opt/stack/data/venv/lib/python3.12/site-packages/oslo_db/sqlalchemy/engines.py:325}}
Jul 11 08:34:39.186065 np0000005069 devstack@g-api.service[99649]: DEBUG dbcounter [-] [99649] Writer thread running {{(pid=99649) stat_writer /opt/stack/data/venv/lib/python3.12/site-packages/dbcounter.py:102}}
Jul 11 08:34:39.196806 np0000005069 devstack@g-api.service[99651]: DEBUG dbcounter [-] [99651] Writer thread running {{(pid=99651) stat_writer /opt/stack/data/venv/lib/python3.12/site-packages/dbcounter.py:102}}
Jul 11 08:34:39.198526 np0000005069 devstack@g-api.service[99649]: INFO glance.image_cache [None req-11bbf757-bc3a-4de8-98c3-555275b37231 None None] Image cache loaded driver 'centralized_db'.
Jul 11 08:34:39.200136 np0000005069 devstack@g-api.service[99650]: DEBUG dbcounter [-] [99650] Writer thread running {{(pid=99650) stat_writer /opt/stack/data/venv/lib/python3.12/site-packages/dbcounter.py:102}}
Jul 11 08:34:39.201397 np0000005069 devstack@g-api.service[99651]: DEBUG glance.image_cache.drivers.centralized_db [None req-ab60fbd5-6664-4c0c-848f-17205b97b310 None None] Node reference is already recorded, ignoring it {{(pid=99651) configure /opt/stack/glance/glance/image_cache/drivers/centralized_db.py:71}}
Jul 11 08:34:39.202853 np0000005069 devstack@g-api.service[99650]: DEBUG glance.image_cache.drivers.centralized_db [None req-f531cf99-f07b-4cb2-a494-d178d5715462 None None] Node reference is already recorded, ignoring it {{(pid=99650) configure /opt/stack/glance/glance/image_cache/drivers/centralized_db.py:71}}
Jul 11 08:34:39.204274 np0000005069 devstack@g-api.service[99649]: DEBUG glance.image_cache.drivers.centralized_db [None req-11bbf757-bc3a-4de8-98c3-555275b37231 None None] Node reference is already recorded, ignoring it {{(pid=99649) configure /opt/stack/glance/glance/image_cache/drivers/centralized_db.py:71}}
Jul 11 08:34:39.205662 np0000005069 devstack@g-api.service[99651]: INFO glance.image_cache [None req-ab60fbd5-6664-4c0c-848f-17205b97b310 None None] Image cache loaded driver 'centralized_db'.
Jul 11 08:34:39.210152 np0000005069 devstack@g-api.service[99650]: INFO glance.image_cache [None req-f531cf99-f07b-4cb2-a494-d178d5715462 None None] Image cache loaded driver 'centralized_db'.
Jul 11 08:34:39.305003 np0000005069 devstack@g-api.service[99650]: DEBUG glance.image_cache.drivers.centralized_db [None req-f531cf99-f07b-4cb2-a494-d178d5715462 None None] Node reference is already recorded, ignoring it {{(pid=99650) configure /opt/stack/glance/glance/image_cache/drivers/centralized_db.py:71}}
Jul 11 08:34:39.309448 np0000005069 devstack@g-api.service[99650]: DEBUG glance.api.v2.cached_images [None req-f531cf99-f07b-4cb2-a494-d178d5715462 None None] Started cache worker thread {{(pid=99650) __init__ /opt/stack/glance/glance/api/v2/cached_images.py:71}}
Jul 11 08:34:39.309448 np0000005069 devstack@g-api.service[99650]: INFO glance.image_cache [None req-f531cf99-f07b-4cb2-a494-d178d5715462 None None] Image cache loaded driver 'centralized_db'.
Jul 11 08:34:39.313299 np0000005069 devstack@g-api.service[99651]: DEBUG glance.image_cache.drivers.centralized_db [None req-ab60fbd5-6664-4c0c-848f-17205b97b310 None None] Node reference is already recorded, ignoring it {{(pid=99651) configure /opt/stack/glance/glance/image_cache/drivers/centralized_db.py:71}}
Jul 11 08:34:39.317060 np0000005069 devstack@g-api.service[99650]: DEBUG glance.image_cache.drivers.centralized_db [None req-f531cf99-f07b-4cb2-a494-d178d5715462 None None] Node reference is already recorded, ignoring it {{(pid=99650) configure /opt/stack/glance/glance/image_cache/drivers/centralized_db.py:71}}
Jul 11 08:34:39.317123 np0000005069 devstack@g-api.service[99649]: DEBUG glance.api.v2.cached_images [None req-11bbf757-bc3a-4de8-98c3-555275b37231 None None] Started cache worker thread {{(pid=99649) __init__ /opt/stack/glance/glance/api/v2/cached_images.py:71}}
Jul 11 08:34:39.317460 np0000005069 devstack@g-api.service[99651]: DEBUG glance.api.v2.cached_images [None req-ab60fbd5-6664-4c0c-848f-17205b97b310 None None] Started cache worker thread {{(pid=99651) __init__ /opt/stack/glance/glance/api/v2/cached_images.py:71}}
Jul 11 08:34:39.317808 np0000005069 devstack@g-api.service[99649]: INFO glance.image_cache [None req-11bbf757-bc3a-4de8-98c3-555275b37231 None None] Image cache loaded driver 'centralized_db'.
Jul 11 08:34:39.318036 np0000005069 devstack@g-api.service[99651]: INFO glance.image_cache [None req-ab60fbd5-6664-4c0c-848f-17205b97b310 None None] Image cache loaded driver 'centralized_db'.
Jul 11 08:34:39.319340 np0000005069 devstack@g-api.service[99650]: INFO glance.api.middleware.cache_manage [None req-f531cf99-f07b-4cb2-a494-d178d5715462 None None] Initialized image cache management middleware
Jul 11 08:34:39.319489 np0000005069 devstack@g-api.service[99650]: INFO glance.image_cache [None req-f531cf99-f07b-4cb2-a494-d178d5715462 None None] Image cache loaded driver 'centralized_db'.
Jul 11 08:34:39.325626 np0000005069 devstack@g-api.service[99650]: DEBUG glance.image_cache.drivers.centralized_db [None req-f531cf99-f07b-4cb2-a494-d178d5715462 None None] Node reference is already recorded, ignoring it {{(pid=99650) configure /opt/stack/glance/glance/image_cache/drivers/centralized_db.py:71}}
Jul 11 08:34:39.326621 np0000005069 devstack@g-api.service[99651]: DEBUG glance.image_cache.drivers.centralized_db [None req-ab60fbd5-6664-4c0c-848f-17205b97b310 None None] Node reference is already recorded, ignoring it {{(pid=99651) configure /opt/stack/glance/glance/image_cache/drivers/centralized_db.py:71}}
Jul 11 08:34:39.327859 np0000005069 devstack@g-api.service[99649]: DEBUG glance.image_cache.drivers.centralized_db [None req-11bbf757-bc3a-4de8-98c3-555275b37231 None None] Node reference is already recorded, ignoring it {{(pid=99649) configure /opt/stack/glance/glance/image_cache/drivers/centralized_db.py:71}}
Jul 11 08:34:39.328898 np0000005069 devstack@g-api.service[99650]: INFO glance.api.middleware.cache [None req-f531cf99-f07b-4cb2-a494-d178d5715462 None None] Initialized image cache middleware
Jul 11 08:34:39.333100 np0000005069 devstack@g-api.service[99651]: INFO glance.api.middleware.cache_manage [None req-ab60fbd5-6664-4c0c-848f-17205b97b310 None None] Initialized image cache management middleware
Jul 11 08:34:39.333271 np0000005069 devstack@g-api.service[99651]: INFO glance.image_cache [None req-ab60fbd5-6664-4c0c-848f-17205b97b310 None None] Image cache loaded driver 'centralized_db'.
Jul 11 08:34:39.334712 np0000005069 devstack@g-api.service[99649]: INFO glance.api.middleware.cache_manage [None req-11bbf757-bc3a-4de8-98c3-555275b37231 None None] Initialized image cache management middleware
Jul 11 08:34:39.334887 np0000005069 devstack@g-api.service[99649]: INFO glance.image_cache [None req-11bbf757-bc3a-4de8-98c3-555275b37231 None None] Image cache loaded driver 'centralized_db'.
Jul 11 08:34:39.340630 np0000005069 devstack@g-api.service[99650]: DEBUG glance.common.config [None req-f531cf99-f07b-4cb2-a494-d178d5715462 None None] ******************************************************************************** {{(pid=99650) log_opt_values /opt/stack/data/venv/lib/python3.12/site-packages/oslo_config/cfg.py:3226}}
Jul 11 08:34:39.340771 np0000005069 devstack@g-api.service[99650]: DEBUG glance.common.config [None req-f531cf99-f07b-4cb2-a494-d178d5715462 None None] Configuration options gathered from: {{(pid=99650) log_opt_values /opt/stack/data/venv/lib/python3.12/site-packages/oslo_config/cfg.py:3227}}
Jul 11 08:34:39.341148 np0000005069 devstack@g-api.service[99650]: DEBUG glance.common.config [None req-f531cf99-f07b-4cb2-a494-d178d5715462 None None] command line args: [] {{(pid=99650) log_opt_values /opt/stack/data/venv/lib/python3.12/site-packages/oslo_config/cfg.py:3228}}
Jul 11 08:34:39.341330 np0000005069 devstack@g-api.service[99650]: DEBUG glance.common.config [None req-f531cf99-f07b-4cb2-a494-d178d5715462 None None] config files: ['/etc/glance/glance-image-import.conf', '/etc/glance/glance-api.conf'] {{(pid=99650) log_opt_values /opt/stack/data/venv/lib/python3.12/site-packages/oslo_config/cfg.py:3229}}
Jul 11 08:34:39.341495 np0000005069 devstack@g-api.service[99650]: DEBUG glance.common.config [None req-f531cf99-f07b-4cb2-a494-d178d5715462 None None] ================================================================================ {{(pid=99650) log_opt_values /opt/stack/data/venv/lib/python3.12/site-packages/oslo_config/cfg.py:3234}}
Jul 11 08:34:39.341681 np0000005069 devstack@g-api.service[99650]: DEBUG glance.common.config [None req-f531cf99-f07b-4cb2-a494-d178d5715462 None None] allow_anonymous_access = False {{(pid=99650) log_opt_values /opt/stack/data/venv/lib/python3.12/site-packages/oslo_config/cfg.py:3242}}
Jul 11 08:34:39.341846 np0000005069 devstack@g-api.service[99650]: DEBUG glance.common.config [None req-f531cf99-f07b-4cb2-a494-d178d5715462 None None] api_limit_max = 1000 {{(pid=99650) log_opt_values /opt/stack/data/venv/lib/python3.12/site-packages/oslo_config/cfg.py:3242}}
Jul 11 08:34:39.342014 np0000005069 devstack@g-api.service[99650]: DEBUG glance.common.config [None req-f531cf99-f07b-4cb2-a494-d178d5715462 None None] config_dir = [] {{(pid=99650) log_opt_values /opt/stack/data/venv/lib/python3.12/site-packages/oslo_config/cfg.py:3242}}
Jul 11 08:34:39.342135 np0000005069 devstack@g-api.service[99650]: DEBUG glance.common.config [None req-f531cf99-f07b-4cb2-a494-d178d5715462 None None] config_file = ['/etc/glance/glance-image-import.conf', '/etc/glance/glance-api.conf'] {{(pid=99650) log_opt_values /opt/stack/data/venv/lib/python3.12/site-packages/oslo_config/cfg.py:3242}}
Jul 11 08:34:39.342286 np0000005069 devstack@g-api.service[99650]: DEBUG glance.common.config [None req-f531cf99-f07b-4cb2-a494-d178d5715462 None None] config_source = [] {{(pid=99650) log_opt_values /opt/stack/data/venv/lib/python3.12/site-packages/oslo_config/cfg.py:3242}}
Jul 11 08:34:39.342468 np0000005069 devstack@g-api.service[99650]: DEBUG glance.common.config [None req-f531cf99-f07b-4cb2-a494-d178d5715462 None None] control_exchange = glance {{(pid=99650) log_opt_values /opt/stack/data/venv/lib/python3.12/site-packages/oslo_config/cfg.py:3242}}
Jul 11 08:34:39.342633 np0000005069 devstack@g-api.service[99650]: DEBUG glance.common.config [None req-f531cf99-f07b-4cb2-a494-d178d5715462 None None] debug = True {{(pid=99650) log_opt_values /opt/stack/data/venv/lib/python3.12/site-packages/oslo_config/cfg.py:3242}}
Jul 11 08:34:39.342851 np0000005069 devstack@g-api.service[99650]: DEBUG glance.common.config [None req-f531cf99-f07b-4cb2-a494-d178d5715462 None None] default_log_levels = ['amqp=WARN', 'boto=WARN', 'sqlalchemy=WARN', 'suds=INFO', 'oslo.messaging=INFO', 'oslo_messaging=INFO', 'iso8601=WARN', 'requests.packages.urllib3.connectionpool=WARN', 'urllib3.connectionpool=WARN', 'websocket=WARN', 'requests.packages.urllib3.util.retry=WARN', 'urllib3.util.retry=WARN', 'keystonemiddleware=WARN', 'routes.middleware=WARN', 'stevedore=WARN', 'taskflow=WARN', 'keystoneauth=WARN', 'oslo.cache=INFO', 'oslo_policy=INFO', 'dogpile.core.dogpile=INFO'] {{(pid=99650) log_opt_values /opt/stack/data/venv/lib/python3.12/site-packages/oslo_config/cfg.py:3242}}
Jul 11 08:34:39.342983 np0000005069 devstack@g-api.service[99650]: DEBUG glance.common.config [None req-f531cf99-f07b-4cb2-a494-d178d5715462 None None] default_publisher_id = image.localhost {{(pid=99650) log_opt_values /opt/stack/data/venv/lib/python3.12/site-packages/oslo_config/cfg.py:3242}}
Jul 11 08:34:39.343403 np0000005069 devstack@g-api.service[99651]: DEBUG glance.image_cache.drivers.centralized_db [None req-ab60fbd5-6664-4c0c-848f-17205b97b310 None None] Node reference is already recorded, ignoring it {{(pid=99651) configure /opt/stack/glance/glance/image_cache/drivers/centralized_db.py:71}}
Jul 11 08:34:39.343484 np0000005069 devstack@g-api.service[99650]: DEBUG glance.common.config [None req-f531cf99-f07b-4cb2-a494-d178d5715462 None None] delayed_delete = False {{(pid=99650) log_opt_values /opt/stack/data/venv/lib/python3.12/site-packages/oslo_config/cfg.py:3242}}
Jul 11 08:34:39.343484 np0000005069 devstack@g-api.service[99650]: DEBUG glance.common.config [None req-f531cf99-f07b-4cb2-a494-d178d5715462 None None] digest_algorithm = sha256 {{(pid=99650) log_opt_values /opt/stack/data/venv/lib/python3.12/site-packages/oslo_config/cfg.py:3242}}
Jul 11 08:34:39.343484 np0000005069 devstack@g-api.service[99650]: DEBUG glance.common.config [None req-f531cf99-f07b-4cb2-a494-d178d5715462 None None] disabled_notifications = [] {{(pid=99650) log_opt_values /opt/stack/data/venv/lib/python3.12/site-packages/oslo_config/cfg.py:3242}}
Jul 11 08:34:39.343484 np0000005069 devstack@g-api.service[99650]: DEBUG glance.common.config [None req-f531cf99-f07b-4cb2-a494-d178d5715462 None None] do_secure_hash = True {{(pid=99650) log_opt_values /opt/stack/data/venv/lib/python3.12/site-packages/oslo_config/cfg.py:3242}}
Jul 11 08:34:39.343484 np0000005069 devstack@g-api.service[99650]: DEBUG glance.common.config [None req-f531cf99-f07b-4cb2-a494-d178d5715462 None None] enabled_backends = None {{(pid=99650) log_opt_values /opt/stack/data/venv/lib/python3.12/site-packages/oslo_config/cfg.py:3242}}
Jul 11 08:34:39.343652 np0000005069 devstack@g-api.service[99650]: DEBUG glance.common.config [None req-f531cf99-f07b-4cb2-a494-d178d5715462 None None] enabled_import_methods = ['glance-direct', 'web-download', 'copy-image'] {{(pid=99650) log_opt_values /opt/stack/data/venv/lib/python3.12/site-packages/oslo_config/cfg.py:3242}}
Jul 11 08:34:39.343693 np0000005069 devstack@g-api.service[99650]: DEBUG glance.common.config [None req-f531cf99-f07b-4cb2-a494-d178d5715462 None None] fatal_deprecations = False {{(pid=99650) log_opt_values /opt/stack/data/venv/lib/python3.12/site-packages/oslo_config/cfg.py:3242}}
Jul 11 08:34:39.343765 np0000005069 devstack@g-api.service[99650]: DEBUG glance.common.config [None req-f531cf99-f07b-4cb2-a494-d178d5715462 None None] hashing_algorithm = sha512 {{(pid=99650) log_opt_values /opt/stack/data/venv/lib/python3.12/site-packages/oslo_config/cfg.py:3242}}
Jul 11 08:34:39.343889 np0000005069 devstack@g-api.service[99650]: DEBUG glance.common.config [None req-f531cf99-f07b-4cb2-a494-d178d5715462 None None] http_retries = 3 {{(pid=99650) log_opt_values /opt/stack/data/venv/lib/python3.12/site-packages/oslo_config/cfg.py:3242}}
Jul 11 08:34:39.344067 np0000005069 devstack@g-api.service[99650]: DEBUG glance.common.config [None req-f531cf99-f07b-4cb2-a494-d178d5715462 None None] image_cache_dir = /opt/stack/data/glance/cache/ {{(pid=99650) log_opt_values /opt/stack/data/venv/lib/python3.12/site-packages/oslo_config/cfg.py:3242}}
Jul 11 08:34:39.344186 np0000005069 devstack@g-api.service[99649]: DEBUG glance.image_cache.drivers.centralized_db [None req-11bbf757-bc3a-4de8-98c3-555275b37231 None None] Node reference is already recorded, ignoring it {{(pid=99649) configure /opt/stack/glance/glance/image_cache/drivers/centralized_db.py:71}}
Jul 11 08:34:39.344238 np0000005069 devstack@g-api.service[99650]: DEBUG glance.common.config [None req-f531cf99-f07b-4cb2-a494-d178d5715462 None None] image_cache_driver = centralized_db {{(pid=99650) log_opt_values /opt/stack/data/venv/lib/python3.12/site-packages/oslo_config/cfg.py:3242}}
Jul 11 08:34:39.344386 np0000005069 devstack@g-api.service[99650]: DEBUG glance.common.config [None req-f531cf99-f07b-4cb2-a494-d178d5715462 None None] image_cache_max_size = 10737418240 {{(pid=99650) log_opt_values /opt/stack/data/venv/lib/python3.12/site-packages/oslo_config/cfg.py:3242}}
Jul 11 08:34:39.344602 np0000005069 devstack@g-api.service[99650]: DEBUG glance.common.config [None req-f531cf99-f07b-4cb2-a494-d178d5715462 None None] image_cache_sqlite_db = cache.db {{(pid=99650) log_opt_values /opt/stack/data/venv/lib/python3.12/site-packages/oslo_config/cfg.py:3242}}
Jul 11 08:34:39.344755 np0000005069 devstack@g-api.service[99650]: DEBUG glance.common.config [None req-f531cf99-f07b-4cb2-a494-d178d5715462 None None] image_cache_stall_time = 86400 {{(pid=99650) log_opt_values /opt/stack/data/venv/lib/python3.12/site-packages/oslo_config/cfg.py:3242}}
Jul 11 08:34:39.344904 np0000005069 devstack@g-api.service[99650]: DEBUG glance.common.config [None req-f531cf99-f07b-4cb2-a494-d178d5715462 None None] image_location_quota = 10 {{(pid=99650) log_opt_values /opt/stack/data/venv/lib/python3.12/site-packages/oslo_config/cfg.py:3242}}
Jul 11 08:34:39.345068 np0000005069 devstack@g-api.service[99650]: DEBUG glance.common.config [None req-f531cf99-f07b-4cb2-a494-d178d5715462 None None] image_member_quota = 128 {{(pid=99650) log_opt_values /opt/stack/data/venv/lib/python3.12/site-packages/oslo_config/cfg.py:3242}}
Jul 11 08:34:39.345213 np0000005069 devstack@g-api.service[99650]: DEBUG glance.common.config [None req-f531cf99-f07b-4cb2-a494-d178d5715462 None None] image_property_quota = 128 {{(pid=99650) log_opt_values /opt/stack/data/venv/lib/python3.12/site-packages/oslo_config/cfg.py:3242}}
Jul 11 08:34:39.345348 np0000005069 devstack@g-api.service[99650]: DEBUG glance.common.config [None req-f531cf99-f07b-4cb2-a494-d178d5715462 None None] image_size_cap = 1099511627776 {{(pid=99650) log_opt_values /opt/stack/data/venv/lib/python3.12/site-packages/oslo_config/cfg.py:3242}}
Jul 11 08:34:39.345518 np0000005069 devstack@g-api.service[99650]: DEBUG glance.common.config [None req-f531cf99-f07b-4cb2-a494-d178d5715462 None None] image_tag_quota = 128 {{(pid=99650) log_opt_values /opt/stack/data/venv/lib/python3.12/site-packages/oslo_config/cfg.py:3242}}
Jul 11 08:34:39.345678 np0000005069 devstack@g-api.service[99650]: DEBUG glance.common.config [None req-f531cf99-f07b-4cb2-a494-d178d5715462 None None] instance_format = [instance: %(uuid)s] {{(pid=99650) log_opt_values /opt/stack/data/venv/lib/python3.12/site-packages/oslo_config/cfg.py:3242}}
Jul 11 08:34:39.345843 np0000005069 devstack@g-api.service[99650]: DEBUG glance.common.config [None req-f531cf99-f07b-4cb2-a494-d178d5715462 None None] instance_uuid_format = [instance: %(uuid)s] {{(pid=99650) log_opt_values /opt/stack/data/venv/lib/python3.12/site-packages/oslo_config/cfg.py:3242}}
Jul 11 08:34:39.346003 np0000005069 devstack@g-api.service[99650]: DEBUG glance.common.config [None req-f531cf99-f07b-4cb2-a494-d178d5715462 None None] limit_param_default = 25 {{(pid=99650) log_opt_values /opt/stack/data/venv/lib/python3.12/site-packages/oslo_config/cfg.py:3242}}
Jul 11 08:34:39.346157 np0000005069 devstack@g-api.service[99650]: DEBUG glance.common.config [None req-f531cf99-f07b-4cb2-a494-d178d5715462 None None] log_color = False {{(pid=99650) log_opt_values /opt/stack/data/venv/lib/python3.12/site-packages/oslo_config/cfg.py:3242}}
Jul 11 08:34:39.346309 np0000005069 devstack@g-api.service[99650]: DEBUG glance.common.config [None req-f531cf99-f07b-4cb2-a494-d178d5715462 None None] log_config_append = None {{(pid=99650) log_opt_values /opt/stack/data/venv/lib/python3.12/site-packages/oslo_config/cfg.py:3242}}
Jul 11 08:34:39.346489 np0000005069 devstack@g-api.service[99650]: DEBUG glance.common.config [None req-f531cf99-f07b-4cb2-a494-d178d5715462 None None] log_date_format = %Y-%m-%d %H:%M:%S {{(pid=99650) log_opt_values /opt/stack/data/venv/lib/python3.12/site-packages/oslo_config/cfg.py:3242}}
Jul 11 08:34:39.346637 np0000005069 devstack@g-api.service[99650]: DEBUG glance.common.config [None req-f531cf99-f07b-4cb2-a494-d178d5715462 None None] log_dir = None {{(pid=99650) log_opt_values /opt/stack/data/venv/lib/python3.12/site-packages/oslo_config/cfg.py:3242}}
Jul 11 08:34:39.346781 np0000005069 devstack@g-api.service[99650]: DEBUG glance.common.config [None req-f531cf99-f07b-4cb2-a494-d178d5715462 None None] log_file = None {{(pid=99650) log_opt_values /opt/stack/data/venv/lib/python3.12/site-packages/oslo_config/cfg.py:3242}}
Jul 11 08:34:39.346936 np0000005069 devstack@g-api.service[99650]: DEBUG glance.common.config [None req-f531cf99-f07b-4cb2-a494-d178d5715462 None None] log_rotate_interval = 1 {{(pid=99650) log_opt_values /opt/stack/data/venv/lib/python3.12/site-packages/oslo_config/cfg.py:3242}}
Jul 11 08:34:39.347074 np0000005069 devstack@g-api.service[99650]: DEBUG glance.common.config [None req-f531cf99-f07b-4cb2-a494-d178d5715462 None None] log_rotate_interval_type = days {{(pid=99650) log_opt_values /opt/stack/data/venv/lib/python3.12/site-packages/oslo_config/cfg.py:3242}}
Jul 11 08:34:39.347172 np0000005069 devstack@g-api.service[99650]: DEBUG glance.common.config [None req-f531cf99-f07b-4cb2-a494-d178d5715462 None None] log_rotation_type = none {{(pid=99650) log_opt_values /opt/stack/data/venv/lib/python3.12/site-packages/oslo_config/cfg.py:3242}}
Jul 11 08:34:39.347240 np0000005069 devstack@g-api.service[99650]: DEBUG glance.common.config [None req-f531cf99-f07b-4cb2-a494-d178d5715462 None None] logging_context_format_string = %(color)s%(levelname)s %(name)s [%(global_request_id)s %(request_id)s %(project_name)s %(user_name)s%(color)s] %(instance)s%(color)s%(message)s {{(pid=99650) log_opt_values /opt/stack/data/venv/lib/python3.12/site-packages/oslo_config/cfg.py:3242}}
Jul 11 08:34:39.347290 np0000005069 devstack@g-api.service[99650]: DEBUG glance.common.config [None req-f531cf99-f07b-4cb2-a494-d178d5715462 None None] logging_debug_format_suffix = {{(pid=%(process)d) %(funcName)s %(pathname)s:%(lineno)d}} {{(pid=99650) log_opt_values /opt/stack/data/venv/lib/python3.12/site-packages/oslo_config/cfg.py:3242}}
Jul 11 08:34:39.347345 np0000005069 devstack@g-api.service[99651]: INFO glance.api.middleware.cache [None req-ab60fbd5-6664-4c0c-848f-17205b97b310 None None] Initialized image cache middleware
Jul 11 08:34:39.347393 np0000005069 devstack@g-api.service[99650]: DEBUG glance.common.config [None req-f531cf99-f07b-4cb2-a494-d178d5715462 None None] logging_default_format_string = %(color)s%(levelname)s %(name)s [-%(color)s] %(instance)s%(color)s%(message)s {{(pid=99650) log_opt_values /opt/stack/data/venv/lib/python3.12/site-packages/oslo_config/cfg.py:3242}}
Jul 11 08:34:39.347522 np0000005069 devstack@g-api.service[99650]: DEBUG glance.common.config [None req-f531cf99-f07b-4cb2-a494-d178d5715462 None None] logging_exception_prefix = ERROR %(name)s %(instance)s {{(pid=99650) log_opt_values /opt/stack/data/venv/lib/python3.12/site-packages/oslo_config/cfg.py:3242}}
Jul 11 08:34:39.347633 np0000005069 devstack@g-api.service[99650]: DEBUG glance.common.config [None req-f531cf99-f07b-4cb2-a494-d178d5715462 None None] logging_user_identity_format = %(user)s %(project)s %(domain)s %(system_scope)s %(user_domain)s %(project_domain)s {{(pid=99650) log_opt_values /opt/stack/data/venv/lib/python3.12/site-packages/oslo_config/cfg.py:3242}}
Jul 11 08:34:39.347778 np0000005069 devstack@g-api.service[99650]: DEBUG glance.common.config [None req-f531cf99-f07b-4cb2-a494-d178d5715462 None None] max_logfile_count = 30 {{(pid=99650) log_opt_values /opt/stack/data/venv/lib/python3.12/site-packages/oslo_config/cfg.py:3242}}
Jul 11 08:34:39.347925 np0000005069 devstack@g-api.service[99650]: DEBUG glance.common.config [None req-f531cf99-f07b-4cb2-a494-d178d5715462 None None] max_logfile_size_mb = 200 {{(pid=99650) log_opt_values /opt/stack/data/venv/lib/python3.12/site-packages/oslo_config/cfg.py:3242}}
Jul 11 08:34:39.348051 np0000005069 devstack@g-api.service[99650]: DEBUG glance.common.config [None req-f531cf99-f07b-4cb2-a494-d178d5715462 None None] max_request_id_length = 64 {{(pid=99650) log_opt_values /opt/stack/data/venv/lib/python3.12/site-packages/oslo_config/cfg.py:3242}}
Jul 11 08:34:39.348140 np0000005069 devstack@g-api.service[99650]: DEBUG glance.common.config [None req-f531cf99-f07b-4cb2-a494-d178d5715462 None None] metadata_encryption_key = **** {{(pid=99650) log_opt_values /opt/stack/data/venv/lib/python3.12/site-packages/oslo_config/cfg.py:3242}}
Jul 11 08:34:39.348291 np0000005069 devstack@g-api.service[99650]: DEBUG glance.common.config [None req-f531cf99-f07b-4cb2-a494-d178d5715462 None None] node_staging_uri = file:///tmp/staging/ {{(pid=99650) log_opt_values /opt/stack/data/venv/lib/python3.12/site-packages/oslo_config/cfg.py:3242}}
Jul 11 08:34:39.348456 np0000005069 devstack@g-api.service[99650]: DEBUG glance.common.config [None req-f531cf99-f07b-4cb2-a494-d178d5715462 None None] property_protection_file = None {{(pid=99650) log_opt_values /opt/stack/data/venv/lib/python3.12/site-packages/oslo_config/cfg.py:3242}}
Jul 11 08:34:39.348622 np0000005069 devstack@g-api.service[99650]: DEBUG glance.common.config [None req-f531cf99-f07b-4cb2-a494-d178d5715462 None None] property_protection_rule_format = roles {{(pid=99650) log_opt_values /opt/stack/data/venv/lib/python3.12/site-packages/oslo_config/cfg.py:3242}}
Jul 11 08:34:39.348784 np0000005069 devstack@g-api.service[99650]: DEBUG glance.common.config [None req-f531cf99-f07b-4cb2-a494-d178d5715462 None None] public_endpoint = https://10.4.3.120/image {{(pid=99650) log_opt_values /opt/stack/data/venv/lib/python3.12/site-packages/oslo_config/cfg.py:3242}}
Jul 11 08:34:39.348921 np0000005069 devstack@g-api.service[99650]: DEBUG glance.common.config [None req-f531cf99-f07b-4cb2-a494-d178d5715462 None None] publish_errors = False {{(pid=99650) log_opt_values /opt/stack/data/venv/lib/python3.12/site-packages/oslo_config/cfg.py:3242}}
Jul 11 08:34:39.349020 np0000005069 devstack@g-api.service[99649]: INFO glance.api.middleware.cache [None req-11bbf757-bc3a-4de8-98c3-555275b37231 None None] Initialized image cache middleware
Jul 11 08:34:39.349068 np0000005069 devstack@g-api.service[99650]: DEBUG glance.common.config [None req-f531cf99-f07b-4cb2-a494-d178d5715462 None None] pydev_worker_debug_host = None {{(pid=99650) log_opt_values /opt/stack/data/venv/lib/python3.12/site-packages/oslo_config/cfg.py:3242}}
Jul 11 08:34:39.349211 np0000005069 devstack@g-api.service[99650]: DEBUG glance.common.config [None req-f531cf99-f07b-4cb2-a494-d178d5715462 None None] pydev_worker_debug_port = 5678 {{(pid=99650) log_opt_values /opt/stack/data/venv/lib/python3.12/site-packages/oslo_config/cfg.py:3242}}
Jul 11 08:34:39.349340 np0000005069 devstack@g-api.service[99650]: DEBUG glance.common.config [None req-f531cf99-f07b-4cb2-a494-d178d5715462 None None] rate_limit_burst = 0 {{(pid=99650) log_opt_values /opt/stack/data/venv/lib/python3.12/site-packages/oslo_config/cfg.py:3242}}
Jul 11 08:34:39.349497 np0000005069 devstack@g-api.service[99650]: DEBUG glance.common.config [None req-f531cf99-f07b-4cb2-a494-d178d5715462 None None] rate_limit_except_level = CRITICAL {{(pid=99650) log_opt_values /opt/stack/data/venv/lib/python3.12/site-packages/oslo_config/cfg.py:3242}}
Jul 11 08:34:39.349632 np0000005069 devstack@g-api.service[99650]: DEBUG glance.common.config [None req-f531cf99-f07b-4cb2-a494-d178d5715462 None None] rate_limit_interval = 0 {{(pid=99650) log_opt_values /opt/stack/data/venv/lib/python3.12/site-packages/oslo_config/cfg.py:3242}}
Jul 11 08:34:39.349782 np0000005069 devstack@g-api.service[99650]: DEBUG glance.common.config [None req-f531cf99-f07b-4cb2-a494-d178d5715462 None None] scrub_pool_size = 1 {{(pid=99650) log_opt_values /opt/stack/data/venv/lib/python3.12/site-packages/oslo_config/cfg.py:3242}}
Jul 11 08:34:39.349908 np0000005069 devstack@g-api.service[99650]: DEBUG glance.common.config [None req-f531cf99-f07b-4cb2-a494-d178d5715462 None None] scrub_time = 0 {{(pid=99650) log_opt_values /opt/stack/data/venv/lib/python3.12/site-packages/oslo_config/cfg.py:3242}}
Jul 11 08:34:39.350022 np0000005069 devstack@g-api.service[99650]: DEBUG glance.common.config [None req-f531cf99-f07b-4cb2-a494-d178d5715462 None None] shell_completion = None {{(pid=99650) log_opt_values /opt/stack/data/venv/lib/python3.12/site-packages/oslo_config/cfg.py:3242}}
Jul 11 08:34:39.350119 np0000005069 devstack@g-api.service[99650]: DEBUG glance.common.config [None req-f531cf99-f07b-4cb2-a494-d178d5715462 None None] show_image_direct_url = False {{(pid=99650) log_opt_values /opt/stack/data/venv/lib/python3.12/site-packages/oslo_config/cfg.py:3242}}
Jul 11 08:34:39.350598 np0000005069 devstack@g-api.service[99650]: WARNING oslo_config.cfg [None req-f531cf99-f07b-4cb2-a494-d178d5715462 None None] Deprecated: Option "show_multiple_locations" from group "DEFAULT" is deprecated for removal (Use of this option, deprecated since Newton, is a security risk and will be removed once we figure out a way to satisfy those use cases that currently require it. An earlier announcement that the same functionality can be achieved with greater granularity by using policies is incorrect. You cannot work around this option via policy configuration at the present time, though that is the direction we believe the fix will take. Please keep an eye on the Glance release notes to stay up to date on progress in addressing this issue.). Its value may be silently ignored in the future.
Jul 11 08:34:39.350700 np0000005069 devstack@g-api.service[99650]: DEBUG glance.common.config [None req-f531cf99-f07b-4cb2-a494-d178d5715462 None None] show_multiple_locations = False {{(pid=99650) log_opt_values /opt/stack/data/venv/lib/python3.12/site-packages/oslo_config/cfg.py:3242}}
Jul 11 08:34:39.350810 np0000005069 devstack@g-api.service[99650]: DEBUG glance.common.config [None req-f531cf99-f07b-4cb2-a494-d178d5715462 None None] syslog_log_facility = LOG_USER {{(pid=99650) log_opt_values /opt/stack/data/venv/lib/python3.12/site-packages/oslo_config/cfg.py:3242}}
Jul 11 08:34:39.350919 np0000005069 devstack@g-api.service[99650]: DEBUG glance.common.config [None req-f531cf99-f07b-4cb2-a494-d178d5715462 None None] transport_url = **** {{(pid=99650) log_opt_values /opt/stack/data/venv/lib/python3.12/site-packages/oslo_config/cfg.py:3242}}
Jul 11 08:34:39.351018 np0000005069 devstack@g-api.service[99650]: DEBUG glance.common.config [None req-f531cf99-f07b-4cb2-a494-d178d5715462 None None] use_journal = False {{(pid=99650) log_opt_values /opt/stack/data/venv/lib/python3.12/site-packages/oslo_config/cfg.py:3242}}
Jul 11 08:34:39.351112 np0000005069 devstack@g-api.service[99650]: DEBUG glance.common.config [None req-f531cf99-f07b-4cb2-a494-d178d5715462 None None] use_json = False {{(pid=99650) log_opt_values /opt/stack/data/venv/lib/python3.12/site-packages/oslo_config/cfg.py:3242}}
Jul 11 08:34:39.351201 np0000005069 devstack@g-api.service[99650]: DEBUG glance.common.config [None req-f531cf99-f07b-4cb2-a494-d178d5715462 None None] use_keystone_limits = True {{(pid=99650) log_opt_values /opt/stack/data/venv/lib/python3.12/site-packages/oslo_config/cfg.py:3242}}
Jul 11 08:34:39.351287 np0000005069 devstack@g-api.service[99650]: DEBUG glance.common.config [None req-f531cf99-f07b-4cb2-a494-d178d5715462 None None] use_stderr = False {{(pid=99650) log_opt_values /opt/stack/data/venv/lib/python3.12/site-packages/oslo_config/cfg.py:3242}}
Jul 11 08:34:39.351385 np0000005069 devstack@g-api.service[99650]: DEBUG glance.common.config [None req-f531cf99-f07b-4cb2-a494-d178d5715462 None None] use_syslog = False {{(pid=99650) log_opt_values /opt/stack/data/venv/lib/python3.12/site-packages/oslo_config/cfg.py:3242}}
Jul 11 08:34:39.351487 np0000005069 devstack@g-api.service[99650]: DEBUG glance.common.config [None req-f531cf99-f07b-4cb2-a494-d178d5715462 None None] user_storage_quota = 0 {{(pid=99650) log_opt_values /opt/stack/data/venv/lib/python3.12/site-packages/oslo_config/cfg.py:3242}}
Jul 11 08:34:39.351595 np0000005069 devstack@g-api.service[99650]: DEBUG glance.common.config [None req-f531cf99-f07b-4cb2-a494-d178d5715462 None None] worker_self_reference_url = http://127.0.0.1:60999 {{(pid=99650) log_opt_values /opt/stack/data/venv/lib/python3.12/site-packages/oslo_config/cfg.py:3242}}
Jul 11 08:34:39.351699 np0000005069 devstack@g-api.service[99650]: DEBUG glance.common.config [None req-f531cf99-f07b-4cb2-a494-d178d5715462 None None] oslo_concurrency.disable_process_locking = False {{(pid=99650) log_opt_values /opt/stack/data/venv/lib/python3.12/site-packages/oslo_config/cfg.py:3253}}
Jul 11 08:34:39.351801 np0000005069 devstack@g-api.service[99650]: DEBUG glance.common.config [None req-f531cf99-f07b-4cb2-a494-d178d5715462 None None] oslo_concurrency.lock_path = /opt/stack/data/glance/locks {{(pid=99650) log_opt_values /opt/stack/data/venv/lib/python3.12/site-packages/oslo_config/cfg.py:3253}}
Jul 11 08:34:39.351931 np0000005069 devstack@g-api.service[99650]: DEBUG glance.common.config [None req-f531cf99-f07b-4cb2-a494-d178d5715462 None None] oslo_middleware.enable_proxy_headers_parsing = False {{(pid=99650) log_opt_values /opt/stack/data/venv/lib/python3.12/site-packages/oslo_config/cfg.py:3253}}
Jul 11 08:34:39.352088 np0000005069 devstack@g-api.service[99650]: DEBUG glance.common.config [None req-f531cf99-f07b-4cb2-a494-d178d5715462 None None] oslo_middleware.http_basic_auth_user_file = /etc/htpasswd {{(pid=99650) log_opt_values /opt/stack/data/venv/lib/python3.12/site-packages/oslo_config/cfg.py:3253}}
Jul 11 08:34:39.352188 np0000005069 devstack@g-api.service[99650]: DEBUG glance.common.config [None req-f531cf99-f07b-4cb2-a494-d178d5715462 None None] paste_deploy.config_file = None {{(pid=99650) log_opt_values /opt/stack/data/venv/lib/python3.12/site-packages/oslo_config/cfg.py:3253}}
Jul 11 08:34:39.352281 np0000005069 devstack@g-api.service[99650]: DEBUG glance.common.config [None req-f531cf99-f07b-4cb2-a494-d178d5715462 None None] paste_deploy.flavor = keystone+cachemanagement {{(pid=99650) log_opt_values /opt/stack/data/venv/lib/python3.12/site-packages/oslo_config/cfg.py:3253}}
Jul 11 08:34:39.352407 np0000005069 devstack@g-api.service[99650]: DEBUG glance.common.config [None req-f531cf99-f07b-4cb2-a494-d178d5715462 None None] image_format.container_formats = ['ami', 'ari', 'aki', 'bare', 'ovf', 'ova', 'docker', 'compressed'] {{(pid=99650) log_opt_values /opt/stack/data/venv/lib/python3.12/site-packages/oslo_config/cfg.py:3253}}
Jul 11 08:34:39.352589 np0000005069 devstack@g-api.service[99650]: DEBUG glance.common.config [None req-f531cf99-f07b-4cb2-a494-d178d5715462 None None] image_format.disk_formats = ['ami', 'ari', 'aki', 'vhd', 'vhdx', 'vmdk', 'raw', 'qcow2', 'vdi', 'iso', 'ploop'] {{(pid=99650) log_opt_values /opt/stack/data/venv/lib/python3.12/site-packages/oslo_config/cfg.py:3253}}
Jul 11 08:34:39.352728 np0000005069 devstack@g-api.service[99650]: DEBUG glance.common.config [None req-f531cf99-f07b-4cb2-a494-d178d5715462 None None] image_format.gpt_safety_checks_nonfatal = [] {{(pid=99650) log_opt_values /opt/stack/data/venv/lib/python3.12/site-packages/oslo_config/cfg.py:3253}}
Jul 11 08:34:39.352872 np0000005069 devstack@g-api.service[99650]: DEBUG glance.common.config [None req-f531cf99-f07b-4cb2-a494-d178d5715462 None None] image_format.require_image_format_match = True {{(pid=99650) log_opt_values /opt/stack/data/venv/lib/python3.12/site-packages/oslo_config/cfg.py:3253}}
Jul 11 08:34:39.353042 np0000005069 devstack@g-api.service[99650]: DEBUG glance.common.config [None req-f531cf99-f07b-4cb2-a494-d178d5715462 None None] image_format.vmdk_allowed_types = ['streamOptimized', 'monolithicSparse'] {{(pid=99650) log_opt_values /opt/stack/data/venv/lib/python3.12/site-packages/oslo_config/cfg.py:3253}}
Jul 11 08:34:39.353186 np0000005069 devstack@g-api.service[99650]: DEBUG glance.common.config [None req-f531cf99-f07b-4cb2-a494-d178d5715462 None None] task.task_executor = taskflow {{(pid=99650) log_opt_values /opt/stack/data/venv/lib/python3.12/site-packages/oslo_config/cfg.py:3253}}
Jul 11 08:34:39.353335 np0000005069 devstack@g-api.service[99650]: DEBUG glance.common.config [None req-f531cf99-f07b-4cb2-a494-d178d5715462 None None] task.task_time_to_live = 48 {{(pid=99650) log_opt_values /opt/stack/data/venv/lib/python3.12/site-packages/oslo_config/cfg.py:3253}}
Jul 11 08:34:39.353519 np0000005069 devstack@g-api.service[99650]: DEBUG glance.common.config [None req-f531cf99-f07b-4cb2-a494-d178d5715462 None None] task.work_dir = None {{(pid=99650) log_opt_values /opt/stack/data/venv/lib/python3.12/site-packages/oslo_config/cfg.py:3253}}
Jul 11 08:34:39.353686 np0000005069 devstack@g-api.service[99650]: DEBUG glance.common.config [None req-f531cf99-f07b-4cb2-a494-d178d5715462 None None] wsgi.python_interpreter = /opt/stack/data/venv/bin/python3 {{(pid=99650) log_opt_values /opt/stack/data/venv/lib/python3.12/site-packages/oslo_config/cfg.py:3253}}
Jul 11 08:34:39.353837 np0000005069 devstack@g-api.service[99650]: DEBUG glance.common.config [None req-f531cf99-f07b-4cb2-a494-d178d5715462 None None] wsgi.task_pool_threads = 16 {{(pid=99650) log_opt_values /opt/stack/data/venv/lib/python3.12/site-packages/oslo_config/cfg.py:3253}}
Jul 11 08:34:39.354016 np0000005069 devstack@g-api.service[99650]: DEBUG glance.common.config [None req-f531cf99-f07b-4cb2-a494-d178d5715462 None None] import_filtering_opts.allowed_hosts = [] {{(pid=99650) log_opt_values /opt/stack/data/venv/lib/python3.12/site-packages/oslo_config/cfg.py:3253}}
Jul 11 08:34:39.354189 np0000005069 devstack@g-api.service[99650]: DEBUG glance.common.config [None req-f531cf99-f07b-4cb2-a494-d178d5715462 None None] import_filtering_opts.allowed_ports = [80, 443] {{(pid=99650) log_opt_values /opt/stack/data/venv/lib/python3.12/site-packages/oslo_config/cfg.py:3253}}
Jul 11 08:34:39.354365 np0000005069 devstack@g-api.service[99650]: DEBUG glance.common.config [None req-f531cf99-f07b-4cb2-a494-d178d5715462 None None] import_filtering_opts.allowed_schemes = ['http', 'https'] {{(pid=99650) log_opt_values /opt/stack/data/venv/lib/python3.12/site-packages/oslo_config/cfg.py:3253}}
Jul 11 08:34:39.354547 np0000005069 devstack@g-api.service[99650]: DEBUG glance.common.config [None req-f531cf99-f07b-4cb2-a494-d178d5715462 None None] import_filtering_opts.disallowed_hosts = [] {{(pid=99650) log_opt_values /opt/stack/data/venv/lib/python3.12/site-packages/oslo_config/cfg.py:3253}}
Jul 11 08:34:39.354688 np0000005069 devstack@g-api.service[99650]: DEBUG glance.common.config [None req-f531cf99-f07b-4cb2-a494-d178d5715462 None None] import_filtering_opts.disallowed_ports = [] {{(pid=99650) log_opt_values /opt/stack/data/venv/lib/python3.12/site-packages/oslo_config/cfg.py:3253}}
Jul 11 08:34:39.354838 np0000005069 devstack@g-api.service[99650]: DEBUG glance.common.config [None req-f531cf99-f07b-4cb2-a494-d178d5715462 None None] import_filtering_opts.disallowed_schemes = [] {{(pid=99650) log_opt_values /opt/stack/data/venv/lib/python3.12/site-packages/oslo_config/cfg.py:3253}}
