Aug 19 15:57:00.276189 np0000007787 devstack@g-api.service[103032]: DEBUG glance.api.middleware.version_negotiation [None req-a1cbfc81-9762-4a1a-a310-c1071735accd tempest-ServerBootFromVolumeStableRescueTest-1794955353 tempest-ServerBootFromVolumeStableRescueTest-1794955353-project-member] new path /v2/schemas/image {{(pid=103032) process_request /opt/stack/glance/glance/api/middleware/version_negotiation.py:70}}
Aug 19 15:57:00.281465 np0000007787 devstack@g-api.service[103032]: [pid: 103032|app: 0|req: 42/167] 127.0.0.1 () {44 vars in 1051 bytes} [Wed Aug 19 15:57:00 2026] GET /v2/schemas/image => generated 6083 bytes in 7 msecs (HTTP/1.1 200) 4 headers in 158 bytes (1 switches on core 0)
Aug 19 15:57:00.337705 np0000007787 devstack@g-api.service[103030]: DEBUG glance.api.middleware.version_negotiation [None req-a1cbfc81-9762-4a1a-a310-c1071735accd tempest-ServerBootFromVolumeStableRescueTest-1794955353 tempest-ServerBootFromVolumeStableRescueTest-1794955353-project-member] Determining version of request: POST /v2/images Accept: */* {{(pid=103030) process_request /opt/stack/glance/glance/api/middleware/version_negotiation.py:44}}
Aug 19 15:57:00.338354 np0000007787 devstack@g-api.service[103030]: DEBUG glance.api.middleware.version_negotiation [None req-a1cbfc81-9762-4a1a-a310-c1071735accd tempest-ServerBootFromVolumeStableRescueTest-1794955353 tempest-ServerBootFromVolumeStableRescueTest-1794955353-project-member] Using url versioning {{(pid=103030) process_request /opt/stack/glance/glance/api/middleware/version_negotiation.py:57}}
Aug 19 15:57:00.338354 np0000007787 devstack@g-api.service[103030]: DEBUG glance.api.middleware.version_negotiation [None req-a1cbfc81-9762-4a1a-a310-c1071735accd tempest-ServerBootFromVolumeStableRescueTest-1794955353 tempest-ServerBootFromVolumeStableRescueTest-1794955353-project-member] Matched version: v2 {{(pid=103030) process_request /opt/stack/glance/glance/api/middleware/version_negotiation.py:69}}
Aug 19 15:57:00.338567 np0000007787 devstack@g-api.service[103030]: DEBUG glance.api.middleware.version_negotiation [None req-a1cbfc81-9762-4a1a-a310-c1071735accd tempest-ServerBootFromVolumeStableRescueTest-1794955353 tempest-ServerBootFromVolumeStableRescueTest-1794955353-project-member] new path /v2/images {{(pid=103030) process_request /opt/stack/glance/glance/api/middleware/version_negotiation.py:70}}
Aug 19 15:57:01.201616 np0000007787 devstack@g-api.service[103030]: [pid: 103030|app: 0|req: 44/168] 127.0.0.1 () {46 vars in 1051 bytes} [Wed Aug 19 15:57:00 2026] POST /v2/images => generated 1360 bytes in 864 msecs (HTTP/1.1 201) 6 headers in 316 bytes (1 switches on core 0)
Aug 19 15:57:01.273639 np0000007787 devstack@g-api.service[103031]: DEBUG glance.api.middleware.version_negotiation [None req-a39b63cb-8878-4642-af20-39b375370ef7 tempest-AttachVolumeMultiAttachTest-1908635908 tempest-AttachVolumeMultiAttachTest-1908635908-project-member] Determining version of request: GET /v2/images/b740ad5f-8eed-420a-b896-1e6d1fc4e488 Accept: application/json {{(pid=103031) process_request /opt/stack/glance/glance/api/middleware/version_negotiation.py:44}}
Aug 19 15:57:01.274037 np0000007787 devstack@g-api.service[103031]: DEBUG glance.api.middleware.version_negotiation [None req-a39b63cb-8878-4642-af20-39b375370ef7 tempest-AttachVolumeMultiAttachTest-1908635908 tempest-AttachVolumeMultiAttachTest-1908635908-project-member] Using url versioning {{(pid=103031) process_request /opt/stack/glance/glance/api/middleware/version_negotiation.py:57}}
Aug 19 15:57:01.274037 np0000007787 devstack@g-api.service[103031]: DEBUG glance.api.middleware.version_negotiation [None req-a39b63cb-8878-4642-af20-39b375370ef7 tempest-AttachVolumeMultiAttachTest-1908635908 tempest-AttachVolumeMultiAttachTest-1908635908-project-member] Matched version: v2 {{(pid=103031) process_request /opt/stack/glance/glance/api/middleware/version_negotiation.py:69}}
Aug 19 15:57:01.274111 np0000007787 devstack@g-api.service[103031]: DEBUG glance.api.middleware.version_negotiation [None req-a39b63cb-8878-4642-af20-39b375370ef7 tempest-AttachVolumeMultiAttachTest-1908635908 tempest-AttachVolumeMultiAttachTest-1908635908-project-member] new path /v2/images/b740ad5f-8eed-420a-b896-1e6d1fc4e488 {{(pid=103031) process_request /opt/stack/glance/glance/api/middleware/version_negotiation.py:70}}
Aug 19 15:57:01.288040 np0000007787 devstack@g-api.service[103031]: [pid: 103031|app: 0|req: 42/169] 127.0.0.1 () {40 vars in 834 bytes} [Wed Aug 19 15:57:01 2026] GET /v2/images/b740ad5f-8eed-420a-b896-1e6d1fc4e488 => generated 1360 bytes in 14 msecs (HTTP/1.1 200) 4 headers in 158 bytes (1 switches on core 0)
Aug 19 15:57:01.458282 np0000007787 devstack@g-api.service[103033]: DEBUG glance.api.middleware.version_negotiation [None req-a39b63cb-8878-4642-af20-39b375370ef7 tempest-AttachVolumeMultiAttachTest-1908635908 tempest-AttachVolumeMultiAttachTest-1908635908-project-member] Determining version of request: GET /v2/images/b740ad5f-8eed-420a-b896-1e6d1fc4e488 Accept: */* {{(pid=103033) process_request /opt/stack/glance/glance/api/middleware/version_negotiation.py:44}}
Aug 19 15:57:01.458282 np0000007787 devstack@g-api.service[103033]: DEBUG glance.api.middleware.version_negotiation [None req-a39b63cb-8878-4642-af20-39b375370ef7 tempest-AttachVolumeMultiAttachTest-1908635908 tempest-AttachVolumeMultiAttachTest-1908635908-project-member] Using url versioning {{(pid=103033) process_request /opt/stack/glance/glance/api/middleware/version_negotiation.py:57}}
Aug 19 15:57:01.458282 np0000007787 devstack@g-api.service[103033]: DEBUG glance.api.middleware.version_negotiation [None req-a39b63cb-8878-4642-af20-39b375370ef7 tempest-AttachVolumeMultiAttachTest-1908635908 tempest-AttachVolumeMultiAttachTest-1908635908-project-member] Matched version: v2 {{(pid=103033) process_request /opt/stack/glance/glance/api/middleware/version_negotiation.py:69}}
Aug 19 15:57:01.458282 np0000007787 devstack@g-api.service[103033]: DEBUG glance.api.middleware.version_negotiation [None req-a39b63cb-8878-4642-af20-39b375370ef7 tempest-AttachVolumeMultiAttachTest-1908635908 tempest-AttachVolumeMultiAttachTest-1908635908-project-member] new path /v2/images/b740ad5f-8eed-420a-b896-1e6d1fc4e488 {{(pid=103033) process_request /opt/stack/glance/glance/api/middleware/version_negotiation.py:70}}
Aug 19 15:57:01.474801 np0000007787 devstack@g-api.service[103033]: [pid: 103033|app: 0|req: 42/170] 127.0.0.1 () {44 vars in 1111 bytes} [Wed Aug 19 15:57:01 2026] GET /v2/images/b740ad5f-8eed-420a-b896-1e6d1fc4e488 => generated 1360 bytes in 17 msecs (HTTP/1.1 200) 4 headers in 158 bytes (1 switches on core 0)
Aug 19 15:57:01.522959 np0000007787 devstack@g-api.service[103032]: DEBUG glance.api.middleware.version_negotiation [None req-ca73c383-6ce9-45f8-9925-73b4ca342665 tempest-ServerBootFromVolumeStableRescueTest-1794955353 tempest-ServerBootFromVolumeStableRescueTest-1794955353-project-member] Determining version of request: GET /v2/schemas/image Accept: */* {{(pid=103032) process_request /opt/stack/glance/glance/api/middleware/version_negotiation.py:44}}
Aug 19 15:57:01.523337 np0000007787 devstack@g-api.service[103032]: DEBUG glance.api.middleware.version_negotiation [None req-ca73c383-6ce9-45f8-9925-73b4ca342665 tempest-ServerBootFromVolumeStableRescueTest-1794955353 tempest-ServerBootFromVolumeStableRescueTest-1794955353-project-member] Using url versioning {{(pid=103032) process_request /opt/stack/glance/glance/api/middleware/version_negotiation.py:57}}
Aug 19 15:57:01.523402 np0000007787 devstack@g-api.service[103032]: DEBUG glance.api.middleware.version_negotiation [None req-ca73c383-6ce9-45f8-9925-73b4ca342665 tempest-ServerBootFromVolumeStableRescueTest-1794955353 tempest-ServerBootFromVolumeStableRescueTest-1794955353-project-member] Matched version: v2 {{(pid=103032) process_request /opt/stack/glance/glance/api/middleware/version_negotiation.py:69}}
Aug 19 15:57:01.523870 np0000007787 devstack@g-api.service[103032]: DEBUG glance.api.middleware.version_negotiation [None req-ca73c383-6ce9-45f8-9925-73b4ca342665 tempest-ServerBootFromVolumeStableRescueTest-1794955353 tempest-ServerBootFromVolumeStableRescueTest-1794955353-project-member] new path /v2/schemas/image {{(pid=103032) process_request /opt/stack/glance/glance/api/middleware/version_negotiation.py:70}}
Aug 19 15:57:01.528622 np0000007787 devstack@g-api.service[103032]: [pid: 103032|app: 0|req: 43/171] 127.0.0.1 () {44 vars in 1051 bytes} [Wed Aug 19 15:57:01 2026] GET /v2/schemas/image => generated 6083 bytes in 6 msecs (HTTP/1.1 200) 4 headers in 158 bytes (1 switches on core 0)
Aug 19 15:57:02.106147 np0000007787 devstack@g-api.service[103030]: DEBUG glance.api.middleware.version_negotiation [None req-ca73c383-6ce9-45f8-9925-73b4ca342665 tempest-ServerBootFromVolumeStableRescueTest-1794955353 tempest-ServerBootFromVolumeStableRescueTest-1794955353-project-member] Determining version of request: GET /v2/images/fd855bf0-0b2d-4264-962f-74c20224fbb9 Accept: */* {{(pid=103030) process_request /opt/stack/glance/glance/api/middleware/version_negotiation.py:44}}
Aug 19 15:57:02.106880 np0000007787 devstack@g-api.service[103030]: DEBUG glance.api.middleware.version_negotiation [None req-ca73c383-6ce9-45f8-9925-73b4ca342665 tempest-ServerBootFromVolumeStableRescueTest-1794955353 tempest-ServerBootFromVolumeStableRescueTest-1794955353-project-member] Using url versioning {{(pid=103030) process_request /opt/stack/glance/glance/api/middleware/version_negotiation.py:57}}
Aug 19 15:57:02.106880 np0000007787 devstack@g-api.service[103030]: DEBUG glance.api.middleware.version_negotiation [None req-ca73c383-6ce9-45f8-9925-73b4ca342665 tempest-ServerBootFromVolumeStableRescueTest-1794955353 tempest-ServerBootFromVolumeStableRescueTest-1794955353-project-member] Matched version: v2 {{(pid=103030) process_request /opt/stack/glance/glance/api/middleware/version_negotiation.py:69}}
Aug 19 15:57:02.106880 np0000007787 devstack@g-api.service[103030]: DEBUG glance.api.middleware.version_negotiation [None req-ca73c383-6ce9-45f8-9925-73b4ca342665 tempest-ServerBootFromVolumeStableRescueTest-1794955353 tempest-ServerBootFromVolumeStableRescueTest-1794955353-project-member] new path /v2/images/fd855bf0-0b2d-4264-962f-74c20224fbb9 {{(pid=103030) process_request /opt/stack/glance/glance/api/middleware/version_negotiation.py:70}}
Aug 19 15:57:02.117521 np0000007787 devstack@g-api.service[103030]: [pid: 103030|app: 0|req: 45/172] 127.0.0.1 () {44 vars in 1111 bytes} [Wed Aug 19 15:57:02 2026] GET /v2/images/fd855bf0-0b2d-4264-962f-74c20224fbb9 => generated 1044 bytes in 11 msecs (HTTP/1.1 200) 4 headers in 158 bytes (1 switches on core 0)
Aug 19 15:57:02.154180 np0000007787 devstack@g-api.service[103031]: DEBUG glance.api.middleware.version_negotiation [None req-17a6dc4f-4c88-4d72-9feb-e79ec2c23829 tempest-ServerBootFromVolumeStableRescueTest-1794955353 tempest-ServerBootFromVolumeStableRescueTest-1794955353-project-member] Determining version of request: GET /v2/schemas/image Accept: */* {{(pid=103031) process_request /opt/stack/glance/glance/api/middleware/version_negotiation.py:44}}
Aug 19 15:57:02.154414 np0000007787 devstack@g-api.service[103031]: DEBUG glance.api.middleware.version_negotiation [None req-17a6dc4f-4c88-4d72-9feb-e79ec2c23829 tempest-ServerBootFromVolumeStableRescueTest-1794955353 tempest-ServerBootFromVolumeStableRescueTest-1794955353-project-member] Using url versioning {{(pid=103031) process_request /opt/stack/glance/glance/api/middleware/version_negotiation.py:57}}
Aug 19 15:57:02.154654 np0000007787 devstack@g-api.service[103031]: DEBUG glance.api.middleware.version_negotiation [None req-17a6dc4f-4c88-4d72-9feb-e79ec2c23829 tempest-ServerBootFromVolumeStableRescueTest-1794955353 tempest-ServerBootFromVolumeStableRescueTest-1794955353-project-member] Matched version: v2 {{(pid=103031) process_request /opt/stack/glance/glance/api/middleware/version_negotiation.py:69}}
Aug 19 15:57:02.154654 np0000007787 devstack@g-api.service[103031]: DEBUG glance.api.middleware.version_negotiation [None req-17a6dc4f-4c88-4d72-9feb-e79ec2c23829 tempest-ServerBootFromVolumeStableRescueTest-1794955353 tempest-ServerBootFromVolumeStableRescueTest-1794955353-project-member] new path /v2/schemas/image {{(pid=103031) process_request /opt/stack/glance/glance/api/middleware/version_negotiation.py:70}}
Aug 19 15:57:02.158122 np0000007787 devstack@g-api.service[103031]: [pid: 103031|app: 0|req: 43/173] 127.0.0.1 () {44 vars in 1051 bytes} [Wed Aug 19 15:57:02 2026] GET /v2/schemas/image => generated 6083 bytes in 4 msecs (HTTP/1.1 200) 4 headers in 158 bytes (1 switches on core 0)
Aug 19 15:57:02.303798 np0000007787 devstack@g-api.service[103033]: DEBUG glance.api.middleware.version_negotiation [None req-ca73c383-6ce9-45f8-9925-73b4ca342665 tempest-ServerBootFromVolumeStableRescueTest-1794955353 tempest-ServerBootFromVolumeStableRescueTest-1794955353-project-member] Determining version of request: GET /v2/images/b740ad5f-8eed-420a-b896-1e6d1fc4e488 Accept: application/json {{(pid=103033) process_request /opt/stack/glance/glance/api/middleware/version_negotiation.py:44}}
Aug 19 15:57:02.304124 np0000007787 devstack@g-api.service[103033]: DEBUG glance.api.middleware.version_negotiation [None req-ca73c383-6ce9-45f8-9925-73b4ca342665 tempest-ServerBootFromVolumeStableRescueTest-1794955353 tempest-ServerBootFromVolumeStableRescueTest-1794955353-project-member] Using url versioning {{(pid=103033) process_request /opt/stack/glance/glance/api/middleware/version_negotiation.py:57}}
Aug 19 15:57:02.304616 np0000007787 devstack@g-api.service[103033]: DEBUG glance.api.middleware.version_negotiation [None req-ca73c383-6ce9-45f8-9925-73b4ca342665 tempest-ServerBootFromVolumeStableRescueTest-1794955353 tempest-ServerBootFromVolumeStableRescueTest-1794955353-project-member] Matched version: v2 {{(pid=103033) process_request /opt/stack/glance/glance/api/middleware/version_negotiation.py:69}}
Aug 19 15:57:02.304616 np0000007787 devstack@g-api.service[103033]: DEBUG glance.api.middleware.version_negotiation [None req-ca73c383-6ce9-45f8-9925-73b4ca342665 tempest-ServerBootFromVolumeStableRescueTest-1794955353 tempest-ServerBootFromVolumeStableRescueTest-1794955353-project-member] new path /v2/images/b740ad5f-8eed-420a-b896-1e6d1fc4e488 {{(pid=103033) process_request /opt/stack/glance/glance/api/middleware/version_negotiation.py:70}}
Aug 19 15:57:02.318990 np0000007787 devstack@g-api.service[103033]: [pid: 103033|app: 0|req: 43/174] 127.0.0.1 () {40 vars in 834 bytes} [Wed Aug 19 15:57:02 2026] GET /v2/images/b740ad5f-8eed-420a-b896-1e6d1fc4e488 => generated 1360 bytes in 15 msecs (HTTP/1.1 200) 4 headers in 158 bytes (1 switches on core 0)
Aug 19 15:57:02.794167 np0000007787 devstack@g-api.service[103032]: DEBUG glance.api.middleware.version_negotiation [None req-ca73c383-6ce9-45f8-9925-73b4ca342665 tempest-ServerBootFromVolumeStableRescueTest-1794955353 tempest-ServerBootFromVolumeStableRescueTest-1794955353-project-member] Determining version of request: GET /v2/images/b740ad5f-8eed-420a-b896-1e6d1fc4e488 Accept: */* {{(pid=103032) process_request /opt/stack/glance/glance/api/middleware/version_negotiation.py:44}}
Aug 19 15:57:02.794167 np0000007787 devstack@g-api.service[103032]: DEBUG glance.api.middleware.version_negotiation [None req-ca73c383-6ce9-45f8-9925-73b4ca342665 tempest-ServerBootFromVolumeStableRescueTest-1794955353 tempest-ServerBootFromVolumeStableRescueTest-1794955353-project-member] Using url versioning {{(pid=103032) process_request /opt/stack/glance/glance/api/middleware/version_negotiation.py:57}}
Aug 19 15:57:02.794167 np0000007787 devstack@g-api.service[103032]: DEBUG glance.api.middleware.version_negotiation [None req-ca73c383-6ce9-45f8-9925-73b4ca342665 tempest-ServerBootFromVolumeStableRescueTest-1794955353 tempest-ServerBootFromVolumeStableRescueTest-1794955353-project-member] Matched version: v2 {{(pid=103032) process_request /opt/stack/glance/glance/api/middleware/version_negotiation.py:69}}
Aug 19 15:57:02.794167 np0000007787 devstack@g-api.service[103032]: DEBUG glance.api.middleware.version_negotiation [None req-ca73c383-6ce9-45f8-9925-73b4ca342665 tempest-ServerBootFromVolumeStableRescueTest-1794955353 tempest-ServerBootFromVolumeStableRescueTest-1794955353-project-member] new path /v2/images/b740ad5f-8eed-420a-b896-1e6d1fc4e488 {{(pid=103032) process_request /opt/stack/glance/glance/api/middleware/version_negotiation.py:70}}
Aug 19 15:57:02.816809 np0000007787 devstack@g-api.service[103032]: [pid: 103032|app: 0|req: 44/175] 127.0.0.1 () {44 vars in 1111 bytes} [Wed Aug 19 15:57:02 2026] GET /v2/images/b740ad5f-8eed-420a-b896-1e6d1fc4e488 => generated 1360 bytes in 24 msecs (HTTP/1.1 200) 4 headers in 158 bytes (1 switches on core 0)
Aug 19 15:57:02.860248 np0000007787 devstack@g-api.service[103030]: DEBUG glance.api.middleware.version_negotiation [None req-ac9836ce-a291-46cf-b4ae-6e01497d6399 tempest-AttachVolumeMultiAttachTest-1908635908 tempest-AttachVolumeMultiAttachTest-1908635908-project-member] Determining version of request: GET /v2/schemas/image Accept: */* {{(pid=103030) process_request /opt/stack/glance/glance/api/middleware/version_negotiation.py:44}}
Aug 19 15:57:02.860248 np0000007787 devstack@g-api.service[103030]: DEBUG glance.api.middleware.version_negotiation [None req-ac9836ce-a291-46cf-b4ae-6e01497d6399 tempest-AttachVolumeMultiAttachTest-1908635908 tempest-AttachVolumeMultiAttachTest-1908635908-project-member] Using url versioning {{(pid=103030) process_request /opt/stack/glance/glance/api/middleware/version_negotiation.py:57}}
Aug 19 15:57:02.861041 np0000007787 devstack@g-api.service[103030]: DEBUG glance.api.middleware.version_negotiation [None req-ac9836ce-a291-46cf-b4ae-6e01497d6399 tempest-AttachVolumeMultiAttachTest-1908635908 tempest-AttachVolumeMultiAttachTest-1908635908-project-member] Matched version: v2 {{(pid=103030) process_request /opt/stack/glance/glance/api/middleware/version_negotiation.py:69}}
Aug 19 15:57:02.861041 np0000007787 devstack@g-api.service[103030]: DEBUG glance.api.middleware.version_negotiation [None req-ac9836ce-a291-46cf-b4ae-6e01497d6399 tempest-AttachVolumeMultiAttachTest-1908635908 tempest-AttachVolumeMultiAttachTest-1908635908-project-member] new path /v2/schemas/image {{(pid=103030) process_request /opt/stack/glance/glance/api/middleware/version_negotiation.py:70}}
Aug 19 15:57:02.864388 np0000007787 devstack@g-api.service[103030]: [pid: 103030|app: 0|req: 46/176] 127.0.0.1 () {44 vars in 1051 bytes} [Wed Aug 19 15:57:02 2026] GET /v2/schemas/image => generated 6083 bytes in 5 msecs (HTTP/1.1 200) 4 headers in 158 bytes (1 switches on core 0)
Aug 19 15:57:02.920959 np0000007787 devstack@g-api.service[103031]: DEBUG glance.api.middleware.version_negotiation [None req-ac9836ce-a291-46cf-b4ae-6e01497d6399 tempest-AttachVolumeMultiAttachTest-1908635908 tempest-AttachVolumeMultiAttachTest-1908635908-project-member] Determining version of request: GET /v2/schemas/image Accept: */* {{(pid=103031) process_request /opt/stack/glance/glance/api/middleware/version_negotiation.py:44}}
Aug 19 15:57:02.921407 np0000007787 devstack@g-api.service[103031]: DEBUG glance.api.middleware.version_negotiation [None req-ac9836ce-a291-46cf-b4ae-6e01497d6399 tempest-AttachVolumeMultiAttachTest-1908635908 tempest-AttachVolumeMultiAttachTest-1908635908-project-member] Using url versioning {{(pid=103031) process_request /opt/stack/glance/glance/api/middleware/version_negotiation.py:57}}
Aug 19 15:57:02.921407 np0000007787 devstack@g-api.service[103031]: DEBUG glance.api.middleware.version_negotiation [None req-ac9836ce-a291-46cf-b4ae-6e01497d6399 tempest-AttachVolumeMultiAttachTest-1908635908 tempest-AttachVolumeMultiAttachTest-1908635908-project-member] Matched version: v2 {{(pid=103031) process_request /opt/stack/glance/glance/api/middleware/version_negotiation.py:69}}
Aug 19 15:57:02.921496 np0000007787 devstack@g-api.service[103031]: DEBUG glance.api.middleware.version_negotiation [None req-ac9836ce-a291-46cf-b4ae-6e01497d6399 tempest-AttachVolumeMultiAttachTest-1908635908 tempest-AttachVolumeMultiAttachTest-1908635908-project-member] new path /v2/schemas/image {{(pid=103031) process_request /opt/stack/glance/glance/api/middleware/version_negotiation.py:70}}
Aug 19 15:57:02.925561 np0000007787 devstack@g-api.service[103031]: [pid: 103031|app: 0|req: 44/177] 127.0.0.1 () {44 vars in 1051 bytes} [Wed Aug 19 15:57:02 2026] GET /v2/schemas/image => generated 6083 bytes in 5 msecs (HTTP/1.1 200) 4 headers in 158 bytes (1 switches on core 0)
Aug 19 15:57:02.986370 np0000007787 devstack@g-api.service[103033]: DEBUG glance.api.middleware.version_negotiation [None req-40511c3c-778a-44e8-bb13-9a193c0877d4 tempest-ServerBootFromVolumeStableRescueTest-1794955353 tempest-ServerBootFromVolumeStableRescueTest-1794955353-project-member] Determining version of request: PATCH /v2/images/b740ad5f-8eed-420a-b896-1e6d1fc4e488 Accept: */* {{(pid=103033) process_request /opt/stack/glance/glance/api/middleware/version_negotiation.py:44}}
Aug 19 15:57:02.987676 np0000007787 devstack@g-api.service[103033]: DEBUG glance.api.middleware.version_negotiation [None req-40511c3c-778a-44e8-bb13-9a193c0877d4 tempest-ServerBootFromVolumeStableRescueTest-1794955353 tempest-ServerBootFromVolumeStableRescueTest-1794955353-project-member] Using url versioning {{(pid=103033) process_request /opt/stack/glance/glance/api/middleware/version_negotiation.py:57}}
Aug 19 15:57:02.987676 np0000007787 devstack@g-api.service[103033]: DEBUG glance.api.middleware.version_negotiation [None req-40511c3c-778a-44e8-bb13-9a193c0877d4 tempest-ServerBootFromVolumeStableRescueTest-1794955353 tempest-ServerBootFromVolumeStableRescueTest-1794955353-project-member] Matched version: v2 {{(pid=103033) process_request /opt/stack/glance/glance/api/middleware/version_negotiation.py:69}}
Aug 19 15:57:02.988696 np0000007787 devstack@g-api.service[103033]: DEBUG glance.api.middleware.version_negotiation [None req-40511c3c-778a-44e8-bb13-9a193c0877d4 tempest-ServerBootFromVolumeStableRescueTest-1794955353 tempest-ServerBootFromVolumeStableRescueTest-1794955353-project-member] new path /v2/images/b740ad5f-8eed-420a-b896-1e6d1fc4e488 {{(pid=103033) process_request /opt/stack/glance/glance/api/middleware/version_negotiation.py:70}}
Aug 19 15:57:03.192836 np0000007787 devstack@g-api.service[103033]: [pid: 103033|app: 0|req: 44/178] 127.0.0.1 () {46 vars in 1154 bytes} [Wed Aug 19 15:57:02 2026] PATCH /v2/images/b740ad5f-8eed-420a-b896-1e6d1fc4e488 => generated 1471 bytes in 206 msecs (HTTP/1.1 200) 4 headers in 158 bytes (1 switches on core 0)
Aug 19 15:57:03.253954 np0000007787 devstack@g-api.service[103032]: DEBUG glance.api.middleware.version_negotiation [None req-ca73c383-6ce9-45f8-9925-73b4ca342665 tempest-ServerBootFromVolumeStableRescueTest-1794955353 tempest-ServerBootFromVolumeStableRescueTest-1794955353-project-member] Determining version of request: GET /v2/images/b740ad5f-8eed-420a-b896-1e6d1fc4e488 Accept: */* {{(pid=103032) process_request /opt/stack/glance/glance/api/middleware/version_negotiation.py:44}}
Aug 19 15:57:03.254687 np0000007787 devstack@g-api.service[103032]: DEBUG glance.api.middleware.version_negotiation [None req-ca73c383-6ce9-45f8-9925-73b4ca342665 tempest-ServerBootFromVolumeStableRescueTest-1794955353 tempest-ServerBootFromVolumeStableRescueTest-1794955353-project-member] Using url versioning {{(pid=103032) process_request /opt/stack/glance/glance/api/middleware/version_negotiation.py:57}}
Aug 19 15:57:03.254687 np0000007787 devstack@g-api.service[103032]: DEBUG glance.api.middleware.version_negotiation [None req-ca73c383-6ce9-45f8-9925-73b4ca342665 tempest-ServerBootFromVolumeStableRescueTest-1794955353 tempest-ServerBootFromVolumeStableRescueTest-1794955353-project-member] Matched version: v2 {{(pid=103032) process_request /opt/stack/glance/glance/api/middleware/version_negotiation.py:69}}
Aug 19 15:57:03.254863 np0000007787 devstack@g-api.service[103032]: DEBUG glance.api.middleware.version_negotiation [None req-ca73c383-6ce9-45f8-9925-73b4ca342665 tempest-ServerBootFromVolumeStableRescueTest-1794955353 tempest-ServerBootFromVolumeStableRescueTest-1794955353-project-member] new path /v2/images/b740ad5f-8eed-420a-b896-1e6d1fc4e488 {{(pid=103032) process_request /opt/stack/glance/glance/api/middleware/version_negotiation.py:70}}
Aug 19 15:57:03.272370 np0000007787 devstack@g-api.service[103032]: [pid: 103032|app: 0|req: 45/179] 127.0.0.1 () {44 vars in 1111 bytes} [Wed Aug 19 15:57:03 2026] GET /v2/images/b740ad5f-8eed-420a-b896-1e6d1fc4e488 => generated 1471 bytes in 18 msecs (HTTP/1.1 200) 4 headers in 158 bytes (1 switches on core 0)
Aug 19 15:57:03.329935 np0000007787 devstack@g-api.service[103030]: DEBUG glance.api.middleware.version_negotiation [None req-ca73c383-6ce9-45f8-9925-73b4ca342665 tempest-ServerBootFromVolumeStableRescueTest-1794955353 tempest-ServerBootFromVolumeStableRescueTest-1794955353-project-member] Determining version of request: GET /v2/images/b740ad5f-8eed-420a-b896-1e6d1fc4e488 Accept: application/json {{(pid=103030) process_request /opt/stack/glance/glance/api/middleware/version_negotiation.py:44}}
Aug 19 15:57:03.330235 np0000007787 devstack@g-api.service[103030]: DEBUG glance.api.middleware.version_negotiation [None req-ca73c383-6ce9-45f8-9925-73b4ca342665 tempest-ServerBootFromVolumeStableRescueTest-1794955353 tempest-ServerBootFromVolumeStableRescueTest-1794955353-project-member] Using url versioning {{(pid=103030) process_request /opt/stack/glance/glance/api/middleware/version_negotiation.py:57}}
Aug 19 15:57:03.330267 np0000007787 devstack@g-api.service[103030]: DEBUG glance.api.middleware.version_negotiation [None req-ca73c383-6ce9-45f8-9925-73b4ca342665 tempest-ServerBootFromVolumeStableRescueTest-1794955353 tempest-ServerBootFromVolumeStableRescueTest-1794955353-project-member] Matched version: v2 {{(pid=103030) process_request /opt/stack/glance/glance/api/middleware/version_negotiation.py:69}}
Aug 19 15:57:03.330448 np0000007787 devstack@g-api.service[103030]: DEBUG glance.api.middleware.version_negotiation [None req-ca73c383-6ce9-45f8-9925-73b4ca342665 tempest-ServerBootFromVolumeStableRescueTest-1794955353 tempest-ServerBootFromVolumeStableRescueTest-1794955353-project-member] new path /v2/images/b740ad5f-8eed-420a-b896-1e6d1fc4e488 {{(pid=103030) process_request /opt/stack/glance/glance/api/middleware/version_negotiation.py:70}}
Aug 19 15:57:03.354107 np0000007787 devstack@g-api.service[103030]: [pid: 103030|app: 0|req: 47/180] 127.0.0.1 () {40 vars in 834 bytes} [Wed Aug 19 15:57:03 2026] GET /v2/images/b740ad5f-8eed-420a-b896-1e6d1fc4e488 => generated 1471 bytes in 24 msecs (HTTP/1.1 200) 4 headers in 158 bytes (1 switches on core 0)
Aug 19 15:57:03.354250 np0000007787 devstack@g-api.service[103031]: DEBUG glance.api.middleware.version_negotiation [None req-ca73c383-6ce9-45f8-9925-73b4ca342665 tempest-ServerBootFromVolumeStableRescueTest-1794955353 tempest-ServerBootFromVolumeStableRescueTest-1794955353-project-member] Determining version of request: PUT /v2/images/b740ad5f-8eed-420a-b896-1e6d1fc4e488/file Accept: */* {{(pid=103031) process_request /opt/stack/glance/glance/api/middleware/version_negotiation.py:44}}
Aug 19 15:57:03.354403 np0000007787 devstack@g-api.service[103031]: DEBUG glance.api.middleware.version_negotiation [None req-ca73c383-6ce9-45f8-9925-73b4ca342665 tempest-ServerBootFromVolumeStableRescueTest-1794955353 tempest-ServerBootFromVolumeStableRescueTest-1794955353-project-member] Using url versioning {{(pid=103031) process_request /opt/stack/glance/glance/api/middleware/version_negotiation.py:57}}
Aug 19 15:57:03.354646 np0000007787 devstack@g-api.service[103031]: DEBUG glance.api.middleware.version_negotiation [None req-ca73c383-6ce9-45f8-9925-73b4ca342665 tempest-ServerBootFromVolumeStableRescueTest-1794955353 tempest-ServerBootFromVolumeStableRescueTest-1794955353-project-member] Matched version: v2 {{(pid=103031) process_request /opt/stack/glance/glance/api/middleware/version_negotiation.py:69}}
Aug 19 15:57:03.356307 np0000007787 devstack@g-api.service[103031]: DEBUG glance.api.middleware.version_negotiation [None req-ca73c383-6ce9-45f8-9925-73b4ca342665 tempest-ServerBootFromVolumeStableRescueTest-1794955353 tempest-ServerBootFromVolumeStableRescueTest-1794955353-project-member] new path /v2/images/b740ad5f-8eed-420a-b896-1e6d1fc4e488/file {{(pid=103031) process_request /opt/stack/glance/glance/api/middleware/version_negotiation.py:70}}
Aug 19 15:57:04.363811 np0000007787 devstack@g-api.service[103031]: INFO glance.api.v2.image_data [None req-ca73c383-6ce9-45f8-9925-73b4ca342665 tempest-ServerBootFromVolumeStableRescueTest-1794955353 tempest-ServerBootFromVolumeStableRescueTest-1794955353-project-member] Unable to create trust: no such option collect_timing in group [keystone_authtoken] Use the existing user token.
Aug 19 15:57:04.372860 np0000007787 devstack@g-api.service[103033]: DEBUG glance.api.middleware.version_negotiation [None req-ca73c383-6ce9-45f8-9925-73b4ca342665 tempest-ServerBootFromVolumeStableRescueTest-1794955353 tempest-ServerBootFromVolumeStableRescueTest-1794955353-project-member] Determining version of request: GET /v2/images/b740ad5f-8eed-420a-b896-1e6d1fc4e488 Accept: application/json {{(pid=103033) process_request /opt/stack/glance/glance/api/middleware/version_negotiation.py:44}}
Aug 19 15:57:04.373472 np0000007787 devstack@g-api.service[103033]: DEBUG glance.api.middleware.version_negotiation [None req-ca73c383-6ce9-45f8-9925-73b4ca342665 tempest-ServerBootFromVolumeStableRescueTest-1794955353 tempest-ServerBootFromVolumeStableRescueTest-1794955353-project-member] Using url versioning {{(pid=103033) process_request /opt/stack/glance/glance/api/middleware/version_negotiation.py:57}}
Aug 19 15:57:04.373472 np0000007787 devstack@g-api.service[103033]: DEBUG glance.api.middleware.version_negotiation [None req-ca73c383-6ce9-45f8-9925-73b4ca342665 tempest-ServerBootFromVolumeStableRescueTest-1794955353 tempest-ServerBootFromVolumeStableRescueTest-1794955353-project-member] Matched version: v2 {{(pid=103033) process_request /opt/stack/glance/glance/api/middleware/version_negotiation.py:69}}
Aug 19 15:57:04.373472 np0000007787 devstack@g-api.service[103033]: DEBUG glance.api.middleware.version_negotiation [None req-ca73c383-6ce9-45f8-9925-73b4ca342665 tempest-ServerBootFromVolumeStableRescueTest-1794955353 tempest-ServerBootFromVolumeStableRescueTest-1794955353-project-member] new path /v2/images/b740ad5f-8eed-420a-b896-1e6d1fc4e488 {{(pid=103033) process_request /opt/stack/glance/glance/api/middleware/version_negotiation.py:70}}
Aug 19 15:57:04.390106 np0000007787 devstack@g-api.service[103033]: [pid: 103033|app: 0|req: 45/181] 127.0.0.1 () {40 vars in 834 bytes} [Wed Aug 19 15:57:04 2026] GET /v2/images/b740ad5f-8eed-420a-b896-1e6d1fc4e488 => generated 1471 bytes in 20 msecs (HTTP/1.1 200) 4 headers in 158 bytes (1 switches on core 0)
Aug 19 15:57:05.215167 np0000007787 devstack@g-api.service[103031]: DEBUG glance.location [None req-ca73c383-6ce9-45f8-9925-73b4ca342665 tempest-ServerBootFromVolumeStableRescueTest-1794955353 tempest-ServerBootFromVolumeStableRescueTest-1794955353-project-member] Enabling in-flight format inspection for qcow2 {{(pid=103031) set_data /opt/stack/glance/glance/location.py:596}}
Aug 19 15:57:05.215950 np0000007787 devstack@g-api.service[103031]: DEBUG glance_store.backend [None req-ca73c383-6ce9-45f8-9925-73b4ca342665 tempest-ServerBootFromVolumeStableRescueTest-1794955353 tempest-ServerBootFromVolumeStableRescueTest-1794955353-project-member] Attempting to import store swift {{(pid=103031) _load_store /opt/stack/data/venv/lib/python3.12/site-packages/glance_store/backend.py:215}}
Aug 19 15:57:05.222581 np0000007787 devstack@g-api.service[103031]: DEBUG glance_store.capabilities [None req-ca73c383-6ce9-45f8-9925-73b4ca342665 tempest-ServerBootFromVolumeStableRescueTest-1794955353 tempest-ServerBootFromVolumeStableRescueTest-1794955353-project-member] Store glance_store._drivers.swift.store.SingleTenantStore doesn't support updating dynamic storage capabilities. Please overwrite 'update_capabilities' method of the store to implement updating logics if needed. {{(pid=103031) update_capabilities /opt/stack/data/venv/lib/python3.12/site-packages/glance_store/capabilities.py:91}}
Aug 19 15:57:05.222801 np0000007787 devstack@g-api.service[103031]: DEBUG glance_store.driver [None req-ca73c383-6ce9-45f8-9925-73b4ca342665 tempest-ServerBootFromVolumeStableRescueTest-1794955353 tempest-ServerBootFromVolumeStableRescueTest-1794955353-project-member] Late loading location class glance_store._drivers.swift.store.StoreLocation {{(pid=103031) get_store_location_class /opt/stack/data/venv/lib/python3.12/site-packages/glance_store/driver.py:134}}
Aug 19 15:57:05.222801 np0000007787 devstack@g-api.service[103031]: DEBUG glance_store.location [None req-ca73c383-6ce9-45f8-9925-73b4ca342665 tempest-ServerBootFromVolumeStableRescueTest-1794955353 tempest-ServerBootFromVolumeStableRescueTest-1794955353-project-member] Registering scheme swift+https with {'store': , 'location_class': , 'store_entry': 'swift'} {{(pid=103031) register_scheme_map /opt/stack/data/venv/lib/python3.12/site-packages/glance_store/location.py:146}}
Aug 19 15:57:05.222928 np0000007787 devstack@g-api.service[103031]: DEBUG glance_store.location [None req-ca73c383-6ce9-45f8-9925-73b4ca342665 tempest-ServerBootFromVolumeStableRescueTest-1794955353 tempest-ServerBootFromVolumeStableRescueTest-1794955353-project-member] Registering scheme swift+https with {'store': , 'location_class': , 'store_entry': 'swift'} {{(pid=103031) register_scheme_map /opt/stack/data/venv/lib/python3.12/site-packages/glance_store/location.py:146}}
Aug 19 15:57:05.223044 np0000007787 devstack@g-api.service[103031]: DEBUG glance_store.location [None req-ca73c383-6ce9-45f8-9925-73b4ca342665 tempest-ServerBootFromVolumeStableRescueTest-1794955353 tempest-ServerBootFromVolumeStableRescueTest-1794955353-project-member] Registering scheme swift with {'store': , 'location_class': , 'store_entry': 'swift'} {{(pid=103031) register_scheme_map /opt/stack/data/venv/lib/python3.12/site-packages/glance_store/location.py:146}}
Aug 19 15:57:05.223160 np0000007787 devstack@g-api.service[103031]: DEBUG glance_store.location [None req-ca73c383-6ce9-45f8-9925-73b4ca342665 tempest-ServerBootFromVolumeStableRescueTest-1794955353 tempest-ServerBootFromVolumeStableRescueTest-1794955353-project-member] Registering scheme swift+https with {'store': , 'location_class': , 'store_entry': 'swift'} {{(pid=103031) register_scheme_map /opt/stack/data/venv/lib/python3.12/site-packages/glance_store/location.py:146}}
Aug 19 15:57:05.223217 np0000007787 devstack@g-api.service[103031]: DEBUG glance_store.location [None req-ca73c383-6ce9-45f8-9925-73b4ca342665 tempest-ServerBootFromVolumeStableRescueTest-1794955353 tempest-ServerBootFromVolumeStableRescueTest-1794955353-project-member] Registering scheme swift with {'store': , 'location_class': , 'store_entry': 'swift'} {{(pid=103031) register_scheme_map /opt/stack/data/venv/lib/python3.12/site-packages/glance_store/location.py:146}}
Aug 19 15:57:05.223374 np0000007787 devstack@g-api.service[103031]: DEBUG glance_store.location [None req-ca73c383-6ce9-45f8-9925-73b4ca342665 tempest-ServerBootFromVolumeStableRescueTest-1794955353 tempest-ServerBootFromVolumeStableRescueTest-1794955353-project-member] Registering scheme swift+http with {'store': , 'location_class': , 'store_entry': 'swift'} {{(pid=103031) register_scheme_map /opt/stack/data/venv/lib/python3.12/site-packages/glance_store/location.py:146}}
Aug 19 15:57:05.223490 np0000007787 devstack@g-api.service[103031]: DEBUG glance_store.location [None req-ca73c383-6ce9-45f8-9925-73b4ca342665 tempest-ServerBootFromVolumeStableRescueTest-1794955353 tempest-ServerBootFromVolumeStableRescueTest-1794955353-project-member] Registering scheme swift+https with {'store': , 'location_class': , 'store_entry': 'swift'} {{(pid=103031) register_scheme_map /opt/stack/data/venv/lib/python3.12/site-packages/glance_store/location.py:146}}
Aug 19 15:57:05.223616 np0000007787 devstack@g-api.service[103031]: DEBUG glance_store.location [None req-ca73c383-6ce9-45f8-9925-73b4ca342665 tempest-ServerBootFromVolumeStableRescueTest-1794955353 tempest-ServerBootFromVolumeStableRescueTest-1794955353-project-member] Registering scheme swift with {'store': , 'location_class': , 'store_entry': 'swift'} {{(pid=103031) register_scheme_map /opt/stack/data/venv/lib/python3.12/site-packages/glance_store/location.py:146}}
Aug 19 15:57:05.223771 np0000007787 devstack@g-api.service[103031]: DEBUG glance_store.location [None req-ca73c383-6ce9-45f8-9925-73b4ca342665 tempest-ServerBootFromVolumeStableRescueTest-1794955353 tempest-ServerBootFromVolumeStableRescueTest-1794955353-project-member] Registering scheme swift+http with {'store': , 'location_class': , 'store_entry': 'swift'} {{(pid=103031) register_scheme_map /opt/stack/data/venv/lib/python3.12/site-packages/glance_store/location.py:146}}
Aug 19 15:57:05.223860 np0000007787 devstack@g-api.service[103031]: DEBUG glance_store.location [None req-ca73c383-6ce9-45f8-9925-73b4ca342665 tempest-ServerBootFromVolumeStableRescueTest-1794955353 tempest-ServerBootFromVolumeStableRescueTest-1794955353-project-member] Registering scheme swift+config with {'store': , 'location_class': , 'store_entry': 'swift'} {{(pid=103031) register_scheme_map /opt/stack/data/venv/lib/python3.12/site-packages/glance_store/location.py:146}}
Aug 19 15:57:05.411800 np0000007787 devstack@g-api.service[103032]: DEBUG glance.api.middleware.version_negotiation [None req-ca73c383-6ce9-45f8-9925-73b4ca342665 tempest-ServerBootFromVolumeStableRescueTest-1794955353 tempest-ServerBootFromVolumeStableRescueTest-1794955353-project-member] Determining version of request: GET /v2/images/b740ad5f-8eed-420a-b896-1e6d1fc4e488 Accept: application/json {{(pid=103032) process_request /opt/stack/glance/glance/api/middleware/version_negotiation.py:44}}
Aug 19 15:57:05.411800 np0000007787 devstack@g-api.service[103032]: DEBUG glance.api.middleware.version_negotiation [None req-ca73c383-6ce9-45f8-9925-73b4ca342665 tempest-ServerBootFromVolumeStableRescueTest-1794955353 tempest-ServerBootFromVolumeStableRescueTest-1794955353-project-member] Using url versioning {{(pid=103032) process_request /opt/stack/glance/glance/api/middleware/version_negotiation.py:57}}
Aug 19 15:57:05.412498 np0000007787 devstack@g-api.service[103032]: DEBUG glance.api.middleware.version_negotiation [None req-ca73c383-6ce9-45f8-9925-73b4ca342665 tempest-ServerBootFromVolumeStableRescueTest-1794955353 tempest-ServerBootFromVolumeStableRescueTest-1794955353-project-member] Matched version: v2 {{(pid=103032) process_request /opt/stack/glance/glance/api/middleware/version_negotiation.py:69}}
Aug 19 15:57:05.412498 np0000007787 devstack@g-api.service[103032]: DEBUG glance.api.middleware.version_negotiation [None req-ca73c383-6ce9-45f8-9925-73b4ca342665 tempest-ServerBootFromVolumeStableRescueTest-1794955353 tempest-ServerBootFromVolumeStableRescueTest-1794955353-project-member] new path /v2/images/b740ad5f-8eed-420a-b896-1e6d1fc4e488 {{(pid=103032) process_request /opt/stack/glance/glance/api/middleware/version_negotiation.py:70}}
Aug 19 15:57:05.427875 np0000007787 devstack@g-api.service[103032]: [pid: 103032|app: 0|req: 46/182] 127.0.0.1 () {40 vars in 834 bytes} [Wed Aug 19 15:57:05 2026] GET /v2/images/b740ad5f-8eed-420a-b896-1e6d1fc4e488 => generated 1471 bytes in 16 msecs (HTTP/1.1 200) 4 headers in 158 bytes (1 switches on core 0)
Aug 19 15:57:05.547336 np0000007787 devstack@g-api.service[103031]: DEBUG swiftclient [None req-ca73c383-6ce9-45f8-9925-73b4ca342665 tempest-ServerBootFromVolumeStableRescueTest-1794955353 tempest-ServerBootFromVolumeStableRescueTest-1794955353-project-member] REQ: curl -i https://10.4.3.32:8080/v1/AUTH_b4ed1b5a463947f29ebef2b5e6fd5fe4/glance -I -H "X-Auth-Token: gAAAAABqhdJR5ie4..." {{(pid=103031) http_log /opt/stack/data/venv/lib/python3.12/site-packages/swiftclient/client.py:160}}
Aug 19 15:57:05.547845 np0000007787 devstack@g-api.service[103031]: DEBUG swiftclient [None req-ca73c383-6ce9-45f8-9925-73b4ca342665 tempest-ServerBootFromVolumeStableRescueTest-1794955353 tempest-ServerBootFromVolumeStableRescueTest-1794955353-project-member] RESP STATUS: 204 No Content {{(pid=103031) http_log /opt/stack/data/venv/lib/python3.12/site-packages/swiftclient/client.py:161}}
Aug 19 15:57:05.547845 np0000007787 devstack@g-api.service[103031]: DEBUG swiftclient [None req-ca73c383-6ce9-45f8-9925-73b4ca342665 tempest-ServerBootFromVolumeStableRescueTest-1794955353 tempest-ServerBootFromVolumeStableRescueTest-1794955353-project-member] RESP HEADERS: {'Date': 'Wed, 19 Aug 2026 15:57:05 GMT', 'Server': 'Apache/2.4.58 (Ubuntu)', 'Content-Type': 'text/plain; charset=utf-8', 'X-Container-Object-Count': '5', 'X-Container-Bytes-Used': '87883776', 'X-Timestamp': '1787154731.21853', 'Last-Modified': 'Wed, 19 Aug 2026 15:52:12 GMT', 'Accept-Ranges': 'bytes', 'X-Storage-Policy': 'Policy-0', 'X-Container-Sharding': 'False', 'Vary': 'Accept', 'X-Trans-Id': 'tx700ff8132c70432780cd1-006a85d251', 'X-Openstack-Request-Id': 'tx700ff8132c70432780cd1-006a85d251', 'Connection': 'close'} {{(pid=103031) http_log /opt/stack/data/venv/lib/python3.12/site-packages/swiftclient/client.py:162}}
Aug 19 15:57:05.547991 np0000007787 devstack@g-api.service[103031]: DEBUG glance_store._drivers.swift.store [None req-ca73c383-6ce9-45f8-9925-73b4ca342665 tempest-ServerBootFromVolumeStableRescueTest-1794955353 tempest-ServerBootFromVolumeStableRescueTest-1794955353-project-member] Adding image object 'b740ad5f-8eed-420a-b896-1e6d1fc4e488' to Swift {{(pid=103031) add /opt/stack/data/venv/lib/python3.12/site-packages/glance_store/_drivers/swift/store.py:970}}
Aug 19 15:57:05.547991 np0000007787 devstack@g-api.service[103031]: DEBUG glance_store._drivers.swift.store [None req-ca73c383-6ce9-45f8-9925-73b4ca342665 tempest-ServerBootFromVolumeStableRescueTest-1794955353 tempest-ServerBootFromVolumeStableRescueTest-1794955353-project-member] Cannot determine image size because it is either not provided in the request or chunked-transfer encoding is used. Adding image as a segmented object to Swift. {{(pid=103031) add /opt/stack/data/venv/lib/python3.12/site-packages/glance_store/_drivers/swift/store.py:994}}
Aug 19 15:57:05.559269 np0000007787 devstack@g-api.service[103031]: DEBUG oslo_utils.imageutils.format_inspector [None req-ca73c383-6ce9-45f8-9925-73b4ca342665 tempest-ServerBootFromVolumeStableRescueTest-1794955353 tempest-ServerBootFromVolumeStableRescueTest-1794955353-project-member] Format inspector for vmdk does not match, excluding from consideration (Signature KDMV not found: b'QFI\xfb') {{(pid=103031) _process_chunk /opt/stack/data/venv/lib/python3.12/site-packages/oslo_utils/imageutils/format_inspector.py:1758}}
Aug 19 15:57:05.562845 np0000007787 devstack@g-api.service[103031]: DEBUG oslo_utils.imageutils.format_inspector [None req-ca73c383-6ce9-45f8-9925-73b4ca342665 tempest-ServerBootFromVolumeStableRescueTest-1794955353 tempest-ServerBootFromVolumeStableRescueTest-1794955353-project-member] Format inspector for vhdx does not match, excluding from consideration (Region signature not found at 30000) {{(pid=103031) _process_chunk /opt/stack/data/venv/lib/python3.12/site-packages/oslo_utils/imageutils/format_inspector.py:1758}}
Aug 19 15:57:06.439991 np0000007787 devstack@g-api.service[103030]: DEBUG glance.api.middleware.version_negotiation [None req-1d21bee2-c826-4625-90a1-d95ab004665b tempest-ServerBootFromVolumeStableRescueTest-1794955353 tempest-ServerBootFromVolumeStableRescueTest-1794955353-project-member] Determining version of request: GET /v2/images/b740ad5f-8eed-420a-b896-1e6d1fc4e488 Accept: application/json {{(pid=103030) process_request /opt/stack/glance/glance/api/middleware/version_negotiation.py:44}}
Aug 19 15:57:06.439991 np0000007787 devstack@g-api.service[103030]: DEBUG glance.api.middleware.version_negotiation [None req-1d21bee2-c826-4625-90a1-d95ab004665b tempest-ServerBootFromVolumeStableRescueTest-1794955353 tempest-ServerBootFromVolumeStableRescueTest-1794955353-project-member] Using url versioning {{(pid=103030) process_request /opt/stack/glance/glance/api/middleware/version_negotiation.py:57}}
Aug 19 15:57:06.439991 np0000007787 devstack@g-api.service[103030]: DEBUG glance.api.middleware.version_negotiation [None req-1d21bee2-c826-4625-90a1-d95ab004665b tempest-ServerBootFromVolumeStableRescueTest-1794955353 tempest-ServerBootFromVolumeStableRescueTest-1794955353-project-member] Matched version: v2 {{(pid=103030) process_request /opt/stack/glance/glance/api/middleware/version_negotiation.py:69}}
Aug 19 15:57:06.439991 np0000007787 devstack@g-api.service[103030]: DEBUG glance.api.middleware.version_negotiation [None req-1d21bee2-c826-4625-90a1-d95ab004665b tempest-ServerBootFromVolumeStableRescueTest-1794955353 tempest-ServerBootFromVolumeStableRescueTest-1794955353-project-member] new path /v2/images/b740ad5f-8eed-420a-b896-1e6d1fc4e488 {{(pid=103030) process_request /opt/stack/glance/glance/api/middleware/version_negotiation.py:70}}
Aug 19 15:57:06.458527 np0000007787 devstack@g-api.service[103030]: [pid: 103030|app: 0|req: 48/183] 127.0.0.1 () {40 vars in 834 bytes} [Wed Aug 19 15:57:06 2026] GET /v2/images/b740ad5f-8eed-420a-b896-1e6d1fc4e488 => generated 1471 bytes in 19 msecs (HTTP/1.1 200) 4 headers in 158 bytes (1 switches on core 0)
Aug 19 15:57:06.550593 np0000007787 devstack@g-api.service[103033]: DEBUG glance.api.middleware.version_negotiation [None req-653193ad-1655-4e72-9775-d68e007d1cca tempest-ServerBootFromVolumeStableRescueTest-1794955353 tempest-ServerBootFromVolumeStableRescueTest-1794955353-project-member] Determining version of request: GET /v2/images/fd855bf0-0b2d-4264-962f-74c20224fbb9 Accept: application/json {{(pid=103033) process_request /opt/stack/glance/glance/api/middleware/version_negotiation.py:44}}
Aug 19 15:57:06.551007 np0000007787 devstack@g-api.service[103033]: DEBUG glance.api.middleware.version_negotiation [None req-653193ad-1655-4e72-9775-d68e007d1cca tempest-ServerBootFromVolumeStableRescueTest-1794955353 tempest-ServerBootFromVolumeStableRescueTest-1794955353-project-member] Using url versioning {{(pid=103033) process_request /opt/stack/glance/glance/api/middleware/version_negotiation.py:57}}
Aug 19 15:57:06.551007 np0000007787 devstack@g-api.service[103033]: DEBUG glance.api.middleware.version_negotiation [None req-653193ad-1655-4e72-9775-d68e007d1cca tempest-ServerBootFromVolumeStableRescueTest-1794955353 tempest-ServerBootFromVolumeStableRescueTest-1794955353-project-member] Matched version: v2 {{(pid=103033) process_request /opt/stack/glance/glance/api/middleware/version_negotiation.py:69}}
Aug 19 15:57:06.551143 np0000007787 devstack@g-api.service[103033]: DEBUG glance.api.middleware.version_negotiation [None req-653193ad-1655-4e72-9775-d68e007d1cca tempest-ServerBootFromVolumeStableRescueTest-1794955353 tempest-ServerBootFromVolumeStableRescueTest-1794955353-project-member] new path /v2/images/fd855bf0-0b2d-4264-962f-74c20224fbb9 {{(pid=103033) process_request /opt/stack/glance/glance/api/middleware/version_negotiation.py:70}}
Aug 19 15:57:06.811888 np0000007787 devstack@g-api.service[103033]: [pid: 103033|app: 0|req: 46/184] 127.0.0.1 () {40 vars in 834 bytes} [Wed Aug 19 15:57:06 2026] GET /v2/images/fd855bf0-0b2d-4264-962f-74c20224fbb9 => generated 1044 bytes in 261 msecs (HTTP/1.1 200) 4 headers in 158 bytes (1 switches on core 0)
Aug 19 15:57:06.942041 np0000007787 devstack@g-api.service[103031]: DEBUG swiftclient [None req-ca73c383-6ce9-45f8-9925-73b4ca342665 tempest-ServerBootFromVolumeStableRescueTest-1794955353 tempest-ServerBootFromVolumeStableRescueTest-1794955353-project-member] REQ: curl -i https://10.4.3.32:8080/v1/AUTH_b4ed1b5a463947f29ebef2b5e6fd5fe4/glance/b740ad5f-8eed-420a-b896-1e6d1fc4e488-00001 -X PUT -H "X-Auth-Token: gAAAAABqhdJR5ie4..." {{(pid=103031) http_log /opt/stack/data/venv/lib/python3.12/site-packages/swiftclient/client.py:160}}
Aug 19 15:57:06.942450 np0000007787 devstack@g-api.service[103031]: DEBUG swiftclient [None req-ca73c383-6ce9-45f8-9925-73b4ca342665 tempest-ServerBootFromVolumeStableRescueTest-1794955353 tempest-ServerBootFromVolumeStableRescueTest-1794955353-project-member] RESP STATUS: 201 Created {{(pid=103031) http_log /opt/stack/data/venv/lib/python3.12/site-packages/swiftclient/client.py:161}}
Aug 19 15:57:06.942450 np0000007787 devstack@g-api.service[103031]: DEBUG swiftclient [None req-ca73c383-6ce9-45f8-9925-73b4ca342665 tempest-ServerBootFromVolumeStableRescueTest-1794955353 tempest-ServerBootFromVolumeStableRescueTest-1794955353-project-member] RESP HEADERS: {'Date': 'Wed, 19 Aug 2026 15:57:06 GMT', 'Server': 'Apache/2.4.58 (Ubuntu)', 'Content-Type': 'text/html; charset=UTF-8', 'Content-Length': '0', 'Etag': '4fa343ee581d8d2e78533191fd1ac3e1', 'Last-Modified': 'Wed, 19 Aug 2026 15:57:06 GMT', 'X-Trans-Id': 'tx0ba2fd27f85b45949bb5c-006a85d251', 'X-Openstack-Request-Id': 'tx0ba2fd27f85b45949bb5c-006a85d251', 'Connection': 'close'} {{(pid=103031) http_log /opt/stack/data/venv/lib/python3.12/site-packages/swiftclient/client.py:162}}
