Aug 19 15:56:16.371769 np0000007787 devstack@g-api.service[103033]: [pid: 103033|app: 0|req: 22/87] 127.0.0.1 () {44 vars in 1051 bytes} [Wed Aug 19 15:56:16 2026] GET /v2/schemas/image => generated 6083 bytes in 6 msecs (HTTP/1.1 200) 4 headers in 158 bytes (1 switches on core 0)
Aug 19 15:56:17.142447 np0000007787 devstack@g-api.service[103032]: DEBUG glance.api.middleware.version_negotiation [None req-e2d49ca8-acfe-43e7-9886-7fcd545850c4 tempest-ServerBootFromVolumeStableRescueTest-1794955353 tempest-ServerBootFromVolumeStableRescueTest-1794955353-project-member] Determining version of request: GET /v2/images/693cf221-0c74-4246-aa26-204b081798fc Accept: application/json {{(pid=103032) process_request /opt/stack/glance/glance/api/middleware/version_negotiation.py:44}}
Aug 19 15:56:17.142866 np0000007787 devstack@g-api.service[103032]: DEBUG glance.api.middleware.version_negotiation [None req-e2d49ca8-acfe-43e7-9886-7fcd545850c4 tempest-ServerBootFromVolumeStableRescueTest-1794955353 tempest-ServerBootFromVolumeStableRescueTest-1794955353-project-member] Using url versioning {{(pid=103032) process_request /opt/stack/glance/glance/api/middleware/version_negotiation.py:57}}
Aug 19 15:56:17.142866 np0000007787 devstack@g-api.service[103032]: DEBUG glance.api.middleware.version_negotiation [None req-e2d49ca8-acfe-43e7-9886-7fcd545850c4 tempest-ServerBootFromVolumeStableRescueTest-1794955353 tempest-ServerBootFromVolumeStableRescueTest-1794955353-project-member] Matched version: v2 {{(pid=103032) process_request /opt/stack/glance/glance/api/middleware/version_negotiation.py:69}}
Aug 19 15:56:17.142866 np0000007787 devstack@g-api.service[103032]: DEBUG glance.api.middleware.version_negotiation [None req-e2d49ca8-acfe-43e7-9886-7fcd545850c4 tempest-ServerBootFromVolumeStableRescueTest-1794955353 tempest-ServerBootFromVolumeStableRescueTest-1794955353-project-member] new path /v2/images/693cf221-0c74-4246-aa26-204b081798fc {{(pid=103032) process_request /opt/stack/glance/glance/api/middleware/version_negotiation.py:70}}
Aug 19 15:56:17.159318 np0000007787 devstack@g-api.service[103032]: [pid: 103032|app: 0|req: 22/88] 127.0.0.1 () {40 vars in 834 bytes} [Wed Aug 19 15:56:17 2026] GET /v2/images/693cf221-0c74-4246-aa26-204b081798fc => generated 1359 bytes in 17 msecs (HTTP/1.1 200) 4 headers in 158 bytes (1 switches on core 0)
Aug 19 15:56:18.369209 np0000007787 devstack@g-api.service[103031]: DEBUG glance.api.middleware.version_negotiation [None req-fa6633a2-cc84-43a5-99f9-4b2b3a6d5363 tempest-ServerBootFromVolumeStableRescueTest-1794955353 tempest-ServerBootFromVolumeStableRescueTest-1794955353-project-member] Determining version of request: GET /v2/images/693cf221-0c74-4246-aa26-204b081798fc Accept: */* {{(pid=103031) process_request /opt/stack/glance/glance/api/middleware/version_negotiation.py:44}}
Aug 19 15:56:18.369209 np0000007787 devstack@g-api.service[103031]: DEBUG glance.api.middleware.version_negotiation [None req-fa6633a2-cc84-43a5-99f9-4b2b3a6d5363 tempest-ServerBootFromVolumeStableRescueTest-1794955353 tempest-ServerBootFromVolumeStableRescueTest-1794955353-project-member] Using url versioning {{(pid=103031) process_request /opt/stack/glance/glance/api/middleware/version_negotiation.py:57}}
Aug 19 15:56:18.369209 np0000007787 devstack@g-api.service[103031]: DEBUG glance.api.middleware.version_negotiation [None req-fa6633a2-cc84-43a5-99f9-4b2b3a6d5363 tempest-ServerBootFromVolumeStableRescueTest-1794955353 tempest-ServerBootFromVolumeStableRescueTest-1794955353-project-member] Matched version: v2 {{(pid=103031) process_request /opt/stack/glance/glance/api/middleware/version_negotiation.py:69}}
Aug 19 15:56:18.369209 np0000007787 devstack@g-api.service[103031]: DEBUG glance.api.middleware.version_negotiation [None req-fa6633a2-cc84-43a5-99f9-4b2b3a6d5363 tempest-ServerBootFromVolumeStableRescueTest-1794955353 tempest-ServerBootFromVolumeStableRescueTest-1794955353-project-member] new path /v2/images/693cf221-0c74-4246-aa26-204b081798fc {{(pid=103031) process_request /opt/stack/glance/glance/api/middleware/version_negotiation.py:70}}
Aug 19 15:56:18.369209 np0000007787 devstack@g-api.service[103031]: [pid: 103031|app: 0|req: 22/89] 127.0.0.1 () {44 vars in 1111 bytes} [Wed Aug 19 15:56:17 2026] GET /v2/images/693cf221-0c74-4246-aa26-204b081798fc => generated 1359 bytes in 19 msecs (HTTP/1.1 200) 4 headers in 158 bytes (1 switches on core 0)
Aug 19 15:56:18.373333 np0000007787 devstack@g-api.service[103030]: DEBUG glance.api.middleware.version_negotiation [None req-e2d49ca8-acfe-43e7-9886-7fcd545850c4 tempest-ServerBootFromVolumeStableRescueTest-1794955353 tempest-ServerBootFromVolumeStableRescueTest-1794955353-project-member] Determining version of request: GET /v2/schemas/image Accept: */* {{(pid=103030) process_request /opt/stack/glance/glance/api/middleware/version_negotiation.py:44}}
Aug 19 15:56:18.373333 np0000007787 devstack@g-api.service[103030]: DEBUG glance.api.middleware.version_negotiation [None req-e2d49ca8-acfe-43e7-9886-7fcd545850c4 tempest-ServerBootFromVolumeStableRescueTest-1794955353 tempest-ServerBootFromVolumeStableRescueTest-1794955353-project-member] Using url versioning {{(pid=103030) process_request /opt/stack/glance/glance/api/middleware/version_negotiation.py:57}}
Aug 19 15:56:18.373333 np0000007787 devstack@g-api.service[103030]: DEBUG glance.api.middleware.version_negotiation [None req-e2d49ca8-acfe-43e7-9886-7fcd545850c4 tempest-ServerBootFromVolumeStableRescueTest-1794955353 tempest-ServerBootFromVolumeStableRescueTest-1794955353-project-member] Matched version: v2 {{(pid=103030) process_request /opt/stack/glance/glance/api/middleware/version_negotiation.py:69}}
Aug 19 15:56:18.373333 np0000007787 devstack@g-api.service[103030]: DEBUG glance.api.middleware.version_negotiation [None req-e2d49ca8-acfe-43e7-9886-7fcd545850c4 tempest-ServerBootFromVolumeStableRescueTest-1794955353 tempest-ServerBootFromVolumeStableRescueTest-1794955353-project-member] new path /v2/schemas/image {{(pid=103030) process_request /opt/stack/glance/glance/api/middleware/version_negotiation.py:70}}
Aug 19 15:56:18.373333 np0000007787 devstack@g-api.service[103030]: [pid: 103030|app: 0|req: 24/90] 127.0.0.1 () {44 vars in 1051 bytes} [Wed Aug 19 15:56:17 2026] GET /v2/schemas/image => generated 6083 bytes in 5 msecs (HTTP/1.1 200) 4 headers in 158 bytes (1 switches on core 0)
Aug 19 15:56:18.374688 np0000007787 devstack@g-api.service[103033]: DEBUG glance.api.middleware.version_negotiation [None req-e2d49ca8-acfe-43e7-9886-7fcd545850c4 tempest-ServerBootFromVolumeStableRescueTest-1794955353 tempest-ServerBootFromVolumeStableRescueTest-1794955353-project-member] Determining version of request: GET /v2/schemas/image Accept: */* {{(pid=103033) process_request /opt/stack/glance/glance/api/middleware/version_negotiation.py:44}}
Aug 19 15:56:18.374688 np0000007787 devstack@g-api.service[103033]: DEBUG glance.api.middleware.version_negotiation [None req-e2d49ca8-acfe-43e7-9886-7fcd545850c4 tempest-ServerBootFromVolumeStableRescueTest-1794955353 tempest-ServerBootFromVolumeStableRescueTest-1794955353-project-member] Using url versioning {{(pid=103033) process_request /opt/stack/glance/glance/api/middleware/version_negotiation.py:57}}
Aug 19 15:56:18.374688 np0000007787 devstack@g-api.service[103033]: DEBUG glance.api.middleware.version_negotiation [None req-e2d49ca8-acfe-43e7-9886-7fcd545850c4 tempest-ServerBootFromVolumeStableRescueTest-1794955353 tempest-ServerBootFromVolumeStableRescueTest-1794955353-project-member] Matched version: v2 {{(pid=103033) process_request /opt/stack/glance/glance/api/middleware/version_negotiation.py:69}}
Aug 19 15:56:18.374688 np0000007787 devstack@g-api.service[103033]: DEBUG glance.api.middleware.version_negotiation [None req-e2d49ca8-acfe-43e7-9886-7fcd545850c4 tempest-ServerBootFromVolumeStableRescueTest-1794955353 tempest-ServerBootFromVolumeStableRescueTest-1794955353-project-member] new path /v2/schemas/image {{(pid=103033) process_request /opt/stack/glance/glance/api/middleware/version_negotiation.py:70}}
Aug 19 15:56:18.374688 np0000007787 devstack@g-api.service[103033]: [pid: 103033|app: 0|req: 23/91] 127.0.0.1 () {44 vars in 1051 bytes} [Wed Aug 19 15:56:17 2026] GET /v2/schemas/image => generated 6083 bytes in 3 msecs (HTTP/1.1 200) 4 headers in 158 bytes (1 switches on core 0)
Aug 19 15:56:18.376321 np0000007787 devstack@g-api.service[103032]: DEBUG glance.api.middleware.version_negotiation [None req-446c3af7-3650-4488-a691-2b9566b299f6 tempest-ServerBootFromVolumeStableRescueTest-1794955353 tempest-ServerBootFromVolumeStableRescueTest-1794955353-project-member] Determining version of request: PATCH /v2/images/693cf221-0c74-4246-aa26-204b081798fc Accept: */* {{(pid=103032) process_request /opt/stack/glance/glance/api/middleware/version_negotiation.py:44}}
Aug 19 15:56:18.376321 np0000007787 devstack@g-api.service[103032]: DEBUG glance.api.middleware.version_negotiation [None req-446c3af7-3650-4488-a691-2b9566b299f6 tempest-ServerBootFromVolumeStableRescueTest-1794955353 tempest-ServerBootFromVolumeStableRescueTest-1794955353-project-member] Using url versioning {{(pid=103032) process_request /opt/stack/glance/glance/api/middleware/version_negotiation.py:57}}
Aug 19 15:56:18.376321 np0000007787 devstack@g-api.service[103032]: DEBUG glance.api.middleware.version_negotiation [None req-446c3af7-3650-4488-a691-2b9566b299f6 tempest-ServerBootFromVolumeStableRescueTest-1794955353 tempest-ServerBootFromVolumeStableRescueTest-1794955353-project-member] Matched version: v2 {{(pid=103032) process_request /opt/stack/glance/glance/api/middleware/version_negotiation.py:69}}
Aug 19 15:56:18.376321 np0000007787 devstack@g-api.service[103032]: DEBUG glance.api.middleware.version_negotiation [None req-446c3af7-3650-4488-a691-2b9566b299f6 tempest-ServerBootFromVolumeStableRescueTest-1794955353 tempest-ServerBootFromVolumeStableRescueTest-1794955353-project-member] new path /v2/images/693cf221-0c74-4246-aa26-204b081798fc {{(pid=103032) process_request /opt/stack/glance/glance/api/middleware/version_negotiation.py:70}}
Aug 19 15:56:18.376321 np0000007787 devstack@g-api.service[103032]: [pid: 103032|app: 0|req: 23/92] 127.0.0.1 () {46 vars in 1154 bytes} [Wed Aug 19 15:56:17 2026] PATCH /v2/images/693cf221-0c74-4246-aa26-204b081798fc => generated 1470 bytes in 252 msecs (HTTP/1.1 200) 4 headers in 158 bytes (1 switches on core 0)
Aug 19 15:56:18.377529 np0000007787 devstack@g-api.service[103031]: DEBUG glance.api.middleware.version_negotiation [None req-e2d49ca8-acfe-43e7-9886-7fcd545850c4 tempest-ServerBootFromVolumeStableRescueTest-1794955353 tempest-ServerBootFromVolumeStableRescueTest-1794955353-project-member] Determining version of request: GET /v2/images/693cf221-0c74-4246-aa26-204b081798fc Accept: */* {{(pid=103031) process_request /opt/stack/glance/glance/api/middleware/version_negotiation.py:44}}
Aug 19 15:56:18.377529 np0000007787 devstack@g-api.service[103031]: DEBUG glance.api.middleware.version_negotiation [None req-e2d49ca8-acfe-43e7-9886-7fcd545850c4 tempest-ServerBootFromVolumeStableRescueTest-1794955353 tempest-ServerBootFromVolumeStableRescueTest-1794955353-project-member] Using url versioning {{(pid=103031) process_request /opt/stack/glance/glance/api/middleware/version_negotiation.py:57}}
Aug 19 15:56:18.377529 np0000007787 devstack@g-api.service[103031]: DEBUG glance.api.middleware.version_negotiation [None req-e2d49ca8-acfe-43e7-9886-7fcd545850c4 tempest-ServerBootFromVolumeStableRescueTest-1794955353 tempest-ServerBootFromVolumeStableRescueTest-1794955353-project-member] Matched version: v2 {{(pid=103031) process_request /opt/stack/glance/glance/api/middleware/version_negotiation.py:69}}
Aug 19 15:56:18.377529 np0000007787 devstack@g-api.service[103031]: DEBUG glance.api.middleware.version_negotiation [None req-e2d49ca8-acfe-43e7-9886-7fcd545850c4 tempest-ServerBootFromVolumeStableRescueTest-1794955353 tempest-ServerBootFromVolumeStableRescueTest-1794955353-project-member] new path /v2/images/693cf221-0c74-4246-aa26-204b081798fc {{(pid=103031) process_request /opt/stack/glance/glance/api/middleware/version_negotiation.py:70}}
Aug 19 15:56:18.379250 np0000007787 devstack@g-api.service[103030]: DEBUG glance.api.middleware.version_negotiation [None req-e2d49ca8-acfe-43e7-9886-7fcd545850c4 tempest-ServerBootFromVolumeStableRescueTest-1794955353 tempest-ServerBootFromVolumeStableRescueTest-1794955353-project-member] Determining version of request: GET /v2/images/693cf221-0c74-4246-aa26-204b081798fc Accept: application/json {{(pid=103030) process_request /opt/stack/glance/glance/api/middleware/version_negotiation.py:44}}
Aug 19 15:56:18.379250 np0000007787 devstack@g-api.service[103030]: DEBUG glance.api.middleware.version_negotiation [None req-e2d49ca8-acfe-43e7-9886-7fcd545850c4 tempest-ServerBootFromVolumeStableRescueTest-1794955353 tempest-ServerBootFromVolumeStableRescueTest-1794955353-project-member] Using url versioning {{(pid=103030) process_request /opt/stack/glance/glance/api/middleware/version_negotiation.py:57}}
Aug 19 15:56:18.379250 np0000007787 devstack@g-api.service[103030]: DEBUG glance.api.middleware.version_negotiation [None req-e2d49ca8-acfe-43e7-9886-7fcd545850c4 tempest-ServerBootFromVolumeStableRescueTest-1794955353 tempest-ServerBootFromVolumeStableRescueTest-1794955353-project-member] Matched version: v2 {{(pid=103030) process_request /opt/stack/glance/glance/api/middleware/version_negotiation.py:69}}
Aug 19 15:56:18.379250 np0000007787 devstack@g-api.service[103030]: DEBUG glance.api.middleware.version_negotiation [None req-e2d49ca8-acfe-43e7-9886-7fcd545850c4 tempest-ServerBootFromVolumeStableRescueTest-1794955353 tempest-ServerBootFromVolumeStableRescueTest-1794955353-project-member] new path /v2/images/693cf221-0c74-4246-aa26-204b081798fc {{(pid=103030) process_request /opt/stack/glance/glance/api/middleware/version_negotiation.py:70}}
Aug 19 15:56:18.379944 np0000007787 devstack@g-api.service[103031]: [pid: 103031|app: 0|req: 23/93] 127.0.0.1 () {44 vars in 1111 bytes} [Wed Aug 19 15:56:18 2026] GET /v2/images/693cf221-0c74-4246-aa26-204b081798fc => generated 1470 bytes in 13 msecs (HTTP/1.1 200) 4 headers in 158 bytes (1 switches on core 0)
Aug 19 15:56:18.380725 np0000007787 devstack@g-api.service[103030]: [pid: 103030|app: 0|req: 25/94] 127.0.0.1 () {40 vars in 834 bytes} [Wed Aug 19 15:56:18 2026] GET /v2/images/693cf221-0c74-4246-aa26-204b081798fc => generated 1470 bytes in 20 msecs (HTTP/1.1 200) 4 headers in 158 bytes (1 switches on core 0)
Aug 19 15:56:18.381374 np0000007787 devstack@g-api.service[103033]: DEBUG glance.api.middleware.version_negotiation [None req-e2d49ca8-acfe-43e7-9886-7fcd545850c4 tempest-ServerBootFromVolumeStableRescueTest-1794955353 tempest-ServerBootFromVolumeStableRescueTest-1794955353-project-member] Determining version of request: PUT /v2/images/693cf221-0c74-4246-aa26-204b081798fc/file Accept: */* {{(pid=103033) process_request /opt/stack/glance/glance/api/middleware/version_negotiation.py:44}}
Aug 19 15:56:18.381374 np0000007787 devstack@g-api.service[103033]: DEBUG glance.api.middleware.version_negotiation [None req-e2d49ca8-acfe-43e7-9886-7fcd545850c4 tempest-ServerBootFromVolumeStableRescueTest-1794955353 tempest-ServerBootFromVolumeStableRescueTest-1794955353-project-member] Using url versioning {{(pid=103033) process_request /opt/stack/glance/glance/api/middleware/version_negotiation.py:57}}
Aug 19 15:56:18.381374 np0000007787 devstack@g-api.service[103033]: DEBUG glance.api.middleware.version_negotiation [None req-e2d49ca8-acfe-43e7-9886-7fcd545850c4 tempest-ServerBootFromVolumeStableRescueTest-1794955353 tempest-ServerBootFromVolumeStableRescueTest-1794955353-project-member] Matched version: v2 {{(pid=103033) process_request /opt/stack/glance/glance/api/middleware/version_negotiation.py:69}}
Aug 19 15:56:18.381374 np0000007787 devstack@g-api.service[103033]: DEBUG glance.api.middleware.version_negotiation [None req-e2d49ca8-acfe-43e7-9886-7fcd545850c4 tempest-ServerBootFromVolumeStableRescueTest-1794955353 tempest-ServerBootFromVolumeStableRescueTest-1794955353-project-member] new path /v2/images/693cf221-0c74-4246-aa26-204b081798fc/file {{(pid=103033) process_request /opt/stack/glance/glance/api/middleware/version_negotiation.py:70}}
Aug 19 15:56:19.110252 np0000007787 devstack@g-api.service[103033]: INFO glance.api.v2.image_data [None req-e2d49ca8-acfe-43e7-9886-7fcd545850c4 tempest-ServerBootFromVolumeStableRescueTest-1794955353 tempest-ServerBootFromVolumeStableRescueTest-1794955353-project-member] Unable to create trust: no such option collect_timing in group [keystone_authtoken] Use the existing user token.
Aug 19 15:56:19.201530 np0000007787 devstack@g-api.service[103032]: DEBUG glance.api.middleware.version_negotiation [None req-e2d49ca8-acfe-43e7-9886-7fcd545850c4 tempest-ServerBootFromVolumeStableRescueTest-1794955353 tempest-ServerBootFromVolumeStableRescueTest-1794955353-project-member] Determining version of request: GET /v2/images/693cf221-0c74-4246-aa26-204b081798fc Accept: application/json {{(pid=103032) process_request /opt/stack/glance/glance/api/middleware/version_negotiation.py:44}}
Aug 19 15:56:19.202419 np0000007787 devstack@g-api.service[103032]: DEBUG glance.api.middleware.version_negotiation [None req-e2d49ca8-acfe-43e7-9886-7fcd545850c4 tempest-ServerBootFromVolumeStableRescueTest-1794955353 tempest-ServerBootFromVolumeStableRescueTest-1794955353-project-member] Using url versioning {{(pid=103032) process_request /opt/stack/glance/glance/api/middleware/version_negotiation.py:57}}
Aug 19 15:56:19.202688 np0000007787 devstack@g-api.service[103032]: DEBUG glance.api.middleware.version_negotiation [None req-e2d49ca8-acfe-43e7-9886-7fcd545850c4 tempest-ServerBootFromVolumeStableRescueTest-1794955353 tempest-ServerBootFromVolumeStableRescueTest-1794955353-project-member] Matched version: v2 {{(pid=103032) process_request /opt/stack/glance/glance/api/middleware/version_negotiation.py:69}}
Aug 19 15:56:19.203547 np0000007787 devstack@g-api.service[103032]: DEBUG glance.api.middleware.version_negotiation [None req-e2d49ca8-acfe-43e7-9886-7fcd545850c4 tempest-ServerBootFromVolumeStableRescueTest-1794955353 tempest-ServerBootFromVolumeStableRescueTest-1794955353-project-member] new path /v2/images/693cf221-0c74-4246-aa26-204b081798fc {{(pid=103032) process_request /opt/stack/glance/glance/api/middleware/version_negotiation.py:70}}
Aug 19 15:56:19.217000 np0000007787 devstack@g-api.service[103032]: [pid: 103032|app: 0|req: 24/95] 127.0.0.1 () {40 vars in 834 bytes} [Wed Aug 19 15:56:19 2026] GET /v2/images/693cf221-0c74-4246-aa26-204b081798fc => generated 1470 bytes in 15 msecs (HTTP/1.1 200) 4 headers in 158 bytes (1 switches on core 0)
Aug 19 15:56:20.046289 np0000007787 devstack@g-api.service[103033]: DEBUG glance.location [None req-e2d49ca8-acfe-43e7-9886-7fcd545850c4 tempest-ServerBootFromVolumeStableRescueTest-1794955353 tempest-ServerBootFromVolumeStableRescueTest-1794955353-project-member] Enabling in-flight format inspection for qcow2 {{(pid=103033) set_data /opt/stack/glance/glance/location.py:596}}
Aug 19 15:56:20.046835 np0000007787 devstack@g-api.service[103033]: DEBUG glance_store.backend [None req-e2d49ca8-acfe-43e7-9886-7fcd545850c4 tempest-ServerBootFromVolumeStableRescueTest-1794955353 tempest-ServerBootFromVolumeStableRescueTest-1794955353-project-member] Attempting to import store swift {{(pid=103033) _load_store /opt/stack/data/venv/lib/python3.12/site-packages/glance_store/backend.py:215}}
Aug 19 15:56:20.048698 np0000007787 devstack@g-api.service[103033]: DEBUG glance_store.capabilities [None req-e2d49ca8-acfe-43e7-9886-7fcd545850c4 tempest-ServerBootFromVolumeStableRescueTest-1794955353 tempest-ServerBootFromVolumeStableRescueTest-1794955353-project-member] Store glance_store._drivers.swift.store.SingleTenantStore doesn't support updating dynamic storage capabilities. Please overwrite 'update_capabilities' method of the store to implement updating logics if needed. {{(pid=103033) update_capabilities /opt/stack/data/venv/lib/python3.12/site-packages/glance_store/capabilities.py:91}}
Aug 19 15:56:20.049420 np0000007787 devstack@g-api.service[103033]: DEBUG glance_store.driver [None req-e2d49ca8-acfe-43e7-9886-7fcd545850c4 tempest-ServerBootFromVolumeStableRescueTest-1794955353 tempest-ServerBootFromVolumeStableRescueTest-1794955353-project-member] Late loading location class glance_store._drivers.swift.store.StoreLocation {{(pid=103033) get_store_location_class /opt/stack/data/venv/lib/python3.12/site-packages/glance_store/driver.py:134}}
Aug 19 15:56:20.049547 np0000007787 devstack@g-api.service[103033]: DEBUG glance_store.location [None req-e2d49ca8-acfe-43e7-9886-7fcd545850c4 tempest-ServerBootFromVolumeStableRescueTest-1794955353 tempest-ServerBootFromVolumeStableRescueTest-1794955353-project-member] Registering scheme swift+https with {'store': , 'location_class': , 'store_entry': 'swift'} {{(pid=103033) register_scheme_map /opt/stack/data/venv/lib/python3.12/site-packages/glance_store/location.py:146}}
Aug 19 15:56:20.049671 np0000007787 devstack@g-api.service[103033]: DEBUG glance_store.location [None req-e2d49ca8-acfe-43e7-9886-7fcd545850c4 tempest-ServerBootFromVolumeStableRescueTest-1794955353 tempest-ServerBootFromVolumeStableRescueTest-1794955353-project-member] Registering scheme swift+https with {'store': , 'location_class': , 'store_entry': 'swift'} {{(pid=103033) register_scheme_map /opt/stack/data/venv/lib/python3.12/site-packages/glance_store/location.py:146}}
Aug 19 15:56:20.049749 np0000007787 devstack@g-api.service[103033]: DEBUG glance_store.location [None req-e2d49ca8-acfe-43e7-9886-7fcd545850c4 tempest-ServerBootFromVolumeStableRescueTest-1794955353 tempest-ServerBootFromVolumeStableRescueTest-1794955353-project-member] Registering scheme swift with {'store': , 'location_class': , 'store_entry': 'swift'} {{(pid=103033) register_scheme_map /opt/stack/data/venv/lib/python3.12/site-packages/glance_store/location.py:146}}
Aug 19 15:56:20.050649 np0000007787 devstack@g-api.service[103033]: DEBUG glance_store.location [None req-e2d49ca8-acfe-43e7-9886-7fcd545850c4 tempest-ServerBootFromVolumeStableRescueTest-1794955353 tempest-ServerBootFromVolumeStableRescueTest-1794955353-project-member] Registering scheme swift+https with {'store': , 'location_class': , 'store_entry': 'swift'} {{(pid=103033) register_scheme_map /opt/stack/data/venv/lib/python3.12/site-packages/glance_store/location.py:146}}
Aug 19 15:56:20.050649 np0000007787 devstack@g-api.service[103033]: DEBUG glance_store.location [None req-e2d49ca8-acfe-43e7-9886-7fcd545850c4 tempest-ServerBootFromVolumeStableRescueTest-1794955353 tempest-ServerBootFromVolumeStableRescueTest-1794955353-project-member] Registering scheme swift with {'store': , 'location_class': , 'store_entry': 'swift'} {{(pid=103033) register_scheme_map /opt/stack/data/venv/lib/python3.12/site-packages/glance_store/location.py:146}}
Aug 19 15:56:20.050814 np0000007787 devstack@g-api.service[103033]: DEBUG glance_store.location [None req-e2d49ca8-acfe-43e7-9886-7fcd545850c4 tempest-ServerBootFromVolumeStableRescueTest-1794955353 tempest-ServerBootFromVolumeStableRescueTest-1794955353-project-member] Registering scheme swift+http with {'store': , 'location_class': , 'store_entry': 'swift'} {{(pid=103033) register_scheme_map /opt/stack/data/venv/lib/python3.12/site-packages/glance_store/location.py:146}}
Aug 19 15:56:20.050901 np0000007787 devstack@g-api.service[103033]: DEBUG glance_store.location [None req-e2d49ca8-acfe-43e7-9886-7fcd545850c4 tempest-ServerBootFromVolumeStableRescueTest-1794955353 tempest-ServerBootFromVolumeStableRescueTest-1794955353-project-member] Registering scheme swift+https with {'store': , 'location_class': , 'store_entry': 'swift'} {{(pid=103033) register_scheme_map /opt/stack/data/venv/lib/python3.12/site-packages/glance_store/location.py:146}}
Aug 19 15:56:20.051031 np0000007787 devstack@g-api.service[103033]: DEBUG glance_store.location [None req-e2d49ca8-acfe-43e7-9886-7fcd545850c4 tempest-ServerBootFromVolumeStableRescueTest-1794955353 tempest-ServerBootFromVolumeStableRescueTest-1794955353-project-member] Registering scheme swift with {'store': , 'location_class': , 'store_entry': 'swift'} {{(pid=103033) register_scheme_map /opt/stack/data/venv/lib/python3.12/site-packages/glance_store/location.py:146}}
Aug 19 15:56:20.051095 np0000007787 devstack@g-api.service[103033]: DEBUG glance_store.location [None req-e2d49ca8-acfe-43e7-9886-7fcd545850c4 tempest-ServerBootFromVolumeStableRescueTest-1794955353 tempest-ServerBootFromVolumeStableRescueTest-1794955353-project-member] Registering scheme swift+http with {'store': , 'location_class': , 'store_entry': 'swift'} {{(pid=103033) register_scheme_map /opt/stack/data/venv/lib/python3.12/site-packages/glance_store/location.py:146}}
Aug 19 15:56:20.051185 np0000007787 devstack@g-api.service[103033]: DEBUG glance_store.location [None req-e2d49ca8-acfe-43e7-9886-7fcd545850c4 tempest-ServerBootFromVolumeStableRescueTest-1794955353 tempest-ServerBootFromVolumeStableRescueTest-1794955353-project-member] Registering scheme swift+config with {'store': , 'location_class': , 'store_entry': 'swift'} {{(pid=103033) register_scheme_map /opt/stack/data/venv/lib/python3.12/site-packages/glance_store/location.py:146}}
Aug 19 15:56:20.231512 np0000007787 devstack@g-api.service[103031]: DEBUG glance.api.middleware.version_negotiation [None req-e2d49ca8-acfe-43e7-9886-7fcd545850c4 tempest-ServerBootFromVolumeStableRescueTest-1794955353 tempest-ServerBootFromVolumeStableRescueTest-1794955353-project-member] Determining version of request: GET /v2/images/693cf221-0c74-4246-aa26-204b081798fc Accept: application/json {{(pid=103031) process_request /opt/stack/glance/glance/api/middleware/version_negotiation.py:44}}
Aug 19 15:56:20.231512 np0000007787 devstack@g-api.service[103031]: DEBUG glance.api.middleware.version_negotiation [None req-e2d49ca8-acfe-43e7-9886-7fcd545850c4 tempest-ServerBootFromVolumeStableRescueTest-1794955353 tempest-ServerBootFromVolumeStableRescueTest-1794955353-project-member] Using url versioning {{(pid=103031) process_request /opt/stack/glance/glance/api/middleware/version_negotiation.py:57}}
Aug 19 15:56:20.231512 np0000007787 devstack@g-api.service[103031]: DEBUG glance.api.middleware.version_negotiation [None req-e2d49ca8-acfe-43e7-9886-7fcd545850c4 tempest-ServerBootFromVolumeStableRescueTest-1794955353 tempest-ServerBootFromVolumeStableRescueTest-1794955353-project-member] Matched version: v2 {{(pid=103031) process_request /opt/stack/glance/glance/api/middleware/version_negotiation.py:69}}
Aug 19 15:56:20.231512 np0000007787 devstack@g-api.service[103031]: DEBUG glance.api.middleware.version_negotiation [None req-e2d49ca8-acfe-43e7-9886-7fcd545850c4 tempest-ServerBootFromVolumeStableRescueTest-1794955353 tempest-ServerBootFromVolumeStableRescueTest-1794955353-project-member] new path /v2/images/693cf221-0c74-4246-aa26-204b081798fc {{(pid=103031) process_request /opt/stack/glance/glance/api/middleware/version_negotiation.py:70}}
Aug 19 15:56:20.247270 np0000007787 devstack@g-api.service[103031]: [pid: 103031|app: 0|req: 24/96] 127.0.0.1 () {40 vars in 834 bytes} [Wed Aug 19 15:56:20 2026] GET /v2/images/693cf221-0c74-4246-aa26-204b081798fc => generated 1470 bytes in 17 msecs (HTTP/1.1 200) 4 headers in 158 bytes (1 switches on core 0)
Aug 19 15:56:20.385129 np0000007787 devstack@g-api.service[103033]: DEBUG swiftclient [None req-e2d49ca8-acfe-43e7-9886-7fcd545850c4 tempest-ServerBootFromVolumeStableRescueTest-1794955353 tempest-ServerBootFromVolumeStableRescueTest-1794955353-project-member] REQ: curl -i https://10.4.3.32:8080/v1/AUTH_b4ed1b5a463947f29ebef2b5e6fd5fe4/glance -I -H "X-Auth-Token: gAAAAABqhdIkcxbc..." {{(pid=103033) http_log /opt/stack/data/venv/lib/python3.12/site-packages/swiftclient/client.py:160}}
Aug 19 15:56:20.385313 np0000007787 devstack@g-api.service[103033]: DEBUG swiftclient [None req-e2d49ca8-acfe-43e7-9886-7fcd545850c4 tempest-ServerBootFromVolumeStableRescueTest-1794955353 tempest-ServerBootFromVolumeStableRescueTest-1794955353-project-member] RESP STATUS: 204 No Content {{(pid=103033) http_log /opt/stack/data/venv/lib/python3.12/site-packages/swiftclient/client.py:161}}
Aug 19 15:56:20.385611 np0000007787 devstack@g-api.service[103033]: DEBUG swiftclient [None req-e2d49ca8-acfe-43e7-9886-7fcd545850c4 tempest-ServerBootFromVolumeStableRescueTest-1794955353 tempest-ServerBootFromVolumeStableRescueTest-1794955353-project-member] RESP HEADERS: {'Date': 'Wed, 19 Aug 2026 15:56:20 GMT', 'Server': 'Apache/2.4.58 (Ubuntu)', 'Content-Type': 'text/plain; charset=utf-8', 'X-Container-Object-Count': '3', 'X-Container-Bytes-Used': '64356352', 'X-Timestamp': '1787154731.21853', 'Last-Modified': 'Wed, 19 Aug 2026 15:52:12 GMT', 'Accept-Ranges': 'bytes', 'X-Storage-Policy': 'Policy-0', 'X-Container-Sharding': 'False', 'Vary': 'Accept', 'X-Trans-Id': 'tx0495f4dff6a5457eabfc5-006a85d224', 'X-Openstack-Request-Id': 'tx0495f4dff6a5457eabfc5-006a85d224', 'Connection': 'close'} {{(pid=103033) http_log /opt/stack/data/venv/lib/python3.12/site-packages/swiftclient/client.py:162}}
Aug 19 15:56:20.386107 np0000007787 devstack@g-api.service[103033]: DEBUG glance_store._drivers.swift.store [None req-e2d49ca8-acfe-43e7-9886-7fcd545850c4 tempest-ServerBootFromVolumeStableRescueTest-1794955353 tempest-ServerBootFromVolumeStableRescueTest-1794955353-project-member] Adding image object '693cf221-0c74-4246-aa26-204b081798fc' to Swift {{(pid=103033) add /opt/stack/data/venv/lib/python3.12/site-packages/glance_store/_drivers/swift/store.py:970}}
Aug 19 15:56:20.386107 np0000007787 devstack@g-api.service[103033]: DEBUG glance_store._drivers.swift.store [None req-e2d49ca8-acfe-43e7-9886-7fcd545850c4 tempest-ServerBootFromVolumeStableRescueTest-1794955353 tempest-ServerBootFromVolumeStableRescueTest-1794955353-project-member] Cannot determine image size because it is either not provided in the request or chunked-transfer encoding is used. Adding image as a segmented object to Swift. {{(pid=103033) add /opt/stack/data/venv/lib/python3.12/site-packages/glance_store/_drivers/swift/store.py:994}}
Aug 19 15:56:20.393836 np0000007787 devstack@g-api.service[103033]: DEBUG oslo_utils.imageutils.format_inspector [None req-e2d49ca8-acfe-43e7-9886-7fcd545850c4 tempest-ServerBootFromVolumeStableRescueTest-1794955353 tempest-ServerBootFromVolumeStableRescueTest-1794955353-project-member] Format inspector for vmdk does not match, excluding from consideration (Signature KDMV not found: b'QFI\xfb') {{(pid=103033) _process_chunk /opt/stack/data/venv/lib/python3.12/site-packages/oslo_utils/imageutils/format_inspector.py:1758}}
Aug 19 15:56:20.397059 np0000007787 devstack@g-api.service[103033]: DEBUG oslo_utils.imageutils.format_inspector [None req-e2d49ca8-acfe-43e7-9886-7fcd545850c4 tempest-ServerBootFromVolumeStableRescueTest-1794955353 tempest-ServerBootFromVolumeStableRescueTest-1794955353-project-member] Format inspector for vhdx does not match, excluding from consideration (Region signature not found at 30000) {{(pid=103033) _process_chunk /opt/stack/data/venv/lib/python3.12/site-packages/oslo_utils/imageutils/format_inspector.py:1758}}
Aug 19 15:56:20.720423 np0000007787 devstack@g-api.service[103033]: DEBUG swiftclient [None req-e2d49ca8-acfe-43e7-9886-7fcd545850c4 tempest-ServerBootFromVolumeStableRescueTest-1794955353 tempest-ServerBootFromVolumeStableRescueTest-1794955353-project-member] REQ: curl -i https://10.4.3.32:8080/v1/AUTH_b4ed1b5a463947f29ebef2b5e6fd5fe4/glance/693cf221-0c74-4246-aa26-204b081798fc-00001 -X PUT -H "X-Auth-Token: gAAAAABqhdIkcxbc..." {{(pid=103033) http_log /opt/stack/data/venv/lib/python3.12/site-packages/swiftclient/client.py:160}}
Aug 19 15:56:20.720700 np0000007787 devstack@g-api.service[103033]: DEBUG swiftclient [None req-e2d49ca8-acfe-43e7-9886-7fcd545850c4 tempest-ServerBootFromVolumeStableRescueTest-1794955353 tempest-ServerBootFromVolumeStableRescueTest-1794955353-project-member] RESP STATUS: 201 Created {{(pid=103033) http_log /opt/stack/data/venv/lib/python3.12/site-packages/swiftclient/client.py:161}}
Aug 19 15:56:20.720950 np0000007787 devstack@g-api.service[103033]: DEBUG swiftclient [None req-e2d49ca8-acfe-43e7-9886-7fcd545850c4 tempest-ServerBootFromVolumeStableRescueTest-1794955353 tempest-ServerBootFromVolumeStableRescueTest-1794955353-project-member] RESP HEADERS: {'Date': 'Wed, 19 Aug 2026 15:56:20 GMT', 'Server': 'Apache/2.4.58 (Ubuntu)', 'Content-Type': 'text/html; charset=UTF-8', 'Content-Length': '0', 'Etag': '4fa343ee581d8d2e78533191fd1ac3e1', 'Last-Modified': 'Wed, 19 Aug 2026 15:56:21 GMT', 'X-Trans-Id': 'tx65b73b87555542a4a2355-006a85d224', 'X-Openstack-Request-Id': 'tx65b73b87555542a4a2355-006a85d224', 'Connection': 'close'} {{(pid=103033) http_log /opt/stack/data/venv/lib/python3.12/site-packages/swiftclient/client.py:162}}
Aug 19 15:56:20.721128 np0000007787 devstack@g-api.service[103033]: DEBUG glance_store._drivers.swift.store [None req-e2d49ca8-acfe-43e7-9886-7fcd545850c4 tempest-ServerBootFromVolumeStableRescueTest-1794955353 tempest-ServerBootFromVolumeStableRescueTest-1794955353-project-member] Wrote chunk 693cf221-0c74-4246-aa26-204b081798fc-00001 (1/?) of length 23527424 to Swift returning MD5 of content: 4fa343ee581d8d2e78533191fd1ac3e1 {{(pid=103033) add /opt/stack/data/venv/lib/python3.12/site-packages/glance_store/_drivers/swift/store.py:1059}}
Aug 19 15:56:20.721582 np0000007787 devstack@g-api.service[103033]: DEBUG glance_store._drivers.swift.store [None req-e2d49ca8-acfe-43e7-9886-7fcd545850c4 tempest-ServerBootFromVolumeStableRescueTest-1794955353 tempest-ServerBootFromVolumeStableRescueTest-1794955353-project-member] Not writing zero-length chunk. {{(pid=103033) add /opt/stack/data/venv/lib/python3.12/site-packages/glance_store/_drivers/swift/store.py:1028}}
Aug 19 15:56:20.759799 np0000007787 devstack@g-api.service[103033]: DEBUG swiftclient [None req-e2d49ca8-acfe-43e7-9886-7fcd545850c4 tempest-ServerBootFromVolumeStableRescueTest-1794955353 tempest-ServerBootFromVolumeStableRescueTest-1794955353-project-member] REQ: curl -i https://10.4.3.32:8080/v1/AUTH_b4ed1b5a463947f29ebef2b5e6fd5fe4/glance/693cf221-0c74-4246-aa26-204b081798fc -X PUT -H "X-Object-Manifest: glance/693cf221-0c74-4246-aa26-204b081798fc-" -H "X-Auth-Token: gAAAAABqhdIkcxbc..." -H "Content-Length: 0" {{(pid=103033) http_log /opt/stack/data/venv/lib/python3.12/site-packages/swiftclient/client.py:160}}
Aug 19 15:56:20.759799 np0000007787 devstack@g-api.service[103033]: DEBUG swiftclient [None req-e2d49ca8-acfe-43e7-9886-7fcd545850c4 tempest-ServerBootFromVolumeStableRescueTest-1794955353 tempest-ServerBootFromVolumeStableRescueTest-1794955353-project-member] RESP STATUS: 201 Created {{(pid=103033) http_log /opt/stack/data/venv/lib/python3.12/site-packages/swiftclient/client.py:161}}
Aug 19 15:56:20.760013 np0000007787 devstack@g-api.service[103033]: DEBUG swiftclient [None req-e2d49ca8-acfe-43e7-9886-7fcd545850c4 tempest-ServerBootFromVolumeStableRescueTest-1794955353 tempest-ServerBootFromVolumeStableRescueTest-1794955353-project-member] RESP HEADERS: {'Date': 'Wed, 19 Aug 2026 15:56:20 GMT', 'Server': 'Apache/2.4.58 (Ubuntu)', 'Content-Type': 'text/html; charset=UTF-8', 'Content-Length': '0', 'Etag': 'd41d8cd98f00b204e9800998ecf8427e', 'Last-Modified': 'Wed, 19 Aug 2026 15:56:21 GMT', 'X-Trans-Id': 'tx7dbc351739a447dca0a24-006a85d224', 'X-Openstack-Request-Id': 'tx7dbc351739a447dca0a24-006a85d224', 'Connection': 'close'} {{(pid=103033) http_log /opt/stack/data/venv/lib/python3.12/site-packages/swiftclient/client.py:162}}
Aug 19 15:56:20.760701 np0000007787 devstack@g-api.service[103033]: INFO glance.location [None req-e2d49ca8-acfe-43e7-9886-7fcd545850c4 tempest-ServerBootFromVolumeStableRescueTest-1794955353 tempest-ServerBootFromVolumeStableRescueTest-1794955353-project-member] Image format matched and virtual size computed: 1073741824
Aug 19 15:56:20.837588 np0000007787 devstack@g-api.service[103033]: DEBUG glance_store.backend [None req-e2d49ca8-acfe-43e7-9886-7fcd545850c4 tempest-ServerBootFromVolumeStableRescueTest-1794955353 tempest-ServerBootFromVolumeStableRescueTest-1794955353-project-member] Attempting to import store swift {{(pid=103033) _load_store /opt/stack/data/venv/lib/python3.12/site-packages/glance_store/backend.py:215}}
Aug 19 15:56:20.840408 np0000007787 devstack@g-api.service[103033]: DEBUG glance_store.capabilities [None req-e2d49ca8-acfe-43e7-9886-7fcd545850c4 tempest-ServerBootFromVolumeStableRescueTest-1794955353 tempest-ServerBootFromVolumeStableRescueTest-1794955353-project-member] Store glance_store._drivers.swift.store.SingleTenantStore doesn't support updating dynamic storage capabilities. Please overwrite 'update_capabilities' method of the store to implement updating logics if needed. {{(pid=103033) update_capabilities /opt/stack/data/venv/lib/python3.12/site-packages/glance_store/capabilities.py:91}}
Aug 19 15:56:20.840408 np0000007787 devstack@g-api.service[103033]: DEBUG glance_store.driver [None req-e2d49ca8-acfe-43e7-9886-7fcd545850c4 tempest-ServerBootFromVolumeStableRescueTest-1794955353 tempest-ServerBootFromVolumeStableRescueTest-1794955353-project-member] Late loading location class glance_store._drivers.swift.store.StoreLocation {{(pid=103033) get_store_location_class /opt/stack/data/venv/lib/python3.12/site-packages/glance_store/driver.py:134}}
Aug 19 15:56:20.841432 np0000007787 devstack@g-api.service[103033]: DEBUG glance_store.location [None req-e2d49ca8-acfe-43e7-9886-7fcd545850c4 tempest-ServerBootFromVolumeStableRescueTest-1794955353 tempest-ServerBootFromVolumeStableRescueTest-1794955353-project-member] Registering scheme swift+https with {'store': , 'location_class': , 'store_entry': 'swift'} {{(pid=103033) register_scheme_map /opt/stack/data/venv/lib/python3.12/site-packages/glance_store/location.py:146}}
Aug 19 15:56:20.841432 np0000007787 devstack@g-api.service[103033]: DEBUG glance_store.location [None req-e2d49ca8-acfe-43e7-9886-7fcd545850c4 tempest-ServerBootFromVolumeStableRescueTest-1794955353 tempest-ServerBootFromVolumeStableRescueTest-1794955353-project-member] Registering scheme swift+https with {'store': , 'location_class': , 'store_entry': 'swift'} {{(pid=103033) register_scheme_map /opt/stack/data/venv/lib/python3.12/site-packages/glance_store/location.py:146}}
Aug 19 15:56:20.841432 np0000007787 devstack@g-api.service[103033]: DEBUG glance_store.location [None req-e2d49ca8-acfe-43e7-9886-7fcd545850c4 tempest-ServerBootFromVolumeStableRescueTest-1794955353 tempest-ServerBootFromVolumeStableRescueTest-1794955353-project-member] Registering scheme swift with {'store': , 'location_class': , 'store_entry': 'swift'} {{(pid=103033) register_scheme_map /opt/stack/data/venv/lib/python3.12/site-packages/glance_store/location.py:146}}
Aug 19 15:56:20.841848 np0000007787 devstack@g-api.service[103033]: DEBUG glance_store.location [None req-e2d49ca8-acfe-43e7-9886-7fcd545850c4 tempest-ServerBootFromVolumeStableRescueTest-1794955353 tempest-ServerBootFromVolumeStableRescueTest-1794955353-project-member] Registering scheme swift+https with {'store': , 'location_class': , 'store_entry': 'swift'} {{(pid=103033) register_scheme_map /opt/stack/data/venv/lib/python3.12/site-packages/glance_store/location.py:146}}
Aug 19 15:56:20.841848 np0000007787 devstack@g-api.service[103033]: DEBUG glance_store.location [None req-e2d49ca8-acfe-43e7-9886-7fcd545850c4 tempest-ServerBootFromVolumeStableRescueTest-1794955353 tempest-ServerBootFromVolumeStableRescueTest-1794955353-project-member] Registering scheme swift with {'store': , 'location_class': , 'store_entry': 'swift'} {{(pid=103033) register_scheme_map /opt/stack/data/venv/lib/python3.12/site-packages/glance_store/location.py:146}}
Aug 19 15:56:20.841959 np0000007787 devstack@g-api.service[103033]: DEBUG glance_store.location [None req-e2d49ca8-acfe-43e7-9886-7fcd545850c4 tempest-ServerBootFromVolumeStableRescueTest-1794955353 tempest-ServerBootFromVolumeStableRescueTest-1794955353-project-member] Registering scheme swift+http with {'store': , 'location_class': , 'store_entry': 'swift'} {{(pid=103033) register_scheme_map /opt/stack/data/venv/lib/python3.12/site-packages/glance_store/location.py:146}}
Aug 19 15:56:20.842033 np0000007787 devstack@g-api.service[103033]: DEBUG glance_store.location [None req-e2d49ca8-acfe-43e7-9886-7fcd545850c4 tempest-ServerBootFromVolumeStableRescueTest-1794955353 tempest-ServerBootFromVolumeStableRescueTest-1794955353-project-member] Registering scheme swift+https with {'store': , 'location_class': , 'store_entry': 'swift'} {{(pid=103033) register_scheme_map /opt/stack/data/venv/lib/python3.12/site-packages/glance_store/location.py:146}}
Aug 19 15:56:20.842187 np0000007787 devstack@g-api.service[103033]: DEBUG glance_store.location [None req-e2d49ca8-acfe-43e7-9886-7fcd545850c4 tempest-ServerBootFromVolumeStableRescueTest-1794955353 tempest-ServerBootFromVolumeStableRescueTest-1794955353-project-member] Registering scheme swift with {'store': , 'location_class': , 'store_entry': 'swift'} {{(pid=103033) register_scheme_map /opt/stack/data/venv/lib/python3.12/site-packages/glance_store/location.py:146}}
Aug 19 15:56:20.842394 np0000007787 devstack@g-api.service[103033]: DEBUG glance_store.location [None req-e2d49ca8-acfe-43e7-9886-7fcd545850c4 tempest-ServerBootFromVolumeStableRescueTest-1794955353 tempest-ServerBootFromVolumeStableRescueTest-1794955353-project-member] Registering scheme swift+http with {'store': , 'location_class': , 'store_entry': 'swift'} {{(pid=103033) register_scheme_map /opt/stack/data/venv/lib/python3.12/site-packages/glance_store/location.py:146}}
Aug 19 15:56:20.842394 np0000007787 devstack@g-api.service[103033]: DEBUG glance_store.location [None req-e2d49ca8-acfe-43e7-9886-7fcd545850c4 tempest-ServerBootFromVolumeStableRescueTest-1794955353 tempest-ServerBootFromVolumeStableRescueTest-1794955353-project-member] Registering scheme swift+config with {'store': , 'location_class': , 'store_entry': 'swift'} {{(pid=103033) register_scheme_map /opt/stack/data/venv/lib/python3.12/site-packages/glance_store/location.py:146}}
Aug 19 15:56:20.842542 np0000007787 devstack@g-api.service[103033]: DEBUG glance_store.backend [None req-e2d49ca8-acfe-43e7-9886-7fcd545850c4 tempest-ServerBootFromVolumeStableRescueTest-1794955353 tempest-ServerBootFromVolumeStableRescueTest-1794955353-project-member] Skipping store.set_acls... not implemented. {{(pid=103033) set_acls /opt/stack/data/venv/lib/python3.12/site-packages/glance_store/backend.py:507}}
Aug 19 15:56:20.851904 np0000007787 devstack@g-api.service[103033]: [pid: 103033|app: 0|req: 24/97] 127.0.0.1 () {46 vars in 1154 bytes} [Wed Aug 19 15:56:18 2026] PUT /v2/images/693cf221-0c74-4246-aa26-204b081798fc/file => generated 0 bytes in 2617 msecs (HTTP/1.1 204) 4 headers in 171 bytes (1 switches on core 0)
Aug 19 15:56:20.904667 np0000007787 devstack@g-api.service[103030]: DEBUG glance.api.middleware.version_negotiation [None req-6a8f9885-f347-4cfc-bd21-c63e8cd0c032 tempest-ServerBootFromVolumeStableRescueTest-1794955353 tempest-ServerBootFromVolumeStableRescueTest-1794955353-project-member] Determining version of request: GET /v2/images/693cf221-0c74-4246-aa26-204b081798fc Accept: */* {{(pid=103030) process_request /opt/stack/glance/glance/api/middleware/version_negotiation.py:44}}
Aug 19 15:56:20.905115 np0000007787 devstack@g-api.service[103030]: DEBUG glance.api.middleware.version_negotiation [None req-6a8f9885-f347-4cfc-bd21-c63e8cd0c032 tempest-ServerBootFromVolumeStableRescueTest-1794955353 tempest-ServerBootFromVolumeStableRescueTest-1794955353-project-member] Using url versioning {{(pid=103030) process_request /opt/stack/glance/glance/api/middleware/version_negotiation.py:57}}
Aug 19 15:56:20.905226 np0000007787 devstack@g-api.service[103030]: DEBUG glance.api.middleware.version_negotiation [None req-6a8f9885-f347-4cfc-bd21-c63e8cd0c032 tempest-ServerBootFromVolumeStableRescueTest-1794955353 tempest-ServerBootFromVolumeStableRescueTest-1794955353-project-member] Matched version: v2 {{(pid=103030) process_request /opt/stack/glance/glance/api/middleware/version_negotiation.py:69}}
Aug 19 15:56:20.905395 np0000007787 devstack@g-api.service[103030]: DEBUG glance.api.middleware.version_negotiation [None req-6a8f9885-f347-4cfc-bd21-c63e8cd0c032 tempest-ServerBootFromVolumeStableRescueTest-1794955353 tempest-ServerBootFromVolumeStableRescueTest-1794955353-project-member] new path /v2/images/693cf221-0c74-4246-aa26-204b081798fc {{(pid=103030) process_request /opt/stack/glance/glance/api/middleware/version_negotiation.py:70}}
Aug 19 15:56:20.919255 np0000007787 devstack@g-api.service[103032]: DEBUG glance.api.middleware.version_negotiation [None req-16d819ab-34ef-443d-bbae-6c5ebc21e575 tempest-ServerBootFromVolumeStableRescueTest-1794955353 tempest-ServerBootFromVolumeStableRescueTest-1794955353-project-member] Determining version of request: GET /v2/images/fd855bf0-0b2d-4264-962f-74c20224fbb9 Accept: */* {{(pid=103032) process_request /opt/stack/glance/glance/api/middleware/version_negotiation.py:44}}
Aug 19 15:56:20.920354 np0000007787 devstack@g-api.service[103032]: DEBUG glance.api.middleware.version_negotiation [None req-16d819ab-34ef-443d-bbae-6c5ebc21e575 tempest-ServerBootFromVolumeStableRescueTest-1794955353 tempest-ServerBootFromVolumeStableRescueTest-1794955353-project-member] Using url versioning {{(pid=103032) process_request /opt/stack/glance/glance/api/middleware/version_negotiation.py:57}}
Aug 19 15:56:20.920354 np0000007787 devstack@g-api.service[103032]: DEBUG glance.api.middleware.version_negotiation [None req-16d819ab-34ef-443d-bbae-6c5ebc21e575 tempest-ServerBootFromVolumeStableRescueTest-1794955353 tempest-ServerBootFromVolumeStableRescueTest-1794955353-project-member] Matched version: v2 {{(pid=103032) process_request /opt/stack/glance/glance/api/middleware/version_negotiation.py:69}}
Aug 19 15:56:20.920354 np0000007787 devstack@g-api.service[103032]: DEBUG glance.api.middleware.version_negotiation [None req-16d819ab-34ef-443d-bbae-6c5ebc21e575 tempest-ServerBootFromVolumeStableRescueTest-1794955353 tempest-ServerBootFromVolumeStableRescueTest-1794955353-project-member] new path /v2/images/fd855bf0-0b2d-4264-962f-74c20224fbb9 {{(pid=103032) process_request /opt/stack/glance/glance/api/middleware/version_negotiation.py:70}}
Aug 19 15:56:20.926910 np0000007787 devstack@g-api.service[103030]: [pid: 103030|app: 0|req: 26/98] 127.0.0.1 () {44 vars in 1111 bytes} [Wed Aug 19 15:56:20 2026] GET /v2/images/693cf221-0c74-4246-aa26-204b081798fc => generated 1640 bytes in 22 msecs (HTTP/1.1 200) 4 headers in 158 bytes (1 switches on core 0)
Aug 19 15:56:20.990640 np0000007787 devstack@g-api.service[103031]: DEBUG glance.api.middleware.version_negotiation [None req-5b8ff2e1-1fd1-442c-8463-9147e81e1af5 tempest-ServerBootFromVolumeStableRescueTest-1794955353 tempest-ServerBootFromVolumeStableRescueTest-1794955353-project-member] Determining version of request: GET /v2/schemas/image Accept: */* {{(pid=103031) process_request /opt/stack/glance/glance/api/middleware/version_negotiation.py:44}}
Aug 19 15:56:20.990871 np0000007787 devstack@g-api.service[103031]: DEBUG glance.api.middleware.version_negotiation [None req-5b8ff2e1-1fd1-442c-8463-9147e81e1af5 tempest-ServerBootFromVolumeStableRescueTest-1794955353 tempest-ServerBootFromVolumeStableRescueTest-1794955353-project-member] Using url versioning {{(pid=103031) process_request /opt/stack/glance/glance/api/middleware/version_negotiation.py:57}}
Aug 19 15:56:20.991039 np0000007787 devstack@g-api.service[103031]: DEBUG glance.api.middleware.version_negotiation [None req-5b8ff2e1-1fd1-442c-8463-9147e81e1af5 tempest-ServerBootFromVolumeStableRescueTest-1794955353 tempest-ServerBootFromVolumeStableRescueTest-1794955353-project-member] Matched version: v2 {{(pid=103031) process_request /opt/stack/glance/glance/api/middleware/version_negotiation.py:69}}
Aug 19 15:56:20.991198 np0000007787 devstack@g-api.service[103031]: DEBUG glance.api.middleware.version_negotiation [None req-5b8ff2e1-1fd1-442c-8463-9147e81e1af5 tempest-ServerBootFromVolumeStableRescueTest-1794955353 tempest-ServerBootFromVolumeStableRescueTest-1794955353-project-member] new path /v2/schemas/image {{(pid=103031) process_request /opt/stack/glance/glance/api/middleware/version_negotiation.py:70}}
Aug 19 15:56:20.995651 np0000007787 devstack@g-api.service[103031]: [pid: 103031|app: 0|req: 25/99] 127.0.0.1 () {44 vars in 1051 bytes} [Wed Aug 19 15:56:20 2026] GET /v2/schemas/image => generated 6083 bytes in 5 msecs (HTTP/1.1 200) 4 headers in 158 bytes (1 switches on core 0)
Aug 19 15:56:21.078190 np0000007787 devstack@g-api.service[103032]: [pid: 103032|app: 0|req: 25/100] 127.0.0.1 () {44 vars in 1111 bytes} [Wed Aug 19 15:56:20 2026] GET /v2/images/fd855bf0-0b2d-4264-962f-74c20224fbb9 => generated 1044 bytes in 159 msecs (HTTP/1.1 200) 4 headers in 158 bytes (1 switches on core 0)
Aug 19 15:56:21.092237 np0000007787 devstack@g-api.service[103033]: DEBUG glance.api.middleware.version_negotiation [None req-e2d49ca8-acfe-43e7-9886-7fcd545850c4 tempest-ServerBootFromVolumeStableRescueTest-1794955353 tempest-ServerBootFromVolumeStableRescueTest-1794955353-project-member] Determining version of request: GET /v2/schemas/image Accept: */* {{(pid=103033) process_request /opt/stack/glance/glance/api/middleware/version_negotiation.py:44}}
