Aug 19 15:54:16.524740 np0000007787 devstack@g-api.service[103030]: DEBUG glance.api.middleware.version_negotiation [None req-dee667ea-9685-45b1-a091-55ae72228ad5 tempest-TaggedBootDevicesTest_v242-699821937 tempest-TaggedBootDevicesTest_v242-699821937-project-member] Using url versioning {{(pid=103030) process_request /opt/stack/glance/glance/api/middleware/version_negotiation.py:57}}
Aug 19 15:54:16.524740 np0000007787 devstack@g-api.service[103030]: DEBUG glance.api.middleware.version_negotiation [None req-dee667ea-9685-45b1-a091-55ae72228ad5 tempest-TaggedBootDevicesTest_v242-699821937 tempest-TaggedBootDevicesTest_v242-699821937-project-member] Matched version: v2 {{(pid=103030) process_request /opt/stack/glance/glance/api/middleware/version_negotiation.py:69}}
Aug 19 15:54:16.524855 np0000007787 devstack@g-api.service[103030]: DEBUG glance.api.middleware.version_negotiation [None req-dee667ea-9685-45b1-a091-55ae72228ad5 tempest-TaggedBootDevicesTest_v242-699821937 tempest-TaggedBootDevicesTest_v242-699821937-project-member] new path /v2/schemas/image {{(pid=103030) process_request /opt/stack/glance/glance/api/middleware/version_negotiation.py:70}}
Aug 19 15:54:16.528065 np0000007787 devstack@g-api.service[103030]: [pid: 103030|app: 0|req: 11/37] 127.0.0.1 () {44 vars in 1051 bytes} [Wed Aug 19 15:54:16 2026] GET /v2/schemas/image => generated 6083 bytes in 4 msecs (HTTP/1.1 200) 4 headers in 158 bytes (1 switches on core 0)
Aug 19 15:54:17.435874 np0000007787 devstack@g-api.service[103031]: DEBUG glance.api.middleware.version_negotiation [None req-dee667ea-9685-45b1-a091-55ae72228ad5 tempest-TaggedBootDevicesTest_v242-699821937 tempest-TaggedBootDevicesTest_v242-699821937-project-member] Determining version of request: GET /v2/images/fd855bf0-0b2d-4264-962f-74c20224fbb9 Accept: */* {{(pid=103031) process_request /opt/stack/glance/glance/api/middleware/version_negotiation.py:44}}
Aug 19 15:54:17.436144 np0000007787 devstack@g-api.service[103031]: DEBUG glance.api.middleware.version_negotiation [None req-dee667ea-9685-45b1-a091-55ae72228ad5 tempest-TaggedBootDevicesTest_v242-699821937 tempest-TaggedBootDevicesTest_v242-699821937-project-member] Using url versioning {{(pid=103031) process_request /opt/stack/glance/glance/api/middleware/version_negotiation.py:57}}
Aug 19 15:54:17.436334 np0000007787 devstack@g-api.service[103031]: DEBUG glance.api.middleware.version_negotiation [None req-dee667ea-9685-45b1-a091-55ae72228ad5 tempest-TaggedBootDevicesTest_v242-699821937 tempest-TaggedBootDevicesTest_v242-699821937-project-member] Matched version: v2 {{(pid=103031) process_request /opt/stack/glance/glance/api/middleware/version_negotiation.py:69}}
Aug 19 15:54:17.436908 np0000007787 devstack@g-api.service[103031]: DEBUG glance.api.middleware.version_negotiation [None req-dee667ea-9685-45b1-a091-55ae72228ad5 tempest-TaggedBootDevicesTest_v242-699821937 tempest-TaggedBootDevicesTest_v242-699821937-project-member] new path /v2/images/fd855bf0-0b2d-4264-962f-74c20224fbb9 {{(pid=103031) process_request /opt/stack/glance/glance/api/middleware/version_negotiation.py:70}}
Aug 19 15:54:17.446378 np0000007787 devstack@g-api.service[103031]: [pid: 103031|app: 0|req: 9/38] 127.0.0.1 () {44 vars in 1111 bytes} [Wed Aug 19 15:54:17 2026] GET /v2/images/fd855bf0-0b2d-4264-962f-74c20224fbb9 => generated 1044 bytes in 10 msecs (HTTP/1.1 200) 4 headers in 158 bytes (1 switches on core 0)
Aug 19 15:54:17.457519 np0000007787 devstack@g-api.service[103032]: DEBUG glance.api.middleware.version_negotiation [None req-dee667ea-9685-45b1-a091-55ae72228ad5 tempest-TaggedBootDevicesTest_v242-699821937 tempest-TaggedBootDevicesTest_v242-699821937-project-member] Determining version of request: GET /v2/schemas/image Accept: */* {{(pid=103032) process_request /opt/stack/glance/glance/api/middleware/version_negotiation.py:44}}
Aug 19 15:54:17.457848 np0000007787 devstack@g-api.service[103032]: DEBUG glance.api.middleware.version_negotiation [None req-dee667ea-9685-45b1-a091-55ae72228ad5 tempest-TaggedBootDevicesTest_v242-699821937 tempest-TaggedBootDevicesTest_v242-699821937-project-member] Using url versioning {{(pid=103032) process_request /opt/stack/glance/glance/api/middleware/version_negotiation.py:57}}
Aug 19 15:54:17.457948 np0000007787 devstack@g-api.service[103032]: DEBUG glance.api.middleware.version_negotiation [None req-dee667ea-9685-45b1-a091-55ae72228ad5 tempest-TaggedBootDevicesTest_v242-699821937 tempest-TaggedBootDevicesTest_v242-699821937-project-member] Matched version: v2 {{(pid=103032) process_request /opt/stack/glance/glance/api/middleware/version_negotiation.py:69}}
Aug 19 15:54:17.458099 np0000007787 devstack@g-api.service[103032]: DEBUG glance.api.middleware.version_negotiation [None req-dee667ea-9685-45b1-a091-55ae72228ad5 tempest-TaggedBootDevicesTest_v242-699821937 tempest-TaggedBootDevicesTest_v242-699821937-project-member] new path /v2/schemas/image {{(pid=103032) process_request /opt/stack/glance/glance/api/middleware/version_negotiation.py:70}}
Aug 19 15:54:17.461128 np0000007787 devstack@g-api.service[103032]: [pid: 103032|app: 0|req: 10/39] 127.0.0.1 () {44 vars in 1051 bytes} [Wed Aug 19 15:54:17 2026] GET /v2/schemas/image => generated 6083 bytes in 4 msecs (HTTP/1.1 200) 4 headers in 158 bytes (1 switches on core 0)
Aug 19 15:54:18.469494 np0000007787 devstack@g-api.service[103033]: DEBUG glance.api.middleware.version_negotiation [None req-c3bc88ac-7218-4491-a508-437ac98ff93d tempest-AttachVolumeNegativeTest-1902405879 tempest-AttachVolumeNegativeTest-1902405879-project-member] Determining version of request: GET /v2/images/fd855bf0-0b2d-4264-962f-74c20224fbb9 Accept: */* {{(pid=103033) process_request /opt/stack/glance/glance/api/middleware/version_negotiation.py:44}}
Aug 19 15:54:18.469941 np0000007787 devstack@g-api.service[103033]: DEBUG glance.api.middleware.version_negotiation [None req-c3bc88ac-7218-4491-a508-437ac98ff93d tempest-AttachVolumeNegativeTest-1902405879 tempest-AttachVolumeNegativeTest-1902405879-project-member] Using url versioning {{(pid=103033) process_request /opt/stack/glance/glance/api/middleware/version_negotiation.py:57}}
Aug 19 15:54:18.469941 np0000007787 devstack@g-api.service[103033]: DEBUG glance.api.middleware.version_negotiation [None req-c3bc88ac-7218-4491-a508-437ac98ff93d tempest-AttachVolumeNegativeTest-1902405879 tempest-AttachVolumeNegativeTest-1902405879-project-member] Matched version: v2 {{(pid=103033) process_request /opt/stack/glance/glance/api/middleware/version_negotiation.py:69}}
Aug 19 15:54:18.469941 np0000007787 devstack@g-api.service[103033]: DEBUG glance.api.middleware.version_negotiation [None req-c3bc88ac-7218-4491-a508-437ac98ff93d tempest-AttachVolumeNegativeTest-1902405879 tempest-AttachVolumeNegativeTest-1902405879-project-member] new path /v2/images/fd855bf0-0b2d-4264-962f-74c20224fbb9 {{(pid=103033) process_request /opt/stack/glance/glance/api/middleware/version_negotiation.py:70}}
Aug 19 15:54:18.484994 np0000007787 devstack@g-api.service[103033]: [pid: 103033|app: 0|req: 10/40] 127.0.0.1 () {44 vars in 1111 bytes} [Wed Aug 19 15:54:18 2026] GET /v2/images/fd855bf0-0b2d-4264-962f-74c20224fbb9 => generated 1044 bytes in 15 msecs (HTTP/1.1 200) 4 headers in 158 bytes (1 switches on core 0)
Aug 19 15:54:18.495933 np0000007787 devstack@g-api.service[103030]: DEBUG glance.api.middleware.version_negotiation [None req-c3bc88ac-7218-4491-a508-437ac98ff93d tempest-AttachVolumeNegativeTest-1902405879 tempest-AttachVolumeNegativeTest-1902405879-project-member] Determining version of request: GET /v2/schemas/image Accept: */* {{(pid=103030) process_request /opt/stack/glance/glance/api/middleware/version_negotiation.py:44}}
Aug 19 15:54:18.496369 np0000007787 devstack@g-api.service[103030]: DEBUG glance.api.middleware.version_negotiation [None req-c3bc88ac-7218-4491-a508-437ac98ff93d tempest-AttachVolumeNegativeTest-1902405879 tempest-AttachVolumeNegativeTest-1902405879-project-member] Using url versioning {{(pid=103030) process_request /opt/stack/glance/glance/api/middleware/version_negotiation.py:57}}
Aug 19 15:54:18.496369 np0000007787 devstack@g-api.service[103030]: DEBUG glance.api.middleware.version_negotiation [None req-c3bc88ac-7218-4491-a508-437ac98ff93d tempest-AttachVolumeNegativeTest-1902405879 tempest-AttachVolumeNegativeTest-1902405879-project-member] Matched version: v2 {{(pid=103030) process_request /opt/stack/glance/glance/api/middleware/version_negotiation.py:69}}
Aug 19 15:54:18.496484 np0000007787 devstack@g-api.service[103030]: DEBUG glance.api.middleware.version_negotiation [None req-c3bc88ac-7218-4491-a508-437ac98ff93d tempest-AttachVolumeNegativeTest-1902405879 tempest-AttachVolumeNegativeTest-1902405879-project-member] new path /v2/schemas/image {{(pid=103030) process_request /opt/stack/glance/glance/api/middleware/version_negotiation.py:70}}
Aug 19 15:54:18.499890 np0000007787 devstack@g-api.service[103030]: [pid: 103030|app: 0|req: 12/41] 127.0.0.1 () {44 vars in 1051 bytes} [Wed Aug 19 15:54:18 2026] GET /v2/schemas/image => generated 6083 bytes in 4 msecs (HTTP/1.1 200) 4 headers in 158 bytes (1 switches on core 0)
Aug 19 15:54:19.926174 np0000007787 devstack@g-api.service[103031]: DEBUG glance.api.middleware.version_negotiation [None req-dee667ea-9685-45b1-a091-55ae72228ad5 tempest-TaggedBootDevicesTest_v242-699821937 tempest-TaggedBootDevicesTest_v242-699821937-project-member] Determining version of request: GET /v2/images/fd855bf0-0b2d-4264-962f-74c20224fbb9 Accept: application/json {{(pid=103031) process_request /opt/stack/glance/glance/api/middleware/version_negotiation.py:44}}
Aug 19 15:54:19.926628 np0000007787 devstack@g-api.service[103031]: DEBUG glance.api.middleware.version_negotiation [None req-dee667ea-9685-45b1-a091-55ae72228ad5 tempest-TaggedBootDevicesTest_v242-699821937 tempest-TaggedBootDevicesTest_v242-699821937-project-member] Using url versioning {{(pid=103031) process_request /opt/stack/glance/glance/api/middleware/version_negotiation.py:57}}
Aug 19 15:54:19.926628 np0000007787 devstack@g-api.service[103031]: DEBUG glance.api.middleware.version_negotiation [None req-dee667ea-9685-45b1-a091-55ae72228ad5 tempest-TaggedBootDevicesTest_v242-699821937 tempest-TaggedBootDevicesTest_v242-699821937-project-member] Matched version: v2 {{(pid=103031) process_request /opt/stack/glance/glance/api/middleware/version_negotiation.py:69}}
Aug 19 15:54:19.926628 np0000007787 devstack@g-api.service[103031]: DEBUG glance.api.middleware.version_negotiation [None req-dee667ea-9685-45b1-a091-55ae72228ad5 tempest-TaggedBootDevicesTest_v242-699821937 tempest-TaggedBootDevicesTest_v242-699821937-project-member] new path /v2/images/fd855bf0-0b2d-4264-962f-74c20224fbb9 {{(pid=103031) process_request /opt/stack/glance/glance/api/middleware/version_negotiation.py:70}}
Aug 19 15:54:20.234495 np0000007787 devstack@g-api.service[103031]: [pid: 103031|app: 0|req: 10/42] 127.0.0.1 () {40 vars in 834 bytes} [Wed Aug 19 15:54:19 2026] GET /v2/images/fd855bf0-0b2d-4264-962f-74c20224fbb9 => generated 1044 bytes in 308 msecs (HTTP/1.1 200) 4 headers in 158 bytes (1 switches on core 0)
Aug 19 15:54:20.243432 np0000007787 devstack@g-api.service[103032]: DEBUG glance.api.middleware.version_negotiation [None req-dee667ea-9685-45b1-a091-55ae72228ad5 tempest-TaggedBootDevicesTest_v242-699821937 tempest-TaggedBootDevicesTest_v242-699821937-project-member] Determining version of request: GET /v2/images/fd855bf0-0b2d-4264-962f-74c20224fbb9/file Accept: application/json {{(pid=103032) process_request /opt/stack/glance/glance/api/middleware/version_negotiation.py:44}}
Aug 19 15:54:20.243849 np0000007787 devstack@g-api.service[103032]: DEBUG glance.api.middleware.version_negotiation [None req-dee667ea-9685-45b1-a091-55ae72228ad5 tempest-TaggedBootDevicesTest_v242-699821937 tempest-TaggedBootDevicesTest_v242-699821937-project-member] Using url versioning {{(pid=103032) process_request /opt/stack/glance/glance/api/middleware/version_negotiation.py:57}}
Aug 19 15:54:20.243849 np0000007787 devstack@g-api.service[103032]: DEBUG glance.api.middleware.version_negotiation [None req-dee667ea-9685-45b1-a091-55ae72228ad5 tempest-TaggedBootDevicesTest_v242-699821937 tempest-TaggedBootDevicesTest_v242-699821937-project-member] Matched version: v2 {{(pid=103032) process_request /opt/stack/glance/glance/api/middleware/version_negotiation.py:69}}
Aug 19 15:54:20.243849 np0000007787 devstack@g-api.service[103032]: DEBUG glance.api.middleware.version_negotiation [None req-dee667ea-9685-45b1-a091-55ae72228ad5 tempest-TaggedBootDevicesTest_v242-699821937 tempest-TaggedBootDevicesTest_v242-699821937-project-member] new path /v2/images/fd855bf0-0b2d-4264-962f-74c20224fbb9/file {{(pid=103032) process_request /opt/stack/glance/glance/api/middleware/version_negotiation.py:70}}
Aug 19 15:54:20.556515 np0000007787 devstack@g-api.service[103032]: DEBUG glance.api.middleware.cache [None req-730bd431-8c68-4da6-b304-c027ab6a7665 tempest-AttachSCSIVolumeTestJSON-1159555823 tempest-AttachSCSIVolumeTestJSON-1159555823-project-admin] Cache hit for image 'fd855bf0-0b2d-4264-962f-74c20224fbb9' {{(pid=103032) process_request /opt/stack/glance/glance/api/middleware/cache.py:160}}
Aug 19 15:54:20.565479 np0000007787 devstack@g-api.service[103033]: DEBUG glance.api.middleware.version_negotiation [None req-dee667ea-9685-45b1-a091-55ae72228ad5 tempest-TaggedBootDevicesTest_v242-699821937 tempest-TaggedBootDevicesTest_v242-699821937-project-member] Determining version of request: POST /v2/images Accept: application/json {{(pid=103033) process_request /opt/stack/glance/glance/api/middleware/version_negotiation.py:44}}
Aug 19 15:54:20.565999 np0000007787 devstack@g-api.service[103033]: DEBUG glance.api.middleware.version_negotiation [None req-dee667ea-9685-45b1-a091-55ae72228ad5 tempest-TaggedBootDevicesTest_v242-699821937 tempest-TaggedBootDevicesTest_v242-699821937-project-member] Using url versioning {{(pid=103033) process_request /opt/stack/glance/glance/api/middleware/version_negotiation.py:57}}
Aug 19 15:54:20.565999 np0000007787 devstack@g-api.service[103033]: DEBUG glance.api.middleware.version_negotiation [None req-dee667ea-9685-45b1-a091-55ae72228ad5 tempest-TaggedBootDevicesTest_v242-699821937 tempest-TaggedBootDevicesTest_v242-699821937-project-member] Matched version: v2 {{(pid=103033) process_request /opt/stack/glance/glance/api/middleware/version_negotiation.py:69}}
Aug 19 15:54:20.566130 np0000007787 devstack@g-api.service[103033]: DEBUG glance.api.middleware.version_negotiation [None req-dee667ea-9685-45b1-a091-55ae72228ad5 tempest-TaggedBootDevicesTest_v242-699821937 tempest-TaggedBootDevicesTest_v242-699821937-project-member] new path /v2/images {{(pid=103033) process_request /opt/stack/glance/glance/api/middleware/version_negotiation.py:70}}
Aug 19 15:54:21.381575 np0000007787 devstack@g-api.service[103033]: [pid: 103033|app: 0|req: 11/43] 127.0.0.1 () {42 vars in 782 bytes} [Wed Aug 19 15:54:20 2026] POST /v2/images => generated 690 bytes in 816 msecs (HTTP/1.1 201) 6 headers in 315 bytes (1 switches on core 0)
Aug 19 15:54:21.391509 np0000007787 devstack@g-api.service[103030]: DEBUG glance.api.middleware.version_negotiation [None req-dee667ea-9685-45b1-a091-55ae72228ad5 tempest-TaggedBootDevicesTest_v242-699821937 tempest-TaggedBootDevicesTest_v242-699821937-project-member] Determining version of request: PUT /v2/images/bdf9adfe-c395-40d3-a8ad-cab337f56285/file Accept: {{(pid=103030) process_request /opt/stack/glance/glance/api/middleware/version_negotiation.py:44}}
Aug 19 15:54:21.391735 np0000007787 devstack@g-api.service[103030]: DEBUG glance.api.middleware.version_negotiation [None req-dee667ea-9685-45b1-a091-55ae72228ad5 tempest-TaggedBootDevicesTest_v242-699821937 tempest-TaggedBootDevicesTest_v242-699821937-project-member] Using url versioning {{(pid=103030) process_request /opt/stack/glance/glance/api/middleware/version_negotiation.py:57}}
Aug 19 15:54:21.391849 np0000007787 devstack@g-api.service[103030]: DEBUG glance.api.middleware.version_negotiation [None req-dee667ea-9685-45b1-a091-55ae72228ad5 tempest-TaggedBootDevicesTest_v242-699821937 tempest-TaggedBootDevicesTest_v242-699821937-project-member] Matched version: v2 {{(pid=103030) process_request /opt/stack/glance/glance/api/middleware/version_negotiation.py:69}}
Aug 19 15:54:21.392032 np0000007787 devstack@g-api.service[103030]: DEBUG glance.api.middleware.version_negotiation [None req-dee667ea-9685-45b1-a091-55ae72228ad5 tempest-TaggedBootDevicesTest_v242-699821937 tempest-TaggedBootDevicesTest_v242-699821937-project-member] new path /v2/images/bdf9adfe-c395-40d3-a8ad-cab337f56285/file {{(pid=103030) process_request /opt/stack/glance/glance/api/middleware/version_negotiation.py:70}}
Aug 19 15:54:21.444552 np0000007787 devstack@g-api.service[103032]: [pid: 103032|app: 0|req: 11/44] 127.0.0.1 () {40 vars in 844 bytes} [Wed Aug 19 15:54:20 2026] GET /v2/images/fd855bf0-0b2d-4264-962f-74c20224fbb9/file => generated 21692416 bytes in 1201 msecs (HTTP/1.1 200) 5 headers in 217 bytes (339 switches on core 0)
Aug 19 15:54:22.531705 np0000007787 devstack@g-api.service[103030]: INFO glance.api.v2.image_data [None req-91bfd187-542b-4e06-b230-6691ce144b44 tempest-AttachSCSIVolumeTestJSON-1159555823 tempest-AttachSCSIVolumeTestJSON-1159555823-project-admin] Unable to create trust: no such option collect_timing in group [keystone_authtoken] Use the existing user token.
Aug 19 15:54:23.387198 np0000007787 devstack@g-api.service[103030]: DEBUG glance.location [None req-91bfd187-542b-4e06-b230-6691ce144b44 tempest-AttachSCSIVolumeTestJSON-1159555823 tempest-AttachSCSIVolumeTestJSON-1159555823-project-admin] Enabling in-flight format inspection for qcow2 {{(pid=103030) set_data /opt/stack/glance/glance/location.py:596}}
Aug 19 15:54:23.388780 np0000007787 devstack@g-api.service[103030]: DEBUG glance_store.backend [None req-91bfd187-542b-4e06-b230-6691ce144b44 tempest-AttachSCSIVolumeTestJSON-1159555823 tempest-AttachSCSIVolumeTestJSON-1159555823-project-admin] Attempting to import store swift {{(pid=103030) _load_store /opt/stack/data/venv/lib/python3.12/site-packages/glance_store/backend.py:215}}
Aug 19 15:54:23.389644 np0000007787 devstack@g-api.service[103030]: DEBUG glance_store.capabilities [None req-91bfd187-542b-4e06-b230-6691ce144b44 tempest-AttachSCSIVolumeTestJSON-1159555823 tempest-AttachSCSIVolumeTestJSON-1159555823-project-admin] Store glance_store._drivers.swift.store.SingleTenantStore doesn't support updating dynamic storage capabilities. Please overwrite 'update_capabilities' method of the store to implement updating logics if needed. {{(pid=103030) update_capabilities /opt/stack/data/venv/lib/python3.12/site-packages/glance_store/capabilities.py:91}}
Aug 19 15:54:23.389751 np0000007787 devstack@g-api.service[103030]: DEBUG glance_store.driver [None req-91bfd187-542b-4e06-b230-6691ce144b44 tempest-AttachSCSIVolumeTestJSON-1159555823 tempest-AttachSCSIVolumeTestJSON-1159555823-project-admin] Late loading location class glance_store._drivers.swift.store.StoreLocation {{(pid=103030) get_store_location_class /opt/stack/data/venv/lib/python3.12/site-packages/glance_store/driver.py:134}}
Aug 19 15:54:23.389950 np0000007787 devstack@g-api.service[103030]: DEBUG glance_store.location [None req-91bfd187-542b-4e06-b230-6691ce144b44 tempest-AttachSCSIVolumeTestJSON-1159555823 tempest-AttachSCSIVolumeTestJSON-1159555823-project-admin] Registering scheme swift+https with {'store': , 'location_class': , 'store_entry': 'swift'} {{(pid=103030) register_scheme_map /opt/stack/data/venv/lib/python3.12/site-packages/glance_store/location.py:146}}
Aug 19 15:54:23.390016 np0000007787 devstack@g-api.service[103030]: DEBUG glance_store.location [None req-91bfd187-542b-4e06-b230-6691ce144b44 tempest-AttachSCSIVolumeTestJSON-1159555823 tempest-AttachSCSIVolumeTestJSON-1159555823-project-admin] Registering scheme swift+https with {'store': , 'location_class': , 'store_entry': 'swift'} {{(pid=103030) register_scheme_map /opt/stack/data/venv/lib/python3.12/site-packages/glance_store/location.py:146}}
Aug 19 15:54:23.390375 np0000007787 devstack@g-api.service[103030]: DEBUG glance_store.location [None req-91bfd187-542b-4e06-b230-6691ce144b44 tempest-AttachSCSIVolumeTestJSON-1159555823 tempest-AttachSCSIVolumeTestJSON-1159555823-project-admin] Registering scheme swift with {'store': , 'location_class': , 'store_entry': 'swift'} {{(pid=103030) register_scheme_map /opt/stack/data/venv/lib/python3.12/site-packages/glance_store/location.py:146}}
Aug 19 15:54:23.390375 np0000007787 devstack@g-api.service[103030]: DEBUG glance_store.location [None req-91bfd187-542b-4e06-b230-6691ce144b44 tempest-AttachSCSIVolumeTestJSON-1159555823 tempest-AttachSCSIVolumeTestJSON-1159555823-project-admin] Registering scheme swift+https with {'store': , 'location_class': , 'store_entry': 'swift'} {{(pid=103030) register_scheme_map /opt/stack/data/venv/lib/python3.12/site-packages/glance_store/location.py:146}}
Aug 19 15:54:23.390375 np0000007787 devstack@g-api.service[103030]: DEBUG glance_store.location [None req-91bfd187-542b-4e06-b230-6691ce144b44 tempest-AttachSCSIVolumeTestJSON-1159555823 tempest-AttachSCSIVolumeTestJSON-1159555823-project-admin] Registering scheme swift with {'store': , 'location_class': , 'store_entry': 'swift'} {{(pid=103030) register_scheme_map /opt/stack/data/venv/lib/python3.12/site-packages/glance_store/location.py:146}}
Aug 19 15:54:23.390501 np0000007787 devstack@g-api.service[103030]: DEBUG glance_store.location [None req-91bfd187-542b-4e06-b230-6691ce144b44 tempest-AttachSCSIVolumeTestJSON-1159555823 tempest-AttachSCSIVolumeTestJSON-1159555823-project-admin] Registering scheme swift+http with {'store': , 'location_class': , 'store_entry': 'swift'} {{(pid=103030) register_scheme_map /opt/stack/data/venv/lib/python3.12/site-packages/glance_store/location.py:146}}
Aug 19 15:54:23.390501 np0000007787 devstack@g-api.service[103030]: DEBUG glance_store.location [None req-91bfd187-542b-4e06-b230-6691ce144b44 tempest-AttachSCSIVolumeTestJSON-1159555823 tempest-AttachSCSIVolumeTestJSON-1159555823-project-admin] Registering scheme swift+https with {'store': , 'location_class': , 'store_entry': 'swift'} {{(pid=103030) register_scheme_map /opt/stack/data/venv/lib/python3.12/site-packages/glance_store/location.py:146}}
Aug 19 15:54:23.390581 np0000007787 devstack@g-api.service[103030]: DEBUG glance_store.location [None req-91bfd187-542b-4e06-b230-6691ce144b44 tempest-AttachSCSIVolumeTestJSON-1159555823 tempest-AttachSCSIVolumeTestJSON-1159555823-project-admin] Registering scheme swift with {'store': , 'location_class': , 'store_entry': 'swift'} {{(pid=103030) register_scheme_map /opt/stack/data/venv/lib/python3.12/site-packages/glance_store/location.py:146}}
Aug 19 15:54:23.390613 np0000007787 devstack@g-api.service[103030]: DEBUG glance_store.location [None req-91bfd187-542b-4e06-b230-6691ce144b44 tempest-AttachSCSIVolumeTestJSON-1159555823 tempest-AttachSCSIVolumeTestJSON-1159555823-project-admin] Registering scheme swift+http with {'store': , 'location_class': , 'store_entry': 'swift'} {{(pid=103030) register_scheme_map /opt/stack/data/venv/lib/python3.12/site-packages/glance_store/location.py:146}}
Aug 19 15:54:23.390766 np0000007787 devstack@g-api.service[103030]: DEBUG glance_store.location [None req-91bfd187-542b-4e06-b230-6691ce144b44 tempest-AttachSCSIVolumeTestJSON-1159555823 tempest-AttachSCSIVolumeTestJSON-1159555823-project-admin] Registering scheme swift+config with {'store': , 'location_class': , 'store_entry': 'swift'} {{(pid=103030) register_scheme_map /opt/stack/data/venv/lib/python3.12/site-packages/glance_store/location.py:146}}
Aug 19 15:54:23.928320 np0000007787 devstack@g-api.service[103031]: DEBUG glance.api.middleware.version_negotiation [None req-7659bd26-775e-447c-9ee3-f2ae3a7652b8 tempest-AttachSCSIVolumeTestJSON-1142853352 tempest-AttachSCSIVolumeTestJSON-1142853352-project-reader] Determining version of request: GET /v2/images/fd855bf0-0b2d-4264-962f-74c20224fbb9 Accept: */* {{(pid=103031) process_request /opt/stack/glance/glance/api/middleware/version_negotiation.py:44}}
Aug 19 15:54:23.928708 np0000007787 devstack@g-api.service[103031]: DEBUG glance.api.middleware.version_negotiation [None req-7659bd26-775e-447c-9ee3-f2ae3a7652b8 tempest-AttachSCSIVolumeTestJSON-1142853352 tempest-AttachSCSIVolumeTestJSON-1142853352-project-reader] Using url versioning {{(pid=103031) process_request /opt/stack/glance/glance/api/middleware/version_negotiation.py:57}}
Aug 19 15:54:23.928708 np0000007787 devstack@g-api.service[103031]: DEBUG glance.api.middleware.version_negotiation [None req-7659bd26-775e-447c-9ee3-f2ae3a7652b8 tempest-AttachSCSIVolumeTestJSON-1142853352 tempest-AttachSCSIVolumeTestJSON-1142853352-project-reader] Matched version: v2 {{(pid=103031) process_request /opt/stack/glance/glance/api/middleware/version_negotiation.py:69}}
Aug 19 15:54:23.928708 np0000007787 devstack@g-api.service[103031]: DEBUG glance.api.middleware.version_negotiation [None req-7659bd26-775e-447c-9ee3-f2ae3a7652b8 tempest-AttachSCSIVolumeTestJSON-1142853352 tempest-AttachSCSIVolumeTestJSON-1142853352-project-reader] new path /v2/images/fd855bf0-0b2d-4264-962f-74c20224fbb9 {{(pid=103031) process_request /opt/stack/glance/glance/api/middleware/version_negotiation.py:70}}
Aug 19 15:54:24.035349 np0000007787 devstack@g-api.service[103030]: DEBUG swiftclient [None req-91bfd187-542b-4e06-b230-6691ce144b44 tempest-AttachSCSIVolumeTestJSON-1159555823 tempest-AttachSCSIVolumeTestJSON-1159555823-project-admin] REQ: curl -i https://10.4.3.32:8080/v1/AUTH_b4ed1b5a463947f29ebef2b5e6fd5fe4/glance -I -H "X-Auth-Token: gAAAAABqhdGvglex..." {{(pid=103030) http_log /opt/stack/data/venv/lib/python3.12/site-packages/swiftclient/client.py:160}}
Aug 19 15:54:24.035689 np0000007787 devstack@g-api.service[103030]: DEBUG swiftclient [None req-91bfd187-542b-4e06-b230-6691ce144b44 tempest-AttachSCSIVolumeTestJSON-1159555823 tempest-AttachSCSIVolumeTestJSON-1159555823-project-admin] RESP STATUS: 204 No Content {{(pid=103030) http_log /opt/stack/data/venv/lib/python3.12/site-packages/swiftclient/client.py:161}}
Aug 19 15:54:24.035745 np0000007787 devstack@g-api.service[103030]: DEBUG swiftclient [None req-91bfd187-542b-4e06-b230-6691ce144b44 tempest-AttachSCSIVolumeTestJSON-1159555823 tempest-AttachSCSIVolumeTestJSON-1159555823-project-admin] RESP HEADERS: {'Date': 'Wed, 19 Aug 2026 15:54:24 GMT', 'Server': 'Apache/2.4.58 (Ubuntu)', 'Content-Type': 'text/plain; charset=utf-8', 'X-Container-Object-Count': '3', 'X-Container-Bytes-Used': '64356352', 'X-Timestamp': '1787154731.21853', 'Last-Modified': 'Wed, 19 Aug 2026 15:52:12 GMT', 'Accept-Ranges': 'bytes', 'X-Storage-Policy': 'Policy-0', 'X-Container-Sharding': 'False', 'Vary': 'Accept', 'X-Trans-Id': 'tx9c44c9a8fb7541c1a735e-006a85d1af', 'X-Openstack-Request-Id': 'tx9c44c9a8fb7541c1a735e-006a85d1af', 'Connection': 'close'} {{(pid=103030) http_log /opt/stack/data/venv/lib/python3.12/site-packages/swiftclient/client.py:162}}
Aug 19 15:54:24.035968 np0000007787 devstack@g-api.service[103030]: DEBUG glance_store._drivers.swift.store [None req-91bfd187-542b-4e06-b230-6691ce144b44 tempest-AttachSCSIVolumeTestJSON-1159555823 tempest-AttachSCSIVolumeTestJSON-1159555823-project-admin] Adding image object 'bdf9adfe-c395-40d3-a8ad-cab337f56285' to Swift {{(pid=103030) add /opt/stack/data/venv/lib/python3.12/site-packages/glance_store/_drivers/swift/store.py:970}}
Aug 19 15:54:24.036082 np0000007787 devstack@g-api.service[103030]: DEBUG glance_store._drivers.swift.store [None req-91bfd187-542b-4e06-b230-6691ce144b44 tempest-AttachSCSIVolumeTestJSON-1159555823 tempest-AttachSCSIVolumeTestJSON-1159555823-project-admin] Cannot determine image size because it is either not provided in the request or chunked-transfer encoding is used. Adding image as a segmented object to Swift. {{(pid=103030) add /opt/stack/data/venv/lib/python3.12/site-packages/glance_store/_drivers/swift/store.py:994}}
Aug 19 15:54:24.042131 np0000007787 devstack@g-api.service[103030]: DEBUG oslo_utils.imageutils.format_inspector [None req-91bfd187-542b-4e06-b230-6691ce144b44 tempest-AttachSCSIVolumeTestJSON-1159555823 tempest-AttachSCSIVolumeTestJSON-1159555823-project-admin] Format inspector for vmdk does not match, excluding from consideration (Signature KDMV not found: b'QFI\xfb') {{(pid=103030) _process_chunk /opt/stack/data/venv/lib/python3.12/site-packages/oslo_utils/imageutils/format_inspector.py:1758}}
Aug 19 15:54:24.045987 np0000007787 devstack@g-api.service[103030]: DEBUG oslo_utils.imageutils.format_inspector [None req-91bfd187-542b-4e06-b230-6691ce144b44 tempest-AttachSCSIVolumeTestJSON-1159555823 tempest-AttachSCSIVolumeTestJSON-1159555823-project-admin] Format inspector for vhdx does not match, excluding from consideration (Region signature not found at 30000) {{(pid=103030) _process_chunk /opt/stack/data/venv/lib/python3.12/site-packages/oslo_utils/imageutils/format_inspector.py:1758}}
Aug 19 15:54:24.321435 np0000007787 devstack@g-api.service[103031]: [pid: 103031|app: 0|req: 11/45] 127.0.0.1 () {44 vars in 1111 bytes} [Wed Aug 19 15:54:23 2026] GET /v2/images/fd855bf0-0b2d-4264-962f-74c20224fbb9 => generated 1044 bytes in 393 msecs (HTTP/1.1 200) 4 headers in 158 bytes (1 switches on core 0)
Aug 19 15:54:24.335401 np0000007787 devstack@g-api.service[103030]: DEBUG swiftclient [None req-91bfd187-542b-4e06-b230-6691ce144b44 tempest-AttachSCSIVolumeTestJSON-1159555823 tempest-AttachSCSIVolumeTestJSON-1159555823-project-admin] REQ: curl -i https://10.4.3.32:8080/v1/AUTH_b4ed1b5a463947f29ebef2b5e6fd5fe4/glance/bdf9adfe-c395-40d3-a8ad-cab337f56285-00001 -X PUT -H "X-Auth-Token: gAAAAABqhdGvglex..." {{(pid=103030) http_log /opt/stack/data/venv/lib/python3.12/site-packages/swiftclient/client.py:160}}
Aug 19 15:54:24.335682 np0000007787 devstack@g-api.service[103030]: DEBUG swiftclient [None req-91bfd187-542b-4e06-b230-6691ce144b44 tempest-AttachSCSIVolumeTestJSON-1159555823 tempest-AttachSCSIVolumeTestJSON-1159555823-project-admin] RESP STATUS: 201 Created {{(pid=103030) http_log /opt/stack/data/venv/lib/python3.12/site-packages/swiftclient/client.py:161}}
Aug 19 15:54:24.335682 np0000007787 devstack@g-api.service[103030]: DEBUG swiftclient [None req-91bfd187-542b-4e06-b230-6691ce144b44 tempest-AttachSCSIVolumeTestJSON-1159555823 tempest-AttachSCSIVolumeTestJSON-1159555823-project-admin] RESP HEADERS: {'Date': 'Wed, 19 Aug 2026 15:54:24 GMT', 'Server': 'Apache/2.4.58 (Ubuntu)', 'Content-Type': 'text/html; charset=UTF-8', 'Content-Length': '0', 'Etag': '87617e24a5e30cb3b87fda8c0764838f', 'Last-Modified': 'Wed, 19 Aug 2026 15:54:25 GMT', 'X-Trans-Id': 'txf5223f7e5b5747ff9d46c-006a85d1b0', 'X-Openstack-Request-Id': 'txf5223f7e5b5747ff9d46c-006a85d1b0', 'Connection': 'close'} {{(pid=103030) http_log /opt/stack/data/venv/lib/python3.12/site-packages/swiftclient/client.py:162}}
Aug 19 15:54:24.335868 np0000007787 devstack@g-api.service[103030]: DEBUG glance_store._drivers.swift.store [None req-91bfd187-542b-4e06-b230-6691ce144b44 tempest-AttachSCSIVolumeTestJSON-1159555823 tempest-AttachSCSIVolumeTestJSON-1159555823-project-admin] Wrote chunk bdf9adfe-c395-40d3-a8ad-cab337f56285-00001 (1/?) of length 21692416 to Swift returning MD5 of content: 87617e24a5e30cb3b87fda8c0764838f {{(pid=103030) add /opt/stack/data/venv/lib/python3.12/site-packages/glance_store/_drivers/swift/store.py:1059}}
Aug 19 15:54:24.336175 np0000007787 devstack@g-api.service[103030]: DEBUG glance_store._drivers.swift.store [None req-91bfd187-542b-4e06-b230-6691ce144b44 tempest-AttachSCSIVolumeTestJSON-1159555823 tempest-AttachSCSIVolumeTestJSON-1159555823-project-admin] Not writing zero-length chunk. {{(pid=103030) add /opt/stack/data/venv/lib/python3.12/site-packages/glance_store/_drivers/swift/store.py:1028}}
Aug 19 15:54:24.364526 np0000007787 devstack@g-api.service[103030]: DEBUG swiftclient [None req-91bfd187-542b-4e06-b230-6691ce144b44 tempest-AttachSCSIVolumeTestJSON-1159555823 tempest-AttachSCSIVolumeTestJSON-1159555823-project-admin] REQ: curl -i https://10.4.3.32:8080/v1/AUTH_b4ed1b5a463947f29ebef2b5e6fd5fe4/glance/bdf9adfe-c395-40d3-a8ad-cab337f56285 -X PUT -H "X-Object-Manifest: glance/bdf9adfe-c395-40d3-a8ad-cab337f56285-" -H "X-Auth-Token: gAAAAABqhdGvglex..." -H "Content-Length: 0" {{(pid=103030) http_log /opt/stack/data/venv/lib/python3.12/site-packages/swiftclient/client.py:160}}
Aug 19 15:54:24.364701 np0000007787 devstack@g-api.service[103030]: DEBUG swiftclient [None req-91bfd187-542b-4e06-b230-6691ce144b44 tempest-AttachSCSIVolumeTestJSON-1159555823 tempest-AttachSCSIVolumeTestJSON-1159555823-project-admin] RESP STATUS: 201 Created {{(pid=103030) http_log /opt/stack/data/venv/lib/python3.12/site-packages/swiftclient/client.py:161}}
Aug 19 15:54:24.364947 np0000007787 devstack@g-api.service[103030]: DEBUG swiftclient [None req-91bfd187-542b-4e06-b230-6691ce144b44 tempest-AttachSCSIVolumeTestJSON-1159555823 tempest-AttachSCSIVolumeTestJSON-1159555823-project-admin] RESP HEADERS: {'Date': 'Wed, 19 Aug 2026 15:54:24 GMT', 'Server': 'Apache/2.4.58 (Ubuntu)', 'Content-Type': 'text/html; charset=UTF-8', 'Content-Length': '0', 'Etag': 'd41d8cd98f00b204e9800998ecf8427e', 'Last-Modified': 'Wed, 19 Aug 2026 15:54:25 GMT', 'X-Trans-Id': 'tx8788610152354e6e873a9-006a85d1b0', 'X-Openstack-Request-Id': 'tx8788610152354e6e873a9-006a85d1b0', 'Connection': 'close'} {{(pid=103030) http_log /opt/stack/data/venv/lib/python3.12/site-packages/swiftclient/client.py:162}}
Aug 19 15:54:24.365566 np0000007787 devstack@g-api.service[103030]: INFO glance.location [None req-91bfd187-542b-4e06-b230-6691ce144b44 tempest-AttachSCSIVolumeTestJSON-1159555823 tempest-AttachSCSIVolumeTestJSON-1159555823-project-admin] Image format matched and virtual size computed: 117440512
Aug 19 15:54:24.371351 np0000007787 devstack@g-api.service[103033]: DEBUG glance.api.middleware.version_negotiation [None req-e61ef572-235d-48c5-bce3-c690523b0051 tempest-AttachSCSIVolumeTestJSON-1159555823 tempest-AttachSCSIVolumeTestJSON-1159555823-project-admin] Determining version of request: GET /v2/images/fd855bf0-0b2d-4264-962f-74c20224fbb9/file Accept: */* {{(pid=103033) process_request /opt/stack/glance/glance/api/middleware/version_negotiation.py:44}}
Aug 19 15:54:24.371351 np0000007787 devstack@g-api.service[103033]: DEBUG glance.api.middleware.version_negotiation [None req-e61ef572-235d-48c5-bce3-c690523b0051 tempest-AttachSCSIVolumeTestJSON-1159555823 tempest-AttachSCSIVolumeTestJSON-1159555823-project-admin] Using url versioning {{(pid=103033) process_request /opt/stack/glance/glance/api/middleware/version_negotiation.py:57}}
Aug 19 15:54:24.371351 np0000007787 devstack@g-api.service[103033]: DEBUG glance.api.middleware.version_negotiation [None req-e61ef572-235d-48c5-bce3-c690523b0051 tempest-AttachSCSIVolumeTestJSON-1159555823 tempest-AttachSCSIVolumeTestJSON-1159555823-project-admin] Matched version: v2 {{(pid=103033) process_request /opt/stack/glance/glance/api/middleware/version_negotiation.py:69}}
Aug 19 15:54:24.371912 np0000007787 devstack@g-api.service[103033]: DEBUG glance.api.middleware.version_negotiation [None req-e61ef572-235d-48c5-bce3-c690523b0051 tempest-AttachSCSIVolumeTestJSON-1159555823 tempest-AttachSCSIVolumeTestJSON-1159555823-project-admin] new path /v2/images/fd855bf0-0b2d-4264-962f-74c20224fbb9/file {{(pid=103033) process_request /opt/stack/glance/glance/api/middleware/version_negotiation.py:70}}
Aug 19 15:54:24.388729 np0000007787 devstack@g-api.service[103033]: DEBUG glance.api.middleware.cache [None req-c3bc88ac-7218-4491-a508-437ac98ff93d tempest-AttachVolumeNegativeTest-1902405879 tempest-AttachVolumeNegativeTest-1902405879-project-member] Cache hit for image 'fd855bf0-0b2d-4264-962f-74c20224fbb9' {{(pid=103033) process_request /opt/stack/glance/glance/api/middleware/cache.py:160}}
Aug 19 15:54:24.410163 np0000007787 devstack@g-api.service[103030]: DEBUG glance_store.backend [None req-91bfd187-542b-4e06-b230-6691ce144b44 tempest-AttachSCSIVolumeTestJSON-1159555823 tempest-AttachSCSIVolumeTestJSON-1159555823-project-admin] Attempting to import store swift {{(pid=103030) _load_store /opt/stack/data/venv/lib/python3.12/site-packages/glance_store/backend.py:215}}
Aug 19 15:54:24.412585 np0000007787 devstack@g-api.service[103030]: DEBUG glance_store.capabilities [None req-91bfd187-542b-4e06-b230-6691ce144b44 tempest-AttachSCSIVolumeTestJSON-1159555823 tempest-AttachSCSIVolumeTestJSON-1159555823-project-admin] Store glance_store._drivers.swift.store.SingleTenantStore doesn't support updating dynamic storage capabilities. Please overwrite 'update_capabilities' method of the store to implement updating logics if needed. {{(pid=103030) update_capabilities /opt/stack/data/venv/lib/python3.12/site-packages/glance_store/capabilities.py:91}}
Aug 19 15:54:24.412585 np0000007787 devstack@g-api.service[103030]: DEBUG glance_store.driver [None req-91bfd187-542b-4e06-b230-6691ce144b44 tempest-AttachSCSIVolumeTestJSON-1159555823 tempest-AttachSCSIVolumeTestJSON-1159555823-project-admin] Late loading location class glance_store._drivers.swift.store.StoreLocation {{(pid=103030) get_store_location_class /opt/stack/data/venv/lib/python3.12/site-packages/glance_store/driver.py:134}}
Aug 19 15:54:24.412585 np0000007787 devstack@g-api.service[103030]: DEBUG glance_store.location [None req-91bfd187-542b-4e06-b230-6691ce144b44 tempest-AttachSCSIVolumeTestJSON-1159555823 tempest-AttachSCSIVolumeTestJSON-1159555823-project-admin] Registering scheme swift+https with {'store': , 'location_class': , 'store_entry': 'swift'} {{(pid=103030) register_scheme_map /opt/stack/data/venv/lib/python3.12/site-packages/glance_store/location.py:146}}
Aug 19 15:54:24.412899 np0000007787 devstack@g-api.service[103030]: DEBUG glance_store.location [None req-91bfd187-542b-4e06-b230-6691ce144b44 tempest-AttachSCSIVolumeTestJSON-1159555823 tempest-AttachSCSIVolumeTestJSON-1159555823-project-admin] Registering scheme swift+https with {'store': , 'location_class': , 'store_entry': 'swift'} {{(pid=103030) register_scheme_map /opt/stack/data/venv/lib/python3.12/site-packages/glance_store/location.py:146}}
Aug 19 15:54:24.412899 np0000007787 devstack@g-api.service[103030]: DEBUG glance_store.location [None req-91bfd187-542b-4e06-b230-6691ce144b44 tempest-AttachSCSIVolumeTestJSON-1159555823 tempest-AttachSCSIVolumeTestJSON-1159555823-project-admin] Registering scheme swift with {'store': , 'location_class': , 'store_entry': 'swift'} {{(pid=103030) register_scheme_map /opt/stack/data/venv/lib/python3.12/site-packages/glance_store/location.py:146}}
Aug 19 15:54:24.412899 np0000007787 devstack@g-api.service[103030]: DEBUG glance_store.location [None req-91bfd187-542b-4e06-b230-6691ce144b44 tempest-AttachSCSIVolumeTestJSON-1159555823 tempest-AttachSCSIVolumeTestJSON-1159555823-project-admin] Registering scheme swift+https with {'store': , 'location_class': , 'store_entry': 'swift'} {{(pid=103030) register_scheme_map /opt/stack/data/venv/lib/python3.12/site-packages/glance_store/location.py:146}}
Aug 19 15:54:24.413082 np0000007787 devstack@g-api.service[103030]: DEBUG glance_store.location [None req-91bfd187-542b-4e06-b230-6691ce144b44 tempest-AttachSCSIVolumeTestJSON-1159555823 tempest-AttachSCSIVolumeTestJSON-1159555823-project-admin] Registering scheme swift with {'store': , 'location_class': , 'store_entry': 'swift'} {{(pid=103030) register_scheme_map /opt/stack/data/venv/lib/python3.12/site-packages/glance_store/location.py:146}}
Aug 19 15:54:24.413082 np0000007787 devstack@g-api.service[103030]: DEBUG glance_store.location [None req-91bfd187-542b-4e06-b230-6691ce144b44 tempest-AttachSCSIVolumeTestJSON-1159555823 tempest-AttachSCSIVolumeTestJSON-1159555823-project-admin] Registering scheme swift+http with {'store': , 'location_class': , 'store_entry': 'swift'} {{(pid=103030) register_scheme_map /opt/stack/data/venv/lib/python3.12/site-packages/glance_store/location.py:146}}
Aug 19 15:54:24.413082 np0000007787 devstack@g-api.service[103030]: DEBUG glance_store.location [None req-91bfd187-542b-4e06-b230-6691ce144b44 tempest-AttachSCSIVolumeTestJSON-1159555823 tempest-AttachSCSIVolumeTestJSON-1159555823-project-admin] Registering scheme swift+https with {'store': , 'location_class': , 'store_entry': 'swift'} {{(pid=103030) register_scheme_map /opt/stack/data/venv/lib/python3.12/site-packages/glance_store/location.py:146}}
Aug 19 15:54:24.413242 np0000007787 devstack@g-api.service[103030]: DEBUG glance_store.location [None req-91bfd187-542b-4e06-b230-6691ce144b44 tempest-AttachSCSIVolumeTestJSON-1159555823 tempest-AttachSCSIVolumeTestJSON-1159555823-project-admin] Registering scheme swift with {'store': , 'location_class': , 'store_entry': 'swift'} {{(pid=103030) register_scheme_map /opt/stack/data/venv/lib/python3.12/site-packages/glance_store/location.py:146}}
Aug 19 15:54:24.413242 np0000007787 devstack@g-api.service[103030]: DEBUG glance_store.location [None req-91bfd187-542b-4e06-b230-6691ce144b44 tempest-AttachSCSIVolumeTestJSON-1159555823 tempest-AttachSCSIVolumeTestJSON-1159555823-project-admin] Registering scheme swift+http with {'store': , 'location_class': , 'store_entry': 'swift'} {{(pid=103030) register_scheme_map /opt/stack/data/venv/lib/python3.12/site-packages/glance_store/location.py:146}}
Aug 19 15:54:24.413242 np0000007787 devstack@g-api.service[103030]: DEBUG glance_store.location [None req-91bfd187-542b-4e06-b230-6691ce144b44 tempest-AttachSCSIVolumeTestJSON-1159555823 tempest-AttachSCSIVolumeTestJSON-1159555823-project-admin] Registering scheme swift+config with {'store': , 'location_class': , 'store_entry': 'swift'} {{(pid=103030) register_scheme_map /opt/stack/data/venv/lib/python3.12/site-packages/glance_store/location.py:146}}
Aug 19 15:54:24.413429 np0000007787 devstack@g-api.service[103030]: DEBUG glance_store.backend [None req-91bfd187-542b-4e06-b230-6691ce144b44 tempest-AttachSCSIVolumeTestJSON-1159555823 tempest-AttachSCSIVolumeTestJSON-1159555823-project-admin] Skipping store.set_acls... not implemented. {{(pid=103030) set_acls /opt/stack/data/venv/lib/python3.12/site-packages/glance_store/backend.py:507}}
Aug 19 15:54:24.416348 np0000007787 devstack@g-api.service[103030]: [pid: 103030|app: 0|req: 13/46] 127.0.0.1 () {40 vars in 854 bytes} [Wed Aug 19 15:54:21 2026] PUT /v2/images/bdf9adfe-c395-40d3-a8ad-cab337f56285/file => generated 0 bytes in 3025 msecs (HTTP/1.1 204) 4 headers in 171 bytes (1 switches on core 0)
Aug 19 15:54:24.468479 np0000007787 devstack@g-api.service[103033]: [pid: 103033|app: 0|req: 12/47] 127.0.0.1 () {44 vars in 1121 bytes} [Wed Aug 19 15:54:24 2026] GET /v2/images/fd855bf0-0b2d-4264-962f-74c20224fbb9/file => generated 21692416 bytes in 98 msecs (HTTP/1.1 200) 5 headers in 217 bytes (338 switches on core 0)
Aug 19 15:54:24.570144 np0000007787 devstack@g-api.service[103032]: DEBUG glance.api.middleware.version_negotiation [None req-730bd431-8c68-4da6-b304-c027ab6a7665 tempest-AttachSCSIVolumeTestJSON-1159555823 tempest-AttachSCSIVolumeTestJSON-1159555823-project-admin] Determining version of request: GET /v2/images/fd855bf0-0b2d-4264-962f-74c20224fbb9 Accept: */* {{(pid=103032) process_request /opt/stack/glance/glance/api/middleware/version_negotiation.py:44}}
Aug 19 15:54:24.570678 np0000007787 devstack@g-api.service[103032]: DEBUG glance.api.middleware.version_negotiation [None req-730bd431-8c68-4da6-b304-c027ab6a7665 tempest-AttachSCSIVolumeTestJSON-1159555823 tempest-AttachSCSIVolumeTestJSON-1159555823-project-admin] Using url versioning {{(pid=103032) process_request /opt/stack/glance/glance/api/middleware/version_negotiation.py:57}}
Aug 19 15:54:24.570678 np0000007787 devstack@g-api.service[103032]: DEBUG glance.api.middleware.version_negotiation [None req-730bd431-8c68-4da6-b304-c027ab6a7665 tempest-AttachSCSIVolumeTestJSON-1159555823 tempest-AttachSCSIVolumeTestJSON-1159555823-project-admin] Matched version: v2 {{(pid=103032) process_request /opt/stack/glance/glance/api/middleware/version_negotiation.py:69}}
Aug 19 15:54:24.570678 np0000007787 devstack@g-api.service[103032]: DEBUG glance.api.middleware.version_negotiation [None req-730bd431-8c68-4da6-b304-c027ab6a7665 tempest-AttachSCSIVolumeTestJSON-1159555823 tempest-AttachSCSIVolumeTestJSON-1159555823-project-admin] new path /v2/images/fd855bf0-0b2d-4264-962f-74c20224fbb9 {{(pid=103032) process_request /opt/stack/glance/glance/api/middleware/version_negotiation.py:70}}
Aug 19 15:54:24.588740 np0000007787 devstack@g-api.service[103032]: [pid: 103032|app: 0|req: 12/48] 127.0.0.1 () {44 vars in 1111 bytes} [Wed Aug 19 15:54:24 2026] GET /v2/images/fd855bf0-0b2d-4264-962f-74c20224fbb9 => generated 1044 bytes in 19 msecs (HTTP/1.1 200) 4 headers in 158 bytes (1 switches on core 0)
Aug 19 15:54:24.622883 np0000007787 devstack@g-api.service[103031]: DEBUG glance.api.middleware.version_negotiation [None req-c3bc88ac-7218-4491-a508-437ac98ff93d tempest-AttachVolumeNegativeTest-1902405879 tempest-AttachVolumeNegativeTest-1902405879-project-member] Determining version of request: GET /v2/schemas/image Accept: */* {{(pid=103031) process_request /opt/stack/glance/glance/api/middleware/version_negotiation.py:44}}
Aug 19 15:54:24.623011 np0000007787 devstack@g-api.service[103031]: DEBUG glance.api.middleware.version_negotiation [None req-c3bc88ac-7218-4491-a508-437ac98ff93d tempest-AttachVolumeNegativeTest-1902405879 tempest-AttachVolumeNegativeTest-1902405879-project-member] Using url versioning {{(pid=103031) process_request /opt/stack/glance/glance/api/middleware/version_negotiation.py:57}}
Aug 19 15:54:24.623165 np0000007787 devstack@g-api.service[103031]: DEBUG glance.api.middleware.version_negotiation [None req-c3bc88ac-7218-4491-a508-437ac98ff93d tempest-AttachVolumeNegativeTest-1902405879 tempest-AttachVolumeNegativeTest-1902405879-project-member] Matched version: v2 {{(pid=103031) process_request /opt/stack/glance/glance/api/middleware/version_negotiation.py:69}}
Aug 19 15:54:24.623252 np0000007787 devstack@g-api.service[103031]: DEBUG glance.api.middleware.version_negotiation [None req-c3bc88ac-7218-4491-a508-437ac98ff93d tempest-AttachVolumeNegativeTest-1902405879 tempest-AttachVolumeNegativeTest-1902405879-project-member] new path /v2/schemas/image {{(pid=103031) process_request /opt/stack/glance/glance/api/middleware/version_negotiation.py:70}}
Aug 19 15:54:24.626191 np0000007787 devstack@g-api.service[103031]: [pid: 103031|app: 0|req: 12/49] 127.0.0.1 () {44 vars in 1051 bytes} [Wed Aug 19 15:54:24 2026] GET /v2/schemas/image => generated 6083 bytes in 4 msecs (HTTP/1.1 200) 4 headers in 158 bytes (1 switches on core 0)
Aug 19 15:54:24.833881 np0000007787 devstack@g-api.service[103030]: DEBUG glance.api.middleware.version_negotiation [None req-91bfd187-542b-4e06-b230-6691ce144b44 tempest-AttachSCSIVolumeTestJSON-1159555823 tempest-AttachSCSIVolumeTestJSON-1159555823-project-admin] Determining version of request: GET /v2/images/fd855bf0-0b2d-4264-962f-74c20224fbb9 Accept: */* {{(pid=103030) process_request /opt/stack/glance/glance/api/middleware/version_negotiation.py:44}}
Aug 19 15:54:24.834559 np0000007787 devstack@g-api.service[103030]: DEBUG glance.api.middleware.version_negotiation [None req-91bfd187-542b-4e06-b230-6691ce144b44 tempest-AttachSCSIVolumeTestJSON-1159555823 tempest-AttachSCSIVolumeTestJSON-1159555823-project-admin] Using url versioning {{(pid=103030) process_request /opt/stack/glance/glance/api/middleware/version_negotiation.py:57}}
Aug 19 15:54:24.834559 np0000007787 devstack@g-api.service[103030]: DEBUG glance.api.middleware.version_negotiation [None req-91bfd187-542b-4e06-b230-6691ce144b44 tempest-AttachSCSIVolumeTestJSON-1159555823 tempest-AttachSCSIVolumeTestJSON-1159555823-project-admin] Matched version: v2 {{(pid=103030) process_request /opt/stack/glance/glance/api/middleware/version_negotiation.py:69}}
Aug 19 15:54:24.834559 np0000007787 devstack@g-api.service[103030]: DEBUG glance.api.middleware.version_negotiation [None req-91bfd187-542b-4e06-b230-6691ce144b44 tempest-AttachSCSIVolumeTestJSON-1159555823 tempest-AttachSCSIVolumeTestJSON-1159555823-project-admin] new path /v2/images/fd855bf0-0b2d-4264-962f-74c20224fbb9 {{(pid=103030) process_request /opt/stack/glance/glance/api/middleware/version_negotiation.py:70}}
Aug 19 15:54:24.845791 np0000007787 devstack@g-api.service[103030]: [pid: 103030|app: 0|req: 14/50] 127.0.0.1 () {44 vars in 1111 bytes} [Wed Aug 19 15:54:24 2026] GET /v2/images/fd855bf0-0b2d-4264-962f-74c20224fbb9 => generated 1044 bytes in 12 msecs (HTTP/1.1 200) 4 headers in 158 bytes (1 switches on core 0)
Aug 19 15:54:24.857577 np0000007787 devstack@g-api.service[103033]: DEBUG glance.api.middleware.version_negotiation [None req-c3bc88ac-7218-4491-a508-437ac98ff93d tempest-AttachVolumeNegativeTest-1902405879 tempest-AttachVolumeNegativeTest-1902405879-project-member] Determining version of request: GET /v2/schemas/image Accept: */* {{(pid=103033) process_request /opt/stack/glance/glance/api/middleware/version_negotiation.py:44}}
Aug 19 15:54:24.857577 np0000007787 devstack@g-api.service[103033]: DEBUG glance.api.middleware.version_negotiation [None req-c3bc88ac-7218-4491-a508-437ac98ff93d tempest-AttachVolumeNegativeTest-1902405879 tempest-AttachVolumeNegativeTest-1902405879-project-member] Using url versioning {{(pid=103033) process_request /opt/stack/glance/glance/api/middleware/version_negotiation.py:57}}
Aug 19 15:54:24.857577 np0000007787 devstack@g-api.service[103033]: DEBUG glance.api.middleware.version_negotiation [None req-c3bc88ac-7218-4491-a508-437ac98ff93d tempest-AttachVolumeNegativeTest-1902405879 tempest-AttachVolumeNegativeTest-1902405879-project-member] Matched version: v2 {{(pid=103033) process_request /opt/stack/glance/glance/api/middleware/version_negotiation.py:69}}
