Aug 19 15:51:42.044884 np0000007787 nova-scheduler[96641]: DEBUG cotyledon.oslo_config_glue [-] workarounds.libvirt_disable_apic = False {{(pid=96641) log_opt_values /opt/stack/data/venv/lib/python3.12/site-packages/oslo_config/cfg.py:3560}}
Aug 19 15:51:42.044884 np0000007787 nova-scheduler[96641]: DEBUG cotyledon.oslo_config_glue [-] workarounds.never_download_image_if_on_rbd = False {{(pid=96641) log_opt_values /opt/stack/data/venv/lib/python3.12/site-packages/oslo_config/cfg.py:3560}}
Aug 19 15:51:42.045160 np0000007787 nova-scheduler[96641]: DEBUG cotyledon.oslo_config_glue [-] workarounds.qemu_monitor_announce_self_count = 3 {{(pid=96641) log_opt_values /opt/stack/data/venv/lib/python3.12/site-packages/oslo_config/cfg.py:3560}}
Aug 19 15:51:42.045160 np0000007787 nova-scheduler[96641]: DEBUG cotyledon.oslo_config_glue [-] workarounds.qemu_monitor_announce_self_interval = 1 {{(pid=96641) log_opt_values /opt/stack/data/venv/lib/python3.12/site-packages/oslo_config/cfg.py:3560}}
Aug 19 15:51:42.045160 np0000007787 nova-scheduler[96641]: DEBUG cotyledon.oslo_config_glue [-] workarounds.reserve_disk_resource_for_image_cache = False {{(pid=96641) log_opt_values /opt/stack/data/venv/lib/python3.12/site-packages/oslo_config/cfg.py:3560}}
Aug 19 15:51:42.045160 np0000007787 nova-scheduler[96641]: DEBUG cotyledon.oslo_config_glue [-] workarounds.skip_cpu_compare_at_startup = False {{(pid=96641) log_opt_values /opt/stack/data/venv/lib/python3.12/site-packages/oslo_config/cfg.py:3560}}
Aug 19 15:51:42.045160 np0000007787 nova-scheduler[96641]: DEBUG cotyledon.oslo_config_glue [-] workarounds.skip_cpu_compare_on_dest = False {{(pid=96641) log_opt_values /opt/stack/data/venv/lib/python3.12/site-packages/oslo_config/cfg.py:3560}}
Aug 19 15:51:42.045160 np0000007787 nova-scheduler[96641]: DEBUG cotyledon.oslo_config_glue [-] workarounds.skip_hypervisor_version_check_on_lm = False {{(pid=96641) log_opt_values /opt/stack/data/venv/lib/python3.12/site-packages/oslo_config/cfg.py:3560}}
Aug 19 15:51:42.045160 np0000007787 nova-scheduler[96641]: DEBUG cotyledon.oslo_config_glue [-] workarounds.skip_reserve_in_use_ironic_nodes = False {{(pid=96641) log_opt_values /opt/stack/data/venv/lib/python3.12/site-packages/oslo_config/cfg.py:3560}}
Aug 19 15:51:42.045160 np0000007787 nova-scheduler[96641]: DEBUG cotyledon.oslo_config_glue [-] workarounds.unified_limits_count_pcpu_as_vcpu = False {{(pid=96641) log_opt_values /opt/stack/data/venv/lib/python3.12/site-packages/oslo_config/cfg.py:3560}}
Aug 19 15:51:42.045399 np0000007787 nova-scheduler[96641]: DEBUG cotyledon.oslo_config_glue [-] workarounds.wait_for_vif_plugged_event_during_hard_reboot = [] {{(pid=96641) log_opt_values /opt/stack/data/venv/lib/python3.12/site-packages/oslo_config/cfg.py:3560}}
Aug 19 15:51:42.045399 np0000007787 nova-scheduler[96641]: DEBUG cotyledon.oslo_config_glue [-] wsgi.api_paste_config = /etc/nova/api-paste.ini {{(pid=96641) log_opt_values /opt/stack/data/venv/lib/python3.12/site-packages/oslo_config/cfg.py:3560}}
Aug 19 15:51:42.045399 np0000007787 nova-scheduler[96641]: DEBUG cotyledon.oslo_config_glue [-] wsgi.secure_proxy_ssl_header = None {{(pid=96641) log_opt_values /opt/stack/data/venv/lib/python3.12/site-packages/oslo_config/cfg.py:3560}}
Aug 19 15:51:42.045399 np0000007787 nova-scheduler[96641]: DEBUG cotyledon.oslo_config_glue [-] zvm.ca_file = None {{(pid=96641) log_opt_values /opt/stack/data/venv/lib/python3.12/site-packages/oslo_config/cfg.py:3560}}
Aug 19 15:51:42.045399 np0000007787 nova-scheduler[96641]: DEBUG cotyledon.oslo_config_glue [-] zvm.cloud_connector_url = None {{(pid=96641) log_opt_values /opt/stack/data/venv/lib/python3.12/site-packages/oslo_config/cfg.py:3560}}
Aug 19 15:51:42.045399 np0000007787 nova-scheduler[96641]: DEBUG cotyledon.oslo_config_glue [-] zvm.image_tmp_path = /opt/stack/data/nova/images {{(pid=96641) log_opt_values /opt/stack/data/venv/lib/python3.12/site-packages/oslo_config/cfg.py:3560}}
Aug 19 15:51:42.045399 np0000007787 nova-scheduler[96641]: DEBUG cotyledon.oslo_config_glue [-] zvm.reachable_timeout = 300 {{(pid=96641) log_opt_values /opt/stack/data/venv/lib/python3.12/site-packages/oslo_config/cfg.py:3560}}
Aug 19 15:51:42.045399 np0000007787 nova-scheduler[96641]: DEBUG cotyledon.oslo_config_glue [-] oslo_versionedobjects.fatal_exception_format_errors = False {{(pid=96641) log_opt_values /opt/stack/data/venv/lib/python3.12/site-packages/oslo_config/cfg.py:3560}}
Aug 19 15:51:42.045399 np0000007787 nova-scheduler[96641]: DEBUG cotyledon.oslo_config_glue [-] oslo_middleware.http_basic_auth_user_file = /etc/htpasswd {{(pid=96641) log_opt_values /opt/stack/data/venv/lib/python3.12/site-packages/oslo_config/cfg.py:3560}}
Aug 19 15:51:42.045671 np0000007787 nova-scheduler[96641]: DEBUG cotyledon.oslo_config_glue [-] oslo_messaging_metrics.metrics_buffer_size = 1000 {{(pid=96641) log_opt_values /opt/stack/data/venv/lib/python3.12/site-packages/oslo_config/cfg.py:3560}}
Aug 19 15:51:42.045671 np0000007787 nova-scheduler[96641]: DEBUG cotyledon.oslo_config_glue [-] oslo_messaging_metrics.metrics_enabled = False {{(pid=96641) log_opt_values /opt/stack/data/venv/lib/python3.12/site-packages/oslo_config/cfg.py:3560}}
Aug 19 15:51:42.045671 np0000007787 nova-scheduler[96641]: DEBUG cotyledon.oslo_config_glue [-] oslo_messaging_metrics.metrics_process_name = {{(pid=96641) log_opt_values /opt/stack/data/venv/lib/python3.12/site-packages/oslo_config/cfg.py:3560}}
Aug 19 15:51:42.045671 np0000007787 nova-scheduler[96641]: DEBUG cotyledon.oslo_config_glue [-] oslo_messaging_metrics.metrics_socket_file = /var/tmp/metrics_collector.sock {{(pid=96641) log_opt_values /opt/stack/data/venv/lib/python3.12/site-packages/oslo_config/cfg.py:3560}}
Aug 19 15:51:42.045671 np0000007787 nova-scheduler[96641]: DEBUG cotyledon.oslo_config_glue [-] oslo_messaging_metrics.metrics_thread_stop_timeout = 10 {{(pid=96641) log_opt_values /opt/stack/data/venv/lib/python3.12/site-packages/oslo_config/cfg.py:3560}}
Aug 19 15:51:42.045671 np0000007787 nova-scheduler[96641]: DEBUG cotyledon.oslo_config_glue [-] profiler.connection_string = messaging:// {{(pid=96641) log_opt_values /opt/stack/data/venv/lib/python3.12/site-packages/oslo_config/cfg.py:3560}}
Aug 19 15:51:42.045671 np0000007787 nova-scheduler[96641]: DEBUG cotyledon.oslo_config_glue [-] profiler.enabled = False {{(pid=96641) log_opt_values /opt/stack/data/venv/lib/python3.12/site-packages/oslo_config/cfg.py:3560}}
Aug 19 15:51:42.045671 np0000007787 nova-scheduler[96641]: DEBUG cotyledon.oslo_config_glue [-] profiler.es_doc_type = notification {{(pid=96641) log_opt_values /opt/stack/data/venv/lib/python3.12/site-packages/oslo_config/cfg.py:3560}}
Aug 19 15:51:42.045671 np0000007787 nova-scheduler[96641]: DEBUG cotyledon.oslo_config_glue [-] profiler.es_scroll_size = 10000 {{(pid=96641) log_opt_values /opt/stack/data/venv/lib/python3.12/site-packages/oslo_config/cfg.py:3560}}
Aug 19 15:51:42.045967 np0000007787 nova-scheduler[96641]: DEBUG cotyledon.oslo_config_glue [-] profiler.es_scroll_time = 2m {{(pid=96641) log_opt_values /opt/stack/data/venv/lib/python3.12/site-packages/oslo_config/cfg.py:3560}}
Aug 19 15:51:42.045967 np0000007787 nova-scheduler[96641]: DEBUG cotyledon.oslo_config_glue [-] profiler.filter_error_trace = False {{(pid=96641) log_opt_values /opt/stack/data/venv/lib/python3.12/site-packages/oslo_config/cfg.py:3560}}
Aug 19 15:51:42.045967 np0000007787 nova-scheduler[96641]: DEBUG cotyledon.oslo_config_glue [-] profiler.hmac_keys = **** {{(pid=96641) log_opt_values /opt/stack/data/venv/lib/python3.12/site-packages/oslo_config/cfg.py:3560}}
Aug 19 15:51:42.045967 np0000007787 nova-scheduler[96641]: DEBUG cotyledon.oslo_config_glue [-] profiler.sentinel_service_name = mymaster {{(pid=96641) log_opt_values /opt/stack/data/venv/lib/python3.12/site-packages/oslo_config/cfg.py:3560}}
Aug 19 15:51:42.045967 np0000007787 nova-scheduler[96641]: DEBUG cotyledon.oslo_config_glue [-] profiler.socket_timeout = 0.1 {{(pid=96641) log_opt_values /opt/stack/data/venv/lib/python3.12/site-packages/oslo_config/cfg.py:3560}}
Aug 19 15:51:42.045967 np0000007787 nova-scheduler[96641]: DEBUG cotyledon.oslo_config_glue [-] profiler.trace_requests = False {{(pid=96641) log_opt_values /opt/stack/data/venv/lib/python3.12/site-packages/oslo_config/cfg.py:3560}}
Aug 19 15:51:42.045967 np0000007787 nova-scheduler[96641]: DEBUG cotyledon.oslo_config_glue [-] profiler.trace_sqlalchemy = False {{(pid=96641) log_opt_values /opt/stack/data/venv/lib/python3.12/site-packages/oslo_config/cfg.py:3560}}
Aug 19 15:51:42.045967 np0000007787 nova-scheduler[96641]: DEBUG cotyledon.oslo_config_glue [-] profiler_jaeger.process_tags = {} {{(pid=96641) log_opt_values /opt/stack/data/venv/lib/python3.12/site-packages/oslo_config/cfg.py:3560}}
Aug 19 15:51:42.045967 np0000007787 nova-scheduler[96641]: DEBUG cotyledon.oslo_config_glue [-] profiler_jaeger.service_name_prefix = None {{(pid=96641) log_opt_values /opt/stack/data/venv/lib/python3.12/site-packages/oslo_config/cfg.py:3560}}
Aug 19 15:51:42.046231 np0000007787 nova-scheduler[96641]: DEBUG cotyledon.oslo_config_glue [-] profiler_otlp.service_name_prefix = None {{(pid=96641) log_opt_values /opt/stack/data/venv/lib/python3.12/site-packages/oslo_config/cfg.py:3560}}
Aug 19 15:51:42.046231 np0000007787 nova-scheduler[96641]: DEBUG cotyledon.oslo_config_glue [-] oslo_messaging_rabbit.amqp_auto_delete = False {{(pid=96641) log_opt_values /opt/stack/data/venv/lib/python3.12/site-packages/oslo_config/cfg.py:3560}}
Aug 19 15:51:42.046231 np0000007787 nova-scheduler[96641]: DEBUG cotyledon.oslo_config_glue [-] oslo_messaging_rabbit.amqp_durable_queues = False {{(pid=96641) log_opt_values /opt/stack/data/venv/lib/python3.12/site-packages/oslo_config/cfg.py:3560}}
Aug 19 15:51:42.046231 np0000007787 nova-scheduler[96641]: DEBUG cotyledon.oslo_config_glue [-] oslo_messaging_rabbit.conn_pool_min_size = 2 {{(pid=96641) log_opt_values /opt/stack/data/venv/lib/python3.12/site-packages/oslo_config/cfg.py:3560}}
Aug 19 15:51:42.046231 np0000007787 nova-scheduler[96641]: DEBUG cotyledon.oslo_config_glue [-] oslo_messaging_rabbit.conn_pool_ttl = 1200 {{(pid=96641) log_opt_values /opt/stack/data/venv/lib/python3.12/site-packages/oslo_config/cfg.py:3560}}
Aug 19 15:51:42.046231 np0000007787 nova-scheduler[96641]: DEBUG cotyledon.oslo_config_glue [-] oslo_messaging_rabbit.direct_mandatory_flag = True {{(pid=96641) log_opt_values /opt/stack/data/venv/lib/python3.12/site-packages/oslo_config/cfg.py:3560}}
Aug 19 15:51:42.046231 np0000007787 nova-scheduler[96641]: DEBUG cotyledon.oslo_config_glue [-] oslo_messaging_rabbit.enable_cancel_on_failover = False {{(pid=96641) log_opt_values /opt/stack/data/venv/lib/python3.12/site-packages/oslo_config/cfg.py:3560}}
Aug 19 15:51:42.046231 np0000007787 nova-scheduler[96641]: DEBUG cotyledon.oslo_config_glue [-] oslo_messaging_rabbit.heartbeat_rate = 3 {{(pid=96641) log_opt_values /opt/stack/data/venv/lib/python3.12/site-packages/oslo_config/cfg.py:3560}}
Aug 19 15:51:42.046231 np0000007787 nova-scheduler[96641]: DEBUG cotyledon.oslo_config_glue [-] oslo_messaging_rabbit.heartbeat_timeout_threshold = 60 {{(pid=96641) log_opt_values /opt/stack/data/venv/lib/python3.12/site-packages/oslo_config/cfg.py:3560}}
Aug 19 15:51:42.046483 np0000007787 nova-scheduler[96641]: DEBUG cotyledon.oslo_config_glue [-] oslo_messaging_rabbit.hostname = np0000007787 {{(pid=96641) log_opt_values /opt/stack/data/venv/lib/python3.12/site-packages/oslo_config/cfg.py:3560}}
Aug 19 15:51:42.046483 np0000007787 nova-scheduler[96641]: DEBUG cotyledon.oslo_config_glue [-] oslo_messaging_rabbit.kombu_compression = None {{(pid=96641) log_opt_values /opt/stack/data/venv/lib/python3.12/site-packages/oslo_config/cfg.py:3560}}
Aug 19 15:51:42.046483 np0000007787 nova-scheduler[96641]: DEBUG cotyledon.oslo_config_glue [-] oslo_messaging_rabbit.kombu_failover_strategy = round-robin {{(pid=96641) log_opt_values /opt/stack/data/venv/lib/python3.12/site-packages/oslo_config/cfg.py:3560}}
Aug 19 15:51:42.046483 np0000007787 nova-scheduler[96641]: DEBUG cotyledon.oslo_config_glue [-] oslo_messaging_rabbit.kombu_missing_consumer_retry_timeout = 60 {{(pid=96641) log_opt_values /opt/stack/data/venv/lib/python3.12/site-packages/oslo_config/cfg.py:3560}}
Aug 19 15:51:42.046483 np0000007787 nova-scheduler[96641]: DEBUG cotyledon.oslo_config_glue [-] oslo_messaging_rabbit.kombu_reconnect_delay = 1.0 {{(pid=96641) log_opt_values /opt/stack/data/venv/lib/python3.12/site-packages/oslo_config/cfg.py:3560}}
Aug 19 15:51:42.046483 np0000007787 nova-scheduler[96641]: DEBUG cotyledon.oslo_config_glue [-] oslo_messaging_rabbit.kombu_reconnect_splay = 0.0 {{(pid=96641) log_opt_values /opt/stack/data/venv/lib/python3.12/site-packages/oslo_config/cfg.py:3560}}
Aug 19 15:51:42.046483 np0000007787 nova-scheduler[96641]: DEBUG cotyledon.oslo_config_glue [-] oslo_messaging_rabbit.processname = nova-scheduler {{(pid=96641) log_opt_values /opt/stack/data/venv/lib/python3.12/site-packages/oslo_config/cfg.py:3560}}
Aug 19 15:51:42.046483 np0000007787 nova-scheduler[96641]: DEBUG cotyledon.oslo_config_glue [-] oslo_messaging_rabbit.rabbit_ha_queues = False {{(pid=96641) log_opt_values /opt/stack/data/venv/lib/python3.12/site-packages/oslo_config/cfg.py:3560}}
Aug 19 15:51:42.046483 np0000007787 nova-scheduler[96641]: DEBUG cotyledon.oslo_config_glue [-] oslo_messaging_rabbit.rabbit_interval_max = 30 {{(pid=96641) log_opt_values /opt/stack/data/venv/lib/python3.12/site-packages/oslo_config/cfg.py:3560}}
Aug 19 15:51:42.046740 np0000007787 nova-scheduler[96641]: DEBUG cotyledon.oslo_config_glue [-] oslo_messaging_rabbit.rabbit_login_method = AMQPLAIN {{(pid=96641) log_opt_values /opt/stack/data/venv/lib/python3.12/site-packages/oslo_config/cfg.py:3560}}
Aug 19 15:51:42.046740 np0000007787 nova-scheduler[96641]: DEBUG cotyledon.oslo_config_glue [-] oslo_messaging_rabbit.rabbit_qos_prefetch_count = 0 {{(pid=96641) log_opt_values /opt/stack/data/venv/lib/python3.12/site-packages/oslo_config/cfg.py:3560}}
Aug 19 15:51:42.046740 np0000007787 nova-scheduler[96641]: DEBUG cotyledon.oslo_config_glue [-] oslo_messaging_rabbit.rabbit_quorum_delivery_limit = 0 {{(pid=96641) log_opt_values /opt/stack/data/venv/lib/python3.12/site-packages/oslo_config/cfg.py:3560}}
Aug 19 15:51:42.046740 np0000007787 nova-scheduler[96641]: DEBUG cotyledon.oslo_config_glue [-] oslo_messaging_rabbit.rabbit_quorum_max_memory_bytes = 0 {{(pid=96641) log_opt_values /opt/stack/data/venv/lib/python3.12/site-packages/oslo_config/cfg.py:3560}}
Aug 19 15:51:42.046740 np0000007787 nova-scheduler[96641]: DEBUG cotyledon.oslo_config_glue [-] oslo_messaging_rabbit.rabbit_quorum_max_memory_length = 0 {{(pid=96641) log_opt_values /opt/stack/data/venv/lib/python3.12/site-packages/oslo_config/cfg.py:3560}}
Aug 19 15:51:42.046740 np0000007787 nova-scheduler[96641]: DEBUG cotyledon.oslo_config_glue [-] oslo_messaging_rabbit.rabbit_quorum_queue = False {{(pid=96641) log_opt_values /opt/stack/data/venv/lib/python3.12/site-packages/oslo_config/cfg.py:3560}}
Aug 19 15:51:42.046740 np0000007787 nova-scheduler[96641]: DEBUG cotyledon.oslo_config_glue [-] oslo_messaging_rabbit.rabbit_retry_backoff = 2 {{(pid=96641) log_opt_values /opt/stack/data/venv/lib/python3.12/site-packages/oslo_config/cfg.py:3560}}
Aug 19 15:51:42.046740 np0000007787 nova-scheduler[96641]: DEBUG cotyledon.oslo_config_glue [-] oslo_messaging_rabbit.rabbit_retry_interval = 1 {{(pid=96641) log_opt_values /opt/stack/data/venv/lib/python3.12/site-packages/oslo_config/cfg.py:3560}}
Aug 19 15:51:42.046740 np0000007787 nova-scheduler[96641]: DEBUG cotyledon.oslo_config_glue [-] oslo_messaging_rabbit.rabbit_stream_fanout = False {{(pid=96641) log_opt_values /opt/stack/data/venv/lib/python3.12/site-packages/oslo_config/cfg.py:3560}}
Aug 19 15:51:42.047061 np0000007787 nova-scheduler[96641]: DEBUG cotyledon.oslo_config_glue [-] oslo_messaging_rabbit.rabbit_transient_queues_ttl = 1800 {{(pid=96641) log_opt_values /opt/stack/data/venv/lib/python3.12/site-packages/oslo_config/cfg.py:3560}}
Aug 19 15:51:42.047061 np0000007787 nova-scheduler[96641]: DEBUG cotyledon.oslo_config_glue [-] oslo_messaging_rabbit.rabbit_transient_quorum_queue = False {{(pid=96641) log_opt_values /opt/stack/data/venv/lib/python3.12/site-packages/oslo_config/cfg.py:3560}}
Aug 19 15:51:42.047061 np0000007787 nova-scheduler[96641]: DEBUG cotyledon.oslo_config_glue [-] oslo_messaging_rabbit.rpc_conn_pool_size = 30 {{(pid=96641) log_opt_values /opt/stack/data/venv/lib/python3.12/site-packages/oslo_config/cfg.py:3560}}
Aug 19 15:51:42.047061 np0000007787 nova-scheduler[96641]: DEBUG cotyledon.oslo_config_glue [-] oslo_messaging_rabbit.ssl = False {{(pid=96641) log_opt_values /opt/stack/data/venv/lib/python3.12/site-packages/oslo_config/cfg.py:3560}}
Aug 19 15:51:42.047061 np0000007787 nova-scheduler[96641]: DEBUG cotyledon.oslo_config_glue [-] oslo_messaging_rabbit.ssl_ca_file = {{(pid=96641) log_opt_values /opt/stack/data/venv/lib/python3.12/site-packages/oslo_config/cfg.py:3560}}
Aug 19 15:51:42.047061 np0000007787 nova-scheduler[96641]: DEBUG cotyledon.oslo_config_glue [-] oslo_messaging_rabbit.ssl_cert_file = {{(pid=96641) log_opt_values /opt/stack/data/venv/lib/python3.12/site-packages/oslo_config/cfg.py:3560}}
Aug 19 15:51:42.047061 np0000007787 nova-scheduler[96641]: DEBUG cotyledon.oslo_config_glue [-] oslo_messaging_rabbit.ssl_enforce_fips_mode = False {{(pid=96641) log_opt_values /opt/stack/data/venv/lib/python3.12/site-packages/oslo_config/cfg.py:3560}}
Aug 19 15:51:42.047061 np0000007787 nova-scheduler[96641]: DEBUG cotyledon.oslo_config_glue [-] oslo_messaging_rabbit.ssl_enforce_hostname_verification = True {{(pid=96641) log_opt_values /opt/stack/data/venv/lib/python3.12/site-packages/oslo_config/cfg.py:3560}}
Aug 19 15:51:42.047061 np0000007787 nova-scheduler[96641]: DEBUG cotyledon.oslo_config_glue [-] oslo_messaging_rabbit.ssl_key_file = {{(pid=96641) log_opt_values /opt/stack/data/venv/lib/python3.12/site-packages/oslo_config/cfg.py:3560}}
Aug 19 15:51:42.047305 np0000007787 nova-scheduler[96641]: DEBUG cotyledon.oslo_config_glue [-] oslo_messaging_rabbit.ssl_version = {{(pid=96641) log_opt_values /opt/stack/data/venv/lib/python3.12/site-packages/oslo_config/cfg.py:3560}}
Aug 19 15:51:42.047305 np0000007787 nova-scheduler[96641]: DEBUG cotyledon.oslo_config_glue [-] oslo_messaging_rabbit.use_queue_manager = False {{(pid=96641) log_opt_values /opt/stack/data/venv/lib/python3.12/site-packages/oslo_config/cfg.py:3560}}
Aug 19 15:51:42.047305 np0000007787 nova-scheduler[96641]: DEBUG cotyledon.oslo_config_glue [-] oslo_messaging_notifications.driver = ['messagingv2'] {{(pid=96641) log_opt_values /opt/stack/data/venv/lib/python3.12/site-packages/oslo_config/cfg.py:3560}}
Aug 19 15:51:42.047305 np0000007787 nova-scheduler[96641]: DEBUG cotyledon.oslo_config_glue [-] oslo_messaging_notifications.retry = -1 {{(pid=96641) log_opt_values /opt/stack/data/venv/lib/python3.12/site-packages/oslo_config/cfg.py:3560}}
Aug 19 15:51:42.047305 np0000007787 nova-scheduler[96641]: DEBUG cotyledon.oslo_config_glue [-] oslo_messaging_notifications.topics = ['notifications'] {{(pid=96641) log_opt_values /opt/stack/data/venv/lib/python3.12/site-packages/oslo_config/cfg.py:3560}}
Aug 19 15:51:42.047305 np0000007787 nova-scheduler[96641]: DEBUG cotyledon.oslo_config_glue [-] oslo_messaging_notifications.transport_url = **** {{(pid=96641) log_opt_values /opt/stack/data/venv/lib/python3.12/site-packages/oslo_config/cfg.py:3560}}
Aug 19 15:51:42.047305 np0000007787 nova-scheduler[96641]: DEBUG cotyledon.oslo_config_glue [-] oslo_limit.auth_section = None {{(pid=96641) log_opt_values /opt/stack/data/venv/lib/python3.12/site-packages/oslo_config/cfg.py:3560}}
Aug 19 15:51:42.047305 np0000007787 nova-scheduler[96641]: DEBUG cotyledon.oslo_config_glue [-] oslo_limit.auth_type = None {{(pid=96641) log_opt_values /opt/stack/data/venv/lib/python3.12/site-packages/oslo_config/cfg.py:3560}}
Aug 19 15:51:42.047305 np0000007787 nova-scheduler[96641]: DEBUG cotyledon.oslo_config_glue [-] oslo_limit.cafile = None {{(pid=96641) log_opt_values /opt/stack/data/venv/lib/python3.12/site-packages/oslo_config/cfg.py:3560}}
Aug 19 15:51:42.047573 np0000007787 nova-scheduler[96641]: DEBUG cotyledon.oslo_config_glue [-] oslo_limit.certfile = None {{(pid=96641) log_opt_values /opt/stack/data/venv/lib/python3.12/site-packages/oslo_config/cfg.py:3560}}
Aug 19 15:51:42.047573 np0000007787 nova-scheduler[96641]: DEBUG cotyledon.oslo_config_glue [-] oslo_limit.collect_timing = False {{(pid=96641) log_opt_values /opt/stack/data/venv/lib/python3.12/site-packages/oslo_config/cfg.py:3560}}
Aug 19 15:51:42.047573 np0000007787 nova-scheduler[96641]: DEBUG cotyledon.oslo_config_glue [-] oslo_limit.connect_retries = None {{(pid=96641) log_opt_values /opt/stack/data/venv/lib/python3.12/site-packages/oslo_config/cfg.py:3560}}
Aug 19 15:51:42.047573 np0000007787 nova-scheduler[96641]: DEBUG cotyledon.oslo_config_glue [-] oslo_limit.connect_retry_delay = None {{(pid=96641) log_opt_values /opt/stack/data/venv/lib/python3.12/site-packages/oslo_config/cfg.py:3560}}
Aug 19 15:51:42.047573 np0000007787 nova-scheduler[96641]: DEBUG cotyledon.oslo_config_glue [-] oslo_limit.endpoint_id = None {{(pid=96641) log_opt_values /opt/stack/data/venv/lib/python3.12/site-packages/oslo_config/cfg.py:3560}}
Aug 19 15:51:42.047573 np0000007787 nova-scheduler[96641]: DEBUG cotyledon.oslo_config_glue [-] oslo_limit.endpoint_interface = public {{(pid=96641) log_opt_values /opt/stack/data/venv/lib/python3.12/site-packages/oslo_config/cfg.py:3560}}
Aug 19 15:51:42.047573 np0000007787 nova-scheduler[96641]: DEBUG cotyledon.oslo_config_glue [-] oslo_limit.endpoint_override = None {{(pid=96641) log_opt_values /opt/stack/data/venv/lib/python3.12/site-packages/oslo_config/cfg.py:3560}}
Aug 19 15:51:42.047573 np0000007787 nova-scheduler[96641]: DEBUG cotyledon.oslo_config_glue [-] oslo_limit.endpoint_region_name = None {{(pid=96641) log_opt_values /opt/stack/data/venv/lib/python3.12/site-packages/oslo_config/cfg.py:3560}}
Aug 19 15:51:42.047573 np0000007787 nova-scheduler[96641]: DEBUG cotyledon.oslo_config_glue [-] oslo_limit.endpoint_service_name = None {{(pid=96641) log_opt_values /opt/stack/data/venv/lib/python3.12/site-packages/oslo_config/cfg.py:3560}}
Aug 19 15:51:42.047869 np0000007787 nova-scheduler[96641]: DEBUG cotyledon.oslo_config_glue [-] oslo_limit.endpoint_service_type = None {{(pid=96641) log_opt_values /opt/stack/data/venv/lib/python3.12/site-packages/oslo_config/cfg.py:3560}}
Aug 19 15:51:42.047869 np0000007787 nova-scheduler[96641]: DEBUG cotyledon.oslo_config_glue [-] oslo_limit.insecure = False {{(pid=96641) log_opt_values /opt/stack/data/venv/lib/python3.12/site-packages/oslo_config/cfg.py:3560}}
Aug 19 15:51:42.047869 np0000007787 nova-scheduler[96641]: DEBUG cotyledon.oslo_config_glue [-] oslo_limit.keyfile = None {{(pid=96641) log_opt_values /opt/stack/data/venv/lib/python3.12/site-packages/oslo_config/cfg.py:3560}}
Aug 19 15:51:42.047869 np0000007787 nova-scheduler[96641]: DEBUG cotyledon.oslo_config_glue [-] oslo_limit.max_version = None {{(pid=96641) log_opt_values /opt/stack/data/venv/lib/python3.12/site-packages/oslo_config/cfg.py:3560}}
Aug 19 15:51:42.047869 np0000007787 nova-scheduler[96641]: DEBUG cotyledon.oslo_config_glue [-] oslo_limit.min_version = None {{(pid=96641) log_opt_values /opt/stack/data/venv/lib/python3.12/site-packages/oslo_config/cfg.py:3560}}
Aug 19 15:51:42.047869 np0000007787 nova-scheduler[96641]: DEBUG cotyledon.oslo_config_glue [-] oslo_limit.region_name = None {{(pid=96641) log_opt_values /opt/stack/data/venv/lib/python3.12/site-packages/oslo_config/cfg.py:3560}}
Aug 19 15:51:42.047869 np0000007787 nova-scheduler[96641]: DEBUG cotyledon.oslo_config_glue [-] oslo_limit.retriable_status_codes = None {{(pid=96641) log_opt_values /opt/stack/data/venv/lib/python3.12/site-packages/oslo_config/cfg.py:3560}}
Aug 19 15:51:42.047869 np0000007787 nova-scheduler[96641]: DEBUG cotyledon.oslo_config_glue [-] oslo_limit.service_name = None {{(pid=96641) log_opt_values /opt/stack/data/venv/lib/python3.12/site-packages/oslo_config/cfg.py:3560}}
Aug 19 15:51:42.047869 np0000007787 nova-scheduler[96641]: DEBUG cotyledon.oslo_config_glue [-] oslo_limit.service_type = None {{(pid=96641) log_opt_values /opt/stack/data/venv/lib/python3.12/site-packages/oslo_config/cfg.py:3560}}
Aug 19 15:51:42.048140 np0000007787 nova-scheduler[96641]: DEBUG cotyledon.oslo_config_glue [-] oslo_limit.split_loggers = False {{(pid=96641) log_opt_values /opt/stack/data/venv/lib/python3.12/site-packages/oslo_config/cfg.py:3560}}
Aug 19 15:51:42.048140 np0000007787 nova-scheduler[96641]: DEBUG cotyledon.oslo_config_glue [-] oslo_limit.status_code_retries = None {{(pid=96641) log_opt_values /opt/stack/data/venv/lib/python3.12/site-packages/oslo_config/cfg.py:3560}}
Aug 19 15:51:42.048140 np0000007787 nova-scheduler[96641]: DEBUG cotyledon.oslo_config_glue [-] oslo_limit.status_code_retry_delay = None {{(pid=96641) log_opt_values /opt/stack/data/venv/lib/python3.12/site-packages/oslo_config/cfg.py:3560}}
Aug 19 15:51:42.048140 np0000007787 nova-scheduler[96641]: DEBUG cotyledon.oslo_config_glue [-] oslo_limit.timeout = None {{(pid=96641) log_opt_values /opt/stack/data/venv/lib/python3.12/site-packages/oslo_config/cfg.py:3560}}
Aug 19 15:51:42.048140 np0000007787 nova-scheduler[96641]: DEBUG cotyledon.oslo_config_glue [-] oslo_limit.valid_interfaces = None {{(pid=96641) log_opt_values /opt/stack/data/venv/lib/python3.12/site-packages/oslo_config/cfg.py:3560}}
Aug 19 15:51:42.048140 np0000007787 nova-scheduler[96641]: DEBUG cotyledon.oslo_config_glue [-] oslo_limit.version = None {{(pid=96641) log_opt_values /opt/stack/data/venv/lib/python3.12/site-packages/oslo_config/cfg.py:3560}}
Aug 19 15:51:42.048140 np0000007787 nova-scheduler[96641]: DEBUG cotyledon.oslo_config_glue [-] oslo_reports.file_event_handler = None {{(pid=96641) log_opt_values /opt/stack/data/venv/lib/python3.12/site-packages/oslo_config/cfg.py:3560}}
Aug 19 15:51:42.048140 np0000007787 nova-scheduler[96641]: DEBUG cotyledon.oslo_config_glue [-] oslo_reports.file_event_handler_interval = 1 {{(pid=96641) log_opt_values /opt/stack/data/venv/lib/python3.12/site-packages/oslo_config/cfg.py:3560}}
Aug 19 15:51:42.048140 np0000007787 nova-scheduler[96641]: DEBUG cotyledon.oslo_config_glue [-] oslo_reports.log_dir = None {{(pid=96641) log_opt_values /opt/stack/data/venv/lib/python3.12/site-packages/oslo_config/cfg.py:3560}}
Aug 19 15:51:42.048388 np0000007787 nova-scheduler[96641]: DEBUG cotyledon.oslo_config_glue [-] ******************************************************************************** {{(pid=96641) log_opt_values /opt/stack/data/venv/lib/python3.12/site-packages/oslo_config/cfg.py:3567}}
Aug 19 15:51:42.048388 np0000007787 nova-scheduler[96641]: DEBUG cotyledon._service_worker [-] Run service ServiceWrapper(3) [96641] {{(pid=96641) wait_forever /opt/stack/data/venv/lib/python3.12/site-packages/cotyledon/_service_worker.py:218}}
Aug 19 15:51:42.048388 np0000007787 nova-scheduler[96641]: INFO nova.service [-] Starting scheduler node (version 33.1.0)
Aug 19 15:51:42.048474 np0000007787 nova-scheduler[96635]: DEBUG oslo_db.sqlalchemy.engines [None req-f5677420-cf10-471e-b567-38159f6a47fc None None] MySQL server mode set to STRICT_TRANS_TABLES,STRICT_ALL_TABLES,NO_ZERO_IN_DATE,NO_ZERO_DATE,ERROR_FOR_DIVISION_BY_ZERO,TRADITIONAL,NO_ENGINE_SUBSTITUTION {{(pid=96635) _check_effective_sql_mode /opt/stack/data/venv/lib/python3.12/site-packages/oslo_db/sqlalchemy/engines.py:325}}
Aug 19 15:51:42.048514 np0000007787 nova-scheduler[96641]: INFO dbcounter [None req-29cef8e9-fcb4-489c-b201-565110b6c3c7 None None] Registered counter for database nova_cell0
Aug 19 15:51:42.048557 np0000007787 nova-scheduler[96635]: DEBUG dbcounter [-] [96635] Writer thread running {{(pid=96635) stat_writer /opt/stack/data/venv/lib/python3.12/site-packages/dbcounter.py:102}}
Aug 19 15:51:42.048593 np0000007787 nova-scheduler[96637]: DEBUG oslo_db.sqlalchemy.engines [None req-bd7c9080-4f56-4bb7-822a-28d7ccaa7264 None None] MySQL server mode set to STRICT_TRANS_TABLES,STRICT_ALL_TABLES,NO_ZERO_IN_DATE,NO_ZERO_DATE,ERROR_FOR_DIVISION_BY_ZERO,TRADITIONAL,NO_ENGINE_SUBSTITUTION {{(pid=96637) _check_effective_sql_mode /opt/stack/data/venv/lib/python3.12/site-packages/oslo_db/sqlalchemy/engines.py:325}}
Aug 19 15:51:42.048651 np0000007787 nova-scheduler[96639]: DEBUG oslo_db.sqlalchemy.engines [None req-025563e7-8db2-43d7-9e6b-c1551051a183 None None] MySQL server mode set to STRICT_TRANS_TABLES,STRICT_ALL_TABLES,NO_ZERO_IN_DATE,NO_ZERO_DATE,ERROR_FOR_DIVISION_BY_ZERO,TRADITIONAL,NO_ENGINE_SUBSTITUTION {{(pid=96639) _check_effective_sql_mode /opt/stack/data/venv/lib/python3.12/site-packages/oslo_db/sqlalchemy/engines.py:325}}
Aug 19 15:51:42.048691 np0000007787 nova-scheduler[96637]: DEBUG dbcounter [-] [96637] Writer thread running {{(pid=96637) stat_writer /opt/stack/data/venv/lib/python3.12/site-packages/dbcounter.py:102}}
Aug 19 15:51:42.052964 np0000007787 nova-scheduler[96639]: DEBUG dbcounter [-] [96639] Writer thread running {{(pid=96639) stat_writer /opt/stack/data/venv/lib/python3.12/site-packages/dbcounter.py:102}}
Aug 19 15:51:42.072593 np0000007787 nova-scheduler[96635]: DEBUG nova.service [None req-f5677420-cf10-471e-b567-38159f6a47fc None None] Creating RPC server for service: nova-scheduler on topic: scheduler {{(pid=96635) start /opt/stack/nova/nova/service.py:262}}
Aug 19 15:51:42.081679 np0000007787 nova-scheduler[96639]: DEBUG nova.service [None req-025563e7-8db2-43d7-9e6b-c1551051a183 None None] Creating RPC server for service: nova-scheduler on topic: scheduler {{(pid=96639) start /opt/stack/nova/nova/service.py:262}}
Aug 19 15:51:42.082233 np0000007787 nova-scheduler[96637]: DEBUG nova.service [None req-bd7c9080-4f56-4bb7-822a-28d7ccaa7264 None None] Creating RPC server for service: nova-scheduler on topic: scheduler {{(pid=96637) start /opt/stack/nova/nova/service.py:262}}
Aug 19 15:51:42.083944 np0000007787 nova-scheduler[96641]: DEBUG oslo_db.sqlalchemy.engines [None req-29cef8e9-fcb4-489c-b201-565110b6c3c7 None None] MySQL server mode set to STRICT_TRANS_TABLES,STRICT_ALL_TABLES,NO_ZERO_IN_DATE,NO_ZERO_DATE,ERROR_FOR_DIVISION_BY_ZERO,TRADITIONAL,NO_ENGINE_SUBSTITUTION {{(pid=96641) _check_effective_sql_mode /opt/stack/data/venv/lib/python3.12/site-packages/oslo_db/sqlalchemy/engines.py:325}}
Aug 19 15:51:42.096646 np0000007787 nova-scheduler[96641]: DEBUG dbcounter [-] [96641] Writer thread running {{(pid=96641) stat_writer /opt/stack/data/venv/lib/python3.12/site-packages/dbcounter.py:102}}
Aug 19 15:51:42.101223 np0000007787 nova-scheduler[96641]: DEBUG nova.service [None req-29cef8e9-fcb4-489c-b201-565110b6c3c7 None None] Creating RPC server for service: nova-scheduler on topic: scheduler {{(pid=96641) start /opt/stack/nova/nova/service.py:262}}
Aug 19 15:51:42.116074 np0000007787 nova-scheduler[96637]: DEBUG nova.service [None req-bd7c9080-4f56-4bb7-822a-28d7ccaa7264 None None] Join ServiceGroup membership for this service scheduler {{(pid=96637) start /opt/stack/nova/nova/service.py:288}}
Aug 19 15:51:42.116215 np0000007787 nova-scheduler[96635]: DEBUG nova.service [None req-f5677420-cf10-471e-b567-38159f6a47fc None None] Join ServiceGroup membership for this service scheduler {{(pid=96635) start /opt/stack/nova/nova/service.py:288}}
Aug 19 15:51:42.116302 np0000007787 nova-scheduler[96637]: DEBUG nova.servicegroup.drivers.db [None req-bd7c9080-4f56-4bb7-822a-28d7ccaa7264 None None] DB_Driver: join new ServiceGroup member np0000007787 to the scheduler group, service = {{(pid=96637) join /opt/stack/nova/nova/servicegroup/drivers/db.py:44}}
Aug 19 15:51:42.116357 np0000007787 nova-scheduler[96635]: DEBUG nova.servicegroup.drivers.db [None req-f5677420-cf10-471e-b567-38159f6a47fc None None] DB_Driver: join new ServiceGroup member np0000007787 to the scheduler group, service = {{(pid=96635) join /opt/stack/nova/nova/servicegroup/drivers/db.py:44}}
Aug 19 15:51:42.116400 np0000007787 nova-scheduler[96639]: DEBUG nova.service [None req-025563e7-8db2-43d7-9e6b-c1551051a183 None None] Join ServiceGroup membership for this service scheduler {{(pid=96639) start /opt/stack/nova/nova/service.py:288}}
Aug 19 15:51:42.116400 np0000007787 nova-scheduler[96639]: DEBUG nova.servicegroup.drivers.db [None req-025563e7-8db2-43d7-9e6b-c1551051a183 None None] DB_Driver: join new ServiceGroup member np0000007787 to the scheduler group, service = {{(pid=96639) join /opt/stack/nova/nova/servicegroup/drivers/db.py:44}}
Aug 19 15:51:42.124009 np0000007787 nova-scheduler[96641]: DEBUG nova.service [None req-29cef8e9-fcb4-489c-b201-565110b6c3c7 None None] Join ServiceGroup membership for this service scheduler {{(pid=96641) start /opt/stack/nova/nova/service.py:288}}
Aug 19 15:51:42.124303 np0000007787 nova-scheduler[96641]: DEBUG nova.servicegroup.drivers.db [None req-29cef8e9-fcb4-489c-b201-565110b6c3c7 None None] DB_Driver: join new ServiceGroup member np0000007787 to the scheduler group, service = {{(pid=96641) join /opt/stack/nova/nova/servicegroup/drivers/db.py:44}}
Aug 19 15:51:47.140960 np0000007787 nova-scheduler[96637]: DEBUG oslo.service.backend._threading.loopingcall [-] Fixed interval looping call 'nova.servicegroup.drivers.db.DbDriver._report_state' sleeping for 119.98 seconds {{(pid=96637) _run_loop /opt/stack/data/venv/lib/python3.12/site-packages/oslo_service/backend/_threading/loopingcall.py:125}}
Aug 19 15:51:47.141408 np0000007787 nova-scheduler[96635]: DEBUG oslo.service.backend._threading.loopingcall [-] Fixed interval looping call 'nova.servicegroup.drivers.db.DbDriver._report_state' sleeping for 119.98 seconds {{(pid=96635) _run_loop /opt/stack/data/venv/lib/python3.12/site-packages/oslo_service/backend/_threading/loopingcall.py:125}}
Aug 19 15:51:47.142636 np0000007787 nova-scheduler[96639]: DEBUG oslo.service.backend._threading.loopingcall [-] Fixed interval looping call 'nova.servicegroup.drivers.db.DbDriver._report_state' sleeping for 119.97 seconds {{(pid=96639) _run_loop /opt/stack/data/venv/lib/python3.12/site-packages/oslo_service/backend/_threading/loopingcall.py:125}}
Aug 19 15:51:47.143518 np0000007787 nova-scheduler[96641]: DEBUG oslo.service.backend._threading.loopingcall [-] Fixed interval looping call 'nova.servicegroup.drivers.db.DbDriver._report_state' sleeping for 119.98 seconds {{(pid=96641) _run_loop /opt/stack/data/venv/lib/python3.12/site-packages/oslo_service/backend/_threading/loopingcall.py:125}}
Aug 19 15:51:50.640997 np0000007787 nova-scheduler[95441]: DEBUG dbcounter [-] [95441] Writing DB stats nova_api:SELECT=3 {{(pid=95441) stat_writer /opt/stack/data/venv/lib/python3.12/site-packages/dbcounter.py:115}}
Aug 19 15:51:50.777476 np0000007787 nova-scheduler[95441]: DEBUG dbcounter [-] [95441] Writing DB stats nova_cell1:SELECT=1 {{(pid=95441) stat_writer /opt/stack/data/venv/lib/python3.12/site-packages/dbcounter.py:115}}
Aug 19 15:51:50.785863 np0000007787 nova-scheduler[95441]: DEBUG dbcounter [-] [95441] Writing DB stats nova_cell0:SELECT=1 {{(pid=95441) stat_writer /opt/stack/data/venv/lib/python3.12/site-packages/dbcounter.py:115}}
Aug 19 15:51:54.126694 np0000007787 nova-scheduler[96641]: DEBUG oslo.service.backend._threading.loopingcall [None req-c886415e-1944-4781-9bba-c2b3c5c67b44 None None] Dynamic interval looping call 'nova.service.Service.periodic_tasks' sleeping for 60.00 seconds {{(pid=96641) _run_loop /opt/stack/data/venv/lib/python3.12/site-packages/oslo_service/backend/_threading/loopingcall.py:125}}
Aug 19 15:51:57.126632 np0000007787 nova-scheduler[96637]: DEBUG dbcounter [-] [96637] Writing DB stats nova_cell0:SELECT=5,nova_cell0:INSERT=1,nova_cell0:UPDATE=1 {{(pid=96637) stat_writer /opt/stack/data/venv/lib/python3.12/site-packages/dbcounter.py:115}}
Aug 19 15:51:57.127169 np0000007787 nova-scheduler[96635]: DEBUG dbcounter [-] [96635] Writing DB stats nova_cell0:SELECT=4,nova_cell0:INSERT=1,nova_cell0:UPDATE=1 {{(pid=96635) stat_writer /opt/stack/data/venv/lib/python3.12/site-packages/dbcounter.py:115}}
Aug 19 15:51:57.129991 np0000007787 nova-scheduler[96639]: DEBUG dbcounter [-] [96639] Writing DB stats nova_cell0:SELECT=5,nova_cell0:INSERT=1,nova_cell0:UPDATE=1 {{(pid=96639) stat_writer /opt/stack/data/venv/lib/python3.12/site-packages/dbcounter.py:115}}
Aug 19 15:51:57.138976 np0000007787 nova-scheduler[96641]: DEBUG dbcounter [-] [96641] Writing DB stats nova_cell0:SELECT=3,nova_cell0:UPDATE=1 {{(pid=96641) stat_writer /opt/stack/data/venv/lib/python3.12/site-packages/dbcounter.py:115}}
Aug 19 15:52:07.117820 np0000007787 nova-scheduler[96639]: DEBUG oslo.service.backend._threading.loopingcall [None req-5601fb41-c325-4b9a-b829-653be987282d None None] Dynamic interval looping call 'nova.service.Service.periodic_tasks' sleeping for 60.00 seconds {{(pid=96639) _run_loop /opt/stack/data/venv/lib/python3.12/site-packages/oslo_service/backend/_threading/loopingcall.py:125}}
Aug 19 15:52:08.118195 np0000007787 nova-scheduler[96637]: DEBUG oslo.service.backend._threading.loopingcall [None req-6182d20d-7568-433b-9b53-4cba172dca35 None None] Dynamic interval looping call 'nova.service.Service.periodic_tasks' sleeping for 60.00 seconds {{(pid=96637) _run_loop /opt/stack/data/venv/lib/python3.12/site-packages/oslo_service/backend/_threading/loopingcall.py:125}}
Aug 19 15:52:19.118188 np0000007787 nova-scheduler[96635]: DEBUG oslo.service.backend._threading.loopingcall [None req-ad3ee7ee-3743-47ca-a1df-b23a4636c2b4 None None] Dynamic interval looping call 'nova.service.Service.periodic_tasks' sleeping for 60.00 seconds {{(pid=96635) _run_loop /opt/stack/data/venv/lib/python3.12/site-packages/oslo_service/backend/_threading/loopingcall.py:125}}
Aug 19 15:52:54.127040 np0000007787 nova-scheduler[96641]: DEBUG oslo.service.backend._threading.loopingcall [None req-c886415e-1944-4781-9bba-c2b3c5c67b44 None None] Dynamic interval looping call 'nova.service.Service.periodic_tasks' sleeping for 60.00 seconds {{(pid=96641) _run_loop /opt/stack/data/venv/lib/python3.12/site-packages/oslo_service/backend/_threading/loopingcall.py:125}}
Aug 19 15:53:07.118272 np0000007787 nova-scheduler[96639]: DEBUG oslo.service.backend._threading.loopingcall [None req-5601fb41-c325-4b9a-b829-653be987282d None None] Dynamic interval looping call 'nova.service.Service.periodic_tasks' sleeping for 60.00 seconds {{(pid=96639) _run_loop /opt/stack/data/venv/lib/python3.12/site-packages/oslo_service/backend/_threading/loopingcall.py:125}}
Aug 19 15:53:08.118825 np0000007787 nova-scheduler[96637]: DEBUG oslo.service.backend._threading.loopingcall [None req-6182d20d-7568-433b-9b53-4cba172dca35 None None] Dynamic interval looping call 'nova.service.Service.periodic_tasks' sleeping for 60.00 seconds {{(pid=96637) _run_loop /opt/stack/data/venv/lib/python3.12/site-packages/oslo_service/backend/_threading/loopingcall.py:125}}
Aug 19 15:53:19.118740 np0000007787 nova-scheduler[96635]: DEBUG oslo.service.backend._threading.loopingcall [None req-ad3ee7ee-3743-47ca-a1df-b23a4636c2b4 None None] Dynamic interval looping call 'nova.service.Service.periodic_tasks' sleeping for 60.00 seconds {{(pid=96635) _run_loop /opt/stack/data/venv/lib/python3.12/site-packages/oslo_service/backend/_threading/loopingcall.py:125}}
Aug 19 15:53:47.126438 np0000007787 nova-scheduler[96639]: DEBUG oslo.service.backend._threading.loopingcall [-] Fixed interval looping call 'nova.servicegroup.drivers.db.DbDriver._report_state' sleeping for 119.99 seconds {{(pid=96639) _run_loop /opt/stack/data/venv/lib/python3.12/site-packages/oslo_service/backend/_threading/loopingcall.py:125}}
Aug 19 15:53:47.127179 np0000007787 nova-scheduler[96637]: DEBUG oslo.service.backend._threading.loopingcall [-] Fixed interval looping call 'nova.servicegroup.drivers.db.DbDriver._report_state' sleeping for 119.99 seconds {{(pid=96637) _run_loop /opt/stack/data/venv/lib/python3.12/site-packages/oslo_service/backend/_threading/loopingcall.py:125}}
Aug 19 15:53:47.127487 np0000007787 nova-scheduler[96635]: DEBUG oslo.service.backend._threading.loopingcall [-] Fixed interval looping call 'nova.servicegroup.drivers.db.DbDriver._report_state' sleeping for 119.99 seconds {{(pid=96635) _run_loop /opt/stack/data/venv/lib/python3.12/site-packages/oslo_service/backend/_threading/loopingcall.py:125}}
Aug 19 15:53:47.128318 np0000007787 nova-scheduler[96641]: DEBUG oslo.service.backend._threading.loopingcall [-] Fixed interval looping call 'nova.servicegroup.drivers.db.DbDriver._report_state' sleeping for 120.00 seconds {{(pid=96641) _run_loop /opt/stack/data/venv/lib/python3.12/site-packages/oslo_service/backend/_threading/loopingcall.py:125}}
Aug 19 15:53:54.127609 np0000007787 nova-scheduler[96641]: DEBUG oslo.service.backend._threading.loopingcall [None req-c886415e-1944-4781-9bba-c2b3c5c67b44 None None] Dynamic interval looping call 'nova.service.Service.periodic_tasks' sleeping for 60.00 seconds {{(pid=96641) _run_loop /opt/stack/data/venv/lib/python3.12/site-packages/oslo_service/backend/_threading/loopingcall.py:125}}
Aug 19 15:53:57.116644 np0000007787 nova-scheduler[96639]: DEBUG dbcounter [-] [96639] Writing DB stats nova_cell0:SELECT=1,nova_cell0:UPDATE=1 {{(pid=96639) stat_writer /opt/stack/data/venv/lib/python3.12/site-packages/dbcounter.py:115}}
Aug 19 15:53:57.125167 np0000007787 nova-scheduler[96637]: DEBUG dbcounter [-] [96637] Writing DB stats nova_cell0:SELECT=1,nova_cell0:UPDATE=1 {{(pid=96637) stat_writer /opt/stack/data/venv/lib/python3.12/site-packages/dbcounter.py:115}}
Aug 19 15:53:57.125712 np0000007787 nova-scheduler[96635]: DEBUG dbcounter [-] [96635] Writing DB stats nova_cell0:SELECT=1,nova_cell0:UPDATE=1 {{(pid=96635) stat_writer /opt/stack/data/venv/lib/python3.12/site-packages/dbcounter.py:115}}
Aug 19 15:53:57.126203 np0000007787 nova-scheduler[96641]: DEBUG dbcounter [-] [96641] Writing DB stats nova_cell0:SELECT=1 {{(pid=96641) stat_writer /opt/stack/data/venv/lib/python3.12/site-packages/dbcounter.py:115}}
Aug 19 15:54:07.118772 np0000007787 nova-scheduler[96639]: DEBUG oslo.service.backend._threading.loopingcall [None req-5601fb41-c325-4b9a-b829-653be987282d None None] Dynamic interval looping call 'nova.service.Service.periodic_tasks' sleeping for 60.00 seconds {{(pid=96639) _run_loop /opt/stack/data/venv/lib/python3.12/site-packages/oslo_service/backend/_threading/loopingcall.py:125}}
Aug 19 15:54:08.119319 np0000007787 nova-scheduler[96637]: DEBUG oslo.service.backend._threading.loopingcall [None req-6182d20d-7568-433b-9b53-4cba172dca35 None None] Dynamic interval looping call 'nova.service.Service.periodic_tasks' sleeping for 60.00 seconds {{(pid=96637) _run_loop /opt/stack/data/venv/lib/python3.12/site-packages/oslo_service/backend/_threading/loopingcall.py:125}}
Aug 19 15:54:19.120400 np0000007787 nova-scheduler[96635]: DEBUG oslo.service.backend._threading.loopingcall [None req-ad3ee7ee-3743-47ca-a1df-b23a4636c2b4 None None] Dynamic interval looping call 'nova.service.Service.periodic_tasks' sleeping for 60.00 seconds {{(pid=96635) _run_loop /opt/stack/data/venv/lib/python3.12/site-packages/oslo_service/backend/_threading/loopingcall.py:125}}
Aug 19 15:54:21.390227 np0000007787 nova-scheduler[96637]: DEBUG nova.scheduler.manager [None req-c3bc88ac-7218-4491-a508-437ac98ff93d tempest-AttachVolumeNegativeTest-1902405879 tempest-AttachVolumeNegativeTest-1902405879-project-member] Starting to schedule for instances: ['45c8a514-019f-4ace-916c-c5694a7925d2'] {{(pid=96637) select_destinations /opt/stack/nova/nova/scheduler/manager.py:197}}
Aug 19 15:54:21.391358 np0000007787 nova-scheduler[96637]: DEBUG nova.scheduler.request_filter [None req-c3bc88ac-7218-4491-a508-437ac98ff93d tempest-AttachVolumeNegativeTest-1902405879 tempest-AttachVolumeNegativeTest-1902405879-project-member] compute_status_filter request filter added forbidden trait COMPUTE_STATUS_DISABLED {{(pid=96637) compute_status_filter /opt/stack/nova/nova/scheduler/request_filter.py:253}}
Aug 19 15:54:21.391358 np0000007787 nova-scheduler[96637]: DEBUG nova.scheduler.request_filter [None req-c3bc88ac-7218-4491-a508-437ac98ff93d tempest-AttachVolumeNegativeTest-1902405879 tempest-AttachVolumeNegativeTest-1902405879-project-member] Request filter 'compute_status_filter' took 0.0 seconds {{(pid=96637) wrapper /opt/stack/nova/nova/scheduler/request_filter.py:46}}
Aug 19 15:54:21.391358 np0000007787 nova-scheduler[96637]: DEBUG nova.scheduler.request_filter [None req-c3bc88ac-7218-4491-a508-437ac98ff93d tempest-AttachVolumeNegativeTest-1902405879 tempest-AttachVolumeNegativeTest-1902405879-project-member] Request filter 'accelerators_filter' took 0.0 seconds {{(pid=96637) wrapper /opt/stack/nova/nova/scheduler/request_filter.py:46}}
Aug 19 15:54:21.391789 np0000007787 nova-scheduler[96637]: DEBUG nova.scheduler.request_filter [None req-c3bc88ac-7218-4491-a508-437ac98ff93d tempest-AttachVolumeNegativeTest-1902405879 tempest-AttachVolumeNegativeTest-1902405879-project-member] Request filter 'packed_virtqueue_filter' took 0.0 seconds {{(pid=96637) wrapper /opt/stack/nova/nova/scheduler/request_filter.py:46}}
Aug 19 15:54:21.392071 np0000007787 nova-scheduler[96637]: DEBUG nova.scheduler.request_filter [None req-c3bc88ac-7218-4491-a508-437ac98ff93d tempest-AttachVolumeNegativeTest-1902405879 tempest-AttachVolumeNegativeTest-1902405879-project-member] Request filter 'remote_managed_ports_filter' took 0.0 seconds {{(pid=96637) wrapper /opt/stack/nova/nova/scheduler/request_filter.py:46}}
Aug 19 15:54:21.392240 np0000007787 nova-scheduler[96637]: DEBUG nova.scheduler.request_filter [None req-c3bc88ac-7218-4491-a508-437ac98ff93d tempest-AttachVolumeNegativeTest-1902405879 tempest-AttachVolumeNegativeTest-1902405879-project-member] ephemeral_encryption_filter skipped {{(pid=96637) ephemeral_encryption_filter /opt/stack/nova/nova/scheduler/request_filter.py:426}}
Aug 19 15:54:21.392440 np0000007787 nova-scheduler[96637]: DEBUG nova.scheduler.request_filter [None req-c3bc88ac-7218-4491-a508-437ac98ff93d tempest-AttachVolumeNegativeTest-1902405879 tempest-AttachVolumeNegativeTest-1902405879-project-member] virtio_sound_filter skipped {{(pid=96637) virtio_sound_filter /opt/stack/nova/nova/scheduler/request_filter.py:460}}
Aug 19 15:54:21.392752 np0000007787 nova-scheduler[96637]: DEBUG nova.scheduler.request_filter [None req-c3bc88ac-7218-4491-a508-437ac98ff93d tempest-AttachVolumeNegativeTest-1902405879 tempest-AttachVolumeNegativeTest-1902405879-project-member] tpm_secret_security_filter skipped {{(pid=96637) tpm_secret_security_filter /opt/stack/nova/nova/scheduler/request_filter.py:477}}
Aug 19 15:54:22.175972 np0000007787 nova-scheduler[96637]: INFO nova.utils [None req-c3bc88ac-7218-4491-a508-437ac98ff93d tempest-AttachVolumeNegativeTest-1902405879 tempest-AttachVolumeNegativeTest-1902405879-project-member] The cell worker thread pool ForkProcess-2.cell_worker is initialized
Aug 19 15:54:22.176642 np0000007787 nova-scheduler[96637]: DEBUG oslo_concurrency.lockutils [None req-c3bc88ac-7218-4491-a508-437ac98ff93d tempest-AttachVolumeNegativeTest-1902405879 tempest-AttachVolumeNegativeTest-1902405879-project-member] Acquiring lock "95263d64-803d-4356-9df8-39a65ae22bbe" by "nova.context.set_target_cell..get_or_set_cached_cell_and_set_connections" {{(pid=96637) inner /opt/stack/data/venv/lib/python3.12/site-packages/oslo_concurrency/lockutils.py:512}}
Aug 19 15:54:22.177339 np0000007787 nova-scheduler[96637]: DEBUG oslo_concurrency.lockutils [None req-c3bc88ac-7218-4491-a508-437ac98ff93d tempest-AttachVolumeNegativeTest-1902405879 tempest-AttachVolumeNegativeTest-1902405879-project-member] Lock "95263d64-803d-4356-9df8-39a65ae22bbe" acquired by "nova.context.set_target_cell..get_or_set_cached_cell_and_set_connections" :: waited 0.000s {{(pid=96637) inner /opt/stack/data/venv/lib/python3.12/site-packages/oslo_concurrency/lockutils.py:525}}
Aug 19 15:54:22.179273 np0000007787 nova-scheduler[96637]: DEBUG oslo_concurrency.lockutils [None req-c3bc88ac-7218-4491-a508-437ac98ff93d tempest-AttachVolumeNegativeTest-1902405879 tempest-AttachVolumeNegativeTest-1902405879-project-member] Lock "95263d64-803d-4356-9df8-39a65ae22bbe" "released" by "nova.context.set_target_cell..get_or_set_cached_cell_and_set_connections" :: held 0.002s {{(pid=96637) inner /opt/stack/data/venv/lib/python3.12/site-packages/oslo_concurrency/lockutils.py:544}}
Aug 19 15:54:22.181556 np0000007787 nova-scheduler[96637]: INFO dbcounter [None req-c3bc88ac-7218-4491-a508-437ac98ff93d tempest-AttachVolumeNegativeTest-1902405879 tempest-AttachVolumeNegativeTest-1902405879-project-member] Registered counter for database nova_cell1
Aug 19 15:54:22.220113 np0000007787 nova-scheduler[96637]: DEBUG oslo_db.sqlalchemy.engines [None req-c3bc88ac-7218-4491-a508-437ac98ff93d tempest-AttachVolumeNegativeTest-1902405879 tempest-AttachVolumeNegativeTest-1902405879-project-member] MySQL server mode set to STRICT_TRANS_TABLES,STRICT_ALL_TABLES,NO_ZERO_IN_DATE,NO_ZERO_DATE,ERROR_FOR_DIVISION_BY_ZERO,TRADITIONAL,NO_ENGINE_SUBSTITUTION {{(pid=96637) _check_effective_sql_mode /opt/stack/data/venv/lib/python3.12/site-packages/oslo_db/sqlalchemy/engines.py:325}}
Aug 19 15:54:22.227255 np0000007787 nova-scheduler[96637]: DEBUG dbcounter [-] [96637] Writer thread running {{(pid=96637) stat_writer /opt/stack/data/venv/lib/python3.12/site-packages/dbcounter.py:102}}
