Jul 30 17:25:40.912241 np0000006158 devstack@g-api.service[99800]: DEBUG glance_store.location [-] Registering scheme swift+https with {'store': , 'location_class': , 'store_entry': 'swift'} {{(pid=99800) register_scheme_map /opt/stack/data/venv/lib/python3.12/site-packages/glance_store/location.py:146}}
Jul 30 17:25:40.912284 np0000006158 devstack@g-api.service[99801]: DEBUG glance_store.location [-] Registering scheme swift+https with {'store': , 'location_class': , 'store_entry': 'swift'} {{(pid=99801) register_scheme_map /opt/stack/data/venv/lib/python3.12/site-packages/glance_store/location.py:146}}
Jul 30 17:25:40.912332 np0000006158 devstack@g-api.service[99802]: DEBUG glance_store.driver [-] Late loading location class glance_store._drivers.swift.store.StoreLocation {{(pid=99802) get_store_location_class /opt/stack/data/venv/lib/python3.12/site-packages/glance_store/driver.py:134}}
Jul 30 17:25:40.912367 np0000006158 devstack@g-api.service[99800]: DEBUG glance_store.location [-] Registering scheme swift with {'store': , 'location_class': , 'store_entry': 'swift'} {{(pid=99800) register_scheme_map /opt/stack/data/venv/lib/python3.12/site-packages/glance_store/location.py:146}}
Jul 30 17:25:40.912400 np0000006158 devstack@g-api.service[99801]: DEBUG glance_store.location [-] Registering scheme swift with {'store': , 'location_class': , 'store_entry': 'swift'} {{(pid=99801) register_scheme_map /opt/stack/data/venv/lib/python3.12/site-packages/glance_store/location.py:146}}
Jul 30 17:25:40.912434 np0000006158 devstack@g-api.service[99802]: DEBUG glance_store.location [-] Registering scheme swift+https with {'store': , 'location_class': , 'store_entry': 'swift'} {{(pid=99802) register_scheme_map /opt/stack/data/venv/lib/python3.12/site-packages/glance_store/location.py:146}}
Jul 30 17:25:40.912469 np0000006158 devstack@g-api.service[99800]: DEBUG glance_store.location [-] Registering scheme swift+http with {'store': , 'location_class': , 'store_entry': 'swift'} {{(pid=99800) register_scheme_map /opt/stack/data/venv/lib/python3.12/site-packages/glance_store/location.py:146}}
Jul 30 17:25:40.912502 np0000006158 devstack@g-api.service[99801]: DEBUG glance_store.location [-] Registering scheme swift+http with {'store': , 'location_class': , 'store_entry': 'swift'} {{(pid=99801) register_scheme_map /opt/stack/data/venv/lib/python3.12/site-packages/glance_store/location.py:146}}
Jul 30 17:25:40.912536 np0000006158 devstack@g-api.service[99802]: DEBUG glance_store.location [-] Registering scheme swift+https with {'store': , 'location_class': , 'store_entry': 'swift'} {{(pid=99802) register_scheme_map /opt/stack/data/venv/lib/python3.12/site-packages/glance_store/location.py:146}}
Jul 30 17:25:40.912569 np0000006158 devstack@g-api.service[99800]: DEBUG glance_store.location [-] Registering scheme swift+config with {'store': , 'location_class': , 'store_entry': 'swift'} {{(pid=99800) register_scheme_map /opt/stack/data/venv/lib/python3.12/site-packages/glance_store/location.py:146}}
Jul 30 17:25:40.912601 np0000006158 devstack@g-api.service[99801]: DEBUG glance_store.location [-] Registering scheme swift+https with {'store': , 'location_class': , 'store_entry': 'swift'} {{(pid=99801) register_scheme_map /opt/stack/data/venv/lib/python3.12/site-packages/glance_store/location.py:146}}
Jul 30 17:25:40.912635 np0000006158 devstack@g-api.service[99802]: DEBUG glance_store.location [-] Registering scheme swift with {'store': , 'location_class': , 'store_entry': 'swift'} {{(pid=99802) register_scheme_map /opt/stack/data/venv/lib/python3.12/site-packages/glance_store/location.py:146}}
Jul 30 17:25:40.912678 np0000006158 devstack@g-api.service[99801]: DEBUG glance_store.location [-] Registering scheme swift with {'store': , 'location_class': , 'store_entry': 'swift'} {{(pid=99801) register_scheme_map /opt/stack/data/venv/lib/python3.12/site-packages/glance_store/location.py:146}}
Jul 30 17:25:40.912718 np0000006158 devstack@g-api.service[99802]: DEBUG glance_store.location [-] Registering scheme swift+https with {'store': , 'location_class': , 'store_entry': 'swift'} {{(pid=99802) register_scheme_map /opt/stack/data/venv/lib/python3.12/site-packages/glance_store/location.py:146}}
Jul 30 17:25:40.912751 np0000006158 devstack@g-api.service[99801]: DEBUG glance_store.location [-] Registering scheme swift+http with {'store': , 'location_class': , 'store_entry': 'swift'} {{(pid=99801) register_scheme_map /opt/stack/data/venv/lib/python3.12/site-packages/glance_store/location.py:146}}
Jul 30 17:25:40.912751 np0000006158 devstack@g-api.service[99801]: DEBUG glance_store.location [-] Registering scheme swift+config with {'store': , 'location_class': , 'store_entry': 'swift'} {{(pid=99801) register_scheme_map /opt/stack/data/venv/lib/python3.12/site-packages/glance_store/location.py:146}}
Jul 30 17:25:40.912811 np0000006158 devstack@g-api.service[99802]: DEBUG glance_store.location [-] Registering scheme swift with {'store': , 'location_class': , 'store_entry': 'swift'} {{(pid=99802) register_scheme_map /opt/stack/data/venv/lib/python3.12/site-packages/glance_store/location.py:146}}
Jul 30 17:25:40.912845 np0000006158 devstack@g-api.service[99800]: DEBUG glance.sqlite_migration [-] SQLite caching database not located, skipping migration {{(pid=99800) get_db_path /opt/stack/glance/glance/sqlite_migration.py:68}}
Jul 30 17:25:40.912884 np0000006158 devstack@g-api.service[99802]: DEBUG glance_store.location [-] Registering scheme swift+http with {'store': , 'location_class': , 'store_entry': 'swift'} {{(pid=99802) register_scheme_map /opt/stack/data/venv/lib/python3.12/site-packages/glance_store/location.py:146}}
Jul 30 17:25:40.912884 np0000006158 devstack@g-api.service[99802]: DEBUG glance_store.location [-] Registering scheme swift+https with {'store': , 'location_class': , 'store_entry': 'swift'} {{(pid=99802) register_scheme_map /opt/stack/data/venv/lib/python3.12/site-packages/glance_store/location.py:146}}
Jul 30 17:25:40.912884 np0000006158 devstack@g-api.service[99802]: DEBUG glance_store.location [-] Registering scheme swift with {'store': , 'location_class': , 'store_entry': 'swift'} {{(pid=99802) register_scheme_map /opt/stack/data/venv/lib/python3.12/site-packages/glance_store/location.py:146}}
Jul 30 17:25:40.912884 np0000006158 devstack@g-api.service[99802]: DEBUG glance_store.location [-] Registering scheme swift+http with {'store': , 'location_class': , 'store_entry': 'swift'} {{(pid=99802) register_scheme_map /opt/stack/data/venv/lib/python3.12/site-packages/glance_store/location.py:146}}
Jul 30 17:25:40.912884 np0000006158 devstack@g-api.service[99802]: DEBUG glance_store.location [-] Registering scheme swift+config with {'store': , 'location_class': , 'store_entry': 'swift'} {{(pid=99802) register_scheme_map /opt/stack/data/venv/lib/python3.12/site-packages/glance_store/location.py:146}}
Jul 30 17:25:40.913017 np0000006158 devstack@g-api.service[99801]: DEBUG glance.sqlite_migration [-] SQLite caching database not located, skipping migration {{(pid=99801) get_db_path /opt/stack/glance/glance/sqlite_migration.py:68}}
Jul 30 17:25:40.913050 np0000006158 devstack@g-api.service[99800]: WARNING glance.common.wsgi_app [-] Import methods are enabled but staging directory /tmp/staging/ does not exist; Imports will fail!
Jul 30 17:25:40.913094 np0000006158 devstack@g-api.service[99801]: WARNING glance.common.wsgi_app [-] Import methods are enabled but staging directory /tmp/staging/ does not exist; Imports will fail!
Jul 30 17:25:40.913127 np0000006158 devstack@g-api.service[99802]: DEBUG glance.sqlite_migration [-] SQLite caching database not located, skipping migration {{(pid=99802) get_db_path /opt/stack/glance/glance/sqlite_migration.py:68}}
Jul 30 17:25:40.913127 np0000006158 devstack@g-api.service[99802]: WARNING glance.common.wsgi_app [-] Import methods are enabled but staging directory /tmp/staging/ does not exist; Imports will fail!
Jul 30 17:25:41.039737 np0000006158 devstack@g-api.service[99800]: DEBUG glance.common.config [None req-e67dda0d-bce7-4862-891c-c2db74d93e71 None None] Loading glance-api-keystone+cachemanagement from /etc/glance/glance-api-paste.ini {{(pid=99800) load_paste_app /opt/stack/glance/glance/common/config.py:765}}
Jul 30 17:25:41.042251 np0000006158 devstack@g-api.service[99802]: DEBUG glance.common.config [None req-385f93b6-0446-405f-ac6c-af40c5464829 None None] Loading glance-api-keystone+cachemanagement from /etc/glance/glance-api-paste.ini {{(pid=99802) load_paste_app /opt/stack/glance/glance/common/config.py:765}}
Jul 30 17:25:41.046069 np0000006158 devstack@g-api.service[99801]: DEBUG glance.common.config [None req-7cbd1e1e-5020-4329-81b1-ef0d3f732e66 None None] Loading glance-api-keystone+cachemanagement from /etc/glance/glance-api-paste.ini {{(pid=99801) load_paste_app /opt/stack/glance/glance/common/config.py:765}}
Jul 30 17:25:41.666686 np0000006158 devstack@g-api.service[99802]: INFO glance.image_cache [None req-385f93b6-0446-405f-ac6c-af40c5464829 None None] Image cache loaded driver 'centralized_db'.
Jul 30 17:25:41.668733 np0000006158 devstack@g-api.service[99801]: INFO glance.image_cache [None req-7cbd1e1e-5020-4329-81b1-ef0d3f732e66 None None] Image cache loaded driver 'centralized_db'.
Jul 30 17:25:41.669115 np0000006158 devstack@g-api.service[99800]: INFO glance.image_cache [None req-e67dda0d-bce7-4862-891c-c2db74d93e71 None None] Image cache loaded driver 'centralized_db'.
Jul 30 17:25:41.712799 np0000006158 devstack@g-api.service[99802]: INFO dbcounter [None req-385f93b6-0446-405f-ac6c-af40c5464829 None None] Registered counter for database glance
Jul 30 17:25:41.714497 np0000006158 devstack@g-api.service[99801]: INFO dbcounter [None req-7cbd1e1e-5020-4329-81b1-ef0d3f732e66 None None] Registered counter for database glance
Jul 30 17:25:41.721856 np0000006158 devstack@g-api.service[99800]: INFO dbcounter [None req-e67dda0d-bce7-4862-891c-c2db74d93e71 None None] Registered counter for database glance
Jul 30 17:25:41.750389 np0000006158 devstack@g-api.service[99802]: DEBUG oslo_db.sqlalchemy.engines [None req-385f93b6-0446-405f-ac6c-af40c5464829 None None] MySQL server mode set to STRICT_TRANS_TABLES,STRICT_ALL_TABLES,NO_ZERO_IN_DATE,NO_ZERO_DATE,ERROR_FOR_DIVISION_BY_ZERO,TRADITIONAL,NO_ENGINE_SUBSTITUTION {{(pid=99802) _check_effective_sql_mode /opt/stack/data/venv/lib/python3.12/site-packages/oslo_db/sqlalchemy/engines.py:325}}
Jul 30 17:25:41.754593 np0000006158 devstack@g-api.service[99801]: DEBUG oslo_db.sqlalchemy.engines [None req-7cbd1e1e-5020-4329-81b1-ef0d3f732e66 None None] MySQL server mode set to STRICT_TRANS_TABLES,STRICT_ALL_TABLES,NO_ZERO_IN_DATE,NO_ZERO_DATE,ERROR_FOR_DIVISION_BY_ZERO,TRADITIONAL,NO_ENGINE_SUBSTITUTION {{(pid=99801) _check_effective_sql_mode /opt/stack/data/venv/lib/python3.12/site-packages/oslo_db/sqlalchemy/engines.py:325}}
Jul 30 17:25:41.759491 np0000006158 devstack@g-api.service[99800]: DEBUG oslo_db.sqlalchemy.engines [None req-e67dda0d-bce7-4862-891c-c2db74d93e71 None None] MySQL server mode set to STRICT_TRANS_TABLES,STRICT_ALL_TABLES,NO_ZERO_IN_DATE,NO_ZERO_DATE,ERROR_FOR_DIVISION_BY_ZERO,TRADITIONAL,NO_ENGINE_SUBSTITUTION {{(pid=99800) _check_effective_sql_mode /opt/stack/data/venv/lib/python3.12/site-packages/oslo_db/sqlalchemy/engines.py:325}}
Jul 30 17:25:41.774648 np0000006158 devstack@g-api.service[99801]: DEBUG dbcounter [-] [99801] Writer thread running {{(pid=99801) stat_writer /opt/stack/data/venv/lib/python3.12/site-packages/dbcounter.py:102}}
Jul 30 17:25:41.780207 np0000006158 devstack@g-api.service[99802]: DEBUG dbcounter [-] [99802] Writer thread running {{(pid=99802) stat_writer /opt/stack/data/venv/lib/python3.12/site-packages/dbcounter.py:102}}
Jul 30 17:25:41.780291 np0000006158 devstack@g-api.service[99800]: DEBUG dbcounter [-] [99800] Writer thread running {{(pid=99800) stat_writer /opt/stack/data/venv/lib/python3.12/site-packages/dbcounter.py:102}}
Jul 30 17:25:41.783091 np0000006158 devstack@g-api.service[99802]: DEBUG glance.image_cache.drivers.centralized_db [None req-385f93b6-0446-405f-ac6c-af40c5464829 None None] Node reference is already recorded, ignoring it {{(pid=99802) configure /opt/stack/glance/glance/image_cache/drivers/centralized_db.py:71}}
Jul 30 17:25:41.783155 np0000006158 devstack@g-api.service[99800]: DEBUG glance.image_cache.drivers.centralized_db [None req-e67dda0d-bce7-4862-891c-c2db74d93e71 None None] Node reference is already recorded, ignoring it {{(pid=99800) configure /opt/stack/glance/glance/image_cache/drivers/centralized_db.py:71}}
Jul 30 17:25:41.795450 np0000006158 devstack@g-api.service[99802]: INFO glance.image_cache [None req-385f93b6-0446-405f-ac6c-af40c5464829 None None] Image cache loaded driver 'centralized_db'.
Jul 30 17:25:41.873496 np0000006158 devstack@g-api.service[99801]: INFO glance.image_cache [None req-7cbd1e1e-5020-4329-81b1-ef0d3f732e66 None None] Image cache loaded driver 'centralized_db'.
Jul 30 17:25:41.880749 np0000006158 devstack@g-api.service[99801]: DEBUG glance.image_cache.drivers.centralized_db [None req-7cbd1e1e-5020-4329-81b1-ef0d3f732e66 None None] Node reference is already recorded, ignoring it {{(pid=99801) configure /opt/stack/glance/glance/image_cache/drivers/centralized_db.py:71}}
Jul 30 17:25:41.885494 np0000006158 devstack@g-api.service[99801]: DEBUG glance.api.v2.cached_images [None req-7cbd1e1e-5020-4329-81b1-ef0d3f732e66 None None] Started cache worker thread {{(pid=99801) __init__ /opt/stack/glance/glance/api/v2/cached_images.py:71}}
Jul 30 17:25:41.886185 np0000006158 devstack@g-api.service[99801]: INFO glance.image_cache [None req-7cbd1e1e-5020-4329-81b1-ef0d3f732e66 None None] Image cache loaded driver 'centralized_db'.
Jul 30 17:25:41.886951 np0000006158 devstack@g-api.service[99800]: INFO glance.image_cache [None req-e67dda0d-bce7-4862-891c-c2db74d93e71 None None] Image cache loaded driver 'centralized_db'.
Jul 30 17:25:41.893315 np0000006158 devstack@g-api.service[99801]: DEBUG glance.image_cache.drivers.centralized_db [None req-7cbd1e1e-5020-4329-81b1-ef0d3f732e66 None None] Node reference is already recorded, ignoring it {{(pid=99801) configure /opt/stack/glance/glance/image_cache/drivers/centralized_db.py:71}}
Jul 30 17:25:41.894407 np0000006158 devstack@g-api.service[99800]: DEBUG glance.image_cache.drivers.centralized_db [None req-e67dda0d-bce7-4862-891c-c2db74d93e71 None None] Node reference is already recorded, ignoring it {{(pid=99800) configure /opt/stack/glance/glance/image_cache/drivers/centralized_db.py:71}}
Jul 30 17:25:41.896641 np0000006158 devstack@g-api.service[99802]: DEBUG glance.image_cache.drivers.centralized_db [None req-385f93b6-0446-405f-ac6c-af40c5464829 None None] Node reference is already recorded, ignoring it {{(pid=99802) configure /opt/stack/glance/glance/image_cache/drivers/centralized_db.py:71}}
Jul 30 17:25:41.897674 np0000006158 devstack@g-api.service[99801]: INFO glance.api.middleware.cache_manage [None req-7cbd1e1e-5020-4329-81b1-ef0d3f732e66 None None] Initialized image cache management middleware
Jul 30 17:25:41.897821 np0000006158 devstack@g-api.service[99801]: INFO glance.image_cache [None req-7cbd1e1e-5020-4329-81b1-ef0d3f732e66 None None] Image cache loaded driver 'centralized_db'.
Jul 30 17:25:41.900081 np0000006158 devstack@g-api.service[99800]: DEBUG glance.api.v2.cached_images [None req-e67dda0d-bce7-4862-891c-c2db74d93e71 None None] Started cache worker thread {{(pid=99800) __init__ /opt/stack/glance/glance/api/v2/cached_images.py:71}}
Jul 30 17:25:41.901198 np0000006158 devstack@g-api.service[99800]: INFO glance.image_cache [None req-e67dda0d-bce7-4862-891c-c2db74d93e71 None None] Image cache loaded driver 'centralized_db'.
Jul 30 17:25:41.901286 np0000006158 devstack@g-api.service[99802]: DEBUG glance.api.v2.cached_images [None req-385f93b6-0446-405f-ac6c-af40c5464829 None None] Started cache worker thread {{(pid=99802) __init__ /opt/stack/glance/glance/api/v2/cached_images.py:71}}
Jul 30 17:25:41.901934 np0000006158 devstack@g-api.service[99802]: INFO glance.image_cache [None req-385f93b6-0446-405f-ac6c-af40c5464829 None None] Image cache loaded driver 'centralized_db'.
Jul 30 17:25:41.905254 np0000006158 devstack@g-api.service[99801]: DEBUG glance.image_cache.drivers.centralized_db [None req-7cbd1e1e-5020-4329-81b1-ef0d3f732e66 None None] Node reference is already recorded, ignoring it {{(pid=99801) configure /opt/stack/glance/glance/image_cache/drivers/centralized_db.py:71}}
Jul 30 17:25:41.909432 np0000006158 devstack@g-api.service[99802]: DEBUG glance.image_cache.drivers.centralized_db [None req-385f93b6-0446-405f-ac6c-af40c5464829 None None] Node reference is already recorded, ignoring it {{(pid=99802) configure /opt/stack/glance/glance/image_cache/drivers/centralized_db.py:71}}
Jul 30 17:25:41.910073 np0000006158 devstack@g-api.service[99801]: INFO glance.api.middleware.cache [None req-7cbd1e1e-5020-4329-81b1-ef0d3f732e66 None None] Initialized image cache middleware
Jul 30 17:25:41.910143 np0000006158 devstack@g-api.service[99800]: DEBUG glance.image_cache.drivers.centralized_db [None req-e67dda0d-bce7-4862-891c-c2db74d93e71 None None] Node reference is already recorded, ignoring it {{(pid=99800) configure /opt/stack/glance/glance/image_cache/drivers/centralized_db.py:71}}
Jul 30 17:25:41.913913 np0000006158 devstack@g-api.service[99802]: INFO glance.api.middleware.cache_manage [None req-385f93b6-0446-405f-ac6c-af40c5464829 None None] Initialized image cache management middleware
Jul 30 17:25:41.914043 np0000006158 devstack@g-api.service[99802]: INFO glance.image_cache [None req-385f93b6-0446-405f-ac6c-af40c5464829 None None] Image cache loaded driver 'centralized_db'.
Jul 30 17:25:41.914419 np0000006158 devstack@g-api.service[99800]: INFO glance.api.middleware.cache_manage [None req-e67dda0d-bce7-4862-891c-c2db74d93e71 None None] Initialized image cache management middleware
Jul 30 17:25:41.914560 np0000006158 devstack@g-api.service[99800]: INFO glance.image_cache [None req-e67dda0d-bce7-4862-891c-c2db74d93e71 None None] Image cache loaded driver 'centralized_db'.
Jul 30 17:25:41.920697 np0000006158 devstack@g-api.service[99801]: DEBUG glance.common.config [None req-7cbd1e1e-5020-4329-81b1-ef0d3f732e66 None None] ******************************************************************************** {{(pid=99801) log_opt_values /opt/stack/data/venv/lib/python3.12/site-packages/oslo_config/cfg.py:3226}}
Jul 30 17:25:41.920771 np0000006158 devstack@g-api.service[99802]: DEBUG glance.image_cache.drivers.centralized_db [None req-385f93b6-0446-405f-ac6c-af40c5464829 None None] Node reference is already recorded, ignoring it {{(pid=99802) configure /opt/stack/glance/glance/image_cache/drivers/centralized_db.py:71}}
Jul 30 17:25:41.920806 np0000006158 devstack@g-api.service[99800]: DEBUG glance.image_cache.drivers.centralized_db [None req-e67dda0d-bce7-4862-891c-c2db74d93e71 None None] Node reference is already recorded, ignoring it {{(pid=99800) configure /opt/stack/glance/glance/image_cache/drivers/centralized_db.py:71}}
Jul 30 17:25:41.920834 np0000006158 devstack@g-api.service[99801]: DEBUG glance.common.config [None req-7cbd1e1e-5020-4329-81b1-ef0d3f732e66 None None] Configuration options gathered from: {{(pid=99801) log_opt_values /opt/stack/data/venv/lib/python3.12/site-packages/oslo_config/cfg.py:3227}}
Jul 30 17:25:41.921076 np0000006158 devstack@g-api.service[99801]: DEBUG glance.common.config [None req-7cbd1e1e-5020-4329-81b1-ef0d3f732e66 None None] command line args: [] {{(pid=99801) log_opt_values /opt/stack/data/venv/lib/python3.12/site-packages/oslo_config/cfg.py:3228}}
Jul 30 17:25:41.921195 np0000006158 devstack@g-api.service[99801]: DEBUG glance.common.config [None req-7cbd1e1e-5020-4329-81b1-ef0d3f732e66 None None] config files: ['/etc/glance/glance-image-import.conf', '/etc/glance/glance-api.conf'] {{(pid=99801) log_opt_values /opt/stack/data/venv/lib/python3.12/site-packages/oslo_config/cfg.py:3229}}
Jul 30 17:25:41.921278 np0000006158 devstack@g-api.service[99801]: DEBUG glance.common.config [None req-7cbd1e1e-5020-4329-81b1-ef0d3f732e66 None None] ================================================================================ {{(pid=99801) log_opt_values /opt/stack/data/venv/lib/python3.12/site-packages/oslo_config/cfg.py:3234}}
Jul 30 17:25:41.921438 np0000006158 devstack@g-api.service[99801]: DEBUG glance.common.config [None req-7cbd1e1e-5020-4329-81b1-ef0d3f732e66 None None] allow_anonymous_access = False {{(pid=99801) log_opt_values /opt/stack/data/venv/lib/python3.12/site-packages/oslo_config/cfg.py:3242}}
Jul 30 17:25:41.921534 np0000006158 devstack@g-api.service[99801]: DEBUG glance.common.config [None req-7cbd1e1e-5020-4329-81b1-ef0d3f732e66 None None] api_limit_max = 1000 {{(pid=99801) log_opt_values /opt/stack/data/venv/lib/python3.12/site-packages/oslo_config/cfg.py:3242}}
Jul 30 17:25:41.921636 np0000006158 devstack@g-api.service[99801]: DEBUG glance.common.config [None req-7cbd1e1e-5020-4329-81b1-ef0d3f732e66 None None] config_dir = [] {{(pid=99801) log_opt_values /opt/stack/data/venv/lib/python3.12/site-packages/oslo_config/cfg.py:3242}}
Jul 30 17:25:41.921706 np0000006158 devstack@g-api.service[99801]: DEBUG glance.common.config [None req-7cbd1e1e-5020-4329-81b1-ef0d3f732e66 None None] config_file = ['/etc/glance/glance-image-import.conf', '/etc/glance/glance-api.conf'] {{(pid=99801) log_opt_values /opt/stack/data/venv/lib/python3.12/site-packages/oslo_config/cfg.py:3242}}
Jul 30 17:25:41.921814 np0000006158 devstack@g-api.service[99801]: DEBUG glance.common.config [None req-7cbd1e1e-5020-4329-81b1-ef0d3f732e66 None None] config_source = [] {{(pid=99801) log_opt_values /opt/stack/data/venv/lib/python3.12/site-packages/oslo_config/cfg.py:3242}}
Jul 30 17:25:41.921912 np0000006158 devstack@g-api.service[99801]: DEBUG glance.common.config [None req-7cbd1e1e-5020-4329-81b1-ef0d3f732e66 None None] control_exchange = glance {{(pid=99801) log_opt_values /opt/stack/data/venv/lib/python3.12/site-packages/oslo_config/cfg.py:3242}}
Jul 30 17:25:41.922004 np0000006158 devstack@g-api.service[99801]: DEBUG glance.common.config [None req-7cbd1e1e-5020-4329-81b1-ef0d3f732e66 None None] debug = True {{(pid=99801) log_opt_values /opt/stack/data/venv/lib/python3.12/site-packages/oslo_config/cfg.py:3242}}
Jul 30 17:25:41.922173 np0000006158 devstack@g-api.service[99801]: DEBUG glance.common.config [None req-7cbd1e1e-5020-4329-81b1-ef0d3f732e66 None None] default_log_levels = ['amqp=WARN', 'boto=WARN', 'sqlalchemy=WARN', 'suds=INFO', 'oslo.messaging=INFO', 'oslo_messaging=INFO', 'iso8601=WARN', 'requests.packages.urllib3.connectionpool=WARN', 'urllib3.connectionpool=WARN', 'websocket=WARN', 'requests.packages.urllib3.util.retry=WARN', 'urllib3.util.retry=WARN', 'keystonemiddleware=WARN', 'routes.middleware=WARN', 'stevedore=WARN', 'taskflow=WARN', 'keystoneauth=WARN', 'oslo.cache=INFO', 'oslo_policy=INFO', 'dogpile.core.dogpile=INFO'] {{(pid=99801) log_opt_values /opt/stack/data/venv/lib/python3.12/site-packages/oslo_config/cfg.py:3242}}
Jul 30 17:25:41.922301 np0000006158 devstack@g-api.service[99801]: DEBUG glance.common.config [None req-7cbd1e1e-5020-4329-81b1-ef0d3f732e66 None None] default_publisher_id = image.localhost {{(pid=99801) log_opt_values /opt/stack/data/venv/lib/python3.12/site-packages/oslo_config/cfg.py:3242}}
Jul 30 17:25:41.922412 np0000006158 devstack@g-api.service[99801]: DEBUG glance.common.config [None req-7cbd1e1e-5020-4329-81b1-ef0d3f732e66 None None] delayed_delete = False {{(pid=99801) log_opt_values /opt/stack/data/venv/lib/python3.12/site-packages/oslo_config/cfg.py:3242}}
Jul 30 17:25:41.922508 np0000006158 devstack@g-api.service[99801]: DEBUG glance.common.config [None req-7cbd1e1e-5020-4329-81b1-ef0d3f732e66 None None] digest_algorithm = sha256 {{(pid=99801) log_opt_values /opt/stack/data/venv/lib/python3.12/site-packages/oslo_config/cfg.py:3242}}
Jul 30 17:25:41.922599 np0000006158 devstack@g-api.service[99801]: DEBUG glance.common.config [None req-7cbd1e1e-5020-4329-81b1-ef0d3f732e66 None None] disabled_notifications = [] {{(pid=99801) log_opt_values /opt/stack/data/venv/lib/python3.12/site-packages/oslo_config/cfg.py:3242}}
Jul 30 17:25:41.922758 np0000006158 devstack@g-api.service[99801]: DEBUG glance.common.config [None req-7cbd1e1e-5020-4329-81b1-ef0d3f732e66 None None] do_secure_hash = True {{(pid=99801) log_opt_values /opt/stack/data/venv/lib/python3.12/site-packages/oslo_config/cfg.py:3242}}
Jul 30 17:25:41.922891 np0000006158 devstack@g-api.service[99801]: DEBUG glance.common.config [None req-7cbd1e1e-5020-4329-81b1-ef0d3f732e66 None None] enabled_backends = None {{(pid=99801) log_opt_values /opt/stack/data/venv/lib/python3.12/site-packages/oslo_config/cfg.py:3242}}
Jul 30 17:25:41.922970 np0000006158 devstack@g-api.service[99801]: DEBUG glance.common.config [None req-7cbd1e1e-5020-4329-81b1-ef0d3f732e66 None None] enabled_import_methods = ['glance-direct', 'web-download', 'copy-image'] {{(pid=99801) log_opt_values /opt/stack/data/venv/lib/python3.12/site-packages/oslo_config/cfg.py:3242}}
Jul 30 17:25:41.923065 np0000006158 devstack@g-api.service[99801]: DEBUG glance.common.config [None req-7cbd1e1e-5020-4329-81b1-ef0d3f732e66 None None] fatal_deprecations = False {{(pid=99801) log_opt_values /opt/stack/data/venv/lib/python3.12/site-packages/oslo_config/cfg.py:3242}}
Jul 30 17:25:41.923158 np0000006158 devstack@g-api.service[99801]: DEBUG glance.common.config [None req-7cbd1e1e-5020-4329-81b1-ef0d3f732e66 None None] hashing_algorithm = sha512 {{(pid=99801) log_opt_values /opt/stack/data/venv/lib/python3.12/site-packages/oslo_config/cfg.py:3242}}
Jul 30 17:25:41.923242 np0000006158 devstack@g-api.service[99801]: DEBUG glance.common.config [None req-7cbd1e1e-5020-4329-81b1-ef0d3f732e66 None None] http_retries = 3 {{(pid=99801) log_opt_values /opt/stack/data/venv/lib/python3.12/site-packages/oslo_config/cfg.py:3242}}
Jul 30 17:25:41.923417 np0000006158 devstack@g-api.service[99801]: DEBUG glance.common.config [None req-7cbd1e1e-5020-4329-81b1-ef0d3f732e66 None None] image_cache_dir = /opt/stack/data/glance/cache/ {{(pid=99801) log_opt_values /opt/stack/data/venv/lib/python3.12/site-packages/oslo_config/cfg.py:3242}}
Jul 30 17:25:41.923510 np0000006158 devstack@g-api.service[99801]: DEBUG glance.common.config [None req-7cbd1e1e-5020-4329-81b1-ef0d3f732e66 None None] image_cache_driver = centralized_db {{(pid=99801) log_opt_values /opt/stack/data/venv/lib/python3.12/site-packages/oslo_config/cfg.py:3242}}
Jul 30 17:25:41.923599 np0000006158 devstack@g-api.service[99801]: DEBUG glance.common.config [None req-7cbd1e1e-5020-4329-81b1-ef0d3f732e66 None None] image_cache_max_size = 10737418240 {{(pid=99801) log_opt_values /opt/stack/data/venv/lib/python3.12/site-packages/oslo_config/cfg.py:3242}}
Jul 30 17:25:41.923715 np0000006158 devstack@g-api.service[99801]: DEBUG glance.common.config [None req-7cbd1e1e-5020-4329-81b1-ef0d3f732e66 None None] image_cache_sqlite_db = cache.db {{(pid=99801) log_opt_values /opt/stack/data/venv/lib/python3.12/site-packages/oslo_config/cfg.py:3242}}
Jul 30 17:25:41.923817 np0000006158 devstack@g-api.service[99801]: DEBUG glance.common.config [None req-7cbd1e1e-5020-4329-81b1-ef0d3f732e66 None None] image_cache_stall_time = 86400 {{(pid=99801) log_opt_values /opt/stack/data/venv/lib/python3.12/site-packages/oslo_config/cfg.py:3242}}
Jul 30 17:25:41.923903 np0000006158 devstack@g-api.service[99801]: DEBUG glance.common.config [None req-7cbd1e1e-5020-4329-81b1-ef0d3f732e66 None None] image_location_quota = 10 {{(pid=99801) log_opt_values /opt/stack/data/venv/lib/python3.12/site-packages/oslo_config/cfg.py:3242}}
Jul 30 17:25:41.924013 np0000006158 devstack@g-api.service[99801]: DEBUG glance.common.config [None req-7cbd1e1e-5020-4329-81b1-ef0d3f732e66 None None] image_member_quota = 128 {{(pid=99801) log_opt_values /opt/stack/data/venv/lib/python3.12/site-packages/oslo_config/cfg.py:3242}}
Jul 30 17:25:41.924101 np0000006158 devstack@g-api.service[99801]: DEBUG glance.common.config [None req-7cbd1e1e-5020-4329-81b1-ef0d3f732e66 None None] image_property_quota = 128 {{(pid=99801) log_opt_values /opt/stack/data/venv/lib/python3.12/site-packages/oslo_config/cfg.py:3242}}
Jul 30 17:25:41.924191 np0000006158 devstack@g-api.service[99801]: DEBUG glance.common.config [None req-7cbd1e1e-5020-4329-81b1-ef0d3f732e66 None None] image_size_cap = 1099511627776 {{(pid=99801) log_opt_values /opt/stack/data/venv/lib/python3.12/site-packages/oslo_config/cfg.py:3242}}
Jul 30 17:25:41.924297 np0000006158 devstack@g-api.service[99801]: DEBUG glance.common.config [None req-7cbd1e1e-5020-4329-81b1-ef0d3f732e66 None None] image_tag_quota = 128 {{(pid=99801) log_opt_values /opt/stack/data/venv/lib/python3.12/site-packages/oslo_config/cfg.py:3242}}
Jul 30 17:25:41.924410 np0000006158 devstack@g-api.service[99801]: DEBUG glance.common.config [None req-7cbd1e1e-5020-4329-81b1-ef0d3f732e66 None None] instance_format = [instance: %(uuid)s] {{(pid=99801) log_opt_values /opt/stack/data/venv/lib/python3.12/site-packages/oslo_config/cfg.py:3242}}
Jul 30 17:25:41.924505 np0000006158 devstack@g-api.service[99801]: DEBUG glance.common.config [None req-7cbd1e1e-5020-4329-81b1-ef0d3f732e66 None None] instance_uuid_format = [instance: %(uuid)s] {{(pid=99801) log_opt_values /opt/stack/data/venv/lib/python3.12/site-packages/oslo_config/cfg.py:3242}}
Jul 30 17:25:41.924593 np0000006158 devstack@g-api.service[99801]: DEBUG glance.common.config [None req-7cbd1e1e-5020-4329-81b1-ef0d3f732e66 None None] limit_param_default = 25 {{(pid=99801) log_opt_values /opt/stack/data/venv/lib/python3.12/site-packages/oslo_config/cfg.py:3242}}
Jul 30 17:25:41.924727 np0000006158 devstack@g-api.service[99801]: DEBUG glance.common.config [None req-7cbd1e1e-5020-4329-81b1-ef0d3f732e66 None None] log_color = False {{(pid=99801) log_opt_values /opt/stack/data/venv/lib/python3.12/site-packages/oslo_config/cfg.py:3242}}
Jul 30 17:25:41.924840 np0000006158 devstack@g-api.service[99801]: DEBUG glance.common.config [None req-7cbd1e1e-5020-4329-81b1-ef0d3f732e66 None None] log_config_append = None {{(pid=99801) log_opt_values /opt/stack/data/venv/lib/python3.12/site-packages/oslo_config/cfg.py:3242}}
Jul 30 17:25:41.924947 np0000006158 devstack@g-api.service[99801]: DEBUG glance.common.config [None req-7cbd1e1e-5020-4329-81b1-ef0d3f732e66 None None] log_date_format = %Y-%m-%d %H:%M:%S {{(pid=99801) log_opt_values /opt/stack/data/venv/lib/python3.12/site-packages/oslo_config/cfg.py:3242}}
Jul 30 17:25:41.925042 np0000006158 devstack@g-api.service[99801]: DEBUG glance.common.config [None req-7cbd1e1e-5020-4329-81b1-ef0d3f732e66 None None] log_dir = None {{(pid=99801) log_opt_values /opt/stack/data/venv/lib/python3.12/site-packages/oslo_config/cfg.py:3242}}
Jul 30 17:25:41.925163 np0000006158 devstack@g-api.service[99801]: DEBUG glance.common.config [None req-7cbd1e1e-5020-4329-81b1-ef0d3f732e66 None None] log_file = None {{(pid=99801) log_opt_values /opt/stack/data/venv/lib/python3.12/site-packages/oslo_config/cfg.py:3242}}
Jul 30 17:25:41.925196 np0000006158 devstack@g-api.service[99800]: INFO glance.api.middleware.cache [None req-e67dda0d-bce7-4862-891c-c2db74d93e71 None None] Initialized image cache middleware
Jul 30 17:25:41.925263 np0000006158 devstack@g-api.service[99802]: INFO glance.api.middleware.cache [None req-385f93b6-0446-405f-ac6c-af40c5464829 None None] Initialized image cache middleware
Jul 30 17:25:41.925305 np0000006158 devstack@g-api.service[99801]: DEBUG glance.common.config [None req-7cbd1e1e-5020-4329-81b1-ef0d3f732e66 None None] log_rotate_interval = 1 {{(pid=99801) log_opt_values /opt/stack/data/venv/lib/python3.12/site-packages/oslo_config/cfg.py:3242}}
Jul 30 17:25:41.925417 np0000006158 devstack@g-api.service[99801]: DEBUG glance.common.config [None req-7cbd1e1e-5020-4329-81b1-ef0d3f732e66 None None] log_rotate_interval_type = days {{(pid=99801) log_opt_values /opt/stack/data/venv/lib/python3.12/site-packages/oslo_config/cfg.py:3242}}
Jul 30 17:25:41.925541 np0000006158 devstack@g-api.service[99801]: DEBUG glance.common.config [None req-7cbd1e1e-5020-4329-81b1-ef0d3f732e66 None None] log_rotation_type = none {{(pid=99801) log_opt_values /opt/stack/data/venv/lib/python3.12/site-packages/oslo_config/cfg.py:3242}}
Jul 30 17:25:41.925636 np0000006158 devstack@g-api.service[99801]: DEBUG glance.common.config [None req-7cbd1e1e-5020-4329-81b1-ef0d3f732e66 None None] logging_context_format_string = %(color)s%(levelname)s %(name)s [%(global_request_id)s %(request_id)s %(project_name)s %(user_name)s%(color)s] %(instance)s%(color)s%(message)s {{(pid=99801) log_opt_values /opt/stack/data/venv/lib/python3.12/site-packages/oslo_config/cfg.py:3242}}
Jul 30 17:25:41.925713 np0000006158 devstack@g-api.service[99801]: DEBUG glance.common.config [None req-7cbd1e1e-5020-4329-81b1-ef0d3f732e66 None None] logging_debug_format_suffix = {{(pid=%(process)d) %(funcName)s %(pathname)s:%(lineno)d}} {{(pid=99801) log_opt_values /opt/stack/data/venv/lib/python3.12/site-packages/oslo_config/cfg.py:3242}}
Jul 30 17:25:41.925823 np0000006158 devstack@g-api.service[99801]: DEBUG glance.common.config [None req-7cbd1e1e-5020-4329-81b1-ef0d3f732e66 None None] logging_default_format_string = %(color)s%(levelname)s %(name)s [-%(color)s] %(instance)s%(color)s%(message)s {{(pid=99801) log_opt_values /opt/stack/data/venv/lib/python3.12/site-packages/oslo_config/cfg.py:3242}}
Jul 30 17:25:41.925913 np0000006158 devstack@g-api.service[99801]: DEBUG glance.common.config [None req-7cbd1e1e-5020-4329-81b1-ef0d3f732e66 None None] logging_exception_prefix = ERROR %(name)s %(instance)s {{(pid=99801) log_opt_values /opt/stack/data/venv/lib/python3.12/site-packages/oslo_config/cfg.py:3242}}
Jul 30 17:25:41.925999 np0000006158 devstack@g-api.service[99801]: DEBUG glance.common.config [None req-7cbd1e1e-5020-4329-81b1-ef0d3f732e66 None None] logging_user_identity_format = %(user)s %(project)s %(domain)s %(system_scope)s %(user_domain)s %(project_domain)s {{(pid=99801) log_opt_values /opt/stack/data/venv/lib/python3.12/site-packages/oslo_config/cfg.py:3242}}
Jul 30 17:25:41.926091 np0000006158 devstack@g-api.service[99801]: DEBUG glance.common.config [None req-7cbd1e1e-5020-4329-81b1-ef0d3f732e66 None None] max_logfile_count = 30 {{(pid=99801) log_opt_values /opt/stack/data/venv/lib/python3.12/site-packages/oslo_config/cfg.py:3242}}
Jul 30 17:25:41.926177 np0000006158 devstack@g-api.service[99801]: DEBUG glance.common.config [None req-7cbd1e1e-5020-4329-81b1-ef0d3f732e66 None None] max_logfile_size_mb = 200 {{(pid=99801) log_opt_values /opt/stack/data/venv/lib/python3.12/site-packages/oslo_config/cfg.py:3242}}
Jul 30 17:25:41.926262 np0000006158 devstack@g-api.service[99801]: DEBUG glance.common.config [None req-7cbd1e1e-5020-4329-81b1-ef0d3f732e66 None None] max_request_id_length = 64 {{(pid=99801) log_opt_values /opt/stack/data/venv/lib/python3.12/site-packages/oslo_config/cfg.py:3242}}
Jul 30 17:25:41.926393 np0000006158 devstack@g-api.service[99801]: DEBUG glance.common.config [None req-7cbd1e1e-5020-4329-81b1-ef0d3f732e66 None None] metadata_encryption_key = **** {{(pid=99801) log_opt_values /opt/stack/data/venv/lib/python3.12/site-packages/oslo_config/cfg.py:3242}}
Jul 30 17:25:41.926489 np0000006158 devstack@g-api.service[99801]: DEBUG glance.common.config [None req-7cbd1e1e-5020-4329-81b1-ef0d3f732e66 None None] node_staging_uri = file:///tmp/staging/ {{(pid=99801) log_opt_values /opt/stack/data/venv/lib/python3.12/site-packages/oslo_config/cfg.py:3242}}
Jul 30 17:25:41.926573 np0000006158 devstack@g-api.service[99801]: DEBUG glance.common.config [None req-7cbd1e1e-5020-4329-81b1-ef0d3f732e66 None None] property_protection_file = None {{(pid=99801) log_opt_values /opt/stack/data/venv/lib/python3.12/site-packages/oslo_config/cfg.py:3242}}
Jul 30 17:25:41.926690 np0000006158 devstack@g-api.service[99801]: DEBUG glance.common.config [None req-7cbd1e1e-5020-4329-81b1-ef0d3f732e66 None None] property_protection_rule_format = roles {{(pid=99801) log_opt_values /opt/stack/data/venv/lib/python3.12/site-packages/oslo_config/cfg.py:3242}}
Jul 30 17:25:41.926811 np0000006158 devstack@g-api.service[99801]: DEBUG glance.common.config [None req-7cbd1e1e-5020-4329-81b1-ef0d3f732e66 None None] public_endpoint = https://10.4.3.86/image {{(pid=99801) log_opt_values /opt/stack/data/venv/lib/python3.12/site-packages/oslo_config/cfg.py:3242}}
Jul 30 17:25:41.926900 np0000006158 devstack@g-api.service[99801]: DEBUG glance.common.config [None req-7cbd1e1e-5020-4329-81b1-ef0d3f732e66 None None] publish_errors = False {{(pid=99801) log_opt_values /opt/stack/data/venv/lib/python3.12/site-packages/oslo_config/cfg.py:3242}}
Jul 30 17:25:41.927006 np0000006158 devstack@g-api.service[99801]: DEBUG glance.common.config [None req-7cbd1e1e-5020-4329-81b1-ef0d3f732e66 None None] pydev_worker_debug_host = None {{(pid=99801) log_opt_values /opt/stack/data/venv/lib/python3.12/site-packages/oslo_config/cfg.py:3242}}
Jul 30 17:25:41.927098 np0000006158 devstack@g-api.service[99801]: DEBUG glance.common.config [None req-7cbd1e1e-5020-4329-81b1-ef0d3f732e66 None None] pydev_worker_debug_port = 5678 {{(pid=99801) log_opt_values /opt/stack/data/venv/lib/python3.12/site-packages/oslo_config/cfg.py:3242}}
Jul 30 17:25:41.927181 np0000006158 devstack@g-api.service[99801]: DEBUG glance.common.config [None req-7cbd1e1e-5020-4329-81b1-ef0d3f732e66 None None] rate_limit_burst = 0 {{(pid=99801) log_opt_values /opt/stack/data/venv/lib/python3.12/site-packages/oslo_config/cfg.py:3242}}
Jul 30 17:25:41.927282 np0000006158 devstack@g-api.service[99801]: DEBUG glance.common.config [None req-7cbd1e1e-5020-4329-81b1-ef0d3f732e66 None None] rate_limit_except_level = CRITICAL {{(pid=99801) log_opt_values /opt/stack/data/venv/lib/python3.12/site-packages/oslo_config/cfg.py:3242}}
Jul 30 17:25:41.927409 np0000006158 devstack@g-api.service[99801]: DEBUG glance.common.config [None req-7cbd1e1e-5020-4329-81b1-ef0d3f732e66 None None] rate_limit_interval = 0 {{(pid=99801) log_opt_values /opt/stack/data/venv/lib/python3.12/site-packages/oslo_config/cfg.py:3242}}
Jul 30 17:25:41.927495 np0000006158 devstack@g-api.service[99801]: DEBUG glance.common.config [None req-7cbd1e1e-5020-4329-81b1-ef0d3f732e66 None None] scrub_pool_size = 1 {{(pid=99801) log_opt_values /opt/stack/data/venv/lib/python3.12/site-packages/oslo_config/cfg.py:3242}}
Jul 30 17:25:41.927581 np0000006158 devstack@g-api.service[99801]: DEBUG glance.common.config [None req-7cbd1e1e-5020-4329-81b1-ef0d3f732e66 None None] scrub_time = 0 {{(pid=99801) log_opt_values /opt/stack/data/venv/lib/python3.12/site-packages/oslo_config/cfg.py:3242}}
Jul 30 17:25:41.927664 np0000006158 devstack@g-api.service[99801]: DEBUG glance.common.config [None req-7cbd1e1e-5020-4329-81b1-ef0d3f732e66 None None] shell_completion = None {{(pid=99801) log_opt_values /opt/stack/data/venv/lib/python3.12/site-packages/oslo_config/cfg.py:3242}}
Jul 30 17:25:41.927771 np0000006158 devstack@g-api.service[99801]: DEBUG glance.common.config [None req-7cbd1e1e-5020-4329-81b1-ef0d3f732e66 None None] show_image_direct_url = False {{(pid=99801) log_opt_values /opt/stack/data/venv/lib/python3.12/site-packages/oslo_config/cfg.py:3242}}
Jul 30 17:25:41.928003 np0000006158 devstack@g-api.service[99801]: WARNING oslo_config.cfg [None req-7cbd1e1e-5020-4329-81b1-ef0d3f732e66 None None] Deprecated: Option "show_multiple_locations" from group "DEFAULT" is deprecated for removal (Use of this option, deprecated since Newton, is a security risk and will be removed once we figure out a way to satisfy those use cases that currently require it. An earlier announcement that the same functionality can be achieved with greater granularity by using policies is incorrect. You cannot work around this option via policy configuration at the present time, though that is the direction we believe the fix will take. Please keep an eye on the Glance release notes to stay up to date on progress in addressing this issue.). Its value may be silently ignored in the future.
Jul 30 17:25:41.928103 np0000006158 devstack@g-api.service[99801]: DEBUG glance.common.config [None req-7cbd1e1e-5020-4329-81b1-ef0d3f732e66 None None] show_multiple_locations = False {{(pid=99801) log_opt_values /opt/stack/data/venv/lib/python3.12/site-packages/oslo_config/cfg.py:3242}}
Jul 30 17:25:41.928198 np0000006158 devstack@g-api.service[99801]: DEBUG glance.common.config [None req-7cbd1e1e-5020-4329-81b1-ef0d3f732e66 None None] syslog_log_facility = LOG_USER {{(pid=99801) log_opt_values /opt/stack/data/venv/lib/python3.12/site-packages/oslo_config/cfg.py:3242}}
Jul 30 17:25:41.928300 np0000006158 devstack@g-api.service[99801]: DEBUG glance.common.config [None req-7cbd1e1e-5020-4329-81b1-ef0d3f732e66 None None] transport_url = **** {{(pid=99801) log_opt_values /opt/stack/data/venv/lib/python3.12/site-packages/oslo_config/cfg.py:3242}}
Jul 30 17:25:41.928416 np0000006158 devstack@g-api.service[99801]: DEBUG glance.common.config [None req-7cbd1e1e-5020-4329-81b1-ef0d3f732e66 None None] use_journal = False {{(pid=99801) log_opt_values /opt/stack/data/venv/lib/python3.12/site-packages/oslo_config/cfg.py:3242}}
Jul 30 17:25:41.928508 np0000006158 devstack@g-api.service[99801]: DEBUG glance.common.config [None req-7cbd1e1e-5020-4329-81b1-ef0d3f732e66 None None] use_json = False {{(pid=99801) log_opt_values /opt/stack/data/venv/lib/python3.12/site-packages/oslo_config/cfg.py:3242}}
Jul 30 17:25:41.928600 np0000006158 devstack@g-api.service[99801]: DEBUG glance.common.config [None req-7cbd1e1e-5020-4329-81b1-ef0d3f732e66 None None] use_keystone_limits = True {{(pid=99801) log_opt_values /opt/stack/data/venv/lib/python3.12/site-packages/oslo_config/cfg.py:3242}}
Jul 30 17:25:41.928718 np0000006158 devstack@g-api.service[99801]: DEBUG glance.common.config [None req-7cbd1e1e-5020-4329-81b1-ef0d3f732e66 None None] use_stderr = False {{(pid=99801) log_opt_values /opt/stack/data/venv/lib/python3.12/site-packages/oslo_config/cfg.py:3242}}
Jul 30 17:25:41.928838 np0000006158 devstack@g-api.service[99801]: DEBUG glance.common.config [None req-7cbd1e1e-5020-4329-81b1-ef0d3f732e66 None None] use_syslog = False {{(pid=99801) log_opt_values /opt/stack/data/venv/lib/python3.12/site-packages/oslo_config/cfg.py:3242}}
Jul 30 17:25:41.928944 np0000006158 devstack@g-api.service[99801]: DEBUG glance.common.config [None req-7cbd1e1e-5020-4329-81b1-ef0d3f732e66 None None] user_storage_quota = 0 {{(pid=99801) log_opt_values /opt/stack/data/venv/lib/python3.12/site-packages/oslo_config/cfg.py:3242}}
Jul 30 17:25:41.929042 np0000006158 devstack@g-api.service[99801]: DEBUG glance.common.config [None req-7cbd1e1e-5020-4329-81b1-ef0d3f732e66 None None] worker_self_reference_url = http://127.0.0.1:60999 {{(pid=99801) log_opt_values /opt/stack/data/venv/lib/python3.12/site-packages/oslo_config/cfg.py:3242}}
Jul 30 17:25:41.929149 np0000006158 devstack@g-api.service[99801]: DEBUG glance.common.config [None req-7cbd1e1e-5020-4329-81b1-ef0d3f732e66 None None] oslo_concurrency.disable_process_locking = False {{(pid=99801) log_opt_values /opt/stack/data/venv/lib/python3.12/site-packages/oslo_config/cfg.py:3253}}
Jul 30 17:25:41.929242 np0000006158 devstack@g-api.service[99801]: DEBUG glance.common.config [None req-7cbd1e1e-5020-4329-81b1-ef0d3f732e66 None None] oslo_concurrency.lock_path = /opt/stack/data/glance/locks {{(pid=99801) log_opt_values /opt/stack/data/venv/lib/python3.12/site-packages/oslo_config/cfg.py:3253}}
Jul 30 17:25:41.929373 np0000006158 devstack@g-api.service[99801]: DEBUG glance.common.config [None req-7cbd1e1e-5020-4329-81b1-ef0d3f732e66 None None] oslo_middleware.enable_proxy_headers_parsing = False {{(pid=99801) log_opt_values /opt/stack/data/venv/lib/python3.12/site-packages/oslo_config/cfg.py:3253}}
Jul 30 17:25:41.929476 np0000006158 devstack@g-api.service[99801]: DEBUG glance.common.config [None req-7cbd1e1e-5020-4329-81b1-ef0d3f732e66 None None] oslo_middleware.http_basic_auth_user_file = /etc/htpasswd {{(pid=99801) log_opt_values /opt/stack/data/venv/lib/python3.12/site-packages/oslo_config/cfg.py:3253}}
Jul 30 17:25:41.929570 np0000006158 devstack@g-api.service[99801]: DEBUG glance.common.config [None req-7cbd1e1e-5020-4329-81b1-ef0d3f732e66 None None] paste_deploy.config_file = None {{(pid=99801) log_opt_values /opt/stack/data/venv/lib/python3.12/site-packages/oslo_config/cfg.py:3253}}
Jul 30 17:25:41.929662 np0000006158 devstack@g-api.service[99801]: DEBUG glance.common.config [None req-7cbd1e1e-5020-4329-81b1-ef0d3f732e66 None None] paste_deploy.flavor = keystone+cachemanagement {{(pid=99801) log_opt_values /opt/stack/data/venv/lib/python3.12/site-packages/oslo_config/cfg.py:3253}}
Jul 30 17:25:41.929809 np0000006158 devstack@g-api.service[99801]: DEBUG glance.common.config [None req-7cbd1e1e-5020-4329-81b1-ef0d3f732e66 None None] image_format.container_formats = ['ami', 'ari', 'aki', 'bare', 'ovf', 'ova', 'docker', 'compressed'] {{(pid=99801) log_opt_values /opt/stack/data/venv/lib/python3.12/site-packages/oslo_config/cfg.py:3253}}
Jul 30 17:25:41.929952 np0000006158 devstack@g-api.service[99801]: DEBUG glance.common.config [None req-7cbd1e1e-5020-4329-81b1-ef0d3f732e66 None None] image_format.disk_formats = ['ami', 'ari', 'aki', 'vhd', 'vhdx', 'vmdk', 'raw', 'qcow2', 'vdi', 'iso', 'ploop'] {{(pid=99801) log_opt_values /opt/stack/data/venv/lib/python3.12/site-packages/oslo_config/cfg.py:3253}}
Jul 30 17:25:41.930057 np0000006158 devstack@g-api.service[99801]: DEBUG glance.common.config [None req-7cbd1e1e-5020-4329-81b1-ef0d3f732e66 None None] image_format.gpt_safety_checks_nonfatal = [] {{(pid=99801) log_opt_values /opt/stack/data/venv/lib/python3.12/site-packages/oslo_config/cfg.py:3253}}
Jul 30 17:25:41.930156 np0000006158 devstack@g-api.service[99801]: DEBUG glance.common.config [None req-7cbd1e1e-5020-4329-81b1-ef0d3f732e66 None None] image_format.require_image_format_match = True {{(pid=99801) log_opt_values /opt/stack/data/venv/lib/python3.12/site-packages/oslo_config/cfg.py:3253}}
Jul 30 17:25:41.930256 np0000006158 devstack@g-api.service[99801]: DEBUG glance.common.config [None req-7cbd1e1e-5020-4329-81b1-ef0d3f732e66 None None] image_format.vmdk_allowed_types = ['streamOptimized', 'monolithicSparse'] {{(pid=99801) log_opt_values /opt/stack/data/venv/lib/python3.12/site-packages/oslo_config/cfg.py:3253}}
Jul 30 17:25:41.930390 np0000006158 devstack@g-api.service[99801]: DEBUG glance.common.config [None req-7cbd1e1e-5020-4329-81b1-ef0d3f732e66 None None] task.task_executor = taskflow {{(pid=99801) log_opt_values /opt/stack/data/venv/lib/python3.12/site-packages/oslo_config/cfg.py:3253}}
Jul 30 17:25:41.930495 np0000006158 devstack@g-api.service[99801]: DEBUG glance.common.config [None req-7cbd1e1e-5020-4329-81b1-ef0d3f732e66 None None] task.task_time_to_live = 48 {{(pid=99801) log_opt_values /opt/stack/data/venv/lib/python3.12/site-packages/oslo_config/cfg.py:3253}}
Jul 30 17:25:41.930583 np0000006158 devstack@g-api.service[99801]: DEBUG glance.common.config [None req-7cbd1e1e-5020-4329-81b1-ef0d3f732e66 None None] task.work_dir = None {{(pid=99801) log_opt_values /opt/stack/data/venv/lib/python3.12/site-packages/oslo_config/cfg.py:3253}}
Jul 30 17:25:41.930706 np0000006158 devstack@g-api.service[99801]: DEBUG glance.common.config [None req-7cbd1e1e-5020-4329-81b1-ef0d3f732e66 None None] wsgi.python_interpreter = /opt/stack/data/venv/bin/python3 {{(pid=99801) log_opt_values /opt/stack/data/venv/lib/python3.12/site-packages/oslo_config/cfg.py:3253}}
Jul 30 17:25:41.930823 np0000006158 devstack@g-api.service[99801]: DEBUG glance.common.config [None req-7cbd1e1e-5020-4329-81b1-ef0d3f732e66 None None] wsgi.task_pool_threads = 16 {{(pid=99801) log_opt_values /opt/stack/data/venv/lib/python3.12/site-packages/oslo_config/cfg.py:3253}}
Jul 30 17:25:41.930925 np0000006158 devstack@g-api.service[99801]: DEBUG glance.common.config [None req-7cbd1e1e-5020-4329-81b1-ef0d3f732e66 None None] import_filtering_opts.allowed_hosts = [] {{(pid=99801) log_opt_values /opt/stack/data/venv/lib/python3.12/site-packages/oslo_config/cfg.py:3253}}
Jul 30 17:25:41.931033 np0000006158 devstack@g-api.service[99801]: DEBUG glance.common.config [None req-7cbd1e1e-5020-4329-81b1-ef0d3f732e66 None None] import_filtering_opts.allowed_ports = [80, 443] {{(pid=99801) log_opt_values /opt/stack/data/venv/lib/python3.12/site-packages/oslo_config/cfg.py:3253}}
Jul 30 17:25:41.931133 np0000006158 devstack@g-api.service[99801]: DEBUG glance.common.config [None req-7cbd1e1e-5020-4329-81b1-ef0d3f732e66 None None] import_filtering_opts.allowed_schemes = ['http', 'https'] {{(pid=99801) log_opt_values /opt/stack/data/venv/lib/python3.12/site-packages/oslo_config/cfg.py:3253}}
Jul 30 17:25:41.931221 np0000006158 devstack@g-api.service[99801]: DEBUG glance.common.config [None req-7cbd1e1e-5020-4329-81b1-ef0d3f732e66 None None] import_filtering_opts.disallowed_hosts = [] {{(pid=99801) log_opt_values /opt/stack/data/venv/lib/python3.12/site-packages/oslo_config/cfg.py:3253}}
Jul 30 17:25:41.931341 np0000006158 devstack@g-api.service[99801]: DEBUG glance.common.config [None req-7cbd1e1e-5020-4329-81b1-ef0d3f732e66 None None] import_filtering_opts.disallowed_ports = [] {{(pid=99801) log_opt_values /opt/stack/data/venv/lib/python3.12/site-packages/oslo_config/cfg.py:3253}}
Jul 30 17:25:41.931439 np0000006158 devstack@g-api.service[99801]: DEBUG glance.common.config [None req-7cbd1e1e-5020-4329-81b1-ef0d3f732e66 None None] import_filtering_opts.disallowed_schemes = [] {{(pid=99801) log_opt_values /opt/stack/data/venv/lib/python3.12/site-packages/oslo_config/cfg.py:3253}}
