Jul 30 17:25:04.298064 np0000006158 devstack@neutron-api.service[87642]: [pid: 87642|app: 0|req: 4/12] 10.4.3.86 () {64 vars in 1285 bytes} [Thu Jul 30 17:25:04 2026] GET /networking/v2.0/extensions => generated 16171 bytes in 3 msecs (HTTP/1.1 200) 4 headers in 159 bytes (1 switches on core 0)
Jul 30 17:25:04.573620 np0000006158 devstack@neutron-api.service[87643]: DEBUG neutron.api.wsgi [None req-5bb12dd8-b608-40e7-83e6-52995cb89c61 admin admin] Missing Content-Type {{(pid=87643) get_content_type /opt/stack/neutron/neutron/api/wsgi.py:80}}
Jul 30 17:25:04.573967 np0000006158 devstack@neutron-api.service[87643]: DEBUG neutron.api.wsgi [None req-5bb12dd8-b608-40e7-83e6-52995cb89c61 admin admin] https://10.4.3.86/networking/v2.0/extensions returned with HTTP 200 {{(pid=87643) __call__ /opt/stack/neutron/neutron/api/wsgi.py:540}}
Jul 30 17:25:04.574234 np0000006158 devstack@neutron-api.service[87643]: [pid: 87643|app: 0|req: 4/13] 10.4.3.86 () {64 vars in 1285 bytes} [Thu Jul 30 17:25:04 2026] GET /networking/v2.0/extensions => generated 16171 bytes in 3 msecs (HTTP/1.1 200) 4 headers in 159 bytes (1 switches on core 0)
Jul 30 17:25:04.834672 np0000006158 devstack@neutron-api.service[87641]: DEBUG neutron.api.v2.base [None req-37371dfe-5ac2-4df7-9ef7-fa5913d6a6d5 admin admin] Request body: {'router': {'name': 'router1', 'admin_state_up': True}} {{(pid=87641) prepare_request_body /opt/stack/neutron/neutron/api/v2/base.py:727}}
Jul 30 17:25:04.848993 np0000006158 devstack@neutron-api.service[87641]: DEBUG neutron_lib.callbacks.manager [None req-37371dfe-5ac2-4df7-9ef7-fa5913d6a6d5 admin admin] Publish callbacks ['neutron.services.ovn_l3.service_providers.driver_controller.DriverController._check_router_request-3902059'] for router (941020ea-fcc3-413a-a4bd-d0d7ddf2ac31), before_create {{(pid=87641) _notify_loop /opt/stack/data/venv/lib/python3.12/site-packages/neutron_lib/callbacks/manager.py:184}}
Jul 30 17:25:04.849734 np0000006158 devstack@neutron-api.service[87641]: DEBUG neutron_lib.callbacks.manager [None req-37371dfe-5ac2-4df7-9ef7-fa5913d6a6d5 admin admin] Publish callbacks ['neutron.services.ovn_l3.service_providers.ovn.OVN_L3_HA_db_mixin._precommit_router_create-3906223', 'neutron.services.ovn_l3.plugin.RouterAvailabilityZoneMixin._process_az_request-1100954', 'neutron.services.ovn_l3.plugin.ExtraGatewaysDbOnlyMixin._process_bfd_ecmp_create-3931630', 'neutron.services.ovn_l3.service_providers.ovn.OvnDriver._process_router_create_precommit-3906381', 'neutron.services.ovn_l3.service_providers.driver_controller.DriverController._set_router_provider-3902049'] for router (941020ea-fcc3-413a-a4bd-d0d7ddf2ac31), precommit_create {{(pid=87641) _notify_loop /opt/stack/data/venv/lib/python3.12/site-packages/neutron_lib/callbacks/manager.py:184}}
Jul 30 17:25:04.861539 np0000006158 devstack@neutron-api.service[87641]: DEBUG neutron.db.ovn_revision_numbers_db [None req-37371dfe-5ac2-4df7-9ef7-fa5913d6a6d5 admin admin] create_initial_revision uuid=941020ea-fcc3-413a-a4bd-d0d7ddf2ac31, type=routers, rev=-1 {{(pid=87641) create_initial_revision /opt/stack/neutron/neutron/db/ovn_revision_numbers_db.py:98}}
Jul 30 17:25:04.928493 np0000006158 devstack@neutron-api.service[87641]: DEBUG neutron_lib.callbacks.manager [None req-37371dfe-5ac2-4df7-9ef7-fa5913d6a6d5 admin admin] Publish callbacks [] for router_controller (941020ea-fcc3-413a-a4bd-d0d7ddf2ac31), precommit_add_association {{(pid=87641) _notify_loop /opt/stack/data/venv/lib/python3.12/site-packages/neutron_lib/callbacks/manager.py:184}}
Jul 30 17:25:04.932250 np0000006158 devstack@neutron-api.service[87641]: DEBUG neutron_lib.callbacks.manager [None req-37371dfe-5ac2-4df7-9ef7-fa5913d6a6d5 admin admin] Publish callbacks ['neutron.services.ovn_l3.service_providers.ovn.OvnDriver._process_router_create-3906275'] for router (941020ea-fcc3-413a-a4bd-d0d7ddf2ac31), after_create {{(pid=87641) _notify_loop /opt/stack/data/venv/lib/python3.12/site-packages/neutron_lib/callbacks/manager.py:184}}
Jul 30 17:25:04.932431 np0000006158 devstack@neutron-api.service[87641]: INFO neutron.plugins.ml2.drivers.ovn.mech_driver.ovsdb.extensions.qos [None req-37371dfe-5ac2-4df7-9ef7-fa5913d6a6d5 admin admin] Starting OVNClientQosExtension
Jul 30 17:25:04.932751 np0000006158 devstack@neutron-api.service[87641]: DEBUG neutron.plugins.ml2.drivers.ovn.mech_driver.ovsdb.extensions.qos [None req-37371dfe-5ac2-4df7-9ef7-fa5913d6a6d5 admin admin] Router 941020ea-fcc3-413a-a4bd-d0d7ddf2ac31 does not have ID or gateway assigned {{(pid=87641) update_router /opt/stack/neutron/neutron/plugins/ml2/drivers/ovn/mech_driver/ovsdb/extensions/qos.py:527}}
Jul 30 17:25:04.933059 np0000006158 devstack@neutron-api.service[87641]: DEBUG ovsdbapp.backend.ovs_idl.transaction [-] Running txn n=1 command(idx=0): LrAddCommand(_result=None, router=neutron-941020ea-fcc3-413a-a4bd-d0d7ddf2ac31, may_exist=True, columns={'external_ids': {'neutron:router_name': 'router1', 'neutron:revision_number': '1', 'neutron:availability_zone_hints': ''}, 'enabled': True, 'options': {'always_learn_from_arp_request': 'false', 'dynamic_neigh_routers': 'true', 'mac_binding_age_threshold': '300'}}) {{(pid=87641) do_commit /opt/stack/data/venv/lib/python3.12/site-packages/ovsdbapp/backend/ovs_idl/transaction.py:89}}
Jul 30 17:25:04.935396 np0000006158 devstack@neutron-api.service[87641]: DEBUG neutron.plugins.ml2.drivers.ovn.mech_driver.ovsdb.ovsdb_monitor [-] Hash Ring: Node 84b355f5e2df52a7b4fa8492dbcddd51 (host: np0000006158) handling event "create" for row 9d446d5a-1e5f-4582-bea2-cda593243dbb (table: Logical_Router) {{(pid=87641) notify /opt/stack/neutron/neutron/plugins/ml2/drivers/ovn/mech_driver/ovsdb/ovsdb_monitor.py:1013}}
Jul 30 17:25:04.941890 np0000006158 devstack@neutron-api.service[87643]: DEBUG neutron.plugins.ml2.drivers.ovn.mech_driver.ovsdb.ovsdb_monitor [-] Hash Ring: Node a874c7913160580f9528d77c44f5a1a9 (host: np0000006158) handling event "create" for row b380ea40-2c81-49a8-9b59-011a18ecfadc (table: Datapath_Binding) {{(pid=87643) notify /opt/stack/neutron/neutron/plugins/ml2/drivers/ovn/mech_driver/ovsdb/ovsdb_monitor.py:1013}}
Jul 30 17:25:04.956371 np0000006158 devstack@neutron-api.service[87641]: DEBUG neutron.plugins.ml2.drivers.ovn.mech_driver.ovsdb.ovsdb_monitor [-] Hash Ring: Node 84b355f5e2df52a7b4fa8492dbcddd51 (host: np0000006158) handling event "create" for row b380ea40-2c81-49a8-9b59-011a18ecfadc (table: Datapath_Binding) {{(pid=87641) notify /opt/stack/neutron/neutron/plugins/ml2/drivers/ovn/mech_driver/ovsdb/ovsdb_monitor.py:1013}}
Jul 30 17:25:05.020897 np0000006158 devstack@neutron-api.service[87641]: INFO neutron.db.ovn_revision_numbers_db [None req-37371dfe-5ac2-4df7-9ef7-fa5913d6a6d5 admin admin] Successfully bumped revision number for resource 941020ea-fcc3-413a-a4bd-d0d7ddf2ac31 (type: routers) to 1
Jul 30 17:25:05.029972 np0000006158 devstack@neutron-api.service[87641]: DEBUG neutron_lib.callbacks.manager [None req-37371dfe-5ac2-4df7-9ef7-fa5913d6a6d5 admin admin] Publish callbacks [] for router (None), before_response {{(pid=87641) _notify_loop /opt/stack/data/venv/lib/python3.12/site-packages/neutron_lib/callbacks/manager.py:184}}
Jul 30 17:25:05.030428 np0000006158 devstack@neutron-api.service[87641]: [pid: 87641|app: 0|req: 6/14] 10.4.3.86 () {68 vars in 1316 bytes} [Thu Jul 30 17:25:04 2026] POST /networking/v2.0/routers => generated 599 bytes in 198 msecs (HTTP/1.1 201) 4 headers in 162 bytes (1 switches on core 0)
Jul 30 17:25:05.260378 np0000006158 devstack@neutron-api.service[87642]: DEBUG neutron.api.wsgi [None req-c0d9d4a3-8d2c-46fb-8919-549624281859 admin admin] Missing Content-Type {{(pid=87642) get_content_type /opt/stack/neutron/neutron/api/wsgi.py:80}}
Jul 30 17:25:05.260894 np0000006158 devstack@neutron-api.service[87642]: DEBUG neutron.api.wsgi [None req-c0d9d4a3-8d2c-46fb-8919-549624281859 admin admin] https://10.4.3.86/networking/v2.0/extensions returned with HTTP 200 {{(pid=87642) __call__ /opt/stack/neutron/neutron/api/wsgi.py:540}}
Jul 30 17:25:05.261237 np0000006158 devstack@neutron-api.service[87642]: [pid: 87642|app: 0|req: 5/15] 10.4.3.86 () {64 vars in 1285 bytes} [Thu Jul 30 17:25:05 2026] GET /networking/v2.0/extensions => generated 16171 bytes in 3 msecs (HTTP/1.1 200) 4 headers in 159 bytes (1 switches on core 0)
Jul 30 17:25:05.527771 np0000006158 devstack@neutron-api.service[87643]: DEBUG neutron.api.v2.base [None req-cc115d17-24ac-4e42-8843-f9067918da04 admin admin] Request body: {'network': {'name': 'public', 'provider:physical_network': 'public', 'is_default': True, 'admin_state_up': True, 'router:external': True, 'provider:network_type': 'flat'}} {{(pid=87643) prepare_request_body /opt/stack/neutron/neutron/api/v2/base.py:727}}
Jul 30 17:25:05.540834 np0000006158 devstack@neutron-api.service[87643]: DEBUG neutron.pecan_wsgi.hooks.quota_enforcement [None req-cc115d17-24ac-4e42-8843-f9067918da04 admin admin] Made reservation on behalf of eb7de4ed651d47fd9026ca9ec5d537cf for: {'network': 1} {{(pid=87643) before /opt/stack/neutron/neutron/pecan_wsgi/hooks/quota_enforcement.py:66}}
Jul 30 17:25:05.544116 np0000006158 devstack@neutron-api.service[87643]: DEBUG neutron_lib.callbacks.manager [None req-cc115d17-24ac-4e42-8843-f9067918da04 admin admin] Publish callbacks ['neutron.plugins.ml2.plugin.SecurityGroupDbMixin._ensure_default_security_group_handler-7637728'] for network (None), before_create {{(pid=87643) _notify_loop /opt/stack/data/venv/lib/python3.12/site-packages/neutron_lib/callbacks/manager.py:184}}
Jul 30 17:25:05.578182 np0000006158 devstack@neutron-api.service[87643]: DEBUG neutron.plugins.ml2.drivers.type_flat [None req-cc115d17-24ac-4e42-8843-f9067918da04 admin admin] Reserving flat network on physical network public {{(pid=87643) reserve_provider_segment /opt/stack/neutron/neutron/plugins/ml2/drivers/type_flat.py:100}}
Jul 30 17:25:05.588785 np0000006158 devstack@neutron-api.service[87643]: DEBUG neutron_lib.callbacks.manager [None req-cc115d17-24ac-4e42-8843-f9067918da04 admin admin] Publish callbacks ['neutron.services.segments.db._add_segment_host_mapping_for_segment-7774271910752', 'neutron.plugins.ml2.plugin.Ml2Plugin._handle_segment_change-7921246'] for segment (433778d8-a311-4ec7-8308-6fc8ec016d91), precommit_create {{(pid=87643) _notify_loop /opt/stack/data/venv/lib/python3.12/site-packages/neutron_lib/callbacks/manager.py:184}}
Jul 30 17:25:05.589013 np0000006158 devstack@neutron-api.service[87643]: DEBUG neutron_lib.callbacks.manager [None req-cc115d17-24ac-4e42-8843-f9067918da04 admin admin] Unsubscribe: segment precommit_create {{(pid=87643) unsubscribe /opt/stack/data/venv/lib/python3.12/site-packages/neutron_lib/callbacks/manager.py:90}}
Jul 30 17:25:05.589195 np0000006158 devstack@neutron-api.service[87643]: INFO neutron.db.segments_db [None req-cc115d17-24ac-4e42-8843-f9067918da04 admin admin] Added segment 433778d8-a311-4ec7-8308-6fc8ec016d91 of type flat for network dccb5fcb-9d06-446a-9e3c-b1dac7154df1
Jul 30 17:25:05.624412 np0000006158 devstack@neutron-api.service[87643]: DEBUG neutron_lib.callbacks.manager [None req-cc115d17-24ac-4e42-8843-f9067918da04 admin admin] Publish callbacks ['neutron.services.auto_allocate.db._ensure_external_network_default_value_callback-7774270718366'] for network (dccb5fcb-9d06-446a-9e3c-b1dac7154df1), precommit_create {{(pid=87643) _notify_loop /opt/stack/data/venv/lib/python3.12/site-packages/neutron_lib/callbacks/manager.py:184}}
Jul 30 17:25:05.644165 np0000006158 devstack@neutron-api.service[87643]: DEBUG neutron.plugins.ml2.drivers.ovn.mech_driver.mech_driver [None req-cc115d17-24ac-4e42-8843-f9067918da04 admin admin] Validating network segment with type flat, segmentation ID None, physical network public {{(pid=87643) _validate_network_segments /opt/stack/neutron/neutron/plugins/ml2/drivers/ovn/mech_driver/mech_driver.py:646}}
Jul 30 17:25:05.644314 np0000006158 devstack@neutron-api.service[87643]: DEBUG neutron.db.ovn_revision_numbers_db [None req-cc115d17-24ac-4e42-8843-f9067918da04 admin admin] create_initial_revision uuid=dccb5fcb-9d06-446a-9e3c-b1dac7154df1, type=networks, rev=-1 {{(pid=87643) create_initial_revision /opt/stack/neutron/neutron/db/ovn_revision_numbers_db.py:98}}
Jul 30 17:25:05.661920 np0000006158 devstack@neutron-api.service[87643]: DEBUG neutron_lib.callbacks.manager [None req-cc115d17-24ac-4e42-8843-f9067918da04 admin admin] Publish callbacks ['neutron.plugins.ml2.ovo_rpc._ObjectChangeHandler.handle_event-1101338'] for network (dccb5fcb-9d06-446a-9e3c-b1dac7154df1), after_create {{(pid=87643) _notify_loop /opt/stack/data/venv/lib/python3.12/site-packages/neutron_lib/callbacks/manager.py:184}}
Jul 30 17:25:05.705851 np0000006158 devstack@neutron-api.service[87643]: DEBUG neutron.api.rpc.handlers.resources_rpc [None req-cc115d17-24ac-4e42-8843-f9067918da04 admin admin] Pushing event updated for resources: {'Network': ['ID=dccb5fcb-9d06-446a-9e3c-b1dac7154df1,revision_number=1']} {{(pid=87643) push /opt/stack/neutron/neutron/api/rpc/handlers/resources_rpc.py:237}}
Jul 30 17:25:05.711684 np0000006158 devstack@neutron-api.service[87643]: DEBUG neutron.api.rpc.callbacks.version_manager [None req-cc115d17-24ac-4e42-8843-f9067918da04 admin admin] Tracked resource versions report:
Jul 30 17:25:05.711684 np0000006158 devstack@neutron-api.service[87643]: pushed versions:
Jul 30 17:25:05.711684 np0000006158 devstack@neutron-api.service[87643]: { 'AddressGroup': {'1.2'},
Jul 30 17:25:05.711684 np0000006158 devstack@neutron-api.service[87643]: 'Agent': {'1.1'},
Jul 30 17:25:05.711684 np0000006158 devstack@neutron-api.service[87643]: 'ConntrackHelper': {'1.0'},
Jul 30 17:25:05.711684 np0000006158 devstack@neutron-api.service[87643]: 'LocalIPAssociation': {'1.0'},
Jul 30 17:25:05.711684 np0000006158 devstack@neutron-api.service[87643]: 'Log': {'1.0'},
Jul 30 17:25:05.711684 np0000006158 devstack@neutron-api.service[87643]: 'NDPProxy': {'1.0'},
Jul 30 17:25:05.711684 np0000006158 devstack@neutron-api.service[87643]: 'Network': {'1.3'},
Jul 30 17:25:05.711684 np0000006158 devstack@neutron-api.service[87643]: 'Port': {'1.11'},
Jul 30 17:25:05.711684 np0000006158 devstack@neutron-api.service[87643]: 'PortForwarding': {'1.3'},
Jul 30 17:25:05.711684 np0000006158 devstack@neutron-api.service[87643]: 'QosPolicy': {'1.10'},
Jul 30 17:25:05.711684 np0000006158 devstack@neutron-api.service[87643]: 'SecurityGroup': {'1.6'},
Jul 30 17:25:05.711684 np0000006158 devstack@neutron-api.service[87643]: 'SecurityGroupRule': {'1.3'},
Jul 30 17:25:05.711684 np0000006158 devstack@neutron-api.service[87643]: 'SubPort': {'1.0'},
Jul 30 17:25:05.711684 np0000006158 devstack@neutron-api.service[87643]: 'Subnet': {'1.2'},
Jul 30 17:25:05.711684 np0000006158 devstack@neutron-api.service[87643]: 'Trunk': {'1.1'}}
Jul 30 17:25:05.711684 np0000006158 devstack@neutron-api.service[87643]: consumer versions:
Jul 30 17:25:05.711684 np0000006158 devstack@neutron-api.service[87643]: { OVN Controller Gateway agent@np0000006158: {},
Jul 30 17:25:05.711684 np0000006158 devstack@neutron-api.service[87643]: OVN Neutron agent@np0000006158: {}}
Jul 30 17:25:05.711684 np0000006158 devstack@neutron-api.service[87643]: {{(pid=87643) report /opt/stack/neutron/neutron/api/rpc/callbacks/version_manager.py:183}}
Jul 30 17:25:05.729767 np0000006158 devstack@neutron-api.service[87643]: DEBUG ovsdbapp.backend.ovs_idl.transaction [-] Running txn n=1 command(idx=0): AddNetworkCommand(_result=None, network_uuid=dccb5fcb-9d06-446a-9e3c-b1dac7154df1, may_exist=True, columns={'external_ids': {'neutron:network_name': 'public', 'neutron:mtu': '1430', 'neutron:revision_number': '1', 'neutron:availability_zone_hints': '', 'neutron:provnet-network-type': 'flat', 'neutron:provnet-physical-network': 'public'}, 'other_config': {'mcast_snoop': 'false', 'mcast_flood_unregistered': 'false', 'vlan-passthru': 'false', 'fdb_age_threshold': '300', 'broadcast-arps-to-all-routers': 'true'}}) {{(pid=87643) do_commit /opt/stack/data/venv/lib/python3.12/site-packages/ovsdbapp/backend/ovs_idl/transaction.py:89}}
Jul 30 17:25:05.730123 np0000006158 devstack@neutron-api.service[87643]: DEBUG neutron.common.ovn.utils [-] OVS persist_uuid supported=True {{(pid=87643) ovs_persist_uuid_supported /opt/stack/neutron/neutron/common/ovn/utils.py:1565}}
Jul 30 17:25:05.730571 np0000006158 devstack@neutron-api.service[87643]: DEBUG ovsdbapp.backend.ovs_idl.transaction [-] Running txn n=1 command(idx=1): AddLSwitchPortCommand(_result=None, lport=provnet-433778d8-a311-4ec7-8308-6fc8ec016d91, lswitch=neutron-dccb5fcb-9d06-446a-9e3c-b1dac7154df1, may_exist=True, network_uuid=dccb5fcb-9d06-446a-9e3c-b1dac7154df1, columns={'addresses': ['unknown'], 'external_ids': {'neutron:provnet-physical-network': 'public'}, 'type': 'localnet', 'tag_request': [], 'options': {'network_name': 'public', 'mcast_flood_reports': 'true', 'mcast_flood': 'false', 'localnet_learn_fdb': 'false'}}) {{(pid=87643) do_commit /opt/stack/data/venv/lib/python3.12/site-packages/ovsdbapp/backend/ovs_idl/transaction.py:89}}
Jul 30 17:25:05.733826 np0000006158 devstack@neutron-api.service[87641]: DEBUG neutron.plugins.ml2.drivers.ovn.mech_driver.ovsdb.ovsdb_monitor [-] Hash Ring: Node 84b355f5e2df52a7b4fa8492dbcddd51 (host: np0000006158) handling event "create" for row dccb5fcb-9d06-446a-9e3c-b1dac7154df1 (table: Logical_Switch) {{(pid=87641) notify /opt/stack/neutron/neutron/plugins/ml2/drivers/ovn/mech_driver/ovsdb/ovsdb_monitor.py:1013}}
Jul 30 17:25:05.734053 np0000006158 devstack@neutron-api.service[87641]: DEBUG neutron.plugins.ml2.drivers.ovn.mech_driver.ovsdb.ovsdb_monitor [-] Hash Ring: Node 84b355f5e2df52a7b4fa8492dbcddd51 (host: np0000006158) handling event "create" for row 9498034c-8e9f-44c2-9569-79dbc7193cf8 (table: Logical_Switch_Port) {{(pid=87641) notify /opt/stack/neutron/neutron/plugins/ml2/drivers/ovn/mech_driver/ovsdb/ovsdb_monitor.py:1013}}
Jul 30 17:25:05.734195 np0000006158 devstack@neutron-api.service[87643]: DEBUG neutron.plugins.ml2.drivers.ovn.mech_driver.ovsdb.ovsdb_monitor [-] Hash Ring: Node a874c7913160580f9528d77c44f5a1a9 (host: np0000006158) handling event "create" for row dccb5fcb-9d06-446a-9e3c-b1dac7154df1 (table: Logical_Switch) {{(pid=87643) notify /opt/stack/neutron/neutron/plugins/ml2/drivers/ovn/mech_driver/ovsdb/ovsdb_monitor.py:1013}}
Jul 30 17:25:05.737701 np0000006158 devstack@neutron-api.service[87641]: DEBUG neutron.plugins.ml2.drivers.ovn.mech_driver.ovsdb.ovsdb_monitor [-] Hash Ring: Node 84b355f5e2df52a7b4fa8492dbcddd51 (host: np0000006158) handling event "update" for row 9498034c-8e9f-44c2-9569-79dbc7193cf8 (table: Logical_Switch_Port) {{(pid=87641) notify /opt/stack/neutron/neutron/plugins/ml2/drivers/ovn/mech_driver/ovsdb/ovsdb_monitor.py:1013}}
Jul 30 17:25:05.740908 np0000006158 devstack@neutron-api.service[87641]: DEBUG neutron.plugins.ml2.drivers.ovn.mech_driver.ovsdb.ovsdb_monitor [-] Hash Ring: Node 84b355f5e2df52a7b4fa8492dbcddd51 (host: np0000006158) handling event "create" for row fdabf231-a76b-447f-b260-e62d27ad3d69 (table: Datapath_Binding) {{(pid=87641) notify /opt/stack/neutron/neutron/plugins/ml2/drivers/ovn/mech_driver/ovsdb/ovsdb_monitor.py:1013}}
Jul 30 17:25:05.741096 np0000006158 devstack@neutron-api.service[87641]: DEBUG neutron.plugins.ml2.drivers.ovn.mech_driver.ovsdb.ovsdb_monitor [-] Hash Ring: Node 84b355f5e2df52a7b4fa8492dbcddd51 (host: np0000006158) handling event "create" for row 9714a570-b414-4ded-89ad-a8f05a8acd58 (table: Port_Binding) {{(pid=87641) notify /opt/stack/neutron/neutron/plugins/ml2/drivers/ovn/mech_driver/ovsdb/ovsdb_monitor.py:1013}}
Jul 30 17:25:05.769128 np0000006158 devstack@neutron-api.service[87643]: INFO neutron.db.ovn_revision_numbers_db [None req-cc115d17-24ac-4e42-8843-f9067918da04 admin admin] Successfully bumped revision number for resource dccb5fcb-9d06-446a-9e3c-b1dac7154df1 (type: networks) to 1
Jul 30 17:25:05.816934 np0000006158 devstack@neutron-api.service[87643]: DEBUG neutron_lib.callbacks.manager [None req-cc115d17-24ac-4e42-8843-f9067918da04 admin admin] Publish callbacks ['neutron.plugins.ml2.plugin.SecurityGroupDbMixin._ensure_default_security_group_handler-7637728'] for port (None), before_create {{(pid=87643) _notify_loop /opt/stack/data/venv/lib/python3.12/site-packages/neutron_lib/callbacks/manager.py:184}}
Jul 30 17:25:05.900849 np0000006158 devstack@neutron-api.service[87643]: DEBUG neutron_lib.callbacks.manager [None req-cc115d17-24ac-4e42-8843-f9067918da04 admin admin] Publish callbacks ['neutron.plugins.ml2.drivers.ovn.mech_driver.mech_driver.OVNMechanismDriver._validate_allowed_address_pairs-197712'] for allowed_address_pair (a76e7010-d2bf-4bdd-b0f6-22598cc748bb), before_create {{(pid=87643) _notify_loop /opt/stack/data/venv/lib/python3.12/site-packages/neutron_lib/callbacks/manager.py:184}}
Jul 30 17:25:05.901383 np0000006158 devstack@neutron-api.service[87643]: DEBUG neutron_lib.callbacks.manager [None req-cc115d17-24ac-4e42-8843-f9067918da04 admin admin] Publish callbacks [] for port (a76e7010-d2bf-4bdd-b0f6-22598cc748bb), precommit_create {{(pid=87643) _notify_loop /opt/stack/data/venv/lib/python3.12/site-packages/neutron_lib/callbacks/manager.py:184}}
Jul 30 17:25:05.901579 np0000006158 devstack@neutron-api.service[87643]: DEBUG neutron.plugins.ml2.drivers.ovn.mech_driver.mech_driver [None req-cc115d17-24ac-4e42-8843-f9067918da04 admin admin] No provisioning block for port a76e7010-d2bf-4bdd-b0f6-22598cc748bb since it does not have a host {{(pid=87643) _is_port_provisioning_required /opt/stack/neutron/neutron/plugins/ml2/drivers/ovn/mech_driver/mech_driver.py:899}}
Jul 30 17:25:05.901689 np0000006158 devstack@neutron-api.service[87643]: DEBUG neutron.db.ovn_revision_numbers_db [None req-cc115d17-24ac-4e42-8843-f9067918da04 admin admin] create_initial_revision uuid=a76e7010-d2bf-4bdd-b0f6-22598cc748bb, type=ports, rev=-1 {{(pid=87643) create_initial_revision /opt/stack/neutron/neutron/db/ovn_revision_numbers_db.py:98}}
Jul 30 17:25:06.128962 np0000006158 devstack@neutron-api.service[87643]: DEBUG neutron_lib.callbacks.manager [None req-cc115d17-24ac-4e42-8843-f9067918da04 admin admin] Publish callbacks ['neutron.plugins.ml2.ovo_rpc._ObjectChangeHandler.handle_event-1101362'] for port (a76e7010-d2bf-4bdd-b0f6-22598cc748bb), after_create {{(pid=87643) _notify_loop /opt/stack/data/venv/lib/python3.12/site-packages/neutron_lib/callbacks/manager.py:184}}
Jul 30 17:25:06.180957 np0000006158 devstack@neutron-api.service[87643]: DEBUG neutron.api.rpc.handlers.resources_rpc [None req-cc115d17-24ac-4e42-8843-f9067918da04 admin admin] Pushing event updated for resources: {'Port': ['ID=a76e7010-d2bf-4bdd-b0f6-22598cc748bb,revision_number=1']} {{(pid=87643) push /opt/stack/neutron/neutron/api/rpc/handlers/resources_rpc.py:237}}
Jul 30 17:25:06.209064 np0000006158 devstack@neutron-api.service[87643]: DEBUG neutron.plugins.ml2.drivers.ovn.mech_driver.ovsdb.commands [None req-cc115d17-24ac-4e42-8843-f9067918da04 admin admin] Converting tag [] to a tag_request {{(pid=87643) _tag_column_to_tag_request /opt/stack/neutron/neutron/plugins/ml2/drivers/ovn/mech_driver/ovsdb/commands.py:205}}
Jul 30 17:25:06.210007 np0000006158 devstack@neutron-api.service[87643]: DEBUG ovsdbapp.backend.ovs_idl.transaction [-] Running txn n=1 command(idx=0): AddLSwitchPortCommand(_result=None, lport=a76e7010-d2bf-4bdd-b0f6-22598cc748bb, lswitch=neutron-dccb5fcb-9d06-446a-9e3c-b1dac7154df1, may_exist=True, network_uuid=dccb5fcb-9d06-446a-9e3c-b1dac7154df1, columns={'addresses': ['fa:16:3e:00:b5:43'], 'external_ids': {'neutron:port_name': '', 'neutron:device_id': 'ovnmeta-dccb5fcb-9d06-446a-9e3c-b1dac7154df1', 'neutron:project_id': 'eb7de4ed651d47fd9026ca9ec5d537cf', 'neutron:cidrs': '', 'neutron:device_owner': 'network:distributed', 'neutron:subnet_pool_addr_scope4': '', 'neutron:subnet_pool_addr_scope6': '', 'neutron:network_name': 'neutron-dccb5fcb-9d06-446a-9e3c-b1dac7154df1', 'neutron:security_group_ids': '', 'neutron:revision_number': '1', 'neutron:vnic_type': 'normal', 'neutron:port_capabilities': '', 'neutron:mtu': '1430'}, 'parent_name': [], 'enabled': True, 'options': {}, 'type': 'localport', 'port_security': [], 'dhcpv4_options': [], 'dhcpv6_options': [], 'tag_request': []}) {{(pid=87643) do_commit /opt/stack/data/venv/lib/python3.12/site-packages/ovsdbapp/backend/ovs_idl/transaction.py:89}}
Jul 30 17:25:06.210732 np0000006158 devstack@neutron-api.service[87643]: DEBUG ovsdbapp.backend.ovs_idl.transaction [-] Running txn n=1 command(idx=1): QoSDelCommand(_result=None, switch=neutron-dccb5fcb-9d06-446a-9e3c-b1dac7154df1, conditions=[('direction', '=', 'to-lport'), ('priority', '=', 2002), ('match', '=', 'outport == "a76e7010-d2bf-4bdd-b0f6-22598cc748bb"')], if_exists=True) {{(pid=87643) do_commit /opt/stack/data/venv/lib/python3.12/site-packages/ovsdbapp/backend/ovs_idl/transaction.py:89}}
Jul 30 17:25:06.210968 np0000006158 devstack@neutron-api.service[87643]: DEBUG ovsdbapp.backend.ovs_idl.transaction [-] Running txn n=1 command(idx=2): QoSDelCommand(_result=None, switch=neutron-dccb5fcb-9d06-446a-9e3c-b1dac7154df1, conditions=[('direction', '=', 'from-lport'), ('priority', '=', 2002), ('match', '=', 'inport == "a76e7010-d2bf-4bdd-b0f6-22598cc748bb"')], if_exists=True) {{(pid=87643) do_commit /opt/stack/data/venv/lib/python3.12/site-packages/ovsdbapp/backend/ovs_idl/transaction.py:89}}
Jul 30 17:25:06.211182 np0000006158 devstack@neutron-api.service[87643]: DEBUG ovsdbapp.backend.ovs_idl.transaction [-] Running txn n=1 command(idx=3): UpdateLSwitchPortQosOptionsCommand(_result=None, lport=AddLSwitchPortCommand(_result=4f17d6a9-1812-48fe-8153-5befd7152c09, lport=a76e7010-d2bf-4bdd-b0f6-22598cc748bb, lswitch=neutron-dccb5fcb-9d06-446a-9e3c-b1dac7154df1, may_exist=True, network_uuid=dccb5fcb-9d06-446a-9e3c-b1dac7154df1, columns={'addresses': ['fa:16:3e:00:b5:43'], 'external_ids': {'neutron:port_name': '', 'neutron:device_id': 'ovnmeta-dccb5fcb-9d06-446a-9e3c-b1dac7154df1', 'neutron:project_id': 'eb7de4ed651d47fd9026ca9ec5d537cf', 'neutron:cidrs': '', 'neutron:device_owner': 'network:distributed', 'neutron:subnet_pool_addr_scope4': '', 'neutron:subnet_pool_addr_scope6': '', 'neutron:network_name': 'neutron-dccb5fcb-9d06-446a-9e3c-b1dac7154df1', 'neutron:security_group_ids': '', 'neutron:revision_number': '1', 'neutron:vnic_type': 'normal', 'neutron:port_capabilities': '', 'neutron:mtu': '1430'}, 'parent_name': [], 'enabled': True, 'options': {}, 'type': 'localport', 'port_security': [], 'tag_request': []}), if_exists=True, qos={'qos_max_rate': None, 'qos_burst': None, 'qos_min_rate': None}) {{(pid=87643) do_commit /opt/stack/data/venv/lib/python3.12/site-packages/ovsdbapp/backend/ovs_idl/transaction.py:89}}
Jul 30 17:25:06.214853 np0000006158 devstack@neutron-api.service[87641]: DEBUG neutron.plugins.ml2.drivers.ovn.mech_driver.ovsdb.ovsdb_monitor [-] Hash Ring: Node 84b355f5e2df52a7b4fa8492dbcddd51 (host: np0000006158) handling event "update" for row dccb5fcb-9d06-446a-9e3c-b1dac7154df1 (table: Logical_Switch) {{(pid=87641) notify /opt/stack/neutron/neutron/plugins/ml2/drivers/ovn/mech_driver/ovsdb/ovsdb_monitor.py:1013}}
Jul 30 17:25:06.215287 np0000006158 devstack@neutron-api.service[87643]: DEBUG neutron.plugins.ml2.drivers.ovn.mech_driver.ovsdb.ovsdb_monitor [-] Hash Ring: Node a874c7913160580f9528d77c44f5a1a9 (host: np0000006158) handling event "update" for row dccb5fcb-9d06-446a-9e3c-b1dac7154df1 (table: Logical_Switch) {{(pid=87643) notify /opt/stack/neutron/neutron/plugins/ml2/drivers/ovn/mech_driver/ovsdb/ovsdb_monitor.py:1013}}
Jul 30 17:25:06.215426 np0000006158 devstack@neutron-api.service[87641]: DEBUG neutron.plugins.ml2.drivers.ovn.mech_driver.ovsdb.ovsdb_monitor [-] Hash Ring: Node 84b355f5e2df52a7b4fa8492dbcddd51 (host: np0000006158) handling event "create" for row 082ea69a-e061-4c60-bb92-75a2196480a0 (table: Logical_Switch_Port) {{(pid=87641) notify /opt/stack/neutron/neutron/plugins/ml2/drivers/ovn/mech_driver/ovsdb/ovsdb_monitor.py:1013}}
Jul 30 17:25:06.215794 np0000006158 devstack@neutron-api.service[87641]: DEBUG ovsdbapp.backend.ovs_idl.event [-] Matched CREATE: LogicalSwitchPortCreateEvent(events=('create',), table='Logical_Switch_Port', conditions=[], old_conditions=None), priority=20 to row=Logical_Switch_Port(uuid=082ea69a-e061-4c60-bb92-75a2196480a0, addresses=['fa:16:3e:00:b5:43'], dhcpv4_options=[], dhcpv6_options=[], dynamic_addresses=[], enabled=True, external_ids={'neutron:cidrs': '', 'neutron:device_id': 'ovnmeta-dccb5fcb-9d06-446a-9e3c-b1dac7154df1', 'neutron:device_owner': 'network:distributed', 'neutron:mtu': '1430', 'neutron:network_name': 'neutron-dccb5fcb-9d06-446a-9e3c-b1dac7154df1', 'neutron:port_capabilities': '', 'neutron:port_name': '', 'neutron:project_id': 'eb7de4ed651d47fd9026ca9ec5d537cf', 'neutron:revision_number': '1', 'neutron:security_group_ids': '', 'neutron:subnet_pool_addr_scope4': '', 'neutron:subnet_pool_addr_scope6': '', 'neutron:vnic_type': 'normal'}, ha_chassis_group=[], mirror_rules=[], name='a76e7010-d2bf-4bdd-b0f6-22598cc748bb', options={}, parent_name=[], port_security=[], tag=[], tag_request=[], type='localport', up=[]) old= {{(pid=87641) matches /opt/stack/data/venv/lib/python3.12/site-packages/ovsdbapp/backend/ovs_idl/event.py:55}}
Jul 30 17:25:06.217394 np0000006158 devstack@neutron-api.service[87641]: INFO neutron.plugins.ml2.drivers.ovn.mech_driver.mech_driver [None req-04f09184-0543-4a09-8802-ced0178df700 None None] OVN reports status down for port: a76e7010-d2bf-4bdd-b0f6-22598cc748bb
Jul 30 17:25:06.219169 np0000006158 devstack@neutron-api.service[87641]: DEBUG neutron.plugins.ml2.drivers.ovn.mech_driver.ovsdb.ovsdb_monitor [-] Hash Ring: Node 84b355f5e2df52a7b4fa8492dbcddd51 (host: np0000006158) handling event "update" for row 082ea69a-e061-4c60-bb92-75a2196480a0 (table: Logical_Switch_Port) {{(pid=87641) notify /opt/stack/neutron/neutron/plugins/ml2/drivers/ovn/mech_driver/ovsdb/ovsdb_monitor.py:1013}}
Jul 30 17:25:06.221068 np0000006158 devstack@neutron-api.service[87641]: DEBUG neutron.plugins.ml2.drivers.ovn.mech_driver.ovsdb.ovsdb_monitor [-] Hash Ring: Node 84b355f5e2df52a7b4fa8492dbcddd51 (host: np0000006158) handling event "create" for row a964626a-073a-4eb3-991c-2ec78f52c8c9 (table: Port_Binding) {{(pid=87641) notify /opt/stack/neutron/neutron/plugins/ml2/drivers/ovn/mech_driver/ovsdb/ovsdb_monitor.py:1013}}
Jul 30 17:25:06.242380 np0000006158 devstack@neutron-api.service[87641]: DEBUG neutron.db.provisioning_blocks [None req-04f09184-0543-4a09-8802-ced0178df700 None None] Transition to ACTIVE for port object a76e7010-d2bf-4bdd-b0f6-22598cc748bb will not be triggered until provisioned by entity L2. {{(pid=87641) add_provisioning_component /opt/stack/neutron/neutron/db/provisioning_blocks.py:74}}
Jul 30 17:25:06.257910 np0000006158 devstack@neutron-api.service[87643]: INFO neutron.db.ovn_revision_numbers_db [None req-cc115d17-24ac-4e42-8843-f9067918da04 admin admin] Successfully bumped revision number for resource a76e7010-d2bf-4bdd-b0f6-22598cc748bb (type: ports) to 1
Jul 30 17:25:06.262819 np0000006158 devstack@neutron-api.service[87641]: DEBUG neutron.plugins.ml2.plugin [None req-04f09184-0543-4a09-8802-ced0178df700 None None] Current status of the port a76e7010-d2bf-4bdd-b0f6-22598cc748bb is: DOWN; New status is: DOWN {{(pid=87641) _update_individual_port_db_status /opt/stack/neutron/neutron/plugins/ml2/plugin.py:2473}}
Jul 30 17:25:06.263874 np0000006158 devstack@neutron-api.service[87641]: DEBUG ovsdbapp.backend.ovs_idl.transaction [-] Running txn n=1 command(idx=0): DbRemoveCommand(_result=None, table=Logical_Switch_Port, record=a76e7010-d2bf-4bdd-b0f6-22598cc748bb, column=external_ids, values=('neutron:host_id',), keyvalues={}, if_exists=True) {{(pid=87641) do_commit /opt/stack/data/venv/lib/python3.12/site-packages/ovsdbapp/backend/ovs_idl/transaction.py:89}}
Jul 30 17:25:06.269375 np0000006158 devstack@neutron-api.service[87643]: DEBUG neutron.pecan_wsgi.hooks.policy_enforcement [None req-cc115d17-24ac-4e42-8843-f9067918da04 admin admin] Attributes excluded by policy engine: ['standard_attr_id'] {{(pid=87643) _exclude_attributes_by_policy /opt/stack/neutron/neutron/pecan_wsgi/hooks/policy_enforcement.py:259}}
Jul 30 17:25:06.269749 np0000006158 devstack@neutron-api.service[87643]: DEBUG neutron_lib.callbacks.manager [None req-cc115d17-24ac-4e42-8843-f9067918da04 admin admin] Publish callbacks [] for network (None), before_response {{(pid=87643) _notify_loop /opt/stack/data/venv/lib/python3.12/site-packages/neutron_lib/callbacks/manager.py:184}}
Jul 30 17:25:06.279350 np0000006158 devstack@neutron-api.service[87643]: [pid: 87643|app: 0|req: 5/16] 10.4.3.86 () {68 vars in 1320 bytes} [Thu Jul 30 17:25:05 2026] POST /networking/v2.0/networks => generated 679 bytes in 754 msecs (HTTP/1.1 201) 4 headers in 162 bytes (1 switches on core 0)
Jul 30 17:25:06.543347 np0000006158 devstack@neutron-api.service[87641]: DEBUG neutron.pecan_wsgi.hooks.policy_enforcement [None req-78bc7613-1c82-4f82-9b26-3738dac57b64 admin admin] Attributes excluded by policy engine: ['standard_attr_id', 'shared'] {{(pid=87641) _exclude_attributes_by_policy /opt/stack/neutron/neutron/pecan_wsgi/hooks/policy_enforcement.py:259}}
Jul 30 17:25:06.544853 np0000006158 devstack@neutron-api.service[87641]: [pid: 87641|app: 0|req: 7/17] 10.4.3.86 () {64 vars in 1374 bytes} [Thu Jul 30 17:25:06 2026] GET /networking/v2.0/subnets/743917c3-6e93-4907-bf5e-4702ea12791b => generated 666 bytes in 23 msecs (HTTP/1.1 200) 4 headers in 157 bytes (1 switches on core 0)
Jul 30 17:25:06.555090 np0000006158 devstack@neutron-api.service[87642]: DEBUG neutron.api.wsgi [None req-70a7945f-e20e-4214-968f-a3d241f4d176 admin admin] Missing Content-Type {{(pid=87642) get_content_type /opt/stack/neutron/neutron/api/wsgi.py:80}}
Jul 30 17:25:06.819551 np0000006158 devstack@neutron-api.service[87642]: [pid: 87642|app: 0|req: 6/18] 10.4.3.86 () {64 vars in 1374 bytes} [Thu Jul 30 17:25:06 2026] GET /networking/v2.0/routers/941020ea-fcc3-413a-a4bd-d0d7ddf2ac31 => generated 599 bytes in 266 msecs (HTTP/1.1 200) 4 headers in 157 bytes (1 switches on core 0)
Jul 30 17:25:06.970428 np0000006158 devstack@neutron-api.service[87643]: DEBUG neutron_lib.callbacks.manager [None req-bef39dc5-0efa-4fc8-9366-4f8017483349 admin admin] Publish callbacks ['neutron.plugins.ml2.plugin.SecurityGroupDbMixin._ensure_default_security_group_handler-7637728'] for port (None), before_create {{(pid=87643) _notify_loop /opt/stack/data/venv/lib/python3.12/site-packages/neutron_lib/callbacks/manager.py:184}}
Jul 30 17:25:07.065529 np0000006158 devstack@neutron-api.service[87643]: DEBUG neutron.db.db_base_plugin_common [None req-bef39dc5-0efa-4fc8-9366-4f8017483349 admin admin] Allocated IP 10.1.0.1 (34187e71-a0ae-41bb-b4ba-0856f29457cb/743917c3-6e93-4907-bf5e-4702ea12791b/162b68b8-2050-4c1e-9ba0-e03119d0c3e9) {{(pid=87643) _store_ip_allocation /opt/stack/neutron/neutron/db/db_base_plugin_common.py:131}}
Jul 30 17:25:07.123363 np0000006158 devstack@neutron-api.service[87643]: DEBUG neutron_lib.callbacks.manager [None req-bef39dc5-0efa-4fc8-9366-4f8017483349 admin admin] Publish callbacks ['neutron.plugins.ml2.drivers.ovn.mech_driver.mech_driver.OVNMechanismDriver._validate_allowed_address_pairs-197712'] for allowed_address_pair (162b68b8-2050-4c1e-9ba0-e03119d0c3e9), before_create {{(pid=87643) _notify_loop /opt/stack/data/venv/lib/python3.12/site-packages/neutron_lib/callbacks/manager.py:184}}
Jul 30 17:25:07.123841 np0000006158 devstack@neutron-api.service[87643]: DEBUG neutron_lib.callbacks.manager [None req-bef39dc5-0efa-4fc8-9366-4f8017483349 admin admin] Publish callbacks [] for port (162b68b8-2050-4c1e-9ba0-e03119d0c3e9), precommit_create {{(pid=87643) _notify_loop /opt/stack/data/venv/lib/python3.12/site-packages/neutron_lib/callbacks/manager.py:184}}
Jul 30 17:25:07.124042 np0000006158 devstack@neutron-api.service[87643]: DEBUG neutron.plugins.ml2.drivers.ovn.mech_driver.mech_driver [None req-bef39dc5-0efa-4fc8-9366-4f8017483349 admin admin] No provisioning block for port 162b68b8-2050-4c1e-9ba0-e03119d0c3e9 since it does not have a host {{(pid=87643) _is_port_provisioning_required /opt/stack/neutron/neutron/plugins/ml2/drivers/ovn/mech_driver/mech_driver.py:899}}
Jul 30 17:25:07.124159 np0000006158 devstack@neutron-api.service[87643]: DEBUG neutron.db.ovn_revision_numbers_db [None req-bef39dc5-0efa-4fc8-9366-4f8017483349 admin admin] create_initial_revision uuid=162b68b8-2050-4c1e-9ba0-e03119d0c3e9, type=ports, rev=-1 {{(pid=87643) create_initial_revision /opt/stack/neutron/neutron/db/ovn_revision_numbers_db.py:98}}
Jul 30 17:25:07.185961 np0000006158 devstack@neutron-api.service[87643]: DEBUG neutron.db.ovn_revision_numbers_db [None req-bef39dc5-0efa-4fc8-9366-4f8017483349 admin admin] create_initial_revision uuid=162b68b8-2050-4c1e-9ba0-e03119d0c3e9, type=router_ports, rev=-1 {{(pid=87643) create_initial_revision /opt/stack/neutron/neutron/db/ovn_revision_numbers_db.py:98}}
Jul 30 17:25:07.207740 np0000006158 devstack@neutron-api.service[87643]: DEBUG neutron_lib.callbacks.manager [None req-bef39dc5-0efa-4fc8-9366-4f8017483349 admin admin] Publish callbacks ['neutron.plugins.ml2.ovo_rpc._ObjectChangeHandler.handle_event-1101362'] for port (162b68b8-2050-4c1e-9ba0-e03119d0c3e9), after_create {{(pid=87643) _notify_loop /opt/stack/data/venv/lib/python3.12/site-packages/neutron_lib/callbacks/manager.py:184}}
Jul 30 17:25:07.226596 np0000006158 devstack@neutron-api.service[87643]: DEBUG neutron.api.rpc.handlers.resources_rpc [None req-bef39dc5-0efa-4fc8-9366-4f8017483349 admin admin] Pushing event updated for resources: {'Port': ['ID=162b68b8-2050-4c1e-9ba0-e03119d0c3e9,revision_number=1']} {{(pid=87643) push /opt/stack/neutron/neutron/api/rpc/handlers/resources_rpc.py:237}}
Jul 30 17:25:07.278808 np0000006158 devstack@neutron-api.service[87643]: DEBUG neutron.plugins.ml2.drivers.ovn.mech_driver.ovsdb.commands [None req-bef39dc5-0efa-4fc8-9366-4f8017483349 admin admin] Converting tag [] to a tag_request {{(pid=87643) _tag_column_to_tag_request /opt/stack/neutron/neutron/plugins/ml2/drivers/ovn/mech_driver/ovsdb/commands.py:205}}
Jul 30 17:25:07.279534 np0000006158 devstack@neutron-api.service[87643]: DEBUG ovsdbapp.backend.ovs_idl.transaction [-] Running txn n=1 command(idx=0): AddLSwitchPortCommand(_result=None, lport=162b68b8-2050-4c1e-9ba0-e03119d0c3e9, lswitch=neutron-34187e71-a0ae-41bb-b4ba-0856f29457cb, may_exist=True, network_uuid=34187e71-a0ae-41bb-b4ba-0856f29457cb, columns={'addresses': ['unknown'], 'external_ids': {'neutron:port_name': '', 'neutron:device_id': '941020ea-fcc3-413a-a4bd-d0d7ddf2ac31', 'neutron:project_id': 'eb7de4ed651d47fd9026ca9ec5d537cf', 'neutron:cidrs': '10.1.0.1/26', 'neutron:device_owner': 'network:router_interface', 'neutron:subnet_pool_addr_scope4': '', 'neutron:subnet_pool_addr_scope6': '', 'neutron:network_name': 'neutron-34187e71-a0ae-41bb-b4ba-0856f29457cb', 'neutron:security_group_ids': '', 'neutron:revision_number': '1', 'neutron:vnic_type': 'normal', 'neutron:port_capabilities': '', 'neutron:mtu': ''}, 'parent_name': [], 'enabled': True, 'options': {}, 'type': '', 'port_security': [], 'dhcpv4_options': [], 'dhcpv6_options': [], 'tag_request': []}) {{(pid=87643) do_commit /opt/stack/data/venv/lib/python3.12/site-packages/ovsdbapp/backend/ovs_idl/transaction.py:89}}
Jul 30 17:25:07.279961 np0000006158 devstack@neutron-api.service[87643]: DEBUG ovsdbapp.backend.ovs_idl.transaction [-] Running txn n=1 command(idx=1): QoSDelCommand(_result=None, switch=neutron-34187e71-a0ae-41bb-b4ba-0856f29457cb, conditions=[('direction', '=', 'to-lport'), ('priority', '=', 2002), ('match', '=', 'outport == "162b68b8-2050-4c1e-9ba0-e03119d0c3e9"')], if_exists=True) {{(pid=87643) do_commit /opt/stack/data/venv/lib/python3.12/site-packages/ovsdbapp/backend/ovs_idl/transaction.py:89}}
Jul 30 17:25:07.280112 np0000006158 devstack@neutron-api.service[87643]: DEBUG ovsdbapp.backend.ovs_idl.transaction [-] Running txn n=1 command(idx=2): QoSDelCommand(_result=None, switch=neutron-34187e71-a0ae-41bb-b4ba-0856f29457cb, conditions=[('direction', '=', 'from-lport'), ('priority', '=', 2002), ('match', '=', 'inport == "162b68b8-2050-4c1e-9ba0-e03119d0c3e9"')], if_exists=True) {{(pid=87643) do_commit /opt/stack/data/venv/lib/python3.12/site-packages/ovsdbapp/backend/ovs_idl/transaction.py:89}}
Jul 30 17:25:07.282845 np0000006158 devstack@neutron-api.service[87643]: DEBUG neutron.plugins.ml2.drivers.ovn.mech_driver.ovsdb.ovsdb_monitor [-] Hash Ring: Node a874c7913160580f9528d77c44f5a1a9 (host: np0000006158) handling event "update" for row 34187e71-a0ae-41bb-b4ba-0856f29457cb (table: Logical_Switch) {{(pid=87643) notify /opt/stack/neutron/neutron/plugins/ml2/drivers/ovn/mech_driver/ovsdb/ovsdb_monitor.py:1013}}
Jul 30 17:25:07.285668 np0000006158 devstack@neutron-api.service[87642]: DEBUG neutron.plugins.ml2.drivers.ovn.mech_driver.ovsdb.ovsdb_monitor [-] Hash Ring: Node 400216597603522eae12e3435a7aac2f (host: np0000006158) handling event "create" for row 2b908f15-3590-41fc-813a-4dd7a7d31d76 (table: Logical_Switch_Port) {{(pid=87642) notify /opt/stack/neutron/neutron/plugins/ml2/drivers/ovn/mech_driver/ovsdb/ovsdb_monitor.py:1013}}
Jul 30 17:25:07.286456 np0000006158 devstack@neutron-api.service[87641]: DEBUG neutron.plugins.ml2.drivers.ovn.mech_driver.ovsdb.ovsdb_monitor [-] Hash Ring: Node 84b355f5e2df52a7b4fa8492dbcddd51 (host: np0000006158) handling event "update" for row 34187e71-a0ae-41bb-b4ba-0856f29457cb (table: Logical_Switch) {{(pid=87641) notify /opt/stack/neutron/neutron/plugins/ml2/drivers/ovn/mech_driver/ovsdb/ovsdb_monitor.py:1013}}
Jul 30 17:25:07.286760 np0000006158 devstack@neutron-api.service[87642]: DEBUG ovsdbapp.backend.ovs_idl.event [-] Matched CREATE: LogicalSwitchPortCreateEvent(events=('create',), table='Logical_Switch_Port', conditions=[], old_conditions=None), priority=20 to row=Logical_Switch_Port(uuid=2b908f15-3590-41fc-813a-4dd7a7d31d76, addresses=['unknown'], dhcpv4_options=[], dhcpv6_options=[], dynamic_addresses=[], enabled=True, external_ids={'neutron:cidrs': '10.1.0.1/26', 'neutron:device_id': '941020ea-fcc3-413a-a4bd-d0d7ddf2ac31', 'neutron:device_owner': 'network:router_interface', 'neutron:mtu': '', 'neutron:network_name': 'neutron-34187e71-a0ae-41bb-b4ba-0856f29457cb', 'neutron:port_capabilities': '', 'neutron:port_name': '', 'neutron:project_id': 'eb7de4ed651d47fd9026ca9ec5d537cf', 'neutron:revision_number': '1', 'neutron:security_group_ids': '', 'neutron:subnet_pool_addr_scope4': '', 'neutron:subnet_pool_addr_scope6': '', 'neutron:vnic_type': 'normal'}, ha_chassis_group=[], mirror_rules=[], name='162b68b8-2050-4c1e-9ba0-e03119d0c3e9', options={}, parent_name=[], port_security=[], tag=[], tag_request=[], type='', up=[]) old= {{(pid=87642) matches /opt/stack/data/venv/lib/python3.12/site-packages/ovsdbapp/backend/ovs_idl/event.py:55}}
Jul 30 17:25:07.286859 np0000006158 devstack@neutron-api.service[87641]: DEBUG neutron.plugins.ml2.drivers.ovn.mech_driver.ovsdb.ovsdb_monitor [-] Hash Ring: Node 84b355f5e2df52a7b4fa8492dbcddd51 (host: np0000006158) handling event "create" for row 2b908f15-3590-41fc-813a-4dd7a7d31d76 (table: Logical_Switch_Port) {{(pid=87641) notify /opt/stack/neutron/neutron/plugins/ml2/drivers/ovn/mech_driver/ovsdb/ovsdb_monitor.py:1013}}
Jul 30 17:25:07.288801 np0000006158 devstack@neutron-api.service[87642]: INFO neutron.plugins.ml2.drivers.ovn.mech_driver.mech_driver [None req-141d9325-eff1-41b8-ba7b-8331d0903b24 None None] OVN reports status down for port: 162b68b8-2050-4c1e-9ba0-e03119d0c3e9
Jul 30 17:25:07.288880 np0000006158 devstack@neutron-api.service[87641]: DEBUG ovsdbapp.backend.ovs_idl.event [-] Matched CREATE: LogicalSwitchPortCreateEvent(events=('create',), table='Logical_Switch_Port', conditions=[], old_conditions=None), priority=20 to row=Logical_Switch_Port(uuid=2b908f15-3590-41fc-813a-4dd7a7d31d76, addresses=['unknown'], dhcpv4_options=[], dhcpv6_options=[], dynamic_addresses=[], enabled=True, external_ids={'neutron:cidrs': '10.1.0.1/26', 'neutron:device_id': '941020ea-fcc3-413a-a4bd-d0d7ddf2ac31', 'neutron:device_owner': 'network:router_interface', 'neutron:mtu': '', 'neutron:network_name': 'neutron-34187e71-a0ae-41bb-b4ba-0856f29457cb', 'neutron:port_capabilities': '', 'neutron:port_name': '', 'neutron:project_id': 'eb7de4ed651d47fd9026ca9ec5d537cf', 'neutron:revision_number': '1', 'neutron:security_group_ids': '', 'neutron:subnet_pool_addr_scope4': '', 'neutron:subnet_pool_addr_scope6': '', 'neutron:vnic_type': 'normal'}, ha_chassis_group=[], mirror_rules=[], name='162b68b8-2050-4c1e-9ba0-e03119d0c3e9', options={}, parent_name=[], port_security=[], tag=[], tag_request=[], type='', up=[]) old= {{(pid=87641) matches /opt/stack/data/venv/lib/python3.12/site-packages/ovsdbapp/backend/ovs_idl/event.py:55}}
Jul 30 17:25:07.288880 np0000006158 devstack@neutron-api.service[87641]: INFO neutron.plugins.ml2.drivers.ovn.mech_driver.mech_driver [None req-04f09184-0543-4a09-8802-ced0178df700 None None] OVN reports status down for port: 162b68b8-2050-4c1e-9ba0-e03119d0c3e9
Jul 30 17:25:07.289091 np0000006158 devstack@neutron-api.service[87641]: DEBUG neutron.plugins.ml2.drivers.ovn.mech_driver.ovsdb.ovsdb_monitor [-] Hash Ring: Node 84b355f5e2df52a7b4fa8492dbcddd51 (host: np0000006158) handling event "create" for row a0a31c15-d52b-4b43-9168-ccead7f5475a (table: Port_Binding) {{(pid=87641) notify /opt/stack/neutron/neutron/plugins/ml2/drivers/ovn/mech_driver/ovsdb/ovsdb_monitor.py:1013}}
Jul 30 17:25:07.289493 np0000006158 devstack@neutron-api.service[87642]: DEBUG neutron.plugins.ml2.drivers.ovn.mech_driver.ovsdb.ovsdb_monitor [-] Hash Ring: Node 400216597603522eae12e3435a7aac2f (host: np0000006158) handling event "create" for row a0a31c15-d52b-4b43-9168-ccead7f5475a (table: Port_Binding) {{(pid=87642) notify /opt/stack/neutron/neutron/plugins/ml2/drivers/ovn/mech_driver/ovsdb/ovsdb_monitor.py:1013}}
Jul 30 17:25:07.289782 np0000006158 devstack@neutron-api.service[87641]: DEBUG neutron.plugins.ml2.drivers.ovn.mech_driver.ovsdb.ovsdb_monitor [-] Hash Ring: Node 84b355f5e2df52a7b4fa8492dbcddd51 (host: np0000006158) handling event "update" for row 2b908f15-3590-41fc-813a-4dd7a7d31d76 (table: Logical_Switch_Port) {{(pid=87641) notify /opt/stack/neutron/neutron/plugins/ml2/drivers/ovn/mech_driver/ovsdb/ovsdb_monitor.py:1013}}
Jul 30 17:25:07.290725 np0000006158 devstack@neutron-api.service[87642]: DEBUG neutron.plugins.ml2.drivers.ovn.mech_driver.ovsdb.ovsdb_monitor [-] Hash Ring: Node 400216597603522eae12e3435a7aac2f (host: np0000006158) handling event "update" for row 2b908f15-3590-41fc-813a-4dd7a7d31d76 (table: Logical_Switch_Port) {{(pid=87642) notify /opt/stack/neutron/neutron/plugins/ml2/drivers/ovn/mech_driver/ovsdb/ovsdb_monitor.py:1013}}
Jul 30 17:25:07.307492 np0000006158 devstack@neutron-api.service[87643]: INFO neutron.db.ovn_revision_numbers_db [None req-bef39dc5-0efa-4fc8-9366-4f8017483349 admin admin] Successfully bumped revision number for resource 162b68b8-2050-4c1e-9ba0-e03119d0c3e9 (type: ports) to 1
Jul 30 17:25:07.310573 np0000006158 devstack@neutron-api.service[87643]: DEBUG neutron_lib.callbacks.manager [None req-bef39dc5-0efa-4fc8-9366-4f8017483349 admin admin] Publish callbacks [] for router_interface (941020ea-fcc3-413a-a4bd-d0d7ddf2ac31), before_create {{(pid=87643) _notify_loop /opt/stack/data/venv/lib/python3.12/site-packages/neutron_lib/callbacks/manager.py:184}}
Jul 30 17:25:07.323673 np0000006158 devstack@neutron-api.service[87641]: DEBUG neutron.db.provisioning_blocks [None req-04f09184-0543-4a09-8802-ced0178df700 None None] Transition to ACTIVE for port object 162b68b8-2050-4c1e-9ba0-e03119d0c3e9 will not be triggered until provisioned by entity L2. {{(pid=87641) add_provisioning_component /opt/stack/neutron/neutron/db/provisioning_blocks.py:74}}
Jul 30 17:25:07.327064 np0000006158 devstack@neutron-api.service[87642]: DEBUG neutron_lib.db.api [None req-141d9325-eff1-41b8-ba7b-8331d0903b24 None None] Retry wrapper got retriable exception: Failed to create a duplicate ProvisioningBlock: for attribute(s) ['provisioningblocks.PRIMARY'] with value(s) 21-L2 {{(pid=87642) wrapped /opt/stack/data/venv/lib/python3.12/site-packages/neutron_lib/db/api.py:185}}
Jul 30 17:25:07.327226 np0000006158 devstack@neutron-api.service[87642]: DEBUG oslo_db.api [None req-141d9325-eff1-41b8-ba7b-8331d0903b24 None None] Performing DB retry for function neutron.db.provisioning_blocks.add_provisioning_component {{(pid=87642) wrapper /opt/stack/data/venv/lib/python3.12/site-packages/oslo_db/api.py:155}}
Jul 30 17:25:07.345584 np0000006158 devstack@neutron-api.service[87641]: DEBUG neutron.plugins.ml2.plugin [None req-04f09184-0543-4a09-8802-ced0178df700 None None] Current status of the port 162b68b8-2050-4c1e-9ba0-e03119d0c3e9 is: DOWN; New status is: DOWN {{(pid=87641) _update_individual_port_db_status /opt/stack/neutron/neutron/plugins/ml2/plugin.py:2473}}
Jul 30 17:25:07.485937 np0000006158 devstack@neutron-api.service[87643]: DEBUG neutron_lib.callbacks.manager [None req-bef39dc5-0efa-4fc8-9366-4f8017483349 admin admin] Publish callbacks ['neutron.plugins.ml2.plugin.SecurityGroupDbMixin._ensure_default_security_group_handler-7637728', 'neutron.services.ovn_l3.plugin.OVNL3RouterPlugin._port_update-7774270749486', 'neutron.db.l3_db.L3_NAT_dbonly_mixin._prevent_internal_ip_change_for_fip-7774271770424'] for port (162b68b8-2050-4c1e-9ba0-e03119d0c3e9), before_update {{(pid=87643) _notify_loop /opt/stack/data/venv/lib/python3.12/site-packages/neutron_lib/callbacks/manager.py:184}}
Jul 30 17:25:07.605661 np0000006158 devstack@neutron-api.service[87643]: DEBUG neutron_lib.callbacks.manager [None req-bef39dc5-0efa-4fc8-9366-4f8017483349 admin admin] Publish callbacks [] for port (162b68b8-2050-4c1e-9ba0-e03119d0c3e9), precommit_update {{(pid=87643) _notify_loop /opt/stack/data/venv/lib/python3.12/site-packages/neutron_lib/callbacks/manager.py:184}}
