Jul 28 15:59:29.779524 np0000006023 nova-scheduler[96670]: DEBUG cotyledon.oslo_config_glue [-] workarounds.never_download_image_if_on_rbd = False {{(pid=96670) log_opt_values /opt/stack/data/venv/lib/python3.12/site-packages/oslo_config/cfg.py:3253}}
Jul 28 15:59:29.779524 np0000006023 nova-scheduler[96670]: DEBUG cotyledon.oslo_config_glue [-] workarounds.qemu_monitor_announce_self_count = 3 {{(pid=96670) log_opt_values /opt/stack/data/venv/lib/python3.12/site-packages/oslo_config/cfg.py:3253}}
Jul 28 15:59:29.779524 np0000006023 nova-scheduler[96670]: DEBUG cotyledon.oslo_config_glue [-] workarounds.qemu_monitor_announce_self_interval = 1 {{(pid=96670) log_opt_values /opt/stack/data/venv/lib/python3.12/site-packages/oslo_config/cfg.py:3253}}
Jul 28 15:59:29.779524 np0000006023 nova-scheduler[96670]: DEBUG cotyledon.oslo_config_glue [-] workarounds.reserve_disk_resource_for_image_cache = False {{(pid=96670) log_opt_values /opt/stack/data/venv/lib/python3.12/site-packages/oslo_config/cfg.py:3253}}
Jul 28 15:59:29.779816 np0000006023 nova-scheduler[96670]: DEBUG cotyledon.oslo_config_glue [-] workarounds.skip_cpu_compare_at_startup = False {{(pid=96670) log_opt_values /opt/stack/data/venv/lib/python3.12/site-packages/oslo_config/cfg.py:3253}}
Jul 28 15:59:29.779816 np0000006023 nova-scheduler[96670]: DEBUG cotyledon.oslo_config_glue [-] workarounds.skip_cpu_compare_on_dest = False {{(pid=96670) log_opt_values /opt/stack/data/venv/lib/python3.12/site-packages/oslo_config/cfg.py:3253}}
Jul 28 15:59:29.779816 np0000006023 nova-scheduler[96670]: DEBUG cotyledon.oslo_config_glue [-] workarounds.skip_hypervisor_version_check_on_lm = False {{(pid=96670) log_opt_values /opt/stack/data/venv/lib/python3.12/site-packages/oslo_config/cfg.py:3253}}
Jul 28 15:59:29.779816 np0000006023 nova-scheduler[96670]: DEBUG cotyledon.oslo_config_glue [-] workarounds.skip_reserve_in_use_ironic_nodes = False {{(pid=96670) log_opt_values /opt/stack/data/venv/lib/python3.12/site-packages/oslo_config/cfg.py:3253}}
Jul 28 15:59:29.779816 np0000006023 nova-scheduler[96670]: DEBUG cotyledon.oslo_config_glue [-] workarounds.unified_limits_count_pcpu_as_vcpu = False {{(pid=96670) log_opt_values /opt/stack/data/venv/lib/python3.12/site-packages/oslo_config/cfg.py:3253}}
Jul 28 15:59:29.779816 np0000006023 nova-scheduler[96670]: DEBUG cotyledon.oslo_config_glue [-] workarounds.wait_for_vif_plugged_event_during_hard_reboot = [] {{(pid=96670) log_opt_values /opt/stack/data/venv/lib/python3.12/site-packages/oslo_config/cfg.py:3253}}
Jul 28 15:59:29.779816 np0000006023 nova-scheduler[96670]: DEBUG cotyledon.oslo_config_glue [-] wsgi.api_paste_config = /etc/nova/api-paste.ini {{(pid=96670) log_opt_values /opt/stack/data/venv/lib/python3.12/site-packages/oslo_config/cfg.py:3253}}
Jul 28 15:59:29.779816 np0000006023 nova-scheduler[96670]: DEBUG cotyledon.oslo_config_glue [-] wsgi.secure_proxy_ssl_header = None {{(pid=96670) log_opt_values /opt/stack/data/venv/lib/python3.12/site-packages/oslo_config/cfg.py:3253}}
Jul 28 15:59:29.779816 np0000006023 nova-scheduler[96670]: DEBUG cotyledon.oslo_config_glue [-] zvm.ca_file = None {{(pid=96670) log_opt_values /opt/stack/data/venv/lib/python3.12/site-packages/oslo_config/cfg.py:3253}}
Jul 28 15:59:29.780085 np0000006023 nova-scheduler[96670]: DEBUG cotyledon.oslo_config_glue [-] zvm.cloud_connector_url = None {{(pid=96670) log_opt_values /opt/stack/data/venv/lib/python3.12/site-packages/oslo_config/cfg.py:3253}}
Jul 28 15:59:29.780085 np0000006023 nova-scheduler[96670]: DEBUG cotyledon.oslo_config_glue [-] zvm.image_tmp_path = /opt/stack/data/nova/images {{(pid=96670) log_opt_values /opt/stack/data/venv/lib/python3.12/site-packages/oslo_config/cfg.py:3253}}
Jul 28 15:59:29.780085 np0000006023 nova-scheduler[96670]: DEBUG cotyledon.oslo_config_glue [-] zvm.reachable_timeout = 300 {{(pid=96670) log_opt_values /opt/stack/data/venv/lib/python3.12/site-packages/oslo_config/cfg.py:3253}}
Jul 28 15:59:29.780085 np0000006023 nova-scheduler[96670]: DEBUG cotyledon.oslo_config_glue [-] oslo_versionedobjects.fatal_exception_format_errors = False {{(pid=96670) log_opt_values /opt/stack/data/venv/lib/python3.12/site-packages/oslo_config/cfg.py:3253}}
Jul 28 15:59:29.780085 np0000006023 nova-scheduler[96670]: DEBUG cotyledon.oslo_config_glue [-] oslo_middleware.http_basic_auth_user_file = /etc/htpasswd {{(pid=96670) log_opt_values /opt/stack/data/venv/lib/python3.12/site-packages/oslo_config/cfg.py:3253}}
Jul 28 15:59:29.780085 np0000006023 nova-scheduler[96670]: DEBUG cotyledon.oslo_config_glue [-] oslo_messaging_metrics.metrics_buffer_size = 1000 {{(pid=96670) log_opt_values /opt/stack/data/venv/lib/python3.12/site-packages/oslo_config/cfg.py:3253}}
Jul 28 15:59:29.780085 np0000006023 nova-scheduler[96670]: DEBUG cotyledon.oslo_config_glue [-] oslo_messaging_metrics.metrics_enabled = False {{(pid=96670) log_opt_values /opt/stack/data/venv/lib/python3.12/site-packages/oslo_config/cfg.py:3253}}
Jul 28 15:59:29.780085 np0000006023 nova-scheduler[96670]: DEBUG cotyledon.oslo_config_glue [-] oslo_messaging_metrics.metrics_process_name = {{(pid=96670) log_opt_values /opt/stack/data/venv/lib/python3.12/site-packages/oslo_config/cfg.py:3253}}
Jul 28 15:59:29.780346 np0000006023 nova-scheduler[96670]: DEBUG cotyledon.oslo_config_glue [-] oslo_messaging_metrics.metrics_socket_file = /var/tmp/metrics_collector.sock {{(pid=96670) log_opt_values /opt/stack/data/venv/lib/python3.12/site-packages/oslo_config/cfg.py:3253}}
Jul 28 15:59:29.780346 np0000006023 nova-scheduler[96670]: DEBUG cotyledon.oslo_config_glue [-] oslo_messaging_metrics.metrics_thread_stop_timeout = 10 {{(pid=96670) log_opt_values /opt/stack/data/venv/lib/python3.12/site-packages/oslo_config/cfg.py:3253}}
Jul 28 15:59:29.780346 np0000006023 nova-scheduler[96670]: DEBUG cotyledon.oslo_config_glue [-] profiler.connection_string = messaging:// {{(pid=96670) log_opt_values /opt/stack/data/venv/lib/python3.12/site-packages/oslo_config/cfg.py:3253}}
Jul 28 15:59:29.780346 np0000006023 nova-scheduler[96670]: DEBUG cotyledon.oslo_config_glue [-] profiler.enabled = False {{(pid=96670) log_opt_values /opt/stack/data/venv/lib/python3.12/site-packages/oslo_config/cfg.py:3253}}
Jul 28 15:59:29.780346 np0000006023 nova-scheduler[96670]: DEBUG cotyledon.oslo_config_glue [-] profiler.es_doc_type = notification {{(pid=96670) log_opt_values /opt/stack/data/venv/lib/python3.12/site-packages/oslo_config/cfg.py:3253}}
Jul 28 15:59:29.780346 np0000006023 nova-scheduler[96670]: DEBUG cotyledon.oslo_config_glue [-] profiler.es_scroll_size = 10000 {{(pid=96670) log_opt_values /opt/stack/data/venv/lib/python3.12/site-packages/oslo_config/cfg.py:3253}}
Jul 28 15:59:29.780346 np0000006023 nova-scheduler[96670]: DEBUG cotyledon.oslo_config_glue [-] profiler.es_scroll_time = 2m {{(pid=96670) log_opt_values /opt/stack/data/venv/lib/python3.12/site-packages/oslo_config/cfg.py:3253}}
Jul 28 15:59:29.780346 np0000006023 nova-scheduler[96670]: DEBUG cotyledon.oslo_config_glue [-] profiler.filter_error_trace = False {{(pid=96670) log_opt_values /opt/stack/data/venv/lib/python3.12/site-packages/oslo_config/cfg.py:3253}}
Jul 28 15:59:29.780346 np0000006023 nova-scheduler[96670]: DEBUG cotyledon.oslo_config_glue [-] profiler.hmac_keys = **** {{(pid=96670) log_opt_values /opt/stack/data/venv/lib/python3.12/site-packages/oslo_config/cfg.py:3253}}
Jul 28 15:59:29.780617 np0000006023 nova-scheduler[96670]: DEBUG cotyledon.oslo_config_glue [-] profiler.sentinel_service_name = mymaster {{(pid=96670) log_opt_values /opt/stack/data/venv/lib/python3.12/site-packages/oslo_config/cfg.py:3253}}
Jul 28 15:59:29.780617 np0000006023 nova-scheduler[96670]: DEBUG cotyledon.oslo_config_glue [-] profiler.socket_timeout = 0.1 {{(pid=96670) log_opt_values /opt/stack/data/venv/lib/python3.12/site-packages/oslo_config/cfg.py:3253}}
Jul 28 15:59:29.780617 np0000006023 nova-scheduler[96670]: DEBUG cotyledon.oslo_config_glue [-] profiler.trace_requests = False {{(pid=96670) log_opt_values /opt/stack/data/venv/lib/python3.12/site-packages/oslo_config/cfg.py:3253}}
Jul 28 15:59:29.780617 np0000006023 nova-scheduler[96670]: DEBUG cotyledon.oslo_config_glue [-] profiler.trace_sqlalchemy = False {{(pid=96670) log_opt_values /opt/stack/data/venv/lib/python3.12/site-packages/oslo_config/cfg.py:3253}}
Jul 28 15:59:29.780617 np0000006023 nova-scheduler[96670]: DEBUG cotyledon.oslo_config_glue [-] profiler_jaeger.process_tags = {} {{(pid=96670) log_opt_values /opt/stack/data/venv/lib/python3.12/site-packages/oslo_config/cfg.py:3253}}
Jul 28 15:59:29.780617 np0000006023 nova-scheduler[96670]: DEBUG cotyledon.oslo_config_glue [-] profiler_jaeger.service_name_prefix = None {{(pid=96670) log_opt_values /opt/stack/data/venv/lib/python3.12/site-packages/oslo_config/cfg.py:3253}}
Jul 28 15:59:29.780617 np0000006023 nova-scheduler[96670]: DEBUG cotyledon.oslo_config_glue [-] profiler_otlp.service_name_prefix = None {{(pid=96670) log_opt_values /opt/stack/data/venv/lib/python3.12/site-packages/oslo_config/cfg.py:3253}}
Jul 28 15:59:29.780617 np0000006023 nova-scheduler[96670]: DEBUG cotyledon.oslo_config_glue [-] oslo_messaging_rabbit.amqp_auto_delete = False {{(pid=96670) log_opt_values /opt/stack/data/venv/lib/python3.12/site-packages/oslo_config/cfg.py:3253}}
Jul 28 15:59:29.780617 np0000006023 nova-scheduler[96670]: DEBUG cotyledon.oslo_config_glue [-] oslo_messaging_rabbit.amqp_durable_queues = False {{(pid=96670) log_opt_values /opt/stack/data/venv/lib/python3.12/site-packages/oslo_config/cfg.py:3253}}
Jul 28 15:59:29.780911 np0000006023 nova-scheduler[96670]: DEBUG cotyledon.oslo_config_glue [-] oslo_messaging_rabbit.conn_pool_min_size = 2 {{(pid=96670) log_opt_values /opt/stack/data/venv/lib/python3.12/site-packages/oslo_config/cfg.py:3253}}
Jul 28 15:59:29.780911 np0000006023 nova-scheduler[96670]: DEBUG cotyledon.oslo_config_glue [-] oslo_messaging_rabbit.conn_pool_ttl = 1200 {{(pid=96670) log_opt_values /opt/stack/data/venv/lib/python3.12/site-packages/oslo_config/cfg.py:3253}}
Jul 28 15:59:29.780911 np0000006023 nova-scheduler[96670]: DEBUG cotyledon.oslo_config_glue [-] oslo_messaging_rabbit.direct_mandatory_flag = True {{(pid=96670) log_opt_values /opt/stack/data/venv/lib/python3.12/site-packages/oslo_config/cfg.py:3253}}
Jul 28 15:59:29.780911 np0000006023 nova-scheduler[96670]: DEBUG cotyledon.oslo_config_glue [-] oslo_messaging_rabbit.enable_cancel_on_failover = False {{(pid=96670) log_opt_values /opt/stack/data/venv/lib/python3.12/site-packages/oslo_config/cfg.py:3253}}
Jul 28 15:59:29.780911 np0000006023 nova-scheduler[96670]: DEBUG cotyledon.oslo_config_glue [-] oslo_messaging_rabbit.heartbeat_rate = 3 {{(pid=96670) log_opt_values /opt/stack/data/venv/lib/python3.12/site-packages/oslo_config/cfg.py:3253}}
Jul 28 15:59:29.780911 np0000006023 nova-scheduler[96670]: DEBUG cotyledon.oslo_config_glue [-] oslo_messaging_rabbit.heartbeat_timeout_threshold = 60 {{(pid=96670) log_opt_values /opt/stack/data/venv/lib/python3.12/site-packages/oslo_config/cfg.py:3253}}
Jul 28 15:59:29.780911 np0000006023 nova-scheduler[96670]: DEBUG cotyledon.oslo_config_glue [-] oslo_messaging_rabbit.hostname = np0000006023 {{(pid=96670) log_opt_values /opt/stack/data/venv/lib/python3.12/site-packages/oslo_config/cfg.py:3253}}
Jul 28 15:59:29.780911 np0000006023 nova-scheduler[96670]: DEBUG cotyledon.oslo_config_glue [-] oslo_messaging_rabbit.kombu_compression = None {{(pid=96670) log_opt_values /opt/stack/data/venv/lib/python3.12/site-packages/oslo_config/cfg.py:3253}}
Jul 28 15:59:29.780911 np0000006023 nova-scheduler[96670]: DEBUG cotyledon.oslo_config_glue [-] oslo_messaging_rabbit.kombu_failover_strategy = round-robin {{(pid=96670) log_opt_values /opt/stack/data/venv/lib/python3.12/site-packages/oslo_config/cfg.py:3253}}
Jul 28 15:59:29.781185 np0000006023 nova-scheduler[96670]: DEBUG cotyledon.oslo_config_glue [-] oslo_messaging_rabbit.kombu_missing_consumer_retry_timeout = 60 {{(pid=96670) log_opt_values /opt/stack/data/venv/lib/python3.12/site-packages/oslo_config/cfg.py:3253}}
Jul 28 15:59:29.781185 np0000006023 nova-scheduler[96670]: DEBUG cotyledon.oslo_config_glue [-] oslo_messaging_rabbit.kombu_reconnect_delay = 1.0 {{(pid=96670) log_opt_values /opt/stack/data/venv/lib/python3.12/site-packages/oslo_config/cfg.py:3253}}
Jul 28 15:59:29.781185 np0000006023 nova-scheduler[96670]: DEBUG cotyledon.oslo_config_glue [-] oslo_messaging_rabbit.kombu_reconnect_splay = 0.0 {{(pid=96670) log_opt_values /opt/stack/data/venv/lib/python3.12/site-packages/oslo_config/cfg.py:3253}}
Jul 28 15:59:29.781185 np0000006023 nova-scheduler[96670]: DEBUG cotyledon.oslo_config_glue [-] oslo_messaging_rabbit.processname = nova-scheduler {{(pid=96670) log_opt_values /opt/stack/data/venv/lib/python3.12/site-packages/oslo_config/cfg.py:3253}}
Jul 28 15:59:29.781185 np0000006023 nova-scheduler[96670]: DEBUG cotyledon.oslo_config_glue [-] oslo_messaging_rabbit.rabbit_ha_queues = False {{(pid=96670) log_opt_values /opt/stack/data/venv/lib/python3.12/site-packages/oslo_config/cfg.py:3253}}
Jul 28 15:59:29.781185 np0000006023 nova-scheduler[96670]: DEBUG cotyledon.oslo_config_glue [-] oslo_messaging_rabbit.rabbit_interval_max = 30 {{(pid=96670) log_opt_values /opt/stack/data/venv/lib/python3.12/site-packages/oslo_config/cfg.py:3253}}
Jul 28 15:59:29.781185 np0000006023 nova-scheduler[96670]: DEBUG cotyledon.oslo_config_glue [-] oslo_messaging_rabbit.rabbit_login_method = AMQPLAIN {{(pid=96670) log_opt_values /opt/stack/data/venv/lib/python3.12/site-packages/oslo_config/cfg.py:3253}}
Jul 28 15:59:29.781185 np0000006023 nova-scheduler[96670]: DEBUG cotyledon.oslo_config_glue [-] oslo_messaging_rabbit.rabbit_qos_prefetch_count = 0 {{(pid=96670) log_opt_values /opt/stack/data/venv/lib/python3.12/site-packages/oslo_config/cfg.py:3253}}
Jul 28 15:59:29.781185 np0000006023 nova-scheduler[96670]: DEBUG cotyledon.oslo_config_glue [-] oslo_messaging_rabbit.rabbit_quorum_delivery_limit = 0 {{(pid=96670) log_opt_values /opt/stack/data/venv/lib/python3.12/site-packages/oslo_config/cfg.py:3253}}
Jul 28 15:59:29.781455 np0000006023 nova-scheduler[96670]: DEBUG cotyledon.oslo_config_glue [-] oslo_messaging_rabbit.rabbit_quorum_max_memory_bytes = 0 {{(pid=96670) log_opt_values /opt/stack/data/venv/lib/python3.12/site-packages/oslo_config/cfg.py:3253}}
Jul 28 15:59:29.781455 np0000006023 nova-scheduler[96670]: DEBUG cotyledon.oslo_config_glue [-] oslo_messaging_rabbit.rabbit_quorum_max_memory_length = 0 {{(pid=96670) log_opt_values /opt/stack/data/venv/lib/python3.12/site-packages/oslo_config/cfg.py:3253}}
Jul 28 15:59:29.781455 np0000006023 nova-scheduler[96670]: DEBUG cotyledon.oslo_config_glue [-] oslo_messaging_rabbit.rabbit_quorum_queue = False {{(pid=96670) log_opt_values /opt/stack/data/venv/lib/python3.12/site-packages/oslo_config/cfg.py:3253}}
Jul 28 15:59:29.781455 np0000006023 nova-scheduler[96670]: DEBUG cotyledon.oslo_config_glue [-] oslo_messaging_rabbit.rabbit_retry_backoff = 2 {{(pid=96670) log_opt_values /opt/stack/data/venv/lib/python3.12/site-packages/oslo_config/cfg.py:3253}}
Jul 28 15:59:29.781455 np0000006023 nova-scheduler[96670]: DEBUG cotyledon.oslo_config_glue [-] oslo_messaging_rabbit.rabbit_retry_interval = 1 {{(pid=96670) log_opt_values /opt/stack/data/venv/lib/python3.12/site-packages/oslo_config/cfg.py:3253}}
Jul 28 15:59:29.781455 np0000006023 nova-scheduler[96670]: DEBUG cotyledon.oslo_config_glue [-] oslo_messaging_rabbit.rabbit_stream_fanout = False {{(pid=96670) log_opt_values /opt/stack/data/venv/lib/python3.12/site-packages/oslo_config/cfg.py:3253}}
Jul 28 15:59:29.781455 np0000006023 nova-scheduler[96670]: DEBUG cotyledon.oslo_config_glue [-] oslo_messaging_rabbit.rabbit_transient_queues_ttl = 1800 {{(pid=96670) log_opt_values /opt/stack/data/venv/lib/python3.12/site-packages/oslo_config/cfg.py:3253}}
Jul 28 15:59:29.781455 np0000006023 nova-scheduler[96670]: DEBUG cotyledon.oslo_config_glue [-] oslo_messaging_rabbit.rabbit_transient_quorum_queue = False {{(pid=96670) log_opt_values /opt/stack/data/venv/lib/python3.12/site-packages/oslo_config/cfg.py:3253}}
Jul 28 15:59:29.781740 np0000006023 nova-scheduler[96670]: DEBUG cotyledon.oslo_config_glue [-] oslo_messaging_rabbit.rpc_conn_pool_size = 30 {{(pid=96670) log_opt_values /opt/stack/data/venv/lib/python3.12/site-packages/oslo_config/cfg.py:3253}}
Jul 28 15:59:29.781740 np0000006023 nova-scheduler[96670]: DEBUG cotyledon.oslo_config_glue [-] oslo_messaging_rabbit.ssl = False {{(pid=96670) log_opt_values /opt/stack/data/venv/lib/python3.12/site-packages/oslo_config/cfg.py:3253}}
Jul 28 15:59:29.781740 np0000006023 nova-scheduler[96670]: DEBUG cotyledon.oslo_config_glue [-] oslo_messaging_rabbit.ssl_ca_file = {{(pid=96670) log_opt_values /opt/stack/data/venv/lib/python3.12/site-packages/oslo_config/cfg.py:3253}}
Jul 28 15:59:29.781740 np0000006023 nova-scheduler[96670]: DEBUG cotyledon.oslo_config_glue [-] oslo_messaging_rabbit.ssl_cert_file = {{(pid=96670) log_opt_values /opt/stack/data/venv/lib/python3.12/site-packages/oslo_config/cfg.py:3253}}
Jul 28 15:59:29.781740 np0000006023 nova-scheduler[96670]: DEBUG cotyledon.oslo_config_glue [-] oslo_messaging_rabbit.ssl_enforce_fips_mode = False {{(pid=96670) log_opt_values /opt/stack/data/venv/lib/python3.12/site-packages/oslo_config/cfg.py:3253}}
Jul 28 15:59:29.781740 np0000006023 nova-scheduler[96670]: DEBUG cotyledon.oslo_config_glue [-] oslo_messaging_rabbit.ssl_enforce_hostname_verification = True {{(pid=96670) log_opt_values /opt/stack/data/venv/lib/python3.12/site-packages/oslo_config/cfg.py:3253}}
Jul 28 15:59:29.781740 np0000006023 nova-scheduler[96670]: DEBUG cotyledon.oslo_config_glue [-] oslo_messaging_rabbit.ssl_key_file = {{(pid=96670) log_opt_values /opt/stack/data/venv/lib/python3.12/site-packages/oslo_config/cfg.py:3253}}
Jul 28 15:59:29.781740 np0000006023 nova-scheduler[96670]: DEBUG cotyledon.oslo_config_glue [-] oslo_messaging_rabbit.ssl_version = {{(pid=96670) log_opt_values /opt/stack/data/venv/lib/python3.12/site-packages/oslo_config/cfg.py:3253}}
Jul 28 15:59:29.781740 np0000006023 nova-scheduler[96670]: DEBUG cotyledon.oslo_config_glue [-] oslo_messaging_rabbit.use_queue_manager = False {{(pid=96670) log_opt_values /opt/stack/data/venv/lib/python3.12/site-packages/oslo_config/cfg.py:3253}}
Jul 28 15:59:29.782017 np0000006023 nova-scheduler[96670]: DEBUG cotyledon.oslo_config_glue [-] oslo_messaging_notifications.driver = ['messagingv2'] {{(pid=96670) log_opt_values /opt/stack/data/venv/lib/python3.12/site-packages/oslo_config/cfg.py:3253}}
Jul 28 15:59:29.782017 np0000006023 nova-scheduler[96670]: DEBUG cotyledon.oslo_config_glue [-] oslo_messaging_notifications.retry = -1 {{(pid=96670) log_opt_values /opt/stack/data/venv/lib/python3.12/site-packages/oslo_config/cfg.py:3253}}
Jul 28 15:59:29.782017 np0000006023 nova-scheduler[96670]: DEBUG cotyledon.oslo_config_glue [-] oslo_messaging_notifications.topics = ['notifications'] {{(pid=96670) log_opt_values /opt/stack/data/venv/lib/python3.12/site-packages/oslo_config/cfg.py:3253}}
Jul 28 15:59:29.782017 np0000006023 nova-scheduler[96670]: DEBUG cotyledon.oslo_config_glue [-] oslo_messaging_notifications.transport_url = **** {{(pid=96670) log_opt_values /opt/stack/data/venv/lib/python3.12/site-packages/oslo_config/cfg.py:3253}}
Jul 28 15:59:29.782017 np0000006023 nova-scheduler[96670]: DEBUG cotyledon.oslo_config_glue [-] oslo_limit.auth_section = None {{(pid=96670) log_opt_values /opt/stack/data/venv/lib/python3.12/site-packages/oslo_config/cfg.py:3253}}
Jul 28 15:59:29.782017 np0000006023 nova-scheduler[96670]: DEBUG cotyledon.oslo_config_glue [-] oslo_limit.auth_type = None {{(pid=96670) log_opt_values /opt/stack/data/venv/lib/python3.12/site-packages/oslo_config/cfg.py:3253}}
Jul 28 15:59:29.782017 np0000006023 nova-scheduler[96670]: DEBUG cotyledon.oslo_config_glue [-] oslo_limit.cafile = None {{(pid=96670) log_opt_values /opt/stack/data/venv/lib/python3.12/site-packages/oslo_config/cfg.py:3253}}
Jul 28 15:59:29.782017 np0000006023 nova-scheduler[96670]: DEBUG cotyledon.oslo_config_glue [-] oslo_limit.certfile = None {{(pid=96670) log_opt_values /opt/stack/data/venv/lib/python3.12/site-packages/oslo_config/cfg.py:3253}}
Jul 28 15:59:29.782017 np0000006023 nova-scheduler[96670]: DEBUG cotyledon.oslo_config_glue [-] oslo_limit.collect_timing = False {{(pid=96670) log_opt_values /opt/stack/data/venv/lib/python3.12/site-packages/oslo_config/cfg.py:3253}}
Jul 28 15:59:29.782305 np0000006023 nova-scheduler[96670]: DEBUG cotyledon.oslo_config_glue [-] oslo_limit.connect_retries = None {{(pid=96670) log_opt_values /opt/stack/data/venv/lib/python3.12/site-packages/oslo_config/cfg.py:3253}}
Jul 28 15:59:29.782305 np0000006023 nova-scheduler[96670]: DEBUG cotyledon.oslo_config_glue [-] oslo_limit.connect_retry_delay = None {{(pid=96670) log_opt_values /opt/stack/data/venv/lib/python3.12/site-packages/oslo_config/cfg.py:3253}}
Jul 28 15:59:29.782305 np0000006023 nova-scheduler[96670]: DEBUG cotyledon.oslo_config_glue [-] oslo_limit.endpoint_id = None {{(pid=96670) log_opt_values /opt/stack/data/venv/lib/python3.12/site-packages/oslo_config/cfg.py:3253}}
Jul 28 15:59:29.782305 np0000006023 nova-scheduler[96670]: DEBUG cotyledon.oslo_config_glue [-] oslo_limit.endpoint_interface = public {{(pid=96670) log_opt_values /opt/stack/data/venv/lib/python3.12/site-packages/oslo_config/cfg.py:3253}}
Jul 28 15:59:29.782305 np0000006023 nova-scheduler[96670]: DEBUG cotyledon.oslo_config_glue [-] oslo_limit.endpoint_override = None {{(pid=96670) log_opt_values /opt/stack/data/venv/lib/python3.12/site-packages/oslo_config/cfg.py:3253}}
Jul 28 15:59:29.782305 np0000006023 nova-scheduler[96670]: DEBUG cotyledon.oslo_config_glue [-] oslo_limit.endpoint_region_name = None {{(pid=96670) log_opt_values /opt/stack/data/venv/lib/python3.12/site-packages/oslo_config/cfg.py:3253}}
Jul 28 15:59:29.782305 np0000006023 nova-scheduler[96670]: DEBUG cotyledon.oslo_config_glue [-] oslo_limit.endpoint_service_name = None {{(pid=96670) log_opt_values /opt/stack/data/venv/lib/python3.12/site-packages/oslo_config/cfg.py:3253}}
Jul 28 15:59:29.782305 np0000006023 nova-scheduler[96670]: DEBUG cotyledon.oslo_config_glue [-] oslo_limit.endpoint_service_type = None {{(pid=96670) log_opt_values /opt/stack/data/venv/lib/python3.12/site-packages/oslo_config/cfg.py:3253}}
Jul 28 15:59:29.782305 np0000006023 nova-scheduler[96670]: DEBUG cotyledon.oslo_config_glue [-] oslo_limit.insecure = False {{(pid=96670) log_opt_values /opt/stack/data/venv/lib/python3.12/site-packages/oslo_config/cfg.py:3253}}
Jul 28 15:59:29.782564 np0000006023 nova-scheduler[96670]: DEBUG cotyledon.oslo_config_glue [-] oslo_limit.keyfile = None {{(pid=96670) log_opt_values /opt/stack/data/venv/lib/python3.12/site-packages/oslo_config/cfg.py:3253}}
Jul 28 15:59:29.782564 np0000006023 nova-scheduler[96670]: DEBUG cotyledon.oslo_config_glue [-] oslo_limit.max_version = None {{(pid=96670) log_opt_values /opt/stack/data/venv/lib/python3.12/site-packages/oslo_config/cfg.py:3253}}
Jul 28 15:59:29.782564 np0000006023 nova-scheduler[96670]: DEBUG cotyledon.oslo_config_glue [-] oslo_limit.min_version = None {{(pid=96670) log_opt_values /opt/stack/data/venv/lib/python3.12/site-packages/oslo_config/cfg.py:3253}}
Jul 28 15:59:29.782564 np0000006023 nova-scheduler[96670]: DEBUG cotyledon.oslo_config_glue [-] oslo_limit.region_name = None {{(pid=96670) log_opt_values /opt/stack/data/venv/lib/python3.12/site-packages/oslo_config/cfg.py:3253}}
Jul 28 15:59:29.782564 np0000006023 nova-scheduler[96670]: DEBUG cotyledon.oslo_config_glue [-] oslo_limit.retriable_status_codes = None {{(pid=96670) log_opt_values /opt/stack/data/venv/lib/python3.12/site-packages/oslo_config/cfg.py:3253}}
Jul 28 15:59:29.782564 np0000006023 nova-scheduler[96670]: DEBUG cotyledon.oslo_config_glue [-] oslo_limit.service_name = None {{(pid=96670) log_opt_values /opt/stack/data/venv/lib/python3.12/site-packages/oslo_config/cfg.py:3253}}
Jul 28 15:59:29.782564 np0000006023 nova-scheduler[96670]: DEBUG cotyledon.oslo_config_glue [-] oslo_limit.service_type = None {{(pid=96670) log_opt_values /opt/stack/data/venv/lib/python3.12/site-packages/oslo_config/cfg.py:3253}}
Jul 28 15:59:29.782564 np0000006023 nova-scheduler[96670]: DEBUG cotyledon.oslo_config_glue [-] oslo_limit.split_loggers = False {{(pid=96670) log_opt_values /opt/stack/data/venv/lib/python3.12/site-packages/oslo_config/cfg.py:3253}}
Jul 28 15:59:29.782564 np0000006023 nova-scheduler[96670]: DEBUG cotyledon.oslo_config_glue [-] oslo_limit.status_code_retries = None {{(pid=96670) log_opt_values /opt/stack/data/venv/lib/python3.12/site-packages/oslo_config/cfg.py:3253}}
Jul 28 15:59:29.782856 np0000006023 nova-scheduler[96670]: DEBUG cotyledon.oslo_config_glue [-] oslo_limit.status_code_retry_delay = None {{(pid=96670) log_opt_values /opt/stack/data/venv/lib/python3.12/site-packages/oslo_config/cfg.py:3253}}
Jul 28 15:59:29.782856 np0000006023 nova-scheduler[96670]: DEBUG cotyledon.oslo_config_glue [-] oslo_limit.timeout = None {{(pid=96670) log_opt_values /opt/stack/data/venv/lib/python3.12/site-packages/oslo_config/cfg.py:3253}}
Jul 28 15:59:29.782856 np0000006023 nova-scheduler[96670]: DEBUG cotyledon.oslo_config_glue [-] oslo_limit.valid_interfaces = None {{(pid=96670) log_opt_values /opt/stack/data/venv/lib/python3.12/site-packages/oslo_config/cfg.py:3253}}
Jul 28 15:59:29.782856 np0000006023 nova-scheduler[96670]: DEBUG cotyledon.oslo_config_glue [-] oslo_limit.version = None {{(pid=96670) log_opt_values /opt/stack/data/venv/lib/python3.12/site-packages/oslo_config/cfg.py:3253}}
Jul 28 15:59:29.782856 np0000006023 nova-scheduler[96670]: DEBUG cotyledon.oslo_config_glue [-] oslo_reports.file_event_handler = None {{(pid=96670) log_opt_values /opt/stack/data/venv/lib/python3.12/site-packages/oslo_config/cfg.py:3253}}
Jul 28 15:59:29.782856 np0000006023 nova-scheduler[96670]: DEBUG cotyledon.oslo_config_glue [-] oslo_reports.file_event_handler_interval = 1 {{(pid=96670) log_opt_values /opt/stack/data/venv/lib/python3.12/site-packages/oslo_config/cfg.py:3253}}
Jul 28 15:59:29.782856 np0000006023 nova-scheduler[96670]: DEBUG cotyledon.oslo_config_glue [-] oslo_reports.log_dir = None {{(pid=96670) log_opt_values /opt/stack/data/venv/lib/python3.12/site-packages/oslo_config/cfg.py:3253}}
Jul 28 15:59:29.782856 np0000006023 nova-scheduler[96670]: DEBUG cotyledon.oslo_config_glue [-] ******************************************************************************** {{(pid=96670) log_opt_values /opt/stack/data/venv/lib/python3.12/site-packages/oslo_config/cfg.py:3260}}
Jul 28 15:59:29.782856 np0000006023 nova-scheduler[96670]: DEBUG cotyledon._service_worker [-] Run service ServiceWrapper(3) [96670] {{(pid=96670) wait_forever /opt/stack/data/venv/lib/python3.12/site-packages/cotyledon/_service_worker.py:218}}
Jul 28 15:59:29.783115 np0000006023 nova-scheduler[96670]: INFO nova.service [-] Starting scheduler node (version 33.1.0)
Jul 28 15:59:29.783115 np0000006023 nova-scheduler[96670]: INFO dbcounter [None req-6215f439-afa8-4ca4-bf35-1fb110e4ccc3 None None] Registered counter for database nova_cell0
Jul 28 15:59:29.783180 np0000006023 nova-scheduler[96662]: DEBUG oslo_db.sqlalchemy.engines [None req-741a769c-9693-4057-a3b5-48656e631796 None None] MySQL server mode set to STRICT_TRANS_TABLES,STRICT_ALL_TABLES,NO_ZERO_IN_DATE,NO_ZERO_DATE,ERROR_FOR_DIVISION_BY_ZERO,TRADITIONAL,NO_ENGINE_SUBSTITUTION {{(pid=96662) _check_effective_sql_mode /opt/stack/data/venv/lib/python3.12/site-packages/oslo_db/sqlalchemy/engines.py:325}}
Jul 28 15:59:29.783180 np0000006023 nova-scheduler[96662]: DEBUG dbcounter [-] [96662] Writer thread running {{(pid=96662) stat_writer /opt/stack/data/venv/lib/python3.12/site-packages/dbcounter.py:102}}
Jul 28 15:59:29.783273 np0000006023 nova-scheduler[96666]: DEBUG oslo_db.sqlalchemy.engines [None req-0b06e64e-e5e8-497e-b5a8-e746de6b0e5d None None] MySQL server mode set to STRICT_TRANS_TABLES,STRICT_ALL_TABLES,NO_ZERO_IN_DATE,NO_ZERO_DATE,ERROR_FOR_DIVISION_BY_ZERO,TRADITIONAL,NO_ENGINE_SUBSTITUTION {{(pid=96666) _check_effective_sql_mode /opt/stack/data/venv/lib/python3.12/site-packages/oslo_db/sqlalchemy/engines.py:325}}
Jul 28 15:59:29.784462 np0000006023 nova-scheduler[96668]: DEBUG oslo_db.sqlalchemy.engines [None req-d3f89ed2-6251-432f-8370-ec6ce0d0f429 None None] MySQL server mode set to STRICT_TRANS_TABLES,STRICT_ALL_TABLES,NO_ZERO_IN_DATE,NO_ZERO_DATE,ERROR_FOR_DIVISION_BY_ZERO,TRADITIONAL,NO_ENGINE_SUBSTITUTION {{(pid=96668) _check_effective_sql_mode /opt/stack/data/venv/lib/python3.12/site-packages/oslo_db/sqlalchemy/engines.py:325}}
Jul 28 15:59:29.786078 np0000006023 nova-scheduler[96666]: DEBUG dbcounter [-] [96666] Writer thread running {{(pid=96666) stat_writer /opt/stack/data/venv/lib/python3.12/site-packages/dbcounter.py:102}}
Jul 28 15:59:29.792151 np0000006023 nova-scheduler[96662]: DEBUG nova.service [None req-741a769c-9693-4057-a3b5-48656e631796 None None] Creating RPC server for service: nova-scheduler on topic: scheduler {{(pid=96662) start /opt/stack/nova/nova/service.py:196}}
Jul 28 15:59:29.797790 np0000006023 nova-scheduler[96668]: DEBUG dbcounter [-] [96668] Writer thread running {{(pid=96668) stat_writer /opt/stack/data/venv/lib/python3.12/site-packages/dbcounter.py:102}}
Jul 28 15:59:29.798215 np0000006023 nova-scheduler[96670]: DEBUG oslo_db.sqlalchemy.engines [None req-6215f439-afa8-4ca4-bf35-1fb110e4ccc3 None None] MySQL server mode set to STRICT_TRANS_TABLES,STRICT_ALL_TABLES,NO_ZERO_IN_DATE,NO_ZERO_DATE,ERROR_FOR_DIVISION_BY_ZERO,TRADITIONAL,NO_ENGINE_SUBSTITUTION {{(pid=96670) _check_effective_sql_mode /opt/stack/data/venv/lib/python3.12/site-packages/oslo_db/sqlalchemy/engines.py:325}}
Jul 28 15:59:29.801256 np0000006023 nova-scheduler[96668]: DEBUG nova.service [None req-d3f89ed2-6251-432f-8370-ec6ce0d0f429 None None] Creating RPC server for service: nova-scheduler on topic: scheduler {{(pid=96668) start /opt/stack/nova/nova/service.py:196}}
Jul 28 15:59:29.807412 np0000006023 nova-scheduler[96666]: DEBUG nova.service [None req-0b06e64e-e5e8-497e-b5a8-e746de6b0e5d None None] Creating RPC server for service: nova-scheduler on topic: scheduler {{(pid=96666) start /opt/stack/nova/nova/service.py:196}}
Jul 28 15:59:29.811036 np0000006023 nova-scheduler[96670]: DEBUG dbcounter [-] [96670] Writer thread running {{(pid=96670) stat_writer /opt/stack/data/venv/lib/python3.12/site-packages/dbcounter.py:102}}
Jul 28 15:59:29.815393 np0000006023 nova-scheduler[96670]: DEBUG nova.service [None req-6215f439-afa8-4ca4-bf35-1fb110e4ccc3 None None] Creating RPC server for service: nova-scheduler on topic: scheduler {{(pid=96670) start /opt/stack/nova/nova/service.py:196}}
Jul 28 15:59:29.824832 np0000006023 nova-scheduler[96662]: DEBUG nova.service [None req-741a769c-9693-4057-a3b5-48656e631796 None None] Join ServiceGroup membership for this service scheduler {{(pid=96662) start /opt/stack/nova/nova/service.py:222}}
Jul 28 15:59:29.825103 np0000006023 nova-scheduler[96662]: DEBUG nova.servicegroup.drivers.db [None req-741a769c-9693-4057-a3b5-48656e631796 None None] DB_Driver: join new ServiceGroup member np0000006023 to the scheduler group, service = {{(pid=96662) join /opt/stack/nova/nova/servicegroup/drivers/db.py:44}}
Jul 28 15:59:29.827045 np0000006023 nova-scheduler[96668]: DEBUG nova.service [None req-d3f89ed2-6251-432f-8370-ec6ce0d0f429 None None] Join ServiceGroup membership for this service scheduler {{(pid=96668) start /opt/stack/nova/nova/service.py:222}}
Jul 28 15:59:29.827402 np0000006023 nova-scheduler[96668]: DEBUG nova.servicegroup.drivers.db [None req-d3f89ed2-6251-432f-8370-ec6ce0d0f429 None None] DB_Driver: join new ServiceGroup member np0000006023 to the scheduler group, service = {{(pid=96668) join /opt/stack/nova/nova/servicegroup/drivers/db.py:44}}
Jul 28 15:59:29.834628 np0000006023 nova-scheduler[96666]: DEBUG nova.service [None req-0b06e64e-e5e8-497e-b5a8-e746de6b0e5d None None] Join ServiceGroup membership for this service scheduler {{(pid=96666) start /opt/stack/nova/nova/service.py:222}}
Jul 28 15:59:29.835049 np0000006023 nova-scheduler[96666]: DEBUG nova.servicegroup.drivers.db [None req-0b06e64e-e5e8-497e-b5a8-e746de6b0e5d None None] DB_Driver: join new ServiceGroup member np0000006023 to the scheduler group, service = {{(pid=96666) join /opt/stack/nova/nova/servicegroup/drivers/db.py:44}}
Jul 28 15:59:29.836055 np0000006023 nova-scheduler[96670]: DEBUG nova.service [None req-6215f439-afa8-4ca4-bf35-1fb110e4ccc3 None None] Join ServiceGroup membership for this service scheduler {{(pid=96670) start /opt/stack/nova/nova/service.py:222}}
Jul 28 15:59:29.836258 np0000006023 nova-scheduler[96670]: DEBUG nova.servicegroup.drivers.db [None req-6215f439-afa8-4ca4-bf35-1fb110e4ccc3 None None] DB_Driver: join new ServiceGroup member np0000006023 to the scheduler group, service = {{(pid=96670) join /opt/stack/nova/nova/servicegroup/drivers/db.py:44}}
Jul 28 15:59:31.837096 np0000006023 nova-scheduler[96666]: DEBUG oslo.service.backend._threading.loopingcall [None req-14a1e6a6-5167-411b-b17f-49cf6973173a None None] Dynamic interval looping call 'nova.service.Service.periodic_tasks' sleeping for 60.00 seconds {{(pid=96666) _run_loop /opt/stack/data/venv/lib/python3.12/site-packages/oslo_service/backend/_threading/loopingcall.py:125}}
Jul 28 15:59:34.845448 np0000006023 nova-scheduler[96662]: DEBUG oslo.service.backend._threading.loopingcall [-] Fixed interval looping call 'nova.servicegroup.drivers.db.DbDriver._report_state' sleeping for 119.98 seconds {{(pid=96662) _run_loop /opt/stack/data/venv/lib/python3.12/site-packages/oslo_service/backend/_threading/loopingcall.py:125}}
Jul 28 15:59:34.847074 np0000006023 nova-scheduler[96668]: DEBUG oslo.service.backend._threading.loopingcall [-] Fixed interval looping call 'nova.servicegroup.drivers.db.DbDriver._report_state' sleeping for 119.98 seconds {{(pid=96668) _run_loop /opt/stack/data/venv/lib/python3.12/site-packages/oslo_service/backend/_threading/loopingcall.py:125}}
Jul 28 15:59:34.847610 np0000006023 nova-scheduler[96666]: DEBUG oslo.service.backend._threading.loopingcall [-] Fixed interval looping call 'nova.servicegroup.drivers.db.DbDriver._report_state' sleeping for 119.99 seconds {{(pid=96666) _run_loop /opt/stack/data/venv/lib/python3.12/site-packages/oslo_service/backend/_threading/loopingcall.py:125}}
Jul 28 15:59:34.851548 np0000006023 nova-scheduler[96670]: DEBUG oslo.service.backend._threading.loopingcall [-] Fixed interval looping call 'nova.servicegroup.drivers.db.DbDriver._report_state' sleeping for 119.99 seconds {{(pid=96670) _run_loop /opt/stack/data/venv/lib/python3.12/site-packages/oslo_service/backend/_threading/loopingcall.py:125}}
Jul 28 15:59:38.342645 np0000006023 nova-scheduler[95470]: DEBUG dbcounter [-] [95470] Writing DB stats nova_api:SELECT=3 {{(pid=95470) stat_writer /opt/stack/data/venv/lib/python3.12/site-packages/dbcounter.py:115}}
Jul 28 15:59:38.480679 np0000006023 nova-scheduler[95470]: DEBUG dbcounter [-] [95470] Writing DB stats nova_cell0:SELECT=1 {{(pid=95470) stat_writer /opt/stack/data/venv/lib/python3.12/site-packages/dbcounter.py:115}}
Jul 28 15:59:38.482586 np0000006023 nova-scheduler[95470]: DEBUG dbcounter [-] [95470] Writing DB stats nova_cell1:SELECT=1 {{(pid=95470) stat_writer /opt/stack/data/venv/lib/python3.12/site-packages/dbcounter.py:115}}
Jul 28 15:59:44.836616 np0000006023 nova-scheduler[96662]: DEBUG dbcounter [-] [96662] Writing DB stats nova_cell0:SELECT=4,nova_cell0:INSERT=1,nova_cell0:UPDATE=1 {{(pid=96662) stat_writer /opt/stack/data/venv/lib/python3.12/site-packages/dbcounter.py:115}}
Jul 28 15:59:44.838771 np0000006023 nova-scheduler[96668]: DEBUG dbcounter [-] [96668] Writing DB stats nova_cell0:SELECT=3,nova_cell0:UPDATE=1 {{(pid=96668) stat_writer /opt/stack/data/venv/lib/python3.12/site-packages/dbcounter.py:115}}
Jul 28 15:59:44.844264 np0000006023 nova-scheduler[96666]: DEBUG dbcounter [-] [96666] Writing DB stats nova_cell0:SELECT=4,nova_cell0:INSERT=1,nova_cell0:UPDATE=1 {{(pid=96666) stat_writer /opt/stack/data/venv/lib/python3.12/site-packages/dbcounter.py:115}}
Jul 28 15:59:44.848046 np0000006023 nova-scheduler[96670]: DEBUG dbcounter [-] [96670] Writing DB stats nova_cell0:SELECT=3 {{(pid=96670) stat_writer /opt/stack/data/venv/lib/python3.12/site-packages/dbcounter.py:115}}
Jul 28 16:00:04.828023 np0000006023 nova-scheduler[96662]: DEBUG oslo.service.backend._threading.loopingcall [None req-552a1d1a-2aa4-4000-b6ec-82764f96a43e None None] Dynamic interval looping call 'nova.service.Service.periodic_tasks' sleeping for 60.00 seconds {{(pid=96662) _run_loop /opt/stack/data/venv/lib/python3.12/site-packages/oslo_service/backend/_threading/loopingcall.py:125}}
Jul 28 16:00:05.839429 np0000006023 nova-scheduler[96670]: DEBUG oslo.service.backend._threading.loopingcall [None req-0c9e1c6c-1138-43f0-ad2b-d348def44283 None None] Dynamic interval looping call 'nova.service.Service.periodic_tasks' sleeping for 60.00 seconds {{(pid=96670) _run_loop /opt/stack/data/venv/lib/python3.12/site-packages/oslo_service/backend/_threading/loopingcall.py:125}}
Jul 28 16:00:18.830432 np0000006023 nova-scheduler[96668]: DEBUG oslo.service.backend._threading.loopingcall [None req-57942b97-53b9-4d33-89b8-13d3235189fd None None] Dynamic interval looping call 'nova.service.Service.periodic_tasks' sleeping for 60.00 seconds {{(pid=96668) _run_loop /opt/stack/data/venv/lib/python3.12/site-packages/oslo_service/backend/_threading/loopingcall.py:125}}
Jul 28 16:00:31.838172 np0000006023 nova-scheduler[96666]: DEBUG oslo.service.backend._threading.loopingcall [None req-14a1e6a6-5167-411b-b17f-49cf6973173a None None] Dynamic interval looping call 'nova.service.Service.periodic_tasks' sleeping for 60.00 seconds {{(pid=96666) _run_loop /opt/stack/data/venv/lib/python3.12/site-packages/oslo_service/backend/_threading/loopingcall.py:125}}
Jul 28 16:01:04.828471 np0000006023 nova-scheduler[96662]: DEBUG oslo.service.backend._threading.loopingcall [None req-552a1d1a-2aa4-4000-b6ec-82764f96a43e None None] Dynamic interval looping call 'nova.service.Service.periodic_tasks' sleeping for 60.00 seconds {{(pid=96662) _run_loop /opt/stack/data/venv/lib/python3.12/site-packages/oslo_service/backend/_threading/loopingcall.py:125}}
Jul 28 16:01:05.840005 np0000006023 nova-scheduler[96670]: DEBUG oslo.service.backend._threading.loopingcall [None req-0c9e1c6c-1138-43f0-ad2b-d348def44283 None None] Dynamic interval looping call 'nova.service.Service.periodic_tasks' sleeping for 60.00 seconds {{(pid=96670) _run_loop /opt/stack/data/venv/lib/python3.12/site-packages/oslo_service/backend/_threading/loopingcall.py:125}}
Jul 28 16:01:18.831166 np0000006023 nova-scheduler[96668]: DEBUG oslo.service.backend._threading.loopingcall [None req-57942b97-53b9-4d33-89b8-13d3235189fd None None] Dynamic interval looping call 'nova.service.Service.periodic_tasks' sleeping for 60.00 seconds {{(pid=96668) _run_loop /opt/stack/data/venv/lib/python3.12/site-packages/oslo_service/backend/_threading/loopingcall.py:125}}
Jul 28 16:01:31.838759 np0000006023 nova-scheduler[96666]: DEBUG oslo.service.backend._threading.loopingcall [None req-14a1e6a6-5167-411b-b17f-49cf6973173a None None] Dynamic interval looping call 'nova.service.Service.periodic_tasks' sleeping for 60.00 seconds {{(pid=96666) _run_loop /opt/stack/data/venv/lib/python3.12/site-packages/oslo_service/backend/_threading/loopingcall.py:125}}
Jul 28 16:01:34.834607 np0000006023 nova-scheduler[96662]: DEBUG oslo.service.backend._threading.loopingcall [-] Fixed interval looping call 'nova.servicegroup.drivers.db.DbDriver._report_state' sleeping for 119.99 seconds {{(pid=96662) _run_loop /opt/stack/data/venv/lib/python3.12/site-packages/oslo_service/backend/_threading/loopingcall.py:125}}
Jul 28 16:01:34.835067 np0000006023 nova-scheduler[96668]: DEBUG oslo.service.backend._threading.loopingcall [-] Fixed interval looping call 'nova.servicegroup.drivers.db.DbDriver._report_state' sleeping for 119.99 seconds {{(pid=96668) _run_loop /opt/stack/data/venv/lib/python3.12/site-packages/oslo_service/backend/_threading/loopingcall.py:125}}
Jul 28 16:01:34.842131 np0000006023 nova-scheduler[96666]: DEBUG oslo.service.backend._threading.loopingcall [-] Fixed interval looping call 'nova.servicegroup.drivers.db.DbDriver._report_state' sleeping for 120.00 seconds {{(pid=96666) _run_loop /opt/stack/data/venv/lib/python3.12/site-packages/oslo_service/backend/_threading/loopingcall.py:125}}
Jul 28 16:01:34.844640 np0000006023 nova-scheduler[96670]: DEBUG oslo.service.backend._threading.loopingcall [-] Fixed interval looping call 'nova.servicegroup.drivers.db.DbDriver._report_state' sleeping for 120.00 seconds {{(pid=96670) _run_loop /opt/stack/data/venv/lib/python3.12/site-packages/oslo_service/backend/_threading/loopingcall.py:125}}
Jul 28 16:01:44.831057 np0000006023 nova-scheduler[96662]: DEBUG dbcounter [-] [96662] Writing DB stats nova_cell0:SELECT=1,nova_cell0:UPDATE=1 {{(pid=96662) stat_writer /opt/stack/data/venv/lib/python3.12/site-packages/dbcounter.py:115}}
Jul 28 16:01:44.831430 np0000006023 nova-scheduler[96668]: DEBUG dbcounter [-] [96668] Writing DB stats nova_cell0:SELECT=1,nova_cell0:UPDATE=1 {{(pid=96668) stat_writer /opt/stack/data/venv/lib/python3.12/site-packages/dbcounter.py:115}}
Jul 28 16:01:44.839790 np0000006023 nova-scheduler[96666]: DEBUG dbcounter [-] [96666] Writing DB stats nova_cell0:SELECT=1 {{(pid=96666) stat_writer /opt/stack/data/venv/lib/python3.12/site-packages/dbcounter.py:115}}
Jul 28 16:01:44.843123 np0000006023 nova-scheduler[96670]: DEBUG dbcounter [-] [96670] Writing DB stats nova_cell0:SELECT=1 {{(pid=96670) stat_writer /opt/stack/data/venv/lib/python3.12/site-packages/dbcounter.py:115}}
Jul 28 16:02:03.413036 np0000006023 nova-scheduler[96662]: DEBUG nova.scheduler.manager [None req-98a3f3b5-226c-4989-9255-891d041cdf10 tempest-DeleteServersTestJSON-1739981879 tempest-DeleteServersTestJSON-1739981879-project-member] Starting to schedule for instances: ['2265342c-b951-4d78-a447-65dde212f323'] {{(pid=96662) select_destinations /opt/stack/nova/nova/scheduler/manager.py:209}}
Jul 28 16:02:03.414398 np0000006023 nova-scheduler[96662]: DEBUG nova.scheduler.request_filter [None req-98a3f3b5-226c-4989-9255-891d041cdf10 tempest-DeleteServersTestJSON-1739981879 tempest-DeleteServersTestJSON-1739981879-project-member] compute_status_filter request filter added forbidden trait COMPUTE_STATUS_DISABLED {{(pid=96662) compute_status_filter /opt/stack/nova/nova/scheduler/request_filter.py:253}}
Jul 28 16:02:03.414398 np0000006023 nova-scheduler[96662]: DEBUG nova.scheduler.request_filter [None req-98a3f3b5-226c-4989-9255-891d041cdf10 tempest-DeleteServersTestJSON-1739981879 tempest-DeleteServersTestJSON-1739981879-project-member] Request filter 'compute_status_filter' took 0.0 seconds {{(pid=96662) wrapper /opt/stack/nova/nova/scheduler/request_filter.py:46}}
Jul 28 16:02:03.416189 np0000006023 nova-scheduler[96662]: DEBUG nova.scheduler.request_filter [None req-98a3f3b5-226c-4989-9255-891d041cdf10 tempest-DeleteServersTestJSON-1739981879 tempest-DeleteServersTestJSON-1739981879-project-member] Request filter 'accelerators_filter' took 0.0 seconds {{(pid=96662) wrapper /opt/stack/nova/nova/scheduler/request_filter.py:46}}
Jul 28 16:02:03.416428 np0000006023 nova-scheduler[96662]: DEBUG nova.scheduler.request_filter [None req-98a3f3b5-226c-4989-9255-891d041cdf10 tempest-DeleteServersTestJSON-1739981879 tempest-DeleteServersTestJSON-1739981879-project-member] Request filter 'packed_virtqueue_filter' took 0.0 seconds {{(pid=96662) wrapper /opt/stack/nova/nova/scheduler/request_filter.py:46}}
Jul 28 16:02:03.416785 np0000006023 nova-scheduler[96662]: DEBUG nova.scheduler.request_filter [None req-98a3f3b5-226c-4989-9255-891d041cdf10 tempest-DeleteServersTestJSON-1739981879 tempest-DeleteServersTestJSON-1739981879-project-member] Request filter 'remote_managed_ports_filter' took 0.0 seconds {{(pid=96662) wrapper /opt/stack/nova/nova/scheduler/request_filter.py:46}}
Jul 28 16:02:03.416960 np0000006023 nova-scheduler[96662]: DEBUG nova.scheduler.request_filter [None req-98a3f3b5-226c-4989-9255-891d041cdf10 tempest-DeleteServersTestJSON-1739981879 tempest-DeleteServersTestJSON-1739981879-project-member] ephemeral_encryption_filter skipped {{(pid=96662) ephemeral_encryption_filter /opt/stack/nova/nova/scheduler/request_filter.py:426}}
Jul 28 16:02:03.417782 np0000006023 nova-scheduler[96662]: DEBUG nova.scheduler.request_filter [None req-98a3f3b5-226c-4989-9255-891d041cdf10 tempest-DeleteServersTestJSON-1739981879 tempest-DeleteServersTestJSON-1739981879-project-member] virtio_sound_filter skipped {{(pid=96662) virtio_sound_filter /opt/stack/nova/nova/scheduler/request_filter.py:460}}
Jul 28 16:02:03.417782 np0000006023 nova-scheduler[96662]: DEBUG nova.scheduler.request_filter [None req-98a3f3b5-226c-4989-9255-891d041cdf10 tempest-DeleteServersTestJSON-1739981879 tempest-DeleteServersTestJSON-1739981879-project-member] tpm_secret_security_filter skipped {{(pid=96662) tpm_secret_security_filter /opt/stack/nova/nova/scheduler/request_filter.py:477}}
Jul 28 16:02:04.031590 np0000006023 nova-scheduler[96662]: INFO nova.utils [None req-98a3f3b5-226c-4989-9255-891d041cdf10 tempest-DeleteServersTestJSON-1739981879 tempest-DeleteServersTestJSON-1739981879-project-member] The cell worker thread pool ForkProcess-1.cell_worker is initialized
Jul 28 16:02:04.031590 np0000006023 nova-scheduler[96662]: DEBUG oslo_concurrency.lockutils [None req-98a3f3b5-226c-4989-9255-891d041cdf10 tempest-DeleteServersTestJSON-1739981879 tempest-DeleteServersTestJSON-1739981879-project-member] Acquiring lock "34ff180a-595c-4787-84a1-67e5fd0f342b" by "nova.context.set_target_cell..get_or_set_cached_cell_and_set_connections" {{(pid=96662) inner /opt/stack/data/venv/lib/python3.12/site-packages/oslo_concurrency/lockutils.py:512}}
Jul 28 16:02:04.031590 np0000006023 nova-scheduler[96662]: DEBUG oslo_concurrency.lockutils [None req-98a3f3b5-226c-4989-9255-891d041cdf10 tempest-DeleteServersTestJSON-1739981879 tempest-DeleteServersTestJSON-1739981879-project-member] Lock "34ff180a-595c-4787-84a1-67e5fd0f342b" acquired by "nova.context.set_target_cell..get_or_set_cached_cell_and_set_connections" :: waited 0.000s {{(pid=96662) inner /opt/stack/data/venv/lib/python3.12/site-packages/oslo_concurrency/lockutils.py:525}}
Jul 28 16:02:04.032671 np0000006023 nova-scheduler[96662]: DEBUG oslo_concurrency.lockutils [None req-98a3f3b5-226c-4989-9255-891d041cdf10 tempest-DeleteServersTestJSON-1739981879 tempest-DeleteServersTestJSON-1739981879-project-member] Lock "34ff180a-595c-4787-84a1-67e5fd0f342b" "released" by "nova.context.set_target_cell..get_or_set_cached_cell_and_set_connections" :: held 0.001s {{(pid=96662) inner /opt/stack/data/venv/lib/python3.12/site-packages/oslo_concurrency/lockutils.py:544}}
Jul 28 16:02:04.035410 np0000006023 nova-scheduler[96662]: INFO dbcounter [None req-98a3f3b5-226c-4989-9255-891d041cdf10 tempest-DeleteServersTestJSON-1739981879 tempest-DeleteServersTestJSON-1739981879-project-member] Registered counter for database nova_cell1
Jul 28 16:02:04.081213 np0000006023 nova-scheduler[96662]: DEBUG oslo_db.sqlalchemy.engines [None req-98a3f3b5-226c-4989-9255-891d041cdf10 tempest-DeleteServersTestJSON-1739981879 tempest-DeleteServersTestJSON-1739981879-project-member] MySQL server mode set to STRICT_TRANS_TABLES,STRICT_ALL_TABLES,NO_ZERO_IN_DATE,NO_ZERO_DATE,ERROR_FOR_DIVISION_BY_ZERO,TRADITIONAL,NO_ENGINE_SUBSTITUTION {{(pid=96662) _check_effective_sql_mode /opt/stack/data/venv/lib/python3.12/site-packages/oslo_db/sqlalchemy/engines.py:325}}
Jul 28 16:02:04.091872 np0000006023 nova-scheduler[96662]: DEBUG dbcounter [-] [96662] Writer thread running {{(pid=96662) stat_writer /opt/stack/data/venv/lib/python3.12/site-packages/dbcounter.py:102}}
Jul 28 16:02:04.104908 np0000006023 nova-scheduler[96662]: DEBUG oslo_db.sqlalchemy.engines [None req-98a3f3b5-226c-4989-9255-891d041cdf10 tempest-DeleteServersTestJSON-1739981879 tempest-DeleteServersTestJSON-1739981879-project-member] Parent process 95470 forked (96662) with an open database connection, which is being discarded and recreated. {{(pid=96662) checkout /opt/stack/data/venv/lib/python3.12/site-packages/oslo_db/sqlalchemy/engines.py:402}}
Jul 28 16:02:04.159611 np0000006023 nova-scheduler[96662]: DEBUG dbcounter [-] [96662] Writer thread running {{(pid=96662) stat_writer /opt/stack/data/venv/lib/python3.12/site-packages/dbcounter.py:102}}
Jul 28 16:02:04.163714 np0000006023 nova-scheduler[96662]: DEBUG oslo_concurrency.lockutils [None req-98a3f3b5-226c-4989-9255-891d041cdf10 tempest-DeleteServersTestJSON-1739981879 tempest-DeleteServersTestJSON-1739981879-project-member] Acquiring lock "34ff180a-595c-4787-84a1-67e5fd0f342b" by "nova.context.set_target_cell..get_or_set_cached_cell_and_set_connections" {{(pid=96662) inner /opt/stack/data/venv/lib/python3.12/site-packages/oslo_concurrency/lockutils.py:512}}
Jul 28 16:02:04.163968 np0000006023 nova-scheduler[96662]: DEBUG oslo_concurrency.lockutils [None req-98a3f3b5-226c-4989-9255-891d041cdf10 tempest-DeleteServersTestJSON-1739981879 tempest-DeleteServersTestJSON-1739981879-project-member] Lock "34ff180a-595c-4787-84a1-67e5fd0f342b" acquired by "nova.context.set_target_cell..get_or_set_cached_cell_and_set_connections" :: waited 0.000s {{(pid=96662) inner /opt/stack/data/venv/lib/python3.12/site-packages/oslo_concurrency/lockutils.py:525}}
