Jun 22 12:56:19.129204 np0000003377 devstack@g-api.service[99259]: DEBUG glance.api.middleware.version_negotiation [None req-2032ca06-bbbd-4bb0-b6c3-c65dd232e346 tempest-ServerActionsTestOtherA-1379169052 tempest-ServerActionsTestOtherA-1379169052-project-member] new path /v2/images/7441a81b-dfec-48fb-a896-71f8c9011fbf {{(pid=99259) process_request /opt/stack/glance/glance/api/middleware/version_negotiation.py:70}}
Jun 22 12:56:19.129204 np0000003377 devstack@g-api.service[99259]: [pid: 99259|app: 0|req: 33/97] 127.0.0.1 () {44 vars in 1115 bytes} [Mon Jun 22 12:56:11 2026] GET /v2/images/7441a81b-dfec-48fb-a896-71f8c9011fbf => generated 1044 bytes in 12 msecs (HTTP/1.1 200) 4 headers in 158 bytes (1 switches on core 0)
Jun 22 12:56:19.132294 np0000003377 devstack@g-api.service[99258]: DEBUG glance.api.middleware.version_negotiation [None req-3202ab9d-7a92-4230-9632-1e7c19a05dc1 tempest-VolumesGetTest-928282168 tempest-VolumesGetTest-928282168-project-member] Determining version of request: GET /v2/schemas/image Accept: */* {{(pid=99258) process_request /opt/stack/glance/glance/api/middleware/version_negotiation.py:44}}
Jun 22 12:56:19.132294 np0000003377 devstack@g-api.service[99258]: DEBUG glance.api.middleware.version_negotiation [None req-3202ab9d-7a92-4230-9632-1e7c19a05dc1 tempest-VolumesGetTest-928282168 tempest-VolumesGetTest-928282168-project-member] Using url versioning {{(pid=99258) process_request /opt/stack/glance/glance/api/middleware/version_negotiation.py:57}}
Jun 22 12:56:19.132294 np0000003377 devstack@g-api.service[99258]: DEBUG glance.api.middleware.version_negotiation [None req-3202ab9d-7a92-4230-9632-1e7c19a05dc1 tempest-VolumesGetTest-928282168 tempest-VolumesGetTest-928282168-project-member] Matched version: v2 {{(pid=99258) process_request /opt/stack/glance/glance/api/middleware/version_negotiation.py:69}}
Jun 22 12:56:19.132294 np0000003377 devstack@g-api.service[99258]: DEBUG glance.api.middleware.version_negotiation [None req-3202ab9d-7a92-4230-9632-1e7c19a05dc1 tempest-VolumesGetTest-928282168 tempest-VolumesGetTest-928282168-project-member] new path /v2/schemas/image {{(pid=99258) process_request /opt/stack/glance/glance/api/middleware/version_negotiation.py:70}}
Jun 22 12:56:19.132294 np0000003377 devstack@g-api.service[99258]: [pid: 99258|app: 0|req: 31/98] 127.0.0.1 () {44 vars in 1055 bytes} [Mon Jun 22 12:56:12 2026] GET /v2/schemas/image => generated 6083 bytes in 2 msecs (HTTP/1.1 200) 4 headers in 158 bytes (1 switches on core 0)
Jun 22 12:56:19.134214 np0000003377 devstack@g-api.service[99260]: DEBUG glance.api.middleware.version_negotiation [None req-ef3b5cc1-4949-43dc-bc4f-6a017858aa9e tempest-VolumesGetTest-928282168 tempest-VolumesGetTest-928282168-project-member] Determining version of request: GET /v2/schemas/image Accept: */* {{(pid=99260) process_request /opt/stack/glance/glance/api/middleware/version_negotiation.py:44}}
Jun 22 12:56:19.134214 np0000003377 devstack@g-api.service[99260]: DEBUG glance.api.middleware.version_negotiation [None req-ef3b5cc1-4949-43dc-bc4f-6a017858aa9e tempest-VolumesGetTest-928282168 tempest-VolumesGetTest-928282168-project-member] Using url versioning {{(pid=99260) process_request /opt/stack/glance/glance/api/middleware/version_negotiation.py:57}}
Jun 22 12:56:19.134214 np0000003377 devstack@g-api.service[99260]: DEBUG glance.api.middleware.version_negotiation [None req-ef3b5cc1-4949-43dc-bc4f-6a017858aa9e tempest-VolumesGetTest-928282168 tempest-VolumesGetTest-928282168-project-member] Matched version: v2 {{(pid=99260) process_request /opt/stack/glance/glance/api/middleware/version_negotiation.py:69}}
Jun 22 12:56:19.134214 np0000003377 devstack@g-api.service[99260]: DEBUG glance.api.middleware.version_negotiation [None req-ef3b5cc1-4949-43dc-bc4f-6a017858aa9e tempest-VolumesGetTest-928282168 tempest-VolumesGetTest-928282168-project-member] new path /v2/schemas/image {{(pid=99260) process_request /opt/stack/glance/glance/api/middleware/version_negotiation.py:70}}
Jun 22 12:56:19.134214 np0000003377 devstack@g-api.service[99260]: [pid: 99260|app: 0|req: 35/99] 127.0.0.1 () {44 vars in 1055 bytes} [Mon Jun 22 12:56:12 2026] GET /v2/schemas/image => generated 6083 bytes in 2 msecs (HTTP/1.1 200) 4 headers in 158 bytes (1 switches on core 0)
Jun 22 12:56:19.136908 np0000003377 devstack@g-api.service[99259]: DEBUG glance.api.middleware.version_negotiation [None req-81357a89-9b32-4e01-8958-d0a939387b5d tempest-VolumesGetTest-928282168 tempest-VolumesGetTest-928282168-project-member] Determining version of request: GET /v2/images/7441a81b-dfec-48fb-a896-71f8c9011fbf Accept: */* {{(pid=99259) process_request /opt/stack/glance/glance/api/middleware/version_negotiation.py:44}}
Jun 22 12:56:19.136908 np0000003377 devstack@g-api.service[99259]: DEBUG glance.api.middleware.version_negotiation [None req-81357a89-9b32-4e01-8958-d0a939387b5d tempest-VolumesGetTest-928282168 tempest-VolumesGetTest-928282168-project-member] Using url versioning {{(pid=99259) process_request /opt/stack/glance/glance/api/middleware/version_negotiation.py:57}}
Jun 22 12:56:19.136908 np0000003377 devstack@g-api.service[99259]: DEBUG glance.api.middleware.version_negotiation [None req-81357a89-9b32-4e01-8958-d0a939387b5d tempest-VolumesGetTest-928282168 tempest-VolumesGetTest-928282168-project-member] Matched version: v2 {{(pid=99259) process_request /opt/stack/glance/glance/api/middleware/version_negotiation.py:69}}
Jun 22 12:56:19.136908 np0000003377 devstack@g-api.service[99259]: DEBUG glance.api.middleware.version_negotiation [None req-81357a89-9b32-4e01-8958-d0a939387b5d tempest-VolumesGetTest-928282168 tempest-VolumesGetTest-928282168-project-member] new path /v2/images/7441a81b-dfec-48fb-a896-71f8c9011fbf {{(pid=99259) process_request /opt/stack/glance/glance/api/middleware/version_negotiation.py:70}}
Jun 22 12:56:19.136908 np0000003377 devstack@g-api.service[99259]: [pid: 99259|app: 0|req: 34/100] 127.0.0.1 () {44 vars in 1115 bytes} [Mon Jun 22 12:56:12 2026] GET /v2/images/7441a81b-dfec-48fb-a896-71f8c9011fbf => generated 1044 bytes in 10 msecs (HTTP/1.1 200) 4 headers in 158 bytes (1 switches on core 0)
Jun 22 12:56:19.138484 np0000003377 devstack@g-api.service[99258]: DEBUG glance.api.middleware.version_negotiation [None req-81357a89-9b32-4e01-8958-d0a939387b5d tempest-VolumesGetTest-928282168 tempest-VolumesGetTest-928282168-project-member] Determining version of request: GET /v2/schemas/image Accept: */* {{(pid=99258) process_request /opt/stack/glance/glance/api/middleware/version_negotiation.py:44}}
Jun 22 12:56:19.138484 np0000003377 devstack@g-api.service[99258]: DEBUG glance.api.middleware.version_negotiation [None req-81357a89-9b32-4e01-8958-d0a939387b5d tempest-VolumesGetTest-928282168 tempest-VolumesGetTest-928282168-project-member] Using url versioning {{(pid=99258) process_request /opt/stack/glance/glance/api/middleware/version_negotiation.py:57}}
Jun 22 12:56:19.138484 np0000003377 devstack@g-api.service[99258]: DEBUG glance.api.middleware.version_negotiation [None req-81357a89-9b32-4e01-8958-d0a939387b5d tempest-VolumesGetTest-928282168 tempest-VolumesGetTest-928282168-project-member] Matched version: v2 {{(pid=99258) process_request /opt/stack/glance/glance/api/middleware/version_negotiation.py:69}}
Jun 22 12:56:19.138484 np0000003377 devstack@g-api.service[99258]: DEBUG glance.api.middleware.version_negotiation [None req-81357a89-9b32-4e01-8958-d0a939387b5d tempest-VolumesGetTest-928282168 tempest-VolumesGetTest-928282168-project-member] new path /v2/schemas/image {{(pid=99258) process_request /opt/stack/glance/glance/api/middleware/version_negotiation.py:70}}
Jun 22 12:56:19.138484 np0000003377 devstack@g-api.service[99258]: [pid: 99258|app: 0|req: 32/101] 127.0.0.1 () {44 vars in 1055 bytes} [Mon Jun 22 12:56:12 2026] GET /v2/schemas/image => generated 6083 bytes in 2 msecs (HTTP/1.1 200) 4 headers in 158 bytes (1 switches on core 0)
Jun 22 12:56:19.139778 np0000003377 devstack@g-api.service[99260]: DEBUG glance.api.middleware.version_negotiation [None req-81357a89-9b32-4e01-8958-d0a939387b5d tempest-VolumesGetTest-928282168 tempest-VolumesGetTest-928282168-project-member] Determining version of request: GET /v2/schemas/image Accept: */* {{(pid=99260) process_request /opt/stack/glance/glance/api/middleware/version_negotiation.py:44}}
Jun 22 12:56:19.139778 np0000003377 devstack@g-api.service[99260]: DEBUG glance.api.middleware.version_negotiation [None req-81357a89-9b32-4e01-8958-d0a939387b5d tempest-VolumesGetTest-928282168 tempest-VolumesGetTest-928282168-project-member] Using url versioning {{(pid=99260) process_request /opt/stack/glance/glance/api/middleware/version_negotiation.py:57}}
Jun 22 12:56:19.139778 np0000003377 devstack@g-api.service[99260]: DEBUG glance.api.middleware.version_negotiation [None req-81357a89-9b32-4e01-8958-d0a939387b5d tempest-VolumesGetTest-928282168 tempest-VolumesGetTest-928282168-project-member] Matched version: v2 {{(pid=99260) process_request /opt/stack/glance/glance/api/middleware/version_negotiation.py:69}}
Jun 22 12:56:19.139778 np0000003377 devstack@g-api.service[99260]: DEBUG glance.api.middleware.version_negotiation [None req-81357a89-9b32-4e01-8958-d0a939387b5d tempest-VolumesGetTest-928282168 tempest-VolumesGetTest-928282168-project-member] new path /v2/schemas/image {{(pid=99260) process_request /opt/stack/glance/glance/api/middleware/version_negotiation.py:70}}
Jun 22 12:56:19.139778 np0000003377 devstack@g-api.service[99260]: [pid: 99260|app: 0|req: 36/102] 127.0.0.1 () {44 vars in 1055 bytes} [Mon Jun 22 12:56:12 2026] GET /v2/schemas/image => generated 6083 bytes in 3 msecs (HTTP/1.1 200) 4 headers in 158 bytes (1 switches on core 0)
Jun 22 12:56:19.141335 np0000003377 devstack@g-api.service[99259]: DEBUG glance.api.middleware.version_negotiation [None req-81357a89-9b32-4e01-8958-d0a939387b5d tempest-VolumesGetTest-928282168 tempest-VolumesGetTest-928282168-project-member] Determining version of request: GET /v2/images/7441a81b-dfec-48fb-a896-71f8c9011fbf Accept: */* {{(pid=99259) process_request /opt/stack/glance/glance/api/middleware/version_negotiation.py:44}}
Jun 22 12:56:19.141335 np0000003377 devstack@g-api.service[99259]: DEBUG glance.api.middleware.version_negotiation [None req-81357a89-9b32-4e01-8958-d0a939387b5d tempest-VolumesGetTest-928282168 tempest-VolumesGetTest-928282168-project-member] Using url versioning {{(pid=99259) process_request /opt/stack/glance/glance/api/middleware/version_negotiation.py:57}}
Jun 22 12:56:19.141335 np0000003377 devstack@g-api.service[99259]: DEBUG glance.api.middleware.version_negotiation [None req-81357a89-9b32-4e01-8958-d0a939387b5d tempest-VolumesGetTest-928282168 tempest-VolumesGetTest-928282168-project-member] Matched version: v2 {{(pid=99259) process_request /opt/stack/glance/glance/api/middleware/version_negotiation.py:69}}
Jun 22 12:56:19.141335 np0000003377 devstack@g-api.service[99259]: DEBUG glance.api.middleware.version_negotiation [None req-81357a89-9b32-4e01-8958-d0a939387b5d tempest-VolumesGetTest-928282168 tempest-VolumesGetTest-928282168-project-member] new path /v2/images/7441a81b-dfec-48fb-a896-71f8c9011fbf {{(pid=99259) process_request /opt/stack/glance/glance/api/middleware/version_negotiation.py:70}}
Jun 22 12:56:19.141335 np0000003377 devstack@g-api.service[99259]: [pid: 99259|app: 0|req: 35/103] 127.0.0.1 () {44 vars in 1115 bytes} [Mon Jun 22 12:56:12 2026] GET /v2/images/7441a81b-dfec-48fb-a896-71f8c9011fbf => generated 1044 bytes in 8 msecs (HTTP/1.1 200) 4 headers in 158 bytes (1 switches on core 0)
Jun 22 12:56:19.143167 np0000003377 devstack@g-api.service[99258]: DEBUG glance.api.middleware.version_negotiation [None req-81357a89-9b32-4e01-8958-d0a939387b5d tempest-VolumesGetTest-928282168 tempest-VolumesGetTest-928282168-project-member] Determining version of request: GET /v2/schemas/image Accept: */* {{(pid=99258) process_request /opt/stack/glance/glance/api/middleware/version_negotiation.py:44}}
Jun 22 12:56:19.143167 np0000003377 devstack@g-api.service[99258]: DEBUG glance.api.middleware.version_negotiation [None req-81357a89-9b32-4e01-8958-d0a939387b5d tempest-VolumesGetTest-928282168 tempest-VolumesGetTest-928282168-project-member] Using url versioning {{(pid=99258) process_request /opt/stack/glance/glance/api/middleware/version_negotiation.py:57}}
Jun 22 12:56:19.143167 np0000003377 devstack@g-api.service[99258]: DEBUG glance.api.middleware.version_negotiation [None req-81357a89-9b32-4e01-8958-d0a939387b5d tempest-VolumesGetTest-928282168 tempest-VolumesGetTest-928282168-project-member] Matched version: v2 {{(pid=99258) process_request /opt/stack/glance/glance/api/middleware/version_negotiation.py:69}}
Jun 22 12:56:19.143167 np0000003377 devstack@g-api.service[99258]: DEBUG glance.api.middleware.version_negotiation [None req-81357a89-9b32-4e01-8958-d0a939387b5d tempest-VolumesGetTest-928282168 tempest-VolumesGetTest-928282168-project-member] new path /v2/schemas/image {{(pid=99258) process_request /opt/stack/glance/glance/api/middleware/version_negotiation.py:70}}
Jun 22 12:56:19.143167 np0000003377 devstack@g-api.service[99258]: [pid: 99258|app: 0|req: 33/104] 127.0.0.1 () {44 vars in 1055 bytes} [Mon Jun 22 12:56:12 2026] GET /v2/schemas/image => generated 6083 bytes in 2 msecs (HTTP/1.1 200) 4 headers in 158 bytes (1 switches on core 0)
Jun 22 12:56:19.144449 np0000003377 devstack@g-api.service[99260]: DEBUG glance.api.middleware.version_negotiation [None req-81357a89-9b32-4e01-8958-d0a939387b5d tempest-VolumesGetTest-928282168 tempest-VolumesGetTest-928282168-project-member] Determining version of request: GET /versions Accept: */* {{(pid=99260) process_request /opt/stack/glance/glance/api/middleware/version_negotiation.py:44}}
Jun 22 12:56:19.144449 np0000003377 devstack@g-api.service[99260]: [pid: 99260|app: 0|req: 37/105] 127.0.0.1 () {44 vars in 1039 bytes} [Mon Jun 22 12:56:12 2026] GET /versions => generated 1407 bytes in 1 msecs (HTTP/1.1 200) 3 headers in 92 bytes (1 switches on core 0)
Jun 22 12:56:19.146113 np0000003377 devstack@g-api.service[99259]: DEBUG glance.api.middleware.version_negotiation [None req-81357a89-9b32-4e01-8958-d0a939387b5d tempest-VolumesGetTest-928282168 tempest-VolumesGetTest-928282168-project-member] Determining version of request: GET /v2/images/7441a81b-dfec-48fb-a896-71f8c9011fbf/locations Accept: */* {{(pid=99259) process_request /opt/stack/glance/glance/api/middleware/version_negotiation.py:44}}
Jun 22 12:56:19.146113 np0000003377 devstack@g-api.service[99259]: DEBUG glance.api.middleware.version_negotiation [None req-81357a89-9b32-4e01-8958-d0a939387b5d tempest-VolumesGetTest-928282168 tempest-VolumesGetTest-928282168-project-member] Using url versioning {{(pid=99259) process_request /opt/stack/glance/glance/api/middleware/version_negotiation.py:57}}
Jun 22 12:56:19.146113 np0000003377 devstack@g-api.service[99259]: DEBUG glance.api.middleware.version_negotiation [None req-81357a89-9b32-4e01-8958-d0a939387b5d tempest-VolumesGetTest-928282168 tempest-VolumesGetTest-928282168-project-member] Matched version: v2 {{(pid=99259) process_request /opt/stack/glance/glance/api/middleware/version_negotiation.py:69}}
Jun 22 12:56:19.146113 np0000003377 devstack@g-api.service[99259]: DEBUG glance.api.middleware.version_negotiation [None req-81357a89-9b32-4e01-8958-d0a939387b5d tempest-VolumesGetTest-928282168 tempest-VolumesGetTest-928282168-project-member] new path /v2/images/7441a81b-dfec-48fb-a896-71f8c9011fbf/locations {{(pid=99259) process_request /opt/stack/glance/glance/api/middleware/version_negotiation.py:70}}
Jun 22 12:56:19.146113 np0000003377 devstack@g-api.service[99259]: [pid: 99259|app: 0|req: 36/106] 127.0.0.1 () {44 vars in 1135 bytes} [Mon Jun 22 12:56:12 2026] GET /v2/images/7441a81b-dfec-48fb-a896-71f8c9011fbf/locations => generated 92 bytes in 193 msecs (HTTP/1.1 200) 4 headers in 156 bytes (1 switches on core 0)
Jun 22 12:56:19.148201 np0000003377 devstack@g-api.service[99258]: DEBUG glance.api.middleware.version_negotiation [None req-81357a89-9b32-4e01-8958-d0a939387b5d tempest-VolumesGetTest-928282168 tempest-VolumesGetTest-928282168-project-member] Determining version of request: GET /v2/images/7441a81b-dfec-48fb-a896-71f8c9011fbf Accept: */* {{(pid=99258) process_request /opt/stack/glance/glance/api/middleware/version_negotiation.py:44}}
Jun 22 12:56:19.148201 np0000003377 devstack@g-api.service[99258]: DEBUG glance.api.middleware.version_negotiation [None req-81357a89-9b32-4e01-8958-d0a939387b5d tempest-VolumesGetTest-928282168 tempest-VolumesGetTest-928282168-project-member] Using url versioning {{(pid=99258) process_request /opt/stack/glance/glance/api/middleware/version_negotiation.py:57}}
Jun 22 12:56:19.148201 np0000003377 devstack@g-api.service[99258]: DEBUG glance.api.middleware.version_negotiation [None req-81357a89-9b32-4e01-8958-d0a939387b5d tempest-VolumesGetTest-928282168 tempest-VolumesGetTest-928282168-project-member] Matched version: v2 {{(pid=99258) process_request /opt/stack/glance/glance/api/middleware/version_negotiation.py:69}}
Jun 22 12:56:19.148201 np0000003377 devstack@g-api.service[99258]: DEBUG glance.api.middleware.version_negotiation [None req-81357a89-9b32-4e01-8958-d0a939387b5d tempest-VolumesGetTest-928282168 tempest-VolumesGetTest-928282168-project-member] new path /v2/images/7441a81b-dfec-48fb-a896-71f8c9011fbf {{(pid=99258) process_request /opt/stack/glance/glance/api/middleware/version_negotiation.py:70}}
Jun 22 12:56:19.148201 np0000003377 devstack@g-api.service[99258]: [pid: 99258|app: 0|req: 34/107] 127.0.0.1 () {44 vars in 1115 bytes} [Mon Jun 22 12:56:12 2026] GET /v2/images/7441a81b-dfec-48fb-a896-71f8c9011fbf => generated 1044 bytes in 11 msecs (HTTP/1.1 200) 4 headers in 158 bytes (1 switches on core 0)
Jun 22 12:56:19.149635 np0000003377 devstack@g-api.service[99260]: DEBUG glance.api.middleware.version_negotiation [None req-81357a89-9b32-4e01-8958-d0a939387b5d tempest-VolumesGetTest-928282168 tempest-VolumesGetTest-928282168-project-member] Determining version of request: GET /v2/schemas/image Accept: */* {{(pid=99260) process_request /opt/stack/glance/glance/api/middleware/version_negotiation.py:44}}
Jun 22 12:56:19.149635 np0000003377 devstack@g-api.service[99260]: DEBUG glance.api.middleware.version_negotiation [None req-81357a89-9b32-4e01-8958-d0a939387b5d tempest-VolumesGetTest-928282168 tempest-VolumesGetTest-928282168-project-member] Using url versioning {{(pid=99260) process_request /opt/stack/glance/glance/api/middleware/version_negotiation.py:57}}
Jun 22 12:56:19.149635 np0000003377 devstack@g-api.service[99260]: DEBUG glance.api.middleware.version_negotiation [None req-81357a89-9b32-4e01-8958-d0a939387b5d tempest-VolumesGetTest-928282168 tempest-VolumesGetTest-928282168-project-member] Matched version: v2 {{(pid=99260) process_request /opt/stack/glance/glance/api/middleware/version_negotiation.py:69}}
Jun 22 12:56:19.149635 np0000003377 devstack@g-api.service[99260]: DEBUG glance.api.middleware.version_negotiation [None req-81357a89-9b32-4e01-8958-d0a939387b5d tempest-VolumesGetTest-928282168 tempest-VolumesGetTest-928282168-project-member] new path /v2/schemas/image {{(pid=99260) process_request /opt/stack/glance/glance/api/middleware/version_negotiation.py:70}}
Jun 22 12:56:19.149635 np0000003377 devstack@g-api.service[99260]: [pid: 99260|app: 0|req: 38/108] 127.0.0.1 () {44 vars in 1055 bytes} [Mon Jun 22 12:56:12 2026] GET /v2/schemas/image => generated 6083 bytes in 3 msecs (HTTP/1.1 200) 4 headers in 158 bytes (1 switches on core 0)
Jun 22 12:56:19.151199 np0000003377 devstack@g-api.service[99259]: DEBUG glance.api.middleware.version_negotiation [None req-81357a89-9b32-4e01-8958-d0a939387b5d service glance] Determining version of request: GET /v2/schemas/image Accept: */* {{(pid=99259) process_request /opt/stack/glance/glance/api/middleware/version_negotiation.py:44}}
Jun 22 12:56:19.151199 np0000003377 devstack@g-api.service[99259]: DEBUG glance.api.middleware.version_negotiation [None req-81357a89-9b32-4e01-8958-d0a939387b5d service glance] Using url versioning {{(pid=99259) process_request /opt/stack/glance/glance/api/middleware/version_negotiation.py:57}}
Jun 22 12:56:19.151199 np0000003377 devstack@g-api.service[99259]: DEBUG glance.api.middleware.version_negotiation [None req-81357a89-9b32-4e01-8958-d0a939387b5d service glance] Matched version: v2 {{(pid=99259) process_request /opt/stack/glance/glance/api/middleware/version_negotiation.py:69}}
Jun 22 12:56:19.151199 np0000003377 devstack@g-api.service[99259]: DEBUG glance.api.middleware.version_negotiation [None req-81357a89-9b32-4e01-8958-d0a939387b5d service glance] new path /v2/schemas/image {{(pid=99259) process_request /opt/stack/glance/glance/api/middleware/version_negotiation.py:70}}
Jun 22 12:56:19.151199 np0000003377 devstack@g-api.service[99259]: [pid: 99259|app: 0|req: 37/109] 127.0.0.1 () {44 vars in 1055 bytes} [Mon Jun 22 12:56:12 2026] GET /v2/schemas/image => generated 6083 bytes in 3 msecs (HTTP/1.1 200) 4 headers in 158 bytes (1 switches on core 0)
Jun 22 12:56:21.970794 np0000003377 devstack@g-api.service[99260]: DEBUG dbcounter [-] [99260] Writing DB stats glance:SELECT=25,glance:UPDATE=2,glance:INSERT=1 {{(pid=99260) stat_writer /opt/stack/data/venv/lib/python3.12/site-packages/dbcounter.py:115}}
Jun 22 12:56:22.685162 np0000003377 devstack@g-api.service[99259]: DEBUG dbcounter [-] [99259] Writing DB stats glance:SELECT=16 {{(pid=99259) stat_writer /opt/stack/data/venv/lib/python3.12/site-packages/dbcounter.py:115}}
Jun 22 12:56:22.707259 np0000003377 devstack@g-api.service[99258]: DEBUG dbcounter [-] [99258] Writing DB stats glance:SELECT=4 {{(pid=99258) stat_writer /opt/stack/data/venv/lib/python3.12/site-packages/dbcounter.py:115}}
Jun 22 12:56:25.245375 np0000003377 devstack@g-api.service[99258]: DEBUG glance.api.middleware.version_negotiation [None req-81357a89-9b32-4e01-8958-d0a939387b5d tempest-VolumesGetTest-928282168 tempest-VolumesGetTest-928282168-project-member] Determining version of request: GET /v2/images/7441a81b-dfec-48fb-a896-71f8c9011fbf Accept: */* {{(pid=99258) process_request /opt/stack/glance/glance/api/middleware/version_negotiation.py:44}}
Jun 22 12:56:25.246281 np0000003377 devstack@g-api.service[99258]: DEBUG glance.api.middleware.version_negotiation [None req-81357a89-9b32-4e01-8958-d0a939387b5d tempest-VolumesGetTest-928282168 tempest-VolumesGetTest-928282168-project-member] Using url versioning {{(pid=99258) process_request /opt/stack/glance/glance/api/middleware/version_negotiation.py:57}}
Jun 22 12:56:25.246281 np0000003377 devstack@g-api.service[99258]: DEBUG glance.api.middleware.version_negotiation [None req-81357a89-9b32-4e01-8958-d0a939387b5d tempest-VolumesGetTest-928282168 tempest-VolumesGetTest-928282168-project-member] Matched version: v2 {{(pid=99258) process_request /opt/stack/glance/glance/api/middleware/version_negotiation.py:69}}
Jun 22 12:56:25.246281 np0000003377 devstack@g-api.service[99258]: DEBUG glance.api.middleware.version_negotiation [None req-81357a89-9b32-4e01-8958-d0a939387b5d tempest-VolumesGetTest-928282168 tempest-VolumesGetTest-928282168-project-member] new path /v2/images/7441a81b-dfec-48fb-a896-71f8c9011fbf {{(pid=99258) process_request /opt/stack/glance/glance/api/middleware/version_negotiation.py:70}}
Jun 22 12:56:25.269132 np0000003377 devstack@g-api.service[99258]: [pid: 99258|app: 0|req: 35/110] 127.0.0.1 () {44 vars in 1115 bytes} [Mon Jun 22 12:56:25 2026] GET /v2/images/7441a81b-dfec-48fb-a896-71f8c9011fbf => generated 1044 bytes in 24 msecs (HTTP/1.1 200) 4 headers in 158 bytes (1 switches on core 0)
Jun 22 12:56:25.302519 np0000003377 devstack@g-api.service[99260]: DEBUG glance.api.middleware.version_negotiation [None req-81357a89-9b32-4e01-8958-d0a939387b5d tempest-VolumesGetTest-928282168 tempest-VolumesGetTest-928282168-project-member] Determining version of request: GET /v2/schemas/image Accept: */* {{(pid=99260) process_request /opt/stack/glance/glance/api/middleware/version_negotiation.py:44}}
Jun 22 12:56:25.302519 np0000003377 devstack@g-api.service[99260]: DEBUG glance.api.middleware.version_negotiation [None req-81357a89-9b32-4e01-8958-d0a939387b5d tempest-VolumesGetTest-928282168 tempest-VolumesGetTest-928282168-project-member] Using url versioning {{(pid=99260) process_request /opt/stack/glance/glance/api/middleware/version_negotiation.py:57}}
Jun 22 12:56:25.302519 np0000003377 devstack@g-api.service[99260]: DEBUG glance.api.middleware.version_negotiation [None req-81357a89-9b32-4e01-8958-d0a939387b5d tempest-VolumesGetTest-928282168 tempest-VolumesGetTest-928282168-project-member] Matched version: v2 {{(pid=99260) process_request /opt/stack/glance/glance/api/middleware/version_negotiation.py:69}}
Jun 22 12:56:25.302519 np0000003377 devstack@g-api.service[99260]: DEBUG glance.api.middleware.version_negotiation [None req-81357a89-9b32-4e01-8958-d0a939387b5d tempest-VolumesGetTest-928282168 tempest-VolumesGetTest-928282168-project-member] new path /v2/schemas/image {{(pid=99260) process_request /opt/stack/glance/glance/api/middleware/version_negotiation.py:70}}
Jun 22 12:56:25.309778 np0000003377 devstack@g-api.service[99260]: [pid: 99260|app: 0|req: 39/111] 127.0.0.1 () {44 vars in 1055 bytes} [Mon Jun 22 12:56:25 2026] GET /v2/schemas/image => generated 6083 bytes in 8 msecs (HTTP/1.1 200) 4 headers in 158 bytes (1 switches on core 0)
Jun 22 12:56:35.335644 np0000003377 devstack@g-api.service[99258]: DEBUG dbcounter [-] [99258] Writing DB stats glance:SELECT=2 {{(pid=99258) stat_writer /opt/stack/data/venv/lib/python3.12/site-packages/dbcounter.py:115}}
Jun 22 12:56:42.323812 np0000003377 devstack@g-api.service[99259]: DEBUG glance.api.middleware.version_negotiation [None req-81357a89-9b32-4e01-8958-d0a939387b5d tempest-VolumesGetTest-928282168 tempest-VolumesGetTest-928282168-project-member] Determining version of request: DELETE /v2/images/c403df75-8171-4743-bdcc-b10e2dd7ec17 Accept: application/json {{(pid=99259) process_request /opt/stack/glance/glance/api/middleware/version_negotiation.py:44}}
Jun 22 12:56:42.323812 np0000003377 devstack@g-api.service[99259]: DEBUG glance.api.middleware.version_negotiation [None req-81357a89-9b32-4e01-8958-d0a939387b5d tempest-VolumesGetTest-928282168 tempest-VolumesGetTest-928282168-project-member] Using url versioning {{(pid=99259) process_request /opt/stack/glance/glance/api/middleware/version_negotiation.py:57}}
Jun 22 12:56:42.323812 np0000003377 devstack@g-api.service[99259]: DEBUG glance.api.middleware.version_negotiation [None req-81357a89-9b32-4e01-8958-d0a939387b5d tempest-VolumesGetTest-928282168 tempest-VolumesGetTest-928282168-project-member] Matched version: v2 {{(pid=99259) process_request /opt/stack/glance/glance/api/middleware/version_negotiation.py:69}}
Jun 22 12:56:42.328914 np0000003377 devstack@g-api.service[99259]: DEBUG glance.api.middleware.version_negotiation [None req-81357a89-9b32-4e01-8958-d0a939387b5d tempest-VolumesGetTest-928282168 tempest-VolumesGetTest-928282168-project-member] new path /v2/images/c403df75-8171-4743-bdcc-b10e2dd7ec17 {{(pid=99259) process_request /opt/stack/glance/glance/api/middleware/version_negotiation.py:70}}
Jun 22 12:56:42.328914 np0000003377 devstack@g-api.service[99259]: Mon Jun 22 12:56:42 2026 - SIGPIPE: writing to a closed pipe/socket/fd (probably the client disconnected) on request /v2/images/c403df75-8171-4743-bdcc-b10e2dd7ec17 (ip 127.0.0.1) !!!
Jun 22 12:56:42.422551 np0000003377 devstack@g-api.service[99259]: WARNING glance.api.v2.images [None req-e3418b1f-41f0-494b-a878-6ca468f799fe tempest-AttachSCSIVolumeTestJSON-1402387588 tempest-AttachSCSIVolumeTestJSON-1402387588-project-admin] After upload to backend, deletion of staged image data has failed because it cannot be found at /tmp/staging//c403df75-8171-4743-bdcc-b10e2dd7ec17
Jun 22 12:56:42.423259 np0000003377 devstack@g-api.service[99259]: DEBUG glance_store.backend [None req-e3418b1f-41f0-494b-a878-6ca468f799fe tempest-AttachSCSIVolumeTestJSON-1402387588 tempest-AttachSCSIVolumeTestJSON-1402387588-project-admin] Attempting to import store swift {{(pid=99259) _load_store /opt/stack/data/venv/lib/python3.12/site-packages/glance_store/backend.py:215}}
Jun 22 12:56:42.424873 np0000003377 devstack@g-api.service[99259]: DEBUG glance_store.capabilities [None req-e3418b1f-41f0-494b-a878-6ca468f799fe tempest-AttachSCSIVolumeTestJSON-1402387588 tempest-AttachSCSIVolumeTestJSON-1402387588-project-admin] Store glance_store._drivers.swift.store.SingleTenantStore doesn't support updating dynamic storage capabilities. Please overwrite 'update_capabilities' method of the store to implement updating logics if needed. {{(pid=99259) update_capabilities /opt/stack/data/venv/lib/python3.12/site-packages/glance_store/capabilities.py:91}}
Jun 22 12:56:42.425875 np0000003377 devstack@g-api.service[99259]: DEBUG glance_store.driver [None req-e3418b1f-41f0-494b-a878-6ca468f799fe tempest-AttachSCSIVolumeTestJSON-1402387588 tempest-AttachSCSIVolumeTestJSON-1402387588-project-admin] Late loading location class glance_store._drivers.swift.store.StoreLocation {{(pid=99259) get_store_location_class /opt/stack/data/venv/lib/python3.12/site-packages/glance_store/driver.py:134}}
Jun 22 12:56:42.425875 np0000003377 devstack@g-api.service[99259]: DEBUG glance_store.location [None req-e3418b1f-41f0-494b-a878-6ca468f799fe tempest-AttachSCSIVolumeTestJSON-1402387588 tempest-AttachSCSIVolumeTestJSON-1402387588-project-admin] Registering scheme swift+https with {'store': , 'location_class': , 'store_entry': 'swift'} {{(pid=99259) register_scheme_map /opt/stack/data/venv/lib/python3.12/site-packages/glance_store/location.py:146}}
Jun 22 12:56:42.425875 np0000003377 devstack@g-api.service[99259]: DEBUG glance_store.location [None req-e3418b1f-41f0-494b-a878-6ca468f799fe tempest-AttachSCSIVolumeTestJSON-1402387588 tempest-AttachSCSIVolumeTestJSON-1402387588-project-admin] Registering scheme swift+https with {'store': , 'location_class': , 'store_entry': 'swift'} {{(pid=99259) register_scheme_map /opt/stack/data/venv/lib/python3.12/site-packages/glance_store/location.py:146}}
Jun 22 12:56:42.426753 np0000003377 devstack@g-api.service[99259]: DEBUG glance_store.location [None req-e3418b1f-41f0-494b-a878-6ca468f799fe tempest-AttachSCSIVolumeTestJSON-1402387588 tempest-AttachSCSIVolumeTestJSON-1402387588-project-admin] Registering scheme swift with {'store': , 'location_class': , 'store_entry': 'swift'} {{(pid=99259) register_scheme_map /opt/stack/data/venv/lib/python3.12/site-packages/glance_store/location.py:146}}
Jun 22 12:56:42.426753 np0000003377 devstack@g-api.service[99259]: DEBUG glance_store.location [None req-e3418b1f-41f0-494b-a878-6ca468f799fe tempest-AttachSCSIVolumeTestJSON-1402387588 tempest-AttachSCSIVolumeTestJSON-1402387588-project-admin] Registering scheme swift+https with {'store': , 'location_class': , 'store_entry': 'swift'} {{(pid=99259) register_scheme_map /opt/stack/data/venv/lib/python3.12/site-packages/glance_store/location.py:146}}
Jun 22 12:56:42.426753 np0000003377 devstack@g-api.service[99259]: DEBUG glance_store.location [None req-e3418b1f-41f0-494b-a878-6ca468f799fe tempest-AttachSCSIVolumeTestJSON-1402387588 tempest-AttachSCSIVolumeTestJSON-1402387588-project-admin] Registering scheme swift with {'store': , 'location_class': , 'store_entry': 'swift'} {{(pid=99259) register_scheme_map /opt/stack/data/venv/lib/python3.12/site-packages/glance_store/location.py:146}}
Jun 22 12:56:42.426922 np0000003377 devstack@g-api.service[99259]: DEBUG glance_store.location [None req-e3418b1f-41f0-494b-a878-6ca468f799fe tempest-AttachSCSIVolumeTestJSON-1402387588 tempest-AttachSCSIVolumeTestJSON-1402387588-project-admin] Registering scheme swift+http with {'store': , 'location_class': , 'store_entry': 'swift'} {{(pid=99259) register_scheme_map /opt/stack/data/venv/lib/python3.12/site-packages/glance_store/location.py:146}}
Jun 22 12:56:42.426922 np0000003377 devstack@g-api.service[99259]: DEBUG glance_store.location [None req-e3418b1f-41f0-494b-a878-6ca468f799fe tempest-AttachSCSIVolumeTestJSON-1402387588 tempest-AttachSCSIVolumeTestJSON-1402387588-project-admin] Registering scheme swift+https with {'store': , 'location_class': , 'store_entry': 'swift'} {{(pid=99259) register_scheme_map /opt/stack/data/venv/lib/python3.12/site-packages/glance_store/location.py:146}}
Jun 22 12:56:42.426922 np0000003377 devstack@g-api.service[99259]: DEBUG glance_store.location [None req-e3418b1f-41f0-494b-a878-6ca468f799fe tempest-AttachSCSIVolumeTestJSON-1402387588 tempest-AttachSCSIVolumeTestJSON-1402387588-project-admin] Registering scheme swift with {'store': , 'location_class': , 'store_entry': 'swift'} {{(pid=99259) register_scheme_map /opt/stack/data/venv/lib/python3.12/site-packages/glance_store/location.py:146}}
Jun 22 12:56:42.427047 np0000003377 devstack@g-api.service[99259]: DEBUG glance_store.location [None req-e3418b1f-41f0-494b-a878-6ca468f799fe tempest-AttachSCSIVolumeTestJSON-1402387588 tempest-AttachSCSIVolumeTestJSON-1402387588-project-admin] Registering scheme swift+http with {'store': , 'location_class': , 'store_entry': 'swift'} {{(pid=99259) register_scheme_map /opt/stack/data/venv/lib/python3.12/site-packages/glance_store/location.py:146}}
Jun 22 12:56:42.427047 np0000003377 devstack@g-api.service[99259]: DEBUG glance_store.location [None req-e3418b1f-41f0-494b-a878-6ca468f799fe tempest-AttachSCSIVolumeTestJSON-1402387588 tempest-AttachSCSIVolumeTestJSON-1402387588-project-admin] Registering scheme swift+config with {'store': , 'location_class': , 'store_entry': 'swift'} {{(pid=99259) register_scheme_map /opt/stack/data/venv/lib/python3.12/site-packages/glance_store/location.py:146}}
Jun 22 12:56:42.427047 np0000003377 devstack@g-api.service[99259]: DEBUG keystoneclient.auth.identity.v3.base [None req-e3418b1f-41f0-494b-a878-6ca468f799fe tempest-AttachSCSIVolumeTestJSON-1402387588 tempest-AttachSCSIVolumeTestJSON-1402387588-project-admin] Making authentication request to https://10.4.3.109/identity/v3/auth/tokens {{(pid=99259) get_auth_ref /opt/stack/data/venv/lib/python3.12/site-packages/keystoneclient/auth/identity/v3/base.py:185}}
Jun 22 12:56:42.653429 np0000003377 devstack@g-api.service[99259]: DEBUG keystoneclient.auth.identity.v3.base [None req-e3418b1f-41f0-494b-a878-6ca468f799fe tempest-AttachSCSIVolumeTestJSON-1402387588 tempest-AttachSCSIVolumeTestJSON-1402387588-project-admin] {"token": {"methods": ["password"], "user": {"domain": {"id": "default", "name": "Default"}, "id": "494f9250e9444e518d4f4afaa9d91eba", "name": "glance-swift", "password_expires_at": null}, "audit_ids": ["f5yXfvBkTuOvCjYpruyOSA"], "expires_at": "2026-06-22T13:56:42.000000Z", "issued_at": "2026-06-22T12:56:42.000000Z", "project": {"domain": {"id": "default", "name": "Default"}, "id": "9d069344fd6748c4a8f5c39453d293f4", "name": "service"}, "is_domain": false, "roles": [{"id": "781f3900496a4c7a8affd4e5e6ba0328", "name": "ResellerAdmin"}, {"id": "10a07e5d9ae745aba491813f0f2a51b6", "name": "service"}], "catalog": [{"endpoints": [{"id": "739d187abc344091ba9a620dc736de8e", "interface": "public", "region_id": "RegionOne", "url": "https://10.4.3.109/compute/v2/9d069344fd6748c4a8f5c39453d293f4", "region": "RegionOne"}], "id": "06060b5f6e694732ac034cbe19a49a1b", "type": "compute_legacy", "name": "nova_legacy"}, {"endpoints": [{"id": "251f493857a9487aab931f81c90147db", "interface": "admin", "region_id": "RegionOne", "url": "https://10.4.3.109:8080", "region": "RegionOne"}, {"id": "b5fb463d5fe9463b94cec29397895be5", "interface": "public", "region_id": "RegionOne", "url": "https://10.4.3.109:8080/v1/AUTH_9d069344fd6748c4a8f5c39453d293f4", "region": "RegionOne"}], "id": "1ddd07c73b6b489084d64d4f564e819b", "type": "object-store", "name": "swift"}, {"endpoints": [{"id": "e0e9b2097a4f41cc82c1081ff1e38ff8", "interface": "public", "region_id": "RegionOne", "url": "https://10.4.3.109/volume/v3", "region": "RegionOne"}], "id": "312ae944e87a45059a9d52c6449d6393", "type": "block-storage", "name": "cinder"}, {"endpoints": [{"id": "66c5209c8f3048deb107ecf60a5a7e52", "interface": "public", "region_id": "RegionOne", "url": "https://10.4.3.109/compute/v2.1", "region": "RegionOne"}], "id": "4cc6901627fb41b997c3f66d5fb9296d", "type": "compute", "name": "nova"}, {"endpoints": [{"id": "80b4eea0ca89429c99fb54c72c27097c", "interface": "public", "region_id": "RegionOne", "url": "https://10.4.3.109/networking", "region": "RegionOne"}], "id": "60f84008e1a14233aca6cf6b99ab3519", "type": "network", "name": "neutron"}, {"endpoints": [{"id": "f81f298511e0463da6bdb1e49e22154c", "interface": "public", "region_id": "RegionOne", "url": "https://10.4.3.109/image", "region": "RegionOne"}], "id": "92da432530d64f62ab8dcff40924cf27", "type": "image", "name": "glance"}, {"endpoints": [{"id": "bd4aecfd59d6435ab3de921c0e5e1a7c", "interface": "public", "region_id": "RegionOne", "url": "https://10.4.3.109/placement", "region": "RegionOne"}], "id": "9a865f4763aa4fdba986964c1540ae16", "type": "placement", "name": "placement"}, {"endpoints": [{"id": "c0b6c750fb474a2994eb7d9bae05bb79", "interface": "public", "region_id": "RegionOne", "url": "https://10.4.3.109/identity", "region": "RegionOne"}], "id": "f860eeb22f574e18a2de21309187da44", "type": "identity", "name": "keystone"}]}} {{(pid=99259) get_auth_ref /opt/stack/data/venv/lib/python3.12/site-packages/keystoneclient/auth/identity/v3/base.py:190}}
Jun 22 12:56:42.658515 np0000003377 devstack@g-api.service[99259]: DEBUG keystoneclient.httpclient [None req-e3418b1f-41f0-494b-a878-6ca468f799fe tempest-AttachSCSIVolumeTestJSON-1402387588 tempest-AttachSCSIVolumeTestJSON-1402387588-project-admin] Failed to find endpoint for management url admin endpoint for identity service not found {{(pid=99259) _process_management_url /opt/stack/data/venv/lib/python3.12/site-packages/keystoneclient/httpclient.py:670}}
Jun 22 12:56:42.710395 np0000003377 devstack@g-api.service[99258]: DEBUG glance.api.middleware.version_negotiation [None req-8eeb1467-6ebf-4263-89c0-1f99b400c33e tempest-ServerBootFromVolumeStableRescueTest-2013187072 tempest-ServerBootFromVolumeStableRescueTest-2013187072-project-member] Determining version of request: GET /v2/images/7441a81b-dfec-48fb-a896-71f8c9011fbf Accept: */* {{(pid=99258) process_request /opt/stack/glance/glance/api/middleware/version_negotiation.py:44}}
Jun 22 12:56:42.710865 np0000003377 devstack@g-api.service[99258]: DEBUG glance.api.middleware.version_negotiation [None req-8eeb1467-6ebf-4263-89c0-1f99b400c33e tempest-ServerBootFromVolumeStableRescueTest-2013187072 tempest-ServerBootFromVolumeStableRescueTest-2013187072-project-member] Using url versioning {{(pid=99258) process_request /opt/stack/glance/glance/api/middleware/version_negotiation.py:57}}
Jun 22 12:56:42.710865 np0000003377 devstack@g-api.service[99258]: DEBUG glance.api.middleware.version_negotiation [None req-8eeb1467-6ebf-4263-89c0-1f99b400c33e tempest-ServerBootFromVolumeStableRescueTest-2013187072 tempest-ServerBootFromVolumeStableRescueTest-2013187072-project-member] Matched version: v2 {{(pid=99258) process_request /opt/stack/glance/glance/api/middleware/version_negotiation.py:69}}
Jun 22 12:56:42.710992 np0000003377 devstack@g-api.service[99258]: DEBUG glance.api.middleware.version_negotiation [None req-8eeb1467-6ebf-4263-89c0-1f99b400c33e tempest-ServerBootFromVolumeStableRescueTest-2013187072 tempest-ServerBootFromVolumeStableRescueTest-2013187072-project-member] new path /v2/images/7441a81b-dfec-48fb-a896-71f8c9011fbf {{(pid=99258) process_request /opt/stack/glance/glance/api/middleware/version_negotiation.py:70}}
Jun 22 12:56:42.718745 np0000003377 devstack@g-api.service[99258]: Mon Jun 22 12:56:42 2026 - SIGPIPE: writing to a closed pipe/socket/fd (probably the client disconnected) on request /v2/images/7441a81b-dfec-48fb-a896-71f8c9011fbf (ip 127.0.0.1) !!!
Jun 22 12:56:42.780698 np0000003377 devstack@g-api.service[99258]: [pid: 99258|app: 0|req: 36/112] 127.0.0.1 () {44 vars in 1115 bytes} [Mon Jun 22 12:56:42 2026] GET /v2/images/7441a81b-dfec-48fb-a896-71f8c9011fbf => generated 1044 bytes in 71 msecs (HTTP/1.1 200) 4 headers in 158 bytes (1 switches on core 0)
Jun 22 12:56:42.839638 np0000003377 devstack@g-api.service[99260]: DEBUG glance.api.middleware.version_negotiation [None req-8eeb1467-6ebf-4263-89c0-1f99b400c33e tempest-ServerBootFromVolumeStableRescueTest-2013187072 tempest-ServerBootFromVolumeStableRescueTest-2013187072-project-member] Determining version of request: GET /v2/schemas/image Accept: */* {{(pid=99260) process_request /opt/stack/glance/glance/api/middleware/version_negotiation.py:44}}
Jun 22 12:56:42.839638 np0000003377 devstack@g-api.service[99260]: DEBUG glance.api.middleware.version_negotiation [None req-8eeb1467-6ebf-4263-89c0-1f99b400c33e tempest-ServerBootFromVolumeStableRescueTest-2013187072 tempest-ServerBootFromVolumeStableRescueTest-2013187072-project-member] Using url versioning {{(pid=99260) process_request /opt/stack/glance/glance/api/middleware/version_negotiation.py:57}}
Jun 22 12:56:42.840336 np0000003377 devstack@g-api.service[99260]: DEBUG glance.api.middleware.version_negotiation [None req-8eeb1467-6ebf-4263-89c0-1f99b400c33e tempest-ServerBootFromVolumeStableRescueTest-2013187072 tempest-ServerBootFromVolumeStableRescueTest-2013187072-project-member] Matched version: v2 {{(pid=99260) process_request /opt/stack/glance/glance/api/middleware/version_negotiation.py:69}}
Jun 22 12:56:42.842370 np0000003377 devstack@g-api.service[99260]: DEBUG glance.api.middleware.version_negotiation [None req-8eeb1467-6ebf-4263-89c0-1f99b400c33e tempest-ServerBootFromVolumeStableRescueTest-2013187072 tempest-ServerBootFromVolumeStableRescueTest-2013187072-project-member] new path /v2/schemas/image {{(pid=99260) process_request /opt/stack/glance/glance/api/middleware/version_negotiation.py:70}}
Jun 22 12:56:42.847647 np0000003377 devstack@g-api.service[99260]: [pid: 99260|app: 0|req: 40/113] 127.0.0.1 () {44 vars in 1055 bytes} [Mon Jun 22 12:56:42 2026] GET /v2/schemas/image => generated 6083 bytes in 11 msecs (HTTP/1.1 200) 4 headers in 158 bytes (1 switches on core 0)
Jun 22 12:56:43.028529 np0000003377 devstack@g-api.service[99259]: DEBUG swiftclient [None req-e3418b1f-41f0-494b-a878-6ca468f799fe tempest-AttachSCSIVolumeTestJSON-1402387588 tempest-AttachSCSIVolumeTestJSON-1402387588-project-admin] REQ: curl -i https://10.4.3.109:8080/v1/AUTH_9d069344fd6748c4a8f5c39453d293f4/glance/c403df75-8171-4743-bdcc-b10e2dd7ec17 -I -H "X-Auth-Token: gAAAAABqOTEKz1Yq..." {{(pid=99259) http_log /opt/stack/data/venv/lib/python3.12/site-packages/swiftclient/client.py:160}}
Jun 22 12:56:43.029196 np0000003377 devstack@g-api.service[99259]: DEBUG swiftclient [None req-e3418b1f-41f0-494b-a878-6ca468f799fe tempest-AttachSCSIVolumeTestJSON-1402387588 tempest-AttachSCSIVolumeTestJSON-1402387588-project-admin] RESP STATUS: 200 OK {{(pid=99259) http_log /opt/stack/data/venv/lib/python3.12/site-packages/swiftclient/client.py:161}}
Jun 22 12:56:43.029196 np0000003377 devstack@g-api.service[99259]: DEBUG swiftclient [None req-e3418b1f-41f0-494b-a878-6ca468f799fe tempest-AttachSCSIVolumeTestJSON-1402387588 tempest-AttachSCSIVolumeTestJSON-1402387588-project-admin] RESP HEADERS: {'Date': 'Mon, 22 Jun 2026 12:56:43 GMT', 'Server': 'Apache/2.4.58 (Ubuntu)', 'Content-Type': 'application/octet-stream', 'Content-Length': '21692416', 'X-Object-Manifest': 'glance/c403df75-8171-4743-bdcc-b10e2dd7ec17-', 'Last-Modified': 'Mon, 22 Jun 2026 12:55:20 GMT', 'X-Timestamp': '1782132919.98060', 'Accept-Ranges': 'bytes', 'Etag': '"737c2a37dd3f91e374c48cad70137398"', 'X-Trans-Id': 'txced23f94308947f7acdd6-006a39310a', 'X-Openstack-Request-Id': 'txced23f94308947f7acdd6-006a39310a', 'Connection': 'close'} {{(pid=99259) http_log /opt/stack/data/venv/lib/python3.12/site-packages/swiftclient/client.py:162}}
Jun 22 12:56:43.055970 np0000003377 devstack@g-api.service[99259]: DEBUG swiftclient [None req-e3418b1f-41f0-494b-a878-6ca468f799fe tempest-AttachSCSIVolumeTestJSON-1402387588 tempest-AttachSCSIVolumeTestJSON-1402387588-project-admin] REQ: curl -i https://10.4.3.109:8080/v1/AUTH_9d069344fd6748c4a8f5c39453d293f4/glance?format=json&prefix=c403df75-8171-4743-bdcc-b10e2dd7ec17- -X GET -H "X-Auth-Token: gAAAAABqOTEKz1Yq..." -H "Accept-Encoding: gzip" {{(pid=99259) http_log /opt/stack/data/venv/lib/python3.12/site-packages/swiftclient/client.py:160}}
Jun 22 12:56:43.056082 np0000003377 devstack@g-api.service[99259]: DEBUG swiftclient [None req-e3418b1f-41f0-494b-a878-6ca468f799fe tempest-AttachSCSIVolumeTestJSON-1402387588 tempest-AttachSCSIVolumeTestJSON-1402387588-project-admin] RESP STATUS: 200 OK {{(pid=99259) http_log /opt/stack/data/venv/lib/python3.12/site-packages/swiftclient/client.py:161}}
Jun 22 12:56:43.056298 np0000003377 devstack@g-api.service[99259]: DEBUG swiftclient [None req-e3418b1f-41f0-494b-a878-6ca468f799fe tempest-AttachSCSIVolumeTestJSON-1402387588 tempest-AttachSCSIVolumeTestJSON-1402387588-project-admin] RESP HEADERS: {'Date': 'Mon, 22 Jun 2026 12:56:43 GMT', 'Server': 'Apache/2.4.58 (Ubuntu)', 'Content-Type': 'application/json; charset=utf-8', 'Content-Length': '210', 'X-Container-Object-Count': '6', 'X-Container-Bytes-Used': '86049792', 'X-Timestamp': '1782132781.22028', 'Last-Modified': 'Mon, 22 Jun 2026 12:53:02 GMT', 'Accept-Ranges': 'bytes', 'X-Storage-Policy': 'Policy-0', 'X-Container-Sharding': 'False', 'X-Trans-Id': 'txa417b22991f442ada22e1-006a39310b', 'X-Openstack-Request-Id': 'txa417b22991f442ada22e1-006a39310b', 'Connection': 'close'} {{(pid=99259) http_log /opt/stack/data/venv/lib/python3.12/site-packages/swiftclient/client.py:162}}
Jun 22 12:56:43.056824 np0000003377 devstack@g-api.service[99259]: DEBUG swiftclient [None req-e3418b1f-41f0-494b-a878-6ca468f799fe tempest-AttachSCSIVolumeTestJSON-1402387588 tempest-AttachSCSIVolumeTestJSON-1402387588-project-admin] RESP BODY: b'[{"bytes": 21692416, "hash": "87617e24a5e30cb3b87fda8c0764838f", "name": "c403df75-8171-4743-bdcc-b10e2dd7ec17-00001", "content_type": "application/octet-stream", "last_modified": "2026-06-22T12:55:19.677300"}]' {{(pid=99259) http_log /opt/stack/data/venv/lib/python3.12/site-packages/swiftclient/client.py:166}}
Jun 22 12:56:43.088110 np0000003377 devstack@g-api.service[99259]: DEBUG swiftclient [None req-e3418b1f-41f0-494b-a878-6ca468f799fe tempest-AttachSCSIVolumeTestJSON-1402387588 tempest-AttachSCSIVolumeTestJSON-1402387588-project-admin] REQ: curl -i https://10.4.3.109:8080/v1/AUTH_9d069344fd6748c4a8f5c39453d293f4/glance/c403df75-8171-4743-bdcc-b10e2dd7ec17-00001 DELETE -H "X-Auth-Token: gAAAAABqOTEKz1Yq..." {{(pid=99259) http_log /opt/stack/data/venv/lib/python3.12/site-packages/swiftclient/client.py:160}}
Jun 22 12:56:43.088110 np0000003377 devstack@g-api.service[99259]: DEBUG swiftclient [None req-e3418b1f-41f0-494b-a878-6ca468f799fe tempest-AttachSCSIVolumeTestJSON-1402387588 tempest-AttachSCSIVolumeTestJSON-1402387588-project-admin] RESP STATUS: 204 No Content {{(pid=99259) http_log /opt/stack/data/venv/lib/python3.12/site-packages/swiftclient/client.py:161}}
Jun 22 12:56:43.088110 np0000003377 devstack@g-api.service[99259]: DEBUG swiftclient [None req-e3418b1f-41f0-494b-a878-6ca468f799fe tempest-AttachSCSIVolumeTestJSON-1402387588 tempest-AttachSCSIVolumeTestJSON-1402387588-project-admin] RESP HEADERS: {'Date': 'Mon, 22 Jun 2026 12:56:43 GMT', 'Server': 'Apache/2.4.58 (Ubuntu)', 'Content-Type': 'text/html; charset=UTF-8', 'X-Trans-Id': 'tx3081484c00804a7bb6f71-006a39310b', 'X-Openstack-Request-Id': 'tx3081484c00804a7bb6f71-006a39310b', 'Connection': 'close'} {{(pid=99259) http_log /opt/stack/data/venv/lib/python3.12/site-packages/swiftclient/client.py:162}}
Jun 22 12:56:43.114532 np0000003377 devstack@g-api.service[99259]: DEBUG swiftclient [None req-e3418b1f-41f0-494b-a878-6ca468f799fe tempest-AttachSCSIVolumeTestJSON-1402387588 tempest-AttachSCSIVolumeTestJSON-1402387588-project-admin] REQ: curl -i https://10.4.3.109:8080/v1/AUTH_9d069344fd6748c4a8f5c39453d293f4/glance/c403df75-8171-4743-bdcc-b10e2dd7ec17 DELETE -H "X-Auth-Token: gAAAAABqOTEKz1Yq..." {{(pid=99259) http_log /opt/stack/data/venv/lib/python3.12/site-packages/swiftclient/client.py:160}}
Jun 22 12:56:43.114646 np0000003377 devstack@g-api.service[99259]: DEBUG swiftclient [None req-e3418b1f-41f0-494b-a878-6ca468f799fe tempest-AttachSCSIVolumeTestJSON-1402387588 tempest-AttachSCSIVolumeTestJSON-1402387588-project-admin] RESP STATUS: 204 No Content {{(pid=99259) http_log /opt/stack/data/venv/lib/python3.12/site-packages/swiftclient/client.py:161}}
Jun 22 12:56:43.114790 np0000003377 devstack@g-api.service[99259]: DEBUG swiftclient [None req-e3418b1f-41f0-494b-a878-6ca468f799fe tempest-AttachSCSIVolumeTestJSON-1402387588 tempest-AttachSCSIVolumeTestJSON-1402387588-project-admin] RESP HEADERS: {'Date': 'Mon, 22 Jun 2026 12:56:43 GMT', 'Server': 'Apache/2.4.58 (Ubuntu)', 'Content-Type': 'text/html; charset=UTF-8', 'X-Trans-Id': 'tx955738fd98f2457db4e88-006a39310b', 'X-Openstack-Request-Id': 'tx955738fd98f2457db4e88-006a39310b', 'Connection': 'close'} {{(pid=99259) http_log /opt/stack/data/venv/lib/python3.12/site-packages/swiftclient/client.py:162}}
Jun 22 12:56:43.195736 np0000003377 devstack@g-api.service[99259]: DEBUG glance.api.middleware.cache [None req-e3418b1f-41f0-494b-a878-6ca468f799fe tempest-AttachSCSIVolumeTestJSON-1402387588 tempest-AttachSCSIVolumeTestJSON-1402387588-project-admin] Removing image c403df75-8171-4743-bdcc-b10e2dd7ec17 from cache {{(pid=99259) _process_DELETE_response /opt/stack/glance/glance/api/middleware/cache.py:264}}
