Jul 19 13:11:19.857544 np0000005420 devstack@g-api.service[99800]: DEBUG glance.api.middleware.version_negotiation [None req-96a38688-e6c4-4b54-8137-213d4cd8af90 tempest-ServerBootFromVolumeStableRescueTest-1206716271 tempest-ServerBootFromVolumeStableRescueTest-1206716271-project-member] Using url versioning {{(pid=99800) process_request /opt/stack/glance/glance/api/middleware/version_negotiation.py:57}}
Jul 19 13:11:19.857786 np0000005420 devstack@g-api.service[99800]: DEBUG glance.api.middleware.version_negotiation [None req-96a38688-e6c4-4b54-8137-213d4cd8af90 tempest-ServerBootFromVolumeStableRescueTest-1206716271 tempest-ServerBootFromVolumeStableRescueTest-1206716271-project-member] Matched version: v2 {{(pid=99800) process_request /opt/stack/glance/glance/api/middleware/version_negotiation.py:69}}
Jul 19 13:11:19.857939 np0000005420 devstack@g-api.service[99800]: DEBUG glance.api.middleware.version_negotiation [None req-96a38688-e6c4-4b54-8137-213d4cd8af90 tempest-ServerBootFromVolumeStableRescueTest-1206716271 tempest-ServerBootFromVolumeStableRescueTest-1206716271-project-member] new path /v2/images/78027c89-559b-4b51-b0bb-4db543d93daf {{(pid=99800) process_request /opt/stack/glance/glance/api/middleware/version_negotiation.py:70}}
Jul 19 13:11:19.883943 np0000005420 devstack@g-api.service[99800]: [pid: 99800|app: 0|req: 105/307] 127.0.0.1 () {44 vars in 1111 bytes} [Sun Jul 19 13:11:19 2026] GET /v2/images/78027c89-559b-4b51-b0bb-4db543d93daf => generated 1695 bytes in 26 msecs (HTTP/1.1 200) 4 headers in 158 bytes (1 switches on core 0)
Jul 19 13:11:19.913338 np0000005420 devstack@g-api.service[99801]: DEBUG glance.api.middleware.version_negotiation [None req-96a38688-e6c4-4b54-8137-213d4cd8af90 tempest-ServerBootFromVolumeStableRescueTest-1206716271 tempest-ServerBootFromVolumeStableRescueTest-1206716271-project-member] Determining version of request: GET /v2/images/b192f208-bd1e-43a6-b49b-3b0f0ac6109f Accept: application/json {{(pid=99801) process_request /opt/stack/glance/glance/api/middleware/version_negotiation.py:44}}
Jul 19 13:11:19.913532 np0000005420 devstack@g-api.service[99801]: DEBUG glance.api.middleware.version_negotiation [None req-96a38688-e6c4-4b54-8137-213d4cd8af90 tempest-ServerBootFromVolumeStableRescueTest-1206716271 tempest-ServerBootFromVolumeStableRescueTest-1206716271-project-member] Using url versioning {{(pid=99801) process_request /opt/stack/glance/glance/api/middleware/version_negotiation.py:57}}
Jul 19 13:11:19.913723 np0000005420 devstack@g-api.service[99801]: DEBUG glance.api.middleware.version_negotiation [None req-96a38688-e6c4-4b54-8137-213d4cd8af90 tempest-ServerBootFromVolumeStableRescueTest-1206716271 tempest-ServerBootFromVolumeStableRescueTest-1206716271-project-member] Matched version: v2 {{(pid=99801) process_request /opt/stack/glance/glance/api/middleware/version_negotiation.py:69}}
Jul 19 13:11:19.913723 np0000005420 devstack@g-api.service[99801]: DEBUG glance.api.middleware.version_negotiation [None req-96a38688-e6c4-4b54-8137-213d4cd8af90 tempest-ServerBootFromVolumeStableRescueTest-1206716271 tempest-ServerBootFromVolumeStableRescueTest-1206716271-project-member] new path /v2/images/b192f208-bd1e-43a6-b49b-3b0f0ac6109f {{(pid=99801) process_request /opt/stack/glance/glance/api/middleware/version_negotiation.py:70}}
Jul 19 13:11:19.920219 np0000005420 devstack@g-api.service[99800]: DEBUG glance.api.middleware.version_negotiation [None req-96a38688-e6c4-4b54-8137-213d4cd8af90 tempest-ServerBootFromVolumeStableRescueTest-1206716271 tempest-ServerBootFromVolumeStableRescueTest-1206716271-project-member] Determining version of request: GET /v2/schemas/image Accept: */* {{(pid=99800) process_request /opt/stack/glance/glance/api/middleware/version_negotiation.py:44}}
Jul 19 13:11:19.920676 np0000005420 devstack@g-api.service[99800]: DEBUG glance.api.middleware.version_negotiation [None req-96a38688-e6c4-4b54-8137-213d4cd8af90 tempest-ServerBootFromVolumeStableRescueTest-1206716271 tempest-ServerBootFromVolumeStableRescueTest-1206716271-project-member] Using url versioning {{(pid=99800) process_request /opt/stack/glance/glance/api/middleware/version_negotiation.py:57}}
Jul 19 13:11:19.920826 np0000005420 devstack@g-api.service[99800]: DEBUG glance.api.middleware.version_negotiation [None req-96a38688-e6c4-4b54-8137-213d4cd8af90 tempest-ServerBootFromVolumeStableRescueTest-1206716271 tempest-ServerBootFromVolumeStableRescueTest-1206716271-project-member] Matched version: v2 {{(pid=99800) process_request /opt/stack/glance/glance/api/middleware/version_negotiation.py:69}}
Jul 19 13:11:19.922235 np0000005420 devstack@g-api.service[99800]: DEBUG glance.api.middleware.version_negotiation [None req-96a38688-e6c4-4b54-8137-213d4cd8af90 tempest-ServerBootFromVolumeStableRescueTest-1206716271 tempest-ServerBootFromVolumeStableRescueTest-1206716271-project-member] new path /v2/schemas/image {{(pid=99800) process_request /opt/stack/glance/glance/api/middleware/version_negotiation.py:70}}
Jul 19 13:11:19.925732 np0000005420 devstack@g-api.service[99801]: [pid: 99801|app: 0|req: 108/308] 127.0.0.1 () {40 vars in 834 bytes} [Sun Jul 19 13:11:19 2026] GET /v2/images/b192f208-bd1e-43a6-b49b-3b0f0ac6109f => generated 650 bytes in 12 msecs (HTTP/1.1 200) 4 headers in 157 bytes (1 switches on core 0)
Jul 19 13:11:19.927232 np0000005420 devstack@g-api.service[99800]: [pid: 99800|app: 0|req: 106/309] 127.0.0.1 () {44 vars in 1051 bytes} [Sun Jul 19 13:11:19 2026] GET /v2/schemas/image => generated 6083 bytes in 8 msecs (HTTP/1.1 200) 4 headers in 158 bytes (1 switches on core 0)
Jul 19 13:11:20.397411 np0000005420 devstack@g-api.service[99802]: DEBUG glance.location [None req-16048582-3149-42c1-a834-3a22f4c89569 tempest-VolumesActionsTest-611882984 tempest-VolumesActionsTest-611882984-project-member] Enabling in-flight format inspection for raw {{(pid=99802) set_data /opt/stack/glance/glance/location.py:596}}
Jul 19 13:11:20.397830 np0000005420 devstack@g-api.service[99802]: DEBUG glance_store.backend [None req-16048582-3149-42c1-a834-3a22f4c89569 tempest-VolumesActionsTest-611882984 tempest-VolumesActionsTest-611882984-project-member] Attempting to import store swift {{(pid=99802) _load_store /opt/stack/data/venv/lib/python3.12/site-packages/glance_store/backend.py:215}}
Jul 19 13:11:20.399405 np0000005420 devstack@g-api.service[99802]: DEBUG glance_store.capabilities [None req-16048582-3149-42c1-a834-3a22f4c89569 tempest-VolumesActionsTest-611882984 tempest-VolumesActionsTest-611882984-project-member] Store glance_store._drivers.swift.store.SingleTenantStore doesn't support updating dynamic storage capabilities. Please overwrite 'update_capabilities' method of the store to implement updating logics if needed. {{(pid=99802) update_capabilities /opt/stack/data/venv/lib/python3.12/site-packages/glance_store/capabilities.py:91}}
Jul 19 13:11:20.399559 np0000005420 devstack@g-api.service[99802]: DEBUG glance_store.driver [None req-16048582-3149-42c1-a834-3a22f4c89569 tempest-VolumesActionsTest-611882984 tempest-VolumesActionsTest-611882984-project-member] Late loading location class glance_store._drivers.swift.store.StoreLocation {{(pid=99802) get_store_location_class /opt/stack/data/venv/lib/python3.12/site-packages/glance_store/driver.py:134}}
Jul 19 13:11:20.399650 np0000005420 devstack@g-api.service[99802]: DEBUG glance_store.location [None req-16048582-3149-42c1-a834-3a22f4c89569 tempest-VolumesActionsTest-611882984 tempest-VolumesActionsTest-611882984-project-member] Registering scheme swift+https with {'store': , 'location_class': , 'store_entry': 'swift'} {{(pid=99802) register_scheme_map /opt/stack/data/venv/lib/python3.12/site-packages/glance_store/location.py:146}}
Jul 19 13:11:20.399724 np0000005420 devstack@g-api.service[99802]: DEBUG glance_store.location [None req-16048582-3149-42c1-a834-3a22f4c89569 tempest-VolumesActionsTest-611882984 tempest-VolumesActionsTest-611882984-project-member] Registering scheme swift+https with {'store': , 'location_class': , 'store_entry': 'swift'} {{(pid=99802) register_scheme_map /opt/stack/data/venv/lib/python3.12/site-packages/glance_store/location.py:146}}
Jul 19 13:11:20.399799 np0000005420 devstack@g-api.service[99802]: DEBUG glance_store.location [None req-16048582-3149-42c1-a834-3a22f4c89569 tempest-VolumesActionsTest-611882984 tempest-VolumesActionsTest-611882984-project-member] Registering scheme swift with {'store': , 'location_class': , 'store_entry': 'swift'} {{(pid=99802) register_scheme_map /opt/stack/data/venv/lib/python3.12/site-packages/glance_store/location.py:146}}
Jul 19 13:11:20.399885 np0000005420 devstack@g-api.service[99802]: DEBUG glance_store.location [None req-16048582-3149-42c1-a834-3a22f4c89569 tempest-VolumesActionsTest-611882984 tempest-VolumesActionsTest-611882984-project-member] Registering scheme swift+https with {'store': , 'location_class': , 'store_entry': 'swift'} {{(pid=99802) register_scheme_map /opt/stack/data/venv/lib/python3.12/site-packages/glance_store/location.py:146}}
Jul 19 13:11:20.400015 np0000005420 devstack@g-api.service[99802]: DEBUG glance_store.location [None req-16048582-3149-42c1-a834-3a22f4c89569 tempest-VolumesActionsTest-611882984 tempest-VolumesActionsTest-611882984-project-member] Registering scheme swift with {'store': , 'location_class': , 'store_entry': 'swift'} {{(pid=99802) register_scheme_map /opt/stack/data/venv/lib/python3.12/site-packages/glance_store/location.py:146}}
Jul 19 13:11:20.400084 np0000005420 devstack@g-api.service[99802]: DEBUG glance_store.location [None req-16048582-3149-42c1-a834-3a22f4c89569 tempest-VolumesActionsTest-611882984 tempest-VolumesActionsTest-611882984-project-member] Registering scheme swift+http with {'store': , 'location_class': , 'store_entry': 'swift'} {{(pid=99802) register_scheme_map /opt/stack/data/venv/lib/python3.12/site-packages/glance_store/location.py:146}}
Jul 19 13:11:20.400171 np0000005420 devstack@g-api.service[99802]: DEBUG glance_store.location [None req-16048582-3149-42c1-a834-3a22f4c89569 tempest-VolumesActionsTest-611882984 tempest-VolumesActionsTest-611882984-project-member] Registering scheme swift+https with {'store': , 'location_class': , 'store_entry': 'swift'} {{(pid=99802) register_scheme_map /opt/stack/data/venv/lib/python3.12/site-packages/glance_store/location.py:146}}
Jul 19 13:11:20.400285 np0000005420 devstack@g-api.service[99802]: DEBUG glance_store.location [None req-16048582-3149-42c1-a834-3a22f4c89569 tempest-VolumesActionsTest-611882984 tempest-VolumesActionsTest-611882984-project-member] Registering scheme swift with {'store': , 'location_class': , 'store_entry': 'swift'} {{(pid=99802) register_scheme_map /opt/stack/data/venv/lib/python3.12/site-packages/glance_store/location.py:146}}
Jul 19 13:11:20.400344 np0000005420 devstack@g-api.service[99802]: DEBUG glance_store.location [None req-16048582-3149-42c1-a834-3a22f4c89569 tempest-VolumesActionsTest-611882984 tempest-VolumesActionsTest-611882984-project-member] Registering scheme swift+http with {'store': , 'location_class': , 'store_entry': 'swift'} {{(pid=99802) register_scheme_map /opt/stack/data/venv/lib/python3.12/site-packages/glance_store/location.py:146}}
Jul 19 13:11:20.400413 np0000005420 devstack@g-api.service[99802]: DEBUG glance_store.location [None req-16048582-3149-42c1-a834-3a22f4c89569 tempest-VolumesActionsTest-611882984 tempest-VolumesActionsTest-611882984-project-member] Registering scheme swift+config with {'store': , 'location_class': , 'store_entry': 'swift'} {{(pid=99802) register_scheme_map /opt/stack/data/venv/lib/python3.12/site-packages/glance_store/location.py:146}}
Jul 19 13:11:20.535584 np0000005420 devstack@g-api.service[99802]: DEBUG swiftclient [None req-16048582-3149-42c1-a834-3a22f4c89569 tempest-VolumesActionsTest-611882984 tempest-VolumesActionsTest-611882984-project-member] REQ: curl -i https://10.4.3.12:8080/v1/AUTH_d359cca12b304cedb2954d0da9eb487f/glance -I -H "X-Auth-Token: gAAAAABqXMz47joV..." {{(pid=99802) http_log /opt/stack/data/venv/lib/python3.12/site-packages/swiftclient/client.py:160}}
Jul 19 13:11:20.536035 np0000005420 devstack@g-api.service[99802]: DEBUG swiftclient [None req-16048582-3149-42c1-a834-3a22f4c89569 tempest-VolumesActionsTest-611882984 tempest-VolumesActionsTest-611882984-project-member] RESP STATUS: 204 No Content {{(pid=99802) http_log /opt/stack/data/venv/lib/python3.12/site-packages/swiftclient/client.py:161}}
Jul 19 13:11:20.536360 np0000005420 devstack@g-api.service[99802]: DEBUG swiftclient [None req-16048582-3149-42c1-a834-3a22f4c89569 tempest-VolumesActionsTest-611882984 tempest-VolumesActionsTest-611882984-project-member] RESP HEADERS: {'Date': 'Sun, 19 Jul 2026 13:11:20 GMT', 'Server': 'Apache/2.4.58 (Ubuntu)', 'Content-Type': 'text/plain; charset=utf-8', 'X-Container-Object-Count': '7', 'X-Container-Bytes-Used': '111411200', 'X-Timestamp': '1784466352.00343', 'Last-Modified': 'Sun, 19 Jul 2026 13:05:52 GMT', 'Accept-Ranges': 'bytes', 'X-Storage-Policy': 'Policy-0', 'X-Container-Sharding': 'False', 'Vary': 'Accept', 'X-Trans-Id': 'txb8a5174b61eb47d296368-006a5cccf8', 'X-Openstack-Request-Id': 'txb8a5174b61eb47d296368-006a5cccf8', 'Connection': 'close'} {{(pid=99802) http_log /opt/stack/data/venv/lib/python3.12/site-packages/swiftclient/client.py:162}}
Jul 19 13:11:20.537115 np0000005420 devstack@g-api.service[99802]: DEBUG glance_store._drivers.swift.store [None req-16048582-3149-42c1-a834-3a22f4c89569 tempest-VolumesActionsTest-611882984 tempest-VolumesActionsTest-611882984-project-member] Adding image object 'b192f208-bd1e-43a6-b49b-3b0f0ac6109f' to Swift {{(pid=99802) add /opt/stack/data/venv/lib/python3.12/site-packages/glance_store/_drivers/swift/store.py:970}}
Jul 19 13:11:20.537379 np0000005420 devstack@g-api.service[99802]: DEBUG glance_store._drivers.swift.store [None req-16048582-3149-42c1-a834-3a22f4c89569 tempest-VolumesActionsTest-611882984 tempest-VolumesActionsTest-611882984-project-member] Cannot determine image size because it is either not provided in the request or chunked-transfer encoding is used. Adding image as a segmented object to Swift. {{(pid=99802) add /opt/stack/data/venv/lib/python3.12/site-packages/glance_store/_drivers/swift/store.py:994}}
Jul 19 13:11:20.546273 np0000005420 devstack@g-api.service[99802]: DEBUG oslo_utils.imageutils.format_inspector [None req-16048582-3149-42c1-a834-3a22f4c89569 tempest-VolumesActionsTest-611882984 tempest-VolumesActionsTest-611882984-project-member] Format inspector for vmdk does not match, excluding from consideration (Signature KDMV not found: b'\x00\x00\x00\x00') {{(pid=99802) _process_chunk /opt/stack/data/venv/lib/python3.12/site-packages/oslo_utils/imageutils/format_inspector.py:1758}}
Jul 19 13:11:20.551982 np0000005420 devstack@g-api.service[99802]: DEBUG oslo_utils.imageutils.format_inspector [None req-16048582-3149-42c1-a834-3a22f4c89569 tempest-VolumesActionsTest-611882984 tempest-VolumesActionsTest-611882984-project-member] Format inspector for vhdx does not match, excluding from consideration (Region signature not found at 30000) {{(pid=99802) _process_chunk /opt/stack/data/venv/lib/python3.12/site-packages/oslo_utils/imageutils/format_inspector.py:1758}}
Jul 19 13:11:20.938881 np0000005420 devstack@g-api.service[99801]: DEBUG glance.api.middleware.version_negotiation [None req-4982e7b7-8a2f-4884-ad6a-162ee13a6e51 tempest-VolumesActionsTest-611882984 tempest-VolumesActionsTest-611882984-project-member] Determining version of request: GET /v2/images/b192f208-bd1e-43a6-b49b-3b0f0ac6109f Accept: application/json {{(pid=99801) process_request /opt/stack/glance/glance/api/middleware/version_negotiation.py:44}}
Jul 19 13:11:20.939470 np0000005420 devstack@g-api.service[99801]: DEBUG glance.api.middleware.version_negotiation [None req-4982e7b7-8a2f-4884-ad6a-162ee13a6e51 tempest-VolumesActionsTest-611882984 tempest-VolumesActionsTest-611882984-project-member] Using url versioning {{(pid=99801) process_request /opt/stack/glance/glance/api/middleware/version_negotiation.py:57}}
Jul 19 13:11:20.939834 np0000005420 devstack@g-api.service[99801]: DEBUG glance.api.middleware.version_negotiation [None req-4982e7b7-8a2f-4884-ad6a-162ee13a6e51 tempest-VolumesActionsTest-611882984 tempest-VolumesActionsTest-611882984-project-member] Matched version: v2 {{(pid=99801) process_request /opt/stack/glance/glance/api/middleware/version_negotiation.py:69}}
Jul 19 13:11:20.939834 np0000005420 devstack@g-api.service[99801]: DEBUG glance.api.middleware.version_negotiation [None req-4982e7b7-8a2f-4884-ad6a-162ee13a6e51 tempest-VolumesActionsTest-611882984 tempest-VolumesActionsTest-611882984-project-member] new path /v2/images/b192f208-bd1e-43a6-b49b-3b0f0ac6109f {{(pid=99801) process_request /opt/stack/glance/glance/api/middleware/version_negotiation.py:70}}
Jul 19 13:11:20.963651 np0000005420 devstack@g-api.service[99801]: [pid: 99801|app: 0|req: 109/310] 127.0.0.1 () {40 vars in 834 bytes} [Sun Jul 19 13:11:20 2026] GET /v2/images/b192f208-bd1e-43a6-b49b-3b0f0ac6109f => generated 650 bytes in 23 msecs (HTTP/1.1 200) 4 headers in 157 bytes (1 switches on core 0)
Jul 19 13:11:21.976619 np0000005420 devstack@g-api.service[99800]: DEBUG glance.api.middleware.version_negotiation [None req-96a38688-e6c4-4b54-8137-213d4cd8af90 tempest-ServerBootFromVolumeStableRescueTest-1206716271 tempest-ServerBootFromVolumeStableRescueTest-1206716271-project-member] Determining version of request: GET /v2/images/b192f208-bd1e-43a6-b49b-3b0f0ac6109f Accept: application/json {{(pid=99800) process_request /opt/stack/glance/glance/api/middleware/version_negotiation.py:44}}
Jul 19 13:11:21.976619 np0000005420 devstack@g-api.service[99800]: DEBUG glance.api.middleware.version_negotiation [None req-96a38688-e6c4-4b54-8137-213d4cd8af90 tempest-ServerBootFromVolumeStableRescueTest-1206716271 tempest-ServerBootFromVolumeStableRescueTest-1206716271-project-member] Using url versioning {{(pid=99800) process_request /opt/stack/glance/glance/api/middleware/version_negotiation.py:57}}
Jul 19 13:11:21.976619 np0000005420 devstack@g-api.service[99800]: DEBUG glance.api.middleware.version_negotiation [None req-96a38688-e6c4-4b54-8137-213d4cd8af90 tempest-ServerBootFromVolumeStableRescueTest-1206716271 tempest-ServerBootFromVolumeStableRescueTest-1206716271-project-member] Matched version: v2 {{(pid=99800) process_request /opt/stack/glance/glance/api/middleware/version_negotiation.py:69}}
Jul 19 13:11:21.977122 np0000005420 devstack@g-api.service[99800]: DEBUG glance.api.middleware.version_negotiation [None req-96a38688-e6c4-4b54-8137-213d4cd8af90 tempest-ServerBootFromVolumeStableRescueTest-1206716271 tempest-ServerBootFromVolumeStableRescueTest-1206716271-project-member] new path /v2/images/b192f208-bd1e-43a6-b49b-3b0f0ac6109f {{(pid=99800) process_request /opt/stack/glance/glance/api/middleware/version_negotiation.py:70}}
Jul 19 13:11:21.994092 np0000005420 devstack@g-api.service[99800]: [pid: 99800|app: 0|req: 107/311] 127.0.0.1 () {40 vars in 834 bytes} [Sun Jul 19 13:11:21 2026] GET /v2/images/b192f208-bd1e-43a6-b49b-3b0f0ac6109f => generated 650 bytes in 17 msecs (HTTP/1.1 200) 4 headers in 157 bytes (1 switches on core 0)
Jul 19 13:11:23.006383 np0000005420 devstack@g-api.service[99801]: DEBUG glance.api.middleware.version_negotiation [None req-02a65d88-0e0c-4ee8-97e8-d3ac6b8c1884 tempest-VolumesActionsTest-611882984 tempest-VolumesActionsTest-611882984-project-member] Determining version of request: GET /v2/images/b192f208-bd1e-43a6-b49b-3b0f0ac6109f Accept: application/json {{(pid=99801) process_request /opt/stack/glance/glance/api/middleware/version_negotiation.py:44}}
Jul 19 13:11:23.006884 np0000005420 devstack@g-api.service[99801]: DEBUG glance.api.middleware.version_negotiation [None req-02a65d88-0e0c-4ee8-97e8-d3ac6b8c1884 tempest-VolumesActionsTest-611882984 tempest-VolumesActionsTest-611882984-project-member] Using url versioning {{(pid=99801) process_request /opt/stack/glance/glance/api/middleware/version_negotiation.py:57}}
Jul 19 13:11:23.007268 np0000005420 devstack@g-api.service[99801]: DEBUG glance.api.middleware.version_negotiation [None req-02a65d88-0e0c-4ee8-97e8-d3ac6b8c1884 tempest-VolumesActionsTest-611882984 tempest-VolumesActionsTest-611882984-project-member] Matched version: v2 {{(pid=99801) process_request /opt/stack/glance/glance/api/middleware/version_negotiation.py:69}}
Jul 19 13:11:23.007427 np0000005420 devstack@g-api.service[99801]: DEBUG glance.api.middleware.version_negotiation [None req-02a65d88-0e0c-4ee8-97e8-d3ac6b8c1884 tempest-VolumesActionsTest-611882984 tempest-VolumesActionsTest-611882984-project-member] new path /v2/images/b192f208-bd1e-43a6-b49b-3b0f0ac6109f {{(pid=99801) process_request /opt/stack/glance/glance/api/middleware/version_negotiation.py:70}}
Jul 19 13:11:23.029269 np0000005420 devstack@g-api.service[99801]: [pid: 99801|app: 0|req: 110/312] 127.0.0.1 () {40 vars in 834 bytes} [Sun Jul 19 13:11:23 2026] GET /v2/images/b192f208-bd1e-43a6-b49b-3b0f0ac6109f => generated 650 bytes in 20 msecs (HTTP/1.1 200) 4 headers in 157 bytes (1 switches on core 0)
Jul 19 13:11:23.227069 np0000005420 devstack@g-api.service[99802]: DEBUG swiftclient [None req-16048582-3149-42c1-a834-3a22f4c89569 tempest-VolumesActionsTest-611882984 tempest-VolumesActionsTest-611882984-project-member] REQ: curl -i https://10.4.3.12:8080/v1/AUTH_d359cca12b304cedb2954d0da9eb487f/glance/b192f208-bd1e-43a6-b49b-3b0f0ac6109f-00001 -X PUT -H "X-Auth-Token: gAAAAABqXMz47joV..." {{(pid=99802) http_log /opt/stack/data/venv/lib/python3.12/site-packages/swiftclient/client.py:160}}
Jul 19 13:11:23.227458 np0000005420 devstack@g-api.service[99802]: DEBUG swiftclient [None req-16048582-3149-42c1-a834-3a22f4c89569 tempest-VolumesActionsTest-611882984 tempest-VolumesActionsTest-611882984-project-member] RESP STATUS: 201 Created {{(pid=99802) http_log /opt/stack/data/venv/lib/python3.12/site-packages/swiftclient/client.py:161}}
Jul 19 13:11:23.227458 np0000005420 devstack@g-api.service[99802]: DEBUG swiftclient [None req-16048582-3149-42c1-a834-3a22f4c89569 tempest-VolumesActionsTest-611882984 tempest-VolumesActionsTest-611882984-project-member] RESP HEADERS: {'Date': 'Sun, 19 Jul 2026 13:11:23 GMT', 'Server': 'Apache/2.4.58 (Ubuntu)', 'Content-Type': 'text/html; charset=UTF-8', 'Content-Length': '0', 'Etag': 'eda9a9889837ac4bc81d6387d92c1bec', 'Last-Modified': 'Sun, 19 Jul 2026 13:11:21 GMT', 'X-Trans-Id': 'tx1e9badd6efe04cf7b34c7-006a5cccf8', 'X-Openstack-Request-Id': 'tx1e9badd6efe04cf7b34c7-006a5cccf8', 'Connection': 'close'} {{(pid=99802) http_log /opt/stack/data/venv/lib/python3.12/site-packages/swiftclient/client.py:162}}
Jul 19 13:11:23.227458 np0000005420 devstack@g-api.service[99802]: DEBUG glance_store._drivers.swift.store [None req-16048582-3149-42c1-a834-3a22f4c89569 tempest-VolumesActionsTest-611882984 tempest-VolumesActionsTest-611882984-project-member] Wrote chunk b192f208-bd1e-43a6-b49b-3b0f0ac6109f-00001 (1/?) of length 204800000 to Swift returning MD5 of content: eda9a9889837ac4bc81d6387d92c1bec {{(pid=99802) add /opt/stack/data/venv/lib/python3.12/site-packages/glance_store/_drivers/swift/store.py:1059}}
Jul 19 13:11:24.044235 np0000005420 devstack@g-api.service[99800]: DEBUG glance.api.middleware.version_negotiation [None req-a8328372-4425-4451-98a1-32fd5f03dc9a tempest-VolumesActionsTest-611882984 tempest-VolumesActionsTest-611882984-project-member] Determining version of request: GET /v2/images/b192f208-bd1e-43a6-b49b-3b0f0ac6109f Accept: application/json {{(pid=99800) process_request /opt/stack/glance/glance/api/middleware/version_negotiation.py:44}}
Jul 19 13:11:24.045410 np0000005420 devstack@g-api.service[99800]: DEBUG glance.api.middleware.version_negotiation [None req-a8328372-4425-4451-98a1-32fd5f03dc9a tempest-VolumesActionsTest-611882984 tempest-VolumesActionsTest-611882984-project-member] Using url versioning {{(pid=99800) process_request /opt/stack/glance/glance/api/middleware/version_negotiation.py:57}}
Jul 19 13:11:24.045410 np0000005420 devstack@g-api.service[99800]: DEBUG glance.api.middleware.version_negotiation [None req-a8328372-4425-4451-98a1-32fd5f03dc9a tempest-VolumesActionsTest-611882984 tempest-VolumesActionsTest-611882984-project-member] Matched version: v2 {{(pid=99800) process_request /opt/stack/glance/glance/api/middleware/version_negotiation.py:69}}
Jul 19 13:11:24.045410 np0000005420 devstack@g-api.service[99800]: DEBUG glance.api.middleware.version_negotiation [None req-a8328372-4425-4451-98a1-32fd5f03dc9a tempest-VolumesActionsTest-611882984 tempest-VolumesActionsTest-611882984-project-member] new path /v2/images/b192f208-bd1e-43a6-b49b-3b0f0ac6109f {{(pid=99800) process_request /opt/stack/glance/glance/api/middleware/version_negotiation.py:70}}
Jul 19 13:11:24.063560 np0000005420 devstack@g-api.service[99800]: [pid: 99800|app: 0|req: 108/313] 127.0.0.1 () {40 vars in 834 bytes} [Sun Jul 19 13:11:24 2026] GET /v2/images/b192f208-bd1e-43a6-b49b-3b0f0ac6109f => generated 650 bytes in 25 msecs (HTTP/1.1 200) 4 headers in 157 bytes (1 switches on core 0)
Jul 19 13:11:25.075989 np0000005420 devstack@g-api.service[99801]: DEBUG glance.api.middleware.version_negotiation [None req-f12b7cb6-a166-4113-a1e6-baa431447925 tempest-VolumesActionsTest-611882984 tempest-VolumesActionsTest-611882984-project-member] Determining version of request: GET /v2/images/b192f208-bd1e-43a6-b49b-3b0f0ac6109f Accept: application/json {{(pid=99801) process_request /opt/stack/glance/glance/api/middleware/version_negotiation.py:44}}
Jul 19 13:11:25.075989 np0000005420 devstack@g-api.service[99801]: DEBUG glance.api.middleware.version_negotiation [None req-f12b7cb6-a166-4113-a1e6-baa431447925 tempest-VolumesActionsTest-611882984 tempest-VolumesActionsTest-611882984-project-member] Using url versioning {{(pid=99801) process_request /opt/stack/glance/glance/api/middleware/version_negotiation.py:57}}
Jul 19 13:11:25.075989 np0000005420 devstack@g-api.service[99801]: DEBUG glance.api.middleware.version_negotiation [None req-f12b7cb6-a166-4113-a1e6-baa431447925 tempest-VolumesActionsTest-611882984 tempest-VolumesActionsTest-611882984-project-member] Matched version: v2 {{(pid=99801) process_request /opt/stack/glance/glance/api/middleware/version_negotiation.py:69}}
Jul 19 13:11:25.075989 np0000005420 devstack@g-api.service[99801]: DEBUG glance.api.middleware.version_negotiation [None req-f12b7cb6-a166-4113-a1e6-baa431447925 tempest-VolumesActionsTest-611882984 tempest-VolumesActionsTest-611882984-project-member] new path /v2/images/b192f208-bd1e-43a6-b49b-3b0f0ac6109f {{(pid=99801) process_request /opt/stack/glance/glance/api/middleware/version_negotiation.py:70}}
Jul 19 13:11:25.096061 np0000005420 devstack@g-api.service[99801]: [pid: 99801|app: 0|req: 111/314] 127.0.0.1 () {40 vars in 834 bytes} [Sun Jul 19 13:11:25 2026] GET /v2/images/b192f208-bd1e-43a6-b49b-3b0f0ac6109f => generated 650 bytes in 21 msecs (HTTP/1.1 200) 4 headers in 157 bytes (1 switches on core 0)
Jul 19 13:11:25.852326 np0000005420 devstack@g-api.service[99802]: DEBUG swiftclient [None req-16048582-3149-42c1-a834-3a22f4c89569 tempest-VolumesActionsTest-611882984 tempest-VolumesActionsTest-611882984-project-member] REQ: curl -i https://10.4.3.12:8080/v1/AUTH_d359cca12b304cedb2954d0da9eb487f/glance/b192f208-bd1e-43a6-b49b-3b0f0ac6109f-00002 -X PUT -H "X-Auth-Token: gAAAAABqXMz47joV..." {{(pid=99802) http_log /opt/stack/data/venv/lib/python3.12/site-packages/swiftclient/client.py:160}}
Jul 19 13:11:25.852766 np0000005420 devstack@g-api.service[99802]: DEBUG swiftclient [None req-16048582-3149-42c1-a834-3a22f4c89569 tempest-VolumesActionsTest-611882984 tempest-VolumesActionsTest-611882984-project-member] RESP STATUS: 201 Created {{(pid=99802) http_log /opt/stack/data/venv/lib/python3.12/site-packages/swiftclient/client.py:161}}
Jul 19 13:11:25.852766 np0000005420 devstack@g-api.service[99802]: DEBUG swiftclient [None req-16048582-3149-42c1-a834-3a22f4c89569 tempest-VolumesActionsTest-611882984 tempest-VolumesActionsTest-611882984-project-member] RESP HEADERS: {'Date': 'Sun, 19 Jul 2026 13:11:25 GMT', 'Server': 'Apache/2.4.58 (Ubuntu)', 'Content-Type': 'text/html; charset=UTF-8', 'Content-Length': '0', 'Etag': 'eda9a9889837ac4bc81d6387d92c1bec', 'Last-Modified': 'Sun, 19 Jul 2026 13:11:24 GMT', 'X-Trans-Id': 'txc67b799e33db42ada97e5-006a5cccfb', 'X-Openstack-Request-Id': 'txc67b799e33db42ada97e5-006a5cccfb', 'Connection': 'close'} {{(pid=99802) http_log /opt/stack/data/venv/lib/python3.12/site-packages/swiftclient/client.py:162}}
Jul 19 13:11:25.852879 np0000005420 devstack@g-api.service[99802]: DEBUG glance_store._drivers.swift.store [None req-16048582-3149-42c1-a834-3a22f4c89569 tempest-VolumesActionsTest-611882984 tempest-VolumesActionsTest-611882984-project-member] Wrote chunk b192f208-bd1e-43a6-b49b-3b0f0ac6109f-00002 (2/?) of length 204800000 to Swift returning MD5 of content: eda9a9889837ac4bc81d6387d92c1bec {{(pid=99802) add /opt/stack/data/venv/lib/python3.12/site-packages/glance_store/_drivers/swift/store.py:1059}}
Jul 19 13:11:26.109415 np0000005420 devstack@g-api.service[99800]: DEBUG glance.api.middleware.version_negotiation [None req-aa11adb6-0a30-4bb6-9eb1-cfd43f7b2b84 tempest-VolumesActionsTest-611882984 tempest-VolumesActionsTest-611882984-project-member] Determining version of request: GET /v2/images/b192f208-bd1e-43a6-b49b-3b0f0ac6109f Accept: application/json {{(pid=99800) process_request /opt/stack/glance/glance/api/middleware/version_negotiation.py:44}}
Jul 19 13:11:26.109906 np0000005420 devstack@g-api.service[99800]: DEBUG glance.api.middleware.version_negotiation [None req-aa11adb6-0a30-4bb6-9eb1-cfd43f7b2b84 tempest-VolumesActionsTest-611882984 tempest-VolumesActionsTest-611882984-project-member] Using url versioning {{(pid=99800) process_request /opt/stack/glance/glance/api/middleware/version_negotiation.py:57}}
Jul 19 13:11:26.109906 np0000005420 devstack@g-api.service[99800]: DEBUG glance.api.middleware.version_negotiation [None req-aa11adb6-0a30-4bb6-9eb1-cfd43f7b2b84 tempest-VolumesActionsTest-611882984 tempest-VolumesActionsTest-611882984-project-member] Matched version: v2 {{(pid=99800) process_request /opt/stack/glance/glance/api/middleware/version_negotiation.py:69}}
Jul 19 13:11:26.111174 np0000005420 devstack@g-api.service[99800]: DEBUG glance.api.middleware.version_negotiation [None req-aa11adb6-0a30-4bb6-9eb1-cfd43f7b2b84 tempest-VolumesActionsTest-611882984 tempest-VolumesActionsTest-611882984-project-member] new path /v2/images/b192f208-bd1e-43a6-b49b-3b0f0ac6109f {{(pid=99800) process_request /opt/stack/glance/glance/api/middleware/version_negotiation.py:70}}
Jul 19 13:11:26.129811 np0000005420 devstack@g-api.service[99800]: [pid: 99800|app: 0|req: 109/315] 127.0.0.1 () {40 vars in 834 bytes} [Sun Jul 19 13:11:26 2026] GET /v2/images/b192f208-bd1e-43a6-b49b-3b0f0ac6109f => generated 650 bytes in 19 msecs (HTTP/1.1 200) 4 headers in 157 bytes (1 switches on core 0)
Jul 19 13:11:27.143349 np0000005420 devstack@g-api.service[99801]: DEBUG glance.api.middleware.version_negotiation [None req-3061d33b-2374-4920-bde9-fd950a234f0a tempest-VolumesActionsTest-611882984 tempest-VolumesActionsTest-611882984-project-member] Determining version of request: GET /v2/images/b192f208-bd1e-43a6-b49b-3b0f0ac6109f Accept: application/json {{(pid=99801) process_request /opt/stack/glance/glance/api/middleware/version_negotiation.py:44}}
Jul 19 13:11:27.145128 np0000005420 devstack@g-api.service[99801]: DEBUG glance.api.middleware.version_negotiation [None req-3061d33b-2374-4920-bde9-fd950a234f0a tempest-VolumesActionsTest-611882984 tempest-VolumesActionsTest-611882984-project-member] Using url versioning {{(pid=99801) process_request /opt/stack/glance/glance/api/middleware/version_negotiation.py:57}}
Jul 19 13:11:27.145128 np0000005420 devstack@g-api.service[99801]: DEBUG glance.api.middleware.version_negotiation [None req-3061d33b-2374-4920-bde9-fd950a234f0a tempest-VolumesActionsTest-611882984 tempest-VolumesActionsTest-611882984-project-member] Matched version: v2 {{(pid=99801) process_request /opt/stack/glance/glance/api/middleware/version_negotiation.py:69}}
Jul 19 13:11:27.145128 np0000005420 devstack@g-api.service[99801]: DEBUG glance.api.middleware.version_negotiation [None req-3061d33b-2374-4920-bde9-fd950a234f0a tempest-VolumesActionsTest-611882984 tempest-VolumesActionsTest-611882984-project-member] new path /v2/images/b192f208-bd1e-43a6-b49b-3b0f0ac6109f {{(pid=99801) process_request /opt/stack/glance/glance/api/middleware/version_negotiation.py:70}}
Jul 19 13:11:27.166884 np0000005420 devstack@g-api.service[99801]: [pid: 99801|app: 0|req: 112/316] 127.0.0.1 () {40 vars in 834 bytes} [Sun Jul 19 13:11:27 2026] GET /v2/images/b192f208-bd1e-43a6-b49b-3b0f0ac6109f => generated 650 bytes in 24 msecs (HTTP/1.1 200) 4 headers in 157 bytes (1 switches on core 0)
Jul 19 13:11:28.180811 np0000005420 devstack@g-api.service[99800]: DEBUG glance.api.middleware.version_negotiation [None req-6837d4e3-979c-4d92-86a6-f6c139204131 tempest-VolumesActionsTest-611882984 tempest-VolumesActionsTest-611882984-project-member] Determining version of request: GET /v2/images/b192f208-bd1e-43a6-b49b-3b0f0ac6109f Accept: application/json {{(pid=99800) process_request /opt/stack/glance/glance/api/middleware/version_negotiation.py:44}}
Jul 19 13:11:28.181421 np0000005420 devstack@g-api.service[99800]: DEBUG glance.api.middleware.version_negotiation [None req-6837d4e3-979c-4d92-86a6-f6c139204131 tempest-VolumesActionsTest-611882984 tempest-VolumesActionsTest-611882984-project-member] Using url versioning {{(pid=99800) process_request /opt/stack/glance/glance/api/middleware/version_negotiation.py:57}}
Jul 19 13:11:28.181421 np0000005420 devstack@g-api.service[99800]: DEBUG glance.api.middleware.version_negotiation [None req-6837d4e3-979c-4d92-86a6-f6c139204131 tempest-VolumesActionsTest-611882984 tempest-VolumesActionsTest-611882984-project-member] Matched version: v2 {{(pid=99800) process_request /opt/stack/glance/glance/api/middleware/version_negotiation.py:69}}
Jul 19 13:11:28.181421 np0000005420 devstack@g-api.service[99800]: DEBUG glance.api.middleware.version_negotiation [None req-6837d4e3-979c-4d92-86a6-f6c139204131 tempest-VolumesActionsTest-611882984 tempest-VolumesActionsTest-611882984-project-member] new path /v2/images/b192f208-bd1e-43a6-b49b-3b0f0ac6109f {{(pid=99800) process_request /opt/stack/glance/glance/api/middleware/version_negotiation.py:70}}
Jul 19 13:11:28.202219 np0000005420 devstack@g-api.service[99800]: [pid: 99800|app: 0|req: 110/317] 127.0.0.1 () {40 vars in 834 bytes} [Sun Jul 19 13:11:28 2026] GET /v2/images/b192f208-bd1e-43a6-b49b-3b0f0ac6109f => generated 650 bytes in 22 msecs (HTTP/1.1 200) 4 headers in 157 bytes (1 switches on core 0)
Jul 19 13:11:28.519585 np0000005420 devstack@g-api.service[99802]: DEBUG swiftclient [None req-16048582-3149-42c1-a834-3a22f4c89569 tempest-VolumesActionsTest-611882984 tempest-VolumesActionsTest-611882984-project-member] REQ: curl -i https://10.4.3.12:8080/v1/AUTH_d359cca12b304cedb2954d0da9eb487f/glance/b192f208-bd1e-43a6-b49b-3b0f0ac6109f-00003 -X PUT -H "X-Auth-Token: gAAAAABqXMz47joV..." {{(pid=99802) http_log /opt/stack/data/venv/lib/python3.12/site-packages/swiftclient/client.py:160}}
Jul 19 13:11:28.520061 np0000005420 devstack@g-api.service[99802]: DEBUG swiftclient [None req-16048582-3149-42c1-a834-3a22f4c89569 tempest-VolumesActionsTest-611882984 tempest-VolumesActionsTest-611882984-project-member] RESP STATUS: 201 Created {{(pid=99802) http_log /opt/stack/data/venv/lib/python3.12/site-packages/swiftclient/client.py:161}}
Jul 19 13:11:28.520061 np0000005420 devstack@g-api.service[99802]: DEBUG swiftclient [None req-16048582-3149-42c1-a834-3a22f4c89569 tempest-VolumesActionsTest-611882984 tempest-VolumesActionsTest-611882984-project-member] RESP HEADERS: {'Date': 'Sun, 19 Jul 2026 13:11:28 GMT', 'Server': 'Apache/2.4.58 (Ubuntu)', 'Content-Type': 'text/html; charset=UTF-8', 'Content-Length': '0', 'Etag': 'eda9a9889837ac4bc81d6387d92c1bec', 'Last-Modified': 'Sun, 19 Jul 2026 13:11:26 GMT', 'X-Trans-Id': 'txbc96c89628d443ed981ab-006a5cccfd', 'X-Openstack-Request-Id': 'txbc96c89628d443ed981ab-006a5cccfd', 'Connection': 'close'} {{(pid=99802) http_log /opt/stack/data/venv/lib/python3.12/site-packages/swiftclient/client.py:162}}
Jul 19 13:11:28.520272 np0000005420 devstack@g-api.service[99802]: DEBUG glance_store._drivers.swift.store [None req-16048582-3149-42c1-a834-3a22f4c89569 tempest-VolumesActionsTest-611882984 tempest-VolumesActionsTest-611882984-project-member] Wrote chunk b192f208-bd1e-43a6-b49b-3b0f0ac6109f-00003 (3/?) of length 204800000 to Swift returning MD5 of content: eda9a9889837ac4bc81d6387d92c1bec {{(pid=99802) add /opt/stack/data/venv/lib/python3.12/site-packages/glance_store/_drivers/swift/store.py:1059}}
Jul 19 13:11:29.213611 np0000005420 devstack@g-api.service[99801]: DEBUG glance.api.middleware.version_negotiation [None req-5a7ff238-5789-425c-a06f-f82e7a208dde tempest-VolumesActionsTest-611882984 tempest-VolumesActionsTest-611882984-project-member] Determining version of request: GET /v2/images/b192f208-bd1e-43a6-b49b-3b0f0ac6109f Accept: application/json {{(pid=99801) process_request /opt/stack/glance/glance/api/middleware/version_negotiation.py:44}}
Jul 19 13:11:29.213611 np0000005420 devstack@g-api.service[99801]: DEBUG glance.api.middleware.version_negotiation [None req-5a7ff238-5789-425c-a06f-f82e7a208dde tempest-VolumesActionsTest-611882984 tempest-VolumesActionsTest-611882984-project-member] Using url versioning {{(pid=99801) process_request /opt/stack/glance/glance/api/middleware/version_negotiation.py:57}}
Jul 19 13:11:29.213611 np0000005420 devstack@g-api.service[99801]: DEBUG glance.api.middleware.version_negotiation [None req-5a7ff238-5789-425c-a06f-f82e7a208dde tempest-VolumesActionsTest-611882984 tempest-VolumesActionsTest-611882984-project-member] Matched version: v2 {{(pid=99801) process_request /opt/stack/glance/glance/api/middleware/version_negotiation.py:69}}
Jul 19 13:11:29.213611 np0000005420 devstack@g-api.service[99801]: DEBUG glance.api.middleware.version_negotiation [None req-5a7ff238-5789-425c-a06f-f82e7a208dde tempest-VolumesActionsTest-611882984 tempest-VolumesActionsTest-611882984-project-member] new path /v2/images/b192f208-bd1e-43a6-b49b-3b0f0ac6109f {{(pid=99801) process_request /opt/stack/glance/glance/api/middleware/version_negotiation.py:70}}
Jul 19 13:11:29.237539 np0000005420 devstack@g-api.service[99801]: [pid: 99801|app: 0|req: 113/318] 127.0.0.1 () {40 vars in 834 bytes} [Sun Jul 19 13:11:29 2026] GET /v2/images/b192f208-bd1e-43a6-b49b-3b0f0ac6109f => generated 650 bytes in 25 msecs (HTTP/1.1 200) 4 headers in 157 bytes (1 switches on core 0)
Jul 19 13:11:30.254789 np0000005420 devstack@g-api.service[99800]: DEBUG glance.api.middleware.version_negotiation [None req-bcc5f178-27d8-4391-8229-0ee86fdd561b tempest-VolumesActionsTest-611882984 tempest-VolumesActionsTest-611882984-project-member] Determining version of request: GET /v2/images/b192f208-bd1e-43a6-b49b-3b0f0ac6109f Accept: application/json {{(pid=99800) process_request /opt/stack/glance/glance/api/middleware/version_negotiation.py:44}}
Jul 19 13:11:30.255694 np0000005420 devstack@g-api.service[99800]: DEBUG glance.api.middleware.version_negotiation [None req-bcc5f178-27d8-4391-8229-0ee86fdd561b tempest-VolumesActionsTest-611882984 tempest-VolumesActionsTest-611882984-project-member] Using url versioning {{(pid=99800) process_request /opt/stack/glance/glance/api/middleware/version_negotiation.py:57}}
Jul 19 13:11:30.255694 np0000005420 devstack@g-api.service[99800]: DEBUG glance.api.middleware.version_negotiation [None req-bcc5f178-27d8-4391-8229-0ee86fdd561b tempest-VolumesActionsTest-611882984 tempest-VolumesActionsTest-611882984-project-member] Matched version: v2 {{(pid=99800) process_request /opt/stack/glance/glance/api/middleware/version_negotiation.py:69}}
Jul 19 13:11:30.255694 np0000005420 devstack@g-api.service[99800]: DEBUG glance.api.middleware.version_negotiation [None req-bcc5f178-27d8-4391-8229-0ee86fdd561b tempest-VolumesActionsTest-611882984 tempest-VolumesActionsTest-611882984-project-member] new path /v2/images/b192f208-bd1e-43a6-b49b-3b0f0ac6109f {{(pid=99800) process_request /opt/stack/glance/glance/api/middleware/version_negotiation.py:70}}
Jul 19 13:11:30.298026 np0000005420 devstack@g-api.service[99800]: [pid: 99800|app: 0|req: 111/319] 127.0.0.1 () {40 vars in 834 bytes} [Sun Jul 19 13:11:30 2026] GET /v2/images/b192f208-bd1e-43a6-b49b-3b0f0ac6109f => generated 650 bytes in 43 msecs (HTTP/1.1 200) 4 headers in 157 bytes (1 switches on core 0)
Jul 19 13:11:30.395785 np0000005420 devstack@g-api.service[99802]: DEBUG dbcounter [-] [99802] Writing DB stats glance:SELECT=26,glance:INSERT=1,glance:UPDATE=1 {{(pid=99802) stat_writer /opt/stack/data/venv/lib/python3.12/site-packages/dbcounter.py:115}}
Jul 19 13:11:31.312203 np0000005420 devstack@g-api.service[99801]: DEBUG glance.api.middleware.version_negotiation [None req-f359552a-6d0e-454e-83b1-53a22ad69750 tempest-VolumesActionsTest-611882984 tempest-VolumesActionsTest-611882984-project-member] Determining version of request: GET /v2/images/b192f208-bd1e-43a6-b49b-3b0f0ac6109f Accept: application/json {{(pid=99801) process_request /opt/stack/glance/glance/api/middleware/version_negotiation.py:44}}
Jul 19 13:11:31.312203 np0000005420 devstack@g-api.service[99801]: DEBUG glance.api.middleware.version_negotiation [None req-f359552a-6d0e-454e-83b1-53a22ad69750 tempest-VolumesActionsTest-611882984 tempest-VolumesActionsTest-611882984-project-member] Using url versioning {{(pid=99801) process_request /opt/stack/glance/glance/api/middleware/version_negotiation.py:57}}
Jul 19 13:11:31.312824 np0000005420 devstack@g-api.service[99801]: DEBUG glance.api.middleware.version_negotiation [None req-f359552a-6d0e-454e-83b1-53a22ad69750 tempest-VolumesActionsTest-611882984 tempest-VolumesActionsTest-611882984-project-member] Matched version: v2 {{(pid=99801) process_request /opt/stack/glance/glance/api/middleware/version_negotiation.py:69}}
Jul 19 13:11:31.312824 np0000005420 devstack@g-api.service[99801]: DEBUG glance.api.middleware.version_negotiation [None req-f359552a-6d0e-454e-83b1-53a22ad69750 tempest-VolumesActionsTest-611882984 tempest-VolumesActionsTest-611882984-project-member] new path /v2/images/b192f208-bd1e-43a6-b49b-3b0f0ac6109f {{(pid=99801) process_request /opt/stack/glance/glance/api/middleware/version_negotiation.py:70}}
Jul 19 13:11:31.347095 np0000005420 devstack@g-api.service[99801]: [pid: 99801|app: 0|req: 114/320] 127.0.0.1 () {40 vars in 834 bytes} [Sun Jul 19 13:11:31 2026] GET /v2/images/b192f208-bd1e-43a6-b49b-3b0f0ac6109f => generated 650 bytes in 37 msecs (HTTP/1.1 200) 4 headers in 157 bytes (1 switches on core 0)
Jul 19 13:11:31.680100 np0000005420 devstack@g-api.service[99802]: DEBUG swiftclient [None req-16048582-3149-42c1-a834-3a22f4c89569 tempest-VolumesActionsTest-611882984 tempest-VolumesActionsTest-611882984-project-member] REQ: curl -i https://10.4.3.12:8080/v1/AUTH_d359cca12b304cedb2954d0da9eb487f/glance/b192f208-bd1e-43a6-b49b-3b0f0ac6109f-00004 -X PUT -H "X-Auth-Token: gAAAAABqXMz47joV..." {{(pid=99802) http_log /opt/stack/data/venv/lib/python3.12/site-packages/swiftclient/client.py:160}}
Jul 19 13:11:31.680100 np0000005420 devstack@g-api.service[99802]: DEBUG swiftclient [None req-16048582-3149-42c1-a834-3a22f4c89569 tempest-VolumesActionsTest-611882984 tempest-VolumesActionsTest-611882984-project-member] RESP STATUS: 201 Created {{(pid=99802) http_log /opt/stack/data/venv/lib/python3.12/site-packages/swiftclient/client.py:161}}
Jul 19 13:11:31.680100 np0000005420 devstack@g-api.service[99802]: DEBUG swiftclient [None req-16048582-3149-42c1-a834-3a22f4c89569 tempest-VolumesActionsTest-611882984 tempest-VolumesActionsTest-611882984-project-member] RESP HEADERS: {'Date': 'Sun, 19 Jul 2026 13:11:31 GMT', 'Server': 'Apache/2.4.58 (Ubuntu)', 'Content-Type': 'text/html; charset=UTF-8', 'Content-Length': '0', 'Etag': 'eda9a9889837ac4bc81d6387d92c1bec', 'Last-Modified': 'Sun, 19 Jul 2026 13:11:29 GMT', 'X-Trans-Id': 'txf6dbb0f6dbff468d9492a-006a5ccd00', 'X-Openstack-Request-Id': 'txf6dbb0f6dbff468d9492a-006a5ccd00', 'Connection': 'close'} {{(pid=99802) http_log /opt/stack/data/venv/lib/python3.12/site-packages/swiftclient/client.py:162}}
Jul 19 13:11:31.680100 np0000005420 devstack@g-api.service[99802]: DEBUG glance_store._drivers.swift.store [None req-16048582-3149-42c1-a834-3a22f4c89569 tempest-VolumesActionsTest-611882984 tempest-VolumesActionsTest-611882984-project-member] Wrote chunk b192f208-bd1e-43a6-b49b-3b0f0ac6109f-00004 (4/?) of length 204800000 to Swift returning MD5 of content: eda9a9889837ac4bc81d6387d92c1bec {{(pid=99802) add /opt/stack/data/venv/lib/python3.12/site-packages/glance_store/_drivers/swift/store.py:1059}}
Jul 19 13:11:32.379299 np0000005420 devstack@g-api.service[99800]: DEBUG glance.api.middleware.version_negotiation [None req-7e417e72-9753-4fee-acfb-cd954f891aae tempest-VolumesActionsTest-611882984 tempest-VolumesActionsTest-611882984-project-member] Determining version of request: GET /v2/images/b192f208-bd1e-43a6-b49b-3b0f0ac6109f Accept: application/json {{(pid=99800) process_request /opt/stack/glance/glance/api/middleware/version_negotiation.py:44}}
Jul 19 13:11:32.383835 np0000005420 devstack@g-api.service[99800]: DEBUG glance.api.middleware.version_negotiation [None req-7e417e72-9753-4fee-acfb-cd954f891aae tempest-VolumesActionsTest-611882984 tempest-VolumesActionsTest-611882984-project-member] Using url versioning {{(pid=99800) process_request /opt/stack/glance/glance/api/middleware/version_negotiation.py:57}}
Jul 19 13:11:32.383835 np0000005420 devstack@g-api.service[99800]: DEBUG glance.api.middleware.version_negotiation [None req-7e417e72-9753-4fee-acfb-cd954f891aae tempest-VolumesActionsTest-611882984 tempest-VolumesActionsTest-611882984-project-member] Matched version: v2 {{(pid=99800) process_request /opt/stack/glance/glance/api/middleware/version_negotiation.py:69}}
Jul 19 13:11:32.383835 np0000005420 devstack@g-api.service[99800]: DEBUG glance.api.middleware.version_negotiation [None req-7e417e72-9753-4fee-acfb-cd954f891aae tempest-VolumesActionsTest-611882984 tempest-VolumesActionsTest-611882984-project-member] new path /v2/images/b192f208-bd1e-43a6-b49b-3b0f0ac6109f {{(pid=99800) process_request /opt/stack/glance/glance/api/middleware/version_negotiation.py:70}}
Jul 19 13:11:32.420992 np0000005420 devstack@g-api.service[99800]: [pid: 99800|app: 0|req: 112/321] 127.0.0.1 () {40 vars in 834 bytes} [Sun Jul 19 13:11:32 2026] GET /v2/images/b192f208-bd1e-43a6-b49b-3b0f0ac6109f => generated 650 bytes in 45 msecs (HTTP/1.1 200) 4 headers in 157 bytes (1 switches on core 0)
Jul 19 13:11:33.431630 np0000005420 devstack@g-api.service[99801]: DEBUG glance.api.middleware.version_negotiation [None req-fbebaa8d-bfe2-4744-bbe2-44bcb7aff5f1 tempest-VolumesActionsTest-611882984 tempest-VolumesActionsTest-611882984-project-member] Determining version of request: GET /v2/images/b192f208-bd1e-43a6-b49b-3b0f0ac6109f Accept: application/json {{(pid=99801) process_request /opt/stack/glance/glance/api/middleware/version_negotiation.py:44}}
Jul 19 13:11:33.432861 np0000005420 devstack@g-api.service[99801]: DEBUG glance.api.middleware.version_negotiation [None req-fbebaa8d-bfe2-4744-bbe2-44bcb7aff5f1 tempest-VolumesActionsTest-611882984 tempest-VolumesActionsTest-611882984-project-member] Using url versioning {{(pid=99801) process_request /opt/stack/glance/glance/api/middleware/version_negotiation.py:57}}
Jul 19 13:11:33.432861 np0000005420 devstack@g-api.service[99801]: DEBUG glance.api.middleware.version_negotiation [None req-fbebaa8d-bfe2-4744-bbe2-44bcb7aff5f1 tempest-VolumesActionsTest-611882984 tempest-VolumesActionsTest-611882984-project-member] Matched version: v2 {{(pid=99801) process_request /opt/stack/glance/glance/api/middleware/version_negotiation.py:69}}
Jul 19 13:11:33.432861 np0000005420 devstack@g-api.service[99801]: DEBUG glance.api.middleware.version_negotiation [None req-fbebaa8d-bfe2-4744-bbe2-44bcb7aff5f1 tempest-VolumesActionsTest-611882984 tempest-VolumesActionsTest-611882984-project-member] new path /v2/images/b192f208-bd1e-43a6-b49b-3b0f0ac6109f {{(pid=99801) process_request /opt/stack/glance/glance/api/middleware/version_negotiation.py:70}}
Jul 19 13:11:33.456853 np0000005420 devstack@g-api.service[99801]: [pid: 99801|app: 0|req: 115/322] 127.0.0.1 () {40 vars in 834 bytes} [Sun Jul 19 13:11:33 2026] GET /v2/images/b192f208-bd1e-43a6-b49b-3b0f0ac6109f => generated 650 bytes in 25 msecs (HTTP/1.1 200) 4 headers in 157 bytes (1 switches on core 0)
Jul 19 13:11:33.955081 np0000005420 devstack@g-api.service[99800]: DEBUG glance.api.middleware.version_negotiation [None req-ac83f22e-7084-4bf2-a5b9-ed4e513c7148 tempest-VolumesActionsTest-611882984 tempest-VolumesActionsTest-611882984-project-member] Determining version of request: DELETE /v2/images/78027c89-559b-4b51-b0bb-4db543d93daf Accept: application/json {{(pid=99800) process_request /opt/stack/glance/glance/api/middleware/version_negotiation.py:44}}
Jul 19 13:11:33.955465 np0000005420 devstack@g-api.service[99800]: DEBUG glance.api.middleware.version_negotiation [None req-ac83f22e-7084-4bf2-a5b9-ed4e513c7148 tempest-VolumesActionsTest-611882984 tempest-VolumesActionsTest-611882984-project-member] Using url versioning {{(pid=99800) process_request /opt/stack/glance/glance/api/middleware/version_negotiation.py:57}}
