May 20 20:27:32.230648 np0000001112 devstack@g-api.service[98883]: DEBUG glance.api.middleware.version_negotiation [None req-68ad59c0-a2ad-41ae-99cd-bd00899f8489 tempest-TestInstancesWithCinderVolumes-1825605034 tempest-TestInstancesWithCinderVolumes-1825605034-project-member] Matched version: v2 {{(pid=98883) process_request /opt/stack/glance/glance/api/middleware/version_negotiation.py:69}}
May 20 20:27:32.231684 np0000001112 devstack@g-api.service[98883]: DEBUG glance.api.middleware.version_negotiation [None req-68ad59c0-a2ad-41ae-99cd-bd00899f8489 tempest-TestInstancesWithCinderVolumes-1825605034 tempest-TestInstancesWithCinderVolumes-1825605034-project-member] new path /v2/schemas/image {{(pid=98883) process_request /opt/stack/glance/glance/api/middleware/version_negotiation.py:70}}
May 20 20:27:32.239575 np0000001112 devstack@g-api.service[98883]: [pid: 98883|app: 0|req: 221/441] 127.0.0.1 () {44 vars in 1055 bytes} [Wed May 20 20:27:32 2026] GET /v2/schemas/image => generated 6083 bytes in 10 msecs (HTTP/1.1 200) 4 headers in 158 bytes (1 switches on core 0)
May 20 20:27:32.298168 np0000001112 devstack@g-api.service[98882]: DEBUG glance.api.middleware.version_negotiation [None req-e5758cfe-79be-4681-8c1a-b27d40014557 tempest-AttachVolumeShelveTestJSON-1368361148 tempest-AttachVolumeShelveTestJSON-1368361148-project-member] Determining version of request: GET /v2/schemas/image Accept: */* {{(pid=98882) process_request /opt/stack/glance/glance/api/middleware/version_negotiation.py:44}}
May 20 20:27:32.298474 np0000001112 devstack@g-api.service[98882]: DEBUG glance.api.middleware.version_negotiation [None req-e5758cfe-79be-4681-8c1a-b27d40014557 tempest-AttachVolumeShelveTestJSON-1368361148 tempest-AttachVolumeShelveTestJSON-1368361148-project-member] Using url versioning {{(pid=98882) process_request /opt/stack/glance/glance/api/middleware/version_negotiation.py:57}}
May 20 20:27:32.298474 np0000001112 devstack@g-api.service[98882]: DEBUG glance.api.middleware.version_negotiation [None req-e5758cfe-79be-4681-8c1a-b27d40014557 tempest-AttachVolumeShelveTestJSON-1368361148 tempest-AttachVolumeShelveTestJSON-1368361148-project-member] Matched version: v2 {{(pid=98882) process_request /opt/stack/glance/glance/api/middleware/version_negotiation.py:69}}
May 20 20:27:32.299543 np0000001112 devstack@g-api.service[98882]: DEBUG glance.api.middleware.version_negotiation [None req-e5758cfe-79be-4681-8c1a-b27d40014557 tempest-AttachVolumeShelveTestJSON-1368361148 tempest-AttachVolumeShelveTestJSON-1368361148-project-member] new path /v2/schemas/image {{(pid=98882) process_request /opt/stack/glance/glance/api/middleware/version_negotiation.py:70}}
May 20 20:27:32.304275 np0000001112 devstack@g-api.service[98883]: DEBUG glance.api.middleware.version_negotiation [None req-e5758cfe-79be-4681-8c1a-b27d40014557 tempest-AttachVolumeShelveTestJSON-1368361148 tempest-AttachVolumeShelveTestJSON-1368361148-project-member] Determining version of request: GET /v2/images/692293b1-86c3-4865-9e6c-846c77d96173 Accept: */* {{(pid=98883) process_request /opt/stack/glance/glance/api/middleware/version_negotiation.py:44}}
May 20 20:27:32.304390 np0000001112 devstack@g-api.service[98883]: DEBUG glance.api.middleware.version_negotiation [None req-e5758cfe-79be-4681-8c1a-b27d40014557 tempest-AttachVolumeShelveTestJSON-1368361148 tempest-AttachVolumeShelveTestJSON-1368361148-project-member] Using url versioning {{(pid=98883) process_request /opt/stack/glance/glance/api/middleware/version_negotiation.py:57}}
May 20 20:27:32.304587 np0000001112 devstack@g-api.service[98883]: DEBUG glance.api.middleware.version_negotiation [None req-e5758cfe-79be-4681-8c1a-b27d40014557 tempest-AttachVolumeShelveTestJSON-1368361148 tempest-AttachVolumeShelveTestJSON-1368361148-project-member] Matched version: v2 {{(pid=98883) process_request /opt/stack/glance/glance/api/middleware/version_negotiation.py:69}}
May 20 20:27:32.304587 np0000001112 devstack@g-api.service[98883]: DEBUG glance.api.middleware.version_negotiation [None req-e5758cfe-79be-4681-8c1a-b27d40014557 tempest-AttachVolumeShelveTestJSON-1368361148 tempest-AttachVolumeShelveTestJSON-1368361148-project-member] new path /v2/images/692293b1-86c3-4865-9e6c-846c77d96173 {{(pid=98883) process_request /opt/stack/glance/glance/api/middleware/version_negotiation.py:70}}
May 20 20:27:32.306359 np0000001112 devstack@g-api.service[98882]: [pid: 98882|app: 0|req: 221/442] 127.0.0.1 () {44 vars in 1055 bytes} [Wed May 20 20:27:32 2026] GET /v2/schemas/image => generated 6083 bytes in 8 msecs (HTTP/1.1 200) 4 headers in 158 bytes (1 switches on core 0)
May 20 20:27:32.320147 np0000001112 devstack@g-api.service[98883]: [pid: 98883|app: 0|req: 222/443] 127.0.0.1 () {44 vars in 1115 bytes} [Wed May 20 20:27:32 2026] GET /v2/images/692293b1-86c3-4865-9e6c-846c77d96173 => generated 811 bytes in 16 msecs (HTTP/1.1 200) 4 headers in 157 bytes (1 switches on core 0)
May 20 20:27:32.334435 np0000001112 devstack@g-api.service[98882]: DEBUG glance.api.middleware.version_negotiation [None req-e5758cfe-79be-4681-8c1a-b27d40014557 tempest-AttachVolumeShelveTestJSON-1368361148 tempest-AttachVolumeShelveTestJSON-1368361148-project-member] Determining version of request: GET /v2/schemas/image Accept: */* {{(pid=98882) process_request /opt/stack/glance/glance/api/middleware/version_negotiation.py:44}}
May 20 20:27:32.334435 np0000001112 devstack@g-api.service[98882]: DEBUG glance.api.middleware.version_negotiation [None req-e5758cfe-79be-4681-8c1a-b27d40014557 tempest-AttachVolumeShelveTestJSON-1368361148 tempest-AttachVolumeShelveTestJSON-1368361148-project-member] Using url versioning {{(pid=98882) process_request /opt/stack/glance/glance/api/middleware/version_negotiation.py:57}}
May 20 20:27:32.334435 np0000001112 devstack@g-api.service[98882]: DEBUG glance.api.middleware.version_negotiation [None req-e5758cfe-79be-4681-8c1a-b27d40014557 tempest-AttachVolumeShelveTestJSON-1368361148 tempest-AttachVolumeShelveTestJSON-1368361148-project-member] Matched version: v2 {{(pid=98882) process_request /opt/stack/glance/glance/api/middleware/version_negotiation.py:69}}
May 20 20:27:32.334435 np0000001112 devstack@g-api.service[98882]: DEBUG glance.api.middleware.version_negotiation [None req-e5758cfe-79be-4681-8c1a-b27d40014557 tempest-AttachVolumeShelveTestJSON-1368361148 tempest-AttachVolumeShelveTestJSON-1368361148-project-member] new path /v2/schemas/image {{(pid=98882) process_request /opt/stack/glance/glance/api/middleware/version_negotiation.py:70}}
May 20 20:27:32.335455 np0000001112 devstack@g-api.service[98882]: [pid: 98882|app: 0|req: 222/444] 127.0.0.1 () {44 vars in 1055 bytes} [Wed May 20 20:27:32 2026] GET /v2/schemas/image => generated 6083 bytes in 4 msecs (HTTP/1.1 200) 4 headers in 158 bytes (1 switches on core 0)
May 20 20:27:32.365241 np0000001112 devstack@g-api.service[98883]: DEBUG glance.api.middleware.version_negotiation [None req-68ad59c0-a2ad-41ae-99cd-bd00899f8489 tempest-TestInstancesWithCinderVolumes-1825605034 tempest-TestInstancesWithCinderVolumes-1825605034-project-member] Determining version of request: PATCH /v2/images/2b26c324-fae5-4030-97e2-4ac34f5dc3ba Accept: */* {{(pid=98883) process_request /opt/stack/glance/glance/api/middleware/version_negotiation.py:44}}
May 20 20:27:32.365437 np0000001112 devstack@g-api.service[98883]: DEBUG glance.api.middleware.version_negotiation [None req-68ad59c0-a2ad-41ae-99cd-bd00899f8489 tempest-TestInstancesWithCinderVolumes-1825605034 tempest-TestInstancesWithCinderVolumes-1825605034-project-member] Using url versioning {{(pid=98883) process_request /opt/stack/glance/glance/api/middleware/version_negotiation.py:57}}
May 20 20:27:32.365528 np0000001112 devstack@g-api.service[98883]: DEBUG glance.api.middleware.version_negotiation [None req-68ad59c0-a2ad-41ae-99cd-bd00899f8489 tempest-TestInstancesWithCinderVolumes-1825605034 tempest-TestInstancesWithCinderVolumes-1825605034-project-member] Matched version: v2 {{(pid=98883) process_request /opt/stack/glance/glance/api/middleware/version_negotiation.py:69}}
May 20 20:27:32.365591 np0000001112 devstack@g-api.service[98883]: DEBUG glance.api.middleware.version_negotiation [None req-68ad59c0-a2ad-41ae-99cd-bd00899f8489 tempest-TestInstancesWithCinderVolumes-1825605034 tempest-TestInstancesWithCinderVolumes-1825605034-project-member] new path /v2/images/2b26c324-fae5-4030-97e2-4ac34f5dc3ba {{(pid=98883) process_request /opt/stack/glance/glance/api/middleware/version_negotiation.py:70}}
May 20 20:27:32.526606 np0000001112 devstack@g-api.service[98883]: [pid: 98883|app: 0|req: 223/445] 127.0.0.1 () {46 vars in 1158 bytes} [Wed May 20 20:27:32 2026] PATCH /v2/images/2b26c324-fae5-4030-97e2-4ac34f5dc3ba => generated 1449 bytes in 161 msecs (HTTP/1.1 200) 4 headers in 158 bytes (1 switches on core 0)
May 20 20:27:32.563034 np0000001112 devstack@g-api.service[98882]: DEBUG glance.api.middleware.version_negotiation [None req-68ad59c0-a2ad-41ae-99cd-bd00899f8489 tempest-TestInstancesWithCinderVolumes-1825605034 tempest-TestInstancesWithCinderVolumes-1825605034-project-member] Determining version of request: GET /v2/images/2b26c324-fae5-4030-97e2-4ac34f5dc3ba Accept: */* {{(pid=98882) process_request /opt/stack/glance/glance/api/middleware/version_negotiation.py:44}}
May 20 20:27:32.563175 np0000001112 devstack@g-api.service[98882]: DEBUG glance.api.middleware.version_negotiation [None req-68ad59c0-a2ad-41ae-99cd-bd00899f8489 tempest-TestInstancesWithCinderVolumes-1825605034 tempest-TestInstancesWithCinderVolumes-1825605034-project-member] Using url versioning {{(pid=98882) process_request /opt/stack/glance/glance/api/middleware/version_negotiation.py:57}}
May 20 20:27:32.563296 np0000001112 devstack@g-api.service[98882]: DEBUG glance.api.middleware.version_negotiation [None req-68ad59c0-a2ad-41ae-99cd-bd00899f8489 tempest-TestInstancesWithCinderVolumes-1825605034 tempest-TestInstancesWithCinderVolumes-1825605034-project-member] Matched version: v2 {{(pid=98882) process_request /opt/stack/glance/glance/api/middleware/version_negotiation.py:69}}
May 20 20:27:32.563387 np0000001112 devstack@g-api.service[98882]: DEBUG glance.api.middleware.version_negotiation [None req-68ad59c0-a2ad-41ae-99cd-bd00899f8489 tempest-TestInstancesWithCinderVolumes-1825605034 tempest-TestInstancesWithCinderVolumes-1825605034-project-member] new path /v2/images/2b26c324-fae5-4030-97e2-4ac34f5dc3ba {{(pid=98882) process_request /opt/stack/glance/glance/api/middleware/version_negotiation.py:70}}
May 20 20:27:32.581809 np0000001112 devstack@g-api.service[98882]: [pid: 98882|app: 0|req: 223/446] 127.0.0.1 () {44 vars in 1115 bytes} [Wed May 20 20:27:32 2026] GET /v2/images/2b26c324-fae5-4030-97e2-4ac34f5dc3ba => generated 1449 bytes in 19 msecs (HTTP/1.1 200) 4 headers in 158 bytes (1 switches on core 0)
May 20 20:27:32.648296 np0000001112 devstack@g-api.service[98883]: DEBUG glance.api.middleware.version_negotiation [None req-e5758cfe-79be-4681-8c1a-b27d40014557 tempest-AttachVolumeShelveTestJSON-1368361148 tempest-AttachVolumeShelveTestJSON-1368361148-project-member] Determining version of request: PUT /v2/images/2b26c324-fae5-4030-97e2-4ac34f5dc3ba/file Accept: */* {{(pid=98883) process_request /opt/stack/glance/glance/api/middleware/version_negotiation.py:44}}
May 20 20:27:32.648428 np0000001112 devstack@g-api.service[98883]: DEBUG glance.api.middleware.version_negotiation [None req-e5758cfe-79be-4681-8c1a-b27d40014557 tempest-AttachVolumeShelveTestJSON-1368361148 tempest-AttachVolumeShelveTestJSON-1368361148-project-member] Using url versioning {{(pid=98883) process_request /opt/stack/glance/glance/api/middleware/version_negotiation.py:57}}
May 20 20:27:32.648871 np0000001112 devstack@g-api.service[98883]: DEBUG glance.api.middleware.version_negotiation [None req-e5758cfe-79be-4681-8c1a-b27d40014557 tempest-AttachVolumeShelveTestJSON-1368361148 tempest-AttachVolumeShelveTestJSON-1368361148-project-member] Matched version: v2 {{(pid=98883) process_request /opt/stack/glance/glance/api/middleware/version_negotiation.py:69}}
May 20 20:27:32.649014 np0000001112 devstack@g-api.service[98883]: DEBUG glance.api.middleware.version_negotiation [None req-e5758cfe-79be-4681-8c1a-b27d40014557 tempest-AttachVolumeShelveTestJSON-1368361148 tempest-AttachVolumeShelveTestJSON-1368361148-project-member] new path /v2/images/2b26c324-fae5-4030-97e2-4ac34f5dc3ba/file {{(pid=98883) process_request /opt/stack/glance/glance/api/middleware/version_negotiation.py:70}}
May 20 20:27:32.911195 np0000001112 devstack@g-api.service[98882]: DEBUG glance.api.middleware.version_negotiation [None req-e5758cfe-79be-4681-8c1a-b27d40014557 tempest-AttachVolumeShelveTestJSON-1368361148 tempest-AttachVolumeShelveTestJSON-1368361148-project-member] Determining version of request: GET /v2/images/692293b1-86c3-4865-9e6c-846c77d96173 Accept: */* {{(pid=98882) process_request /opt/stack/glance/glance/api/middleware/version_negotiation.py:44}}
May 20 20:27:32.911674 np0000001112 devstack@g-api.service[98882]: DEBUG glance.api.middleware.version_negotiation [None req-e5758cfe-79be-4681-8c1a-b27d40014557 tempest-AttachVolumeShelveTestJSON-1368361148 tempest-AttachVolumeShelveTestJSON-1368361148-project-member] Using url versioning {{(pid=98882) process_request /opt/stack/glance/glance/api/middleware/version_negotiation.py:57}}
May 20 20:27:32.911674 np0000001112 devstack@g-api.service[98882]: DEBUG glance.api.middleware.version_negotiation [None req-e5758cfe-79be-4681-8c1a-b27d40014557 tempest-AttachVolumeShelveTestJSON-1368361148 tempest-AttachVolumeShelveTestJSON-1368361148-project-member] Matched version: v2 {{(pid=98882) process_request /opt/stack/glance/glance/api/middleware/version_negotiation.py:69}}
May 20 20:27:32.911787 np0000001112 devstack@g-api.service[98882]: DEBUG glance.api.middleware.version_negotiation [None req-e5758cfe-79be-4681-8c1a-b27d40014557 tempest-AttachVolumeShelveTestJSON-1368361148 tempest-AttachVolumeShelveTestJSON-1368361148-project-member] new path /v2/images/692293b1-86c3-4865-9e6c-846c77d96173 {{(pid=98882) process_request /opt/stack/glance/glance/api/middleware/version_negotiation.py:70}}
May 20 20:27:32.925879 np0000001112 devstack@g-api.service[98882]: [pid: 98882|app: 0|req: 224/447] 127.0.0.1 () {44 vars in 1115 bytes} [Wed May 20 20:27:32 2026] GET /v2/images/692293b1-86c3-4865-9e6c-846c77d96173 => generated 811 bytes in 15 msecs (HTTP/1.1 200) 4 headers in 157 bytes (1 switches on core 0)
May 20 20:27:32.933540 np0000001112 devstack@g-api.service[98882]: DEBUG glance.api.middleware.version_negotiation [None req-68ad59c0-a2ad-41ae-99cd-bd00899f8489 tempest-TestInstancesWithCinderVolumes-1825605034 tempest-TestInstancesWithCinderVolumes-1825605034-project-member] Determining version of request: GET /v2/schemas/image Accept: */* {{(pid=98882) process_request /opt/stack/glance/glance/api/middleware/version_negotiation.py:44}}
May 20 20:27:32.933712 np0000001112 devstack@g-api.service[98882]: DEBUG glance.api.middleware.version_negotiation [None req-68ad59c0-a2ad-41ae-99cd-bd00899f8489 tempest-TestInstancesWithCinderVolumes-1825605034 tempest-TestInstancesWithCinderVolumes-1825605034-project-member] Using url versioning {{(pid=98882) process_request /opt/stack/glance/glance/api/middleware/version_negotiation.py:57}}
May 20 20:27:32.933864 np0000001112 devstack@g-api.service[98882]: DEBUG glance.api.middleware.version_negotiation [None req-68ad59c0-a2ad-41ae-99cd-bd00899f8489 tempest-TestInstancesWithCinderVolumes-1825605034 tempest-TestInstancesWithCinderVolumes-1825605034-project-member] Matched version: v2 {{(pid=98882) process_request /opt/stack/glance/glance/api/middleware/version_negotiation.py:69}}
May 20 20:27:32.933997 np0000001112 devstack@g-api.service[98882]: DEBUG glance.api.middleware.version_negotiation [None req-68ad59c0-a2ad-41ae-99cd-bd00899f8489 tempest-TestInstancesWithCinderVolumes-1825605034 tempest-TestInstancesWithCinderVolumes-1825605034-project-member] new path /v2/schemas/image {{(pid=98882) process_request /opt/stack/glance/glance/api/middleware/version_negotiation.py:70}}
May 20 20:27:32.941128 np0000001112 devstack@g-api.service[98882]: [pid: 98882|app: 0|req: 225/448] 127.0.0.1 () {44 vars in 1055 bytes} [Wed May 20 20:27:32 2026] GET /v2/schemas/image => generated 6083 bytes in 4 msecs (HTTP/1.1 200) 4 headers in 158 bytes (1 switches on core 0)
May 20 20:27:33.203394 np0000001112 devstack@g-api.service[98883]: INFO glance.api.v2.image_data [None req-e5758cfe-79be-4681-8c1a-b27d40014557 tempest-AttachVolumeShelveTestJSON-1368361148 tempest-AttachVolumeShelveTestJSON-1368361148-project-member] Unable to create trust: no such option collect_timing in group [keystone_authtoken] Use the existing user token.
May 20 20:27:33.719913 np0000001112 devstack@g-api.service[98883]: DEBUG glance.location [None req-e5758cfe-79be-4681-8c1a-b27d40014557 tempest-AttachVolumeShelveTestJSON-1368361148 tempest-AttachVolumeShelveTestJSON-1368361148-project-member] Enabling in-flight format inspection for qcow2 {{(pid=98883) set_data /opt/stack/glance/glance/location.py:616}}
May 20 20:27:33.720345 np0000001112 devstack@g-api.service[98883]: DEBUG glance_store.backend [None req-e5758cfe-79be-4681-8c1a-b27d40014557 tempest-AttachVolumeShelveTestJSON-1368361148 tempest-AttachVolumeShelveTestJSON-1368361148-project-member] Attempting to import store swift {{(pid=98883) _load_store /opt/stack/data/venv/lib/python3.12/site-packages/glance_store/backend.py:215}}
May 20 20:27:33.721777 np0000001112 devstack@g-api.service[98883]: DEBUG glance_store.capabilities [None req-e5758cfe-79be-4681-8c1a-b27d40014557 tempest-AttachVolumeShelveTestJSON-1368361148 tempest-AttachVolumeShelveTestJSON-1368361148-project-member] Store glance_store._drivers.swift.store.SingleTenantStore doesn't support updating dynamic storage capabilities. Please overwrite 'update_capabilities' method of the store to implement updating logics if needed. {{(pid=98883) update_capabilities /opt/stack/data/venv/lib/python3.12/site-packages/glance_store/capabilities.py:91}}
May 20 20:27:33.721901 np0000001112 devstack@g-api.service[98883]: DEBUG glance_store.driver [None req-e5758cfe-79be-4681-8c1a-b27d40014557 tempest-AttachVolumeShelveTestJSON-1368361148 tempest-AttachVolumeShelveTestJSON-1368361148-project-member] Late loading location class glance_store._drivers.swift.store.StoreLocation {{(pid=98883) get_store_location_class /opt/stack/data/venv/lib/python3.12/site-packages/glance_store/driver.py:134}}
May 20 20:27:33.721993 np0000001112 devstack@g-api.service[98883]: DEBUG glance_store.location [None req-e5758cfe-79be-4681-8c1a-b27d40014557 tempest-AttachVolumeShelveTestJSON-1368361148 tempest-AttachVolumeShelveTestJSON-1368361148-project-member] Registering scheme swift+https with {'store': , 'location_class': , 'store_entry': 'swift'} {{(pid=98883) register_scheme_map /opt/stack/data/venv/lib/python3.12/site-packages/glance_store/location.py:146}}
May 20 20:27:33.722071 np0000001112 devstack@g-api.service[98883]: DEBUG glance_store.location [None req-e5758cfe-79be-4681-8c1a-b27d40014557 tempest-AttachVolumeShelveTestJSON-1368361148 tempest-AttachVolumeShelveTestJSON-1368361148-project-member] Registering scheme swift+https with {'store': , 'location_class': , 'store_entry': 'swift'} {{(pid=98883) register_scheme_map /opt/stack/data/venv/lib/python3.12/site-packages/glance_store/location.py:146}}
May 20 20:27:33.722141 np0000001112 devstack@g-api.service[98883]: DEBUG glance_store.location [None req-e5758cfe-79be-4681-8c1a-b27d40014557 tempest-AttachVolumeShelveTestJSON-1368361148 tempest-AttachVolumeShelveTestJSON-1368361148-project-member] Registering scheme swift with {'store': , 'location_class': , 'store_entry': 'swift'} {{(pid=98883) register_scheme_map /opt/stack/data/venv/lib/python3.12/site-packages/glance_store/location.py:146}}
May 20 20:27:33.722275 np0000001112 devstack@g-api.service[98883]: DEBUG glance_store.location [None req-e5758cfe-79be-4681-8c1a-b27d40014557 tempest-AttachVolumeShelveTestJSON-1368361148 tempest-AttachVolumeShelveTestJSON-1368361148-project-member] Registering scheme swift+https with {'store': , 'location_class': , 'store_entry': 'swift'} {{(pid=98883) register_scheme_map /opt/stack/data/venv/lib/python3.12/site-packages/glance_store/location.py:146}}
May 20 20:27:33.722660 np0000001112 devstack@g-api.service[98883]: DEBUG glance_store.location [None req-e5758cfe-79be-4681-8c1a-b27d40014557 tempest-AttachVolumeShelveTestJSON-1368361148 tempest-AttachVolumeShelveTestJSON-1368361148-project-member] Registering scheme swift with {'store': , 'location_class': , 'store_entry': 'swift'} {{(pid=98883) register_scheme_map /opt/stack/data/venv/lib/python3.12/site-packages/glance_store/location.py:146}}
May 20 20:27:33.722753 np0000001112 devstack@g-api.service[98883]: DEBUG glance_store.location [None req-e5758cfe-79be-4681-8c1a-b27d40014557 tempest-AttachVolumeShelveTestJSON-1368361148 tempest-AttachVolumeShelveTestJSON-1368361148-project-member] Registering scheme swift+http with {'store': , 'location_class': , 'store_entry': 'swift'} {{(pid=98883) register_scheme_map /opt/stack/data/venv/lib/python3.12/site-packages/glance_store/location.py:146}}
May 20 20:27:33.722834 np0000001112 devstack@g-api.service[98883]: DEBUG glance_store.location [None req-e5758cfe-79be-4681-8c1a-b27d40014557 tempest-AttachVolumeShelveTestJSON-1368361148 tempest-AttachVolumeShelveTestJSON-1368361148-project-member] Registering scheme swift+https with {'store': , 'location_class': , 'store_entry': 'swift'} {{(pid=98883) register_scheme_map /opt/stack/data/venv/lib/python3.12/site-packages/glance_store/location.py:146}}
May 20 20:27:33.722913 np0000001112 devstack@g-api.service[98883]: DEBUG glance_store.location [None req-e5758cfe-79be-4681-8c1a-b27d40014557 tempest-AttachVolumeShelveTestJSON-1368361148 tempest-AttachVolumeShelveTestJSON-1368361148-project-member] Registering scheme swift with {'store': , 'location_class': , 'store_entry': 'swift'} {{(pid=98883) register_scheme_map /opt/stack/data/venv/lib/python3.12/site-packages/glance_store/location.py:146}}
May 20 20:27:33.722984 np0000001112 devstack@g-api.service[98883]: DEBUG glance_store.location [None req-e5758cfe-79be-4681-8c1a-b27d40014557 tempest-AttachVolumeShelveTestJSON-1368361148 tempest-AttachVolumeShelveTestJSON-1368361148-project-member] Registering scheme swift+http with {'store': , 'location_class': , 'store_entry': 'swift'} {{(pid=98883) register_scheme_map /opt/stack/data/venv/lib/python3.12/site-packages/glance_store/location.py:146}}
May 20 20:27:33.722984 np0000001112 devstack@g-api.service[98883]: DEBUG glance_store.location [None req-e5758cfe-79be-4681-8c1a-b27d40014557 tempest-AttachVolumeShelveTestJSON-1368361148 tempest-AttachVolumeShelveTestJSON-1368361148-project-member] Registering scheme swift+config with {'store': , 'location_class': , 'store_entry': 'swift'} {{(pid=98883) register_scheme_map /opt/stack/data/venv/lib/python3.12/site-packages/glance_store/location.py:146}}
May 20 20:27:33.876934 np0000001112 devstack@g-api.service[98882]: DEBUG glance.api.middleware.version_negotiation [None req-68ad59c0-a2ad-41ae-99cd-bd00899f8489 tempest-TestInstancesWithCinderVolumes-1825605034 tempest-TestInstancesWithCinderVolumes-1825605034-project-member] Determining version of request: GET /v2/images/d150a262-7f41-4c8d-8192-84353cdeb261 Accept: */* {{(pid=98882) process_request /opt/stack/glance/glance/api/middleware/version_negotiation.py:44}}
May 20 20:27:33.877123 np0000001112 devstack@g-api.service[98882]: DEBUG glance.api.middleware.version_negotiation [None req-68ad59c0-a2ad-41ae-99cd-bd00899f8489 tempest-TestInstancesWithCinderVolumes-1825605034 tempest-TestInstancesWithCinderVolumes-1825605034-project-member] Using url versioning {{(pid=98882) process_request /opt/stack/glance/glance/api/middleware/version_negotiation.py:57}}
May 20 20:27:33.877251 np0000001112 devstack@g-api.service[98882]: DEBUG glance.api.middleware.version_negotiation [None req-68ad59c0-a2ad-41ae-99cd-bd00899f8489 tempest-TestInstancesWithCinderVolumes-1825605034 tempest-TestInstancesWithCinderVolumes-1825605034-project-member] Matched version: v2 {{(pid=98882) process_request /opt/stack/glance/glance/api/middleware/version_negotiation.py:69}}
May 20 20:27:33.877357 np0000001112 devstack@g-api.service[98882]: DEBUG glance.api.middleware.version_negotiation [None req-68ad59c0-a2ad-41ae-99cd-bd00899f8489 tempest-TestInstancesWithCinderVolumes-1825605034 tempest-TestInstancesWithCinderVolumes-1825605034-project-member] new path /v2/images/d150a262-7f41-4c8d-8192-84353cdeb261 {{(pid=98882) process_request /opt/stack/glance/glance/api/middleware/version_negotiation.py:70}}
May 20 20:27:33.892004 np0000001112 devstack@g-api.service[98882]: [pid: 98882|app: 0|req: 226/449] 127.0.0.1 () {44 vars in 1115 bytes} [Wed May 20 20:27:33 2026] GET /v2/images/d150a262-7f41-4c8d-8192-84353cdeb261 => generated 1044 bytes in 15 msecs (HTTP/1.1 200) 4 headers in 158 bytes (1 switches on core 0)
May 20 20:27:33.900055 np0000001112 devstack@g-api.service[98882]: DEBUG glance.api.middleware.version_negotiation [None req-3cabd923-32d0-43e9-825d-22f50c81f086 tempest-ServerActionsV293TestJSON-1497173423 tempest-ServerActionsV293TestJSON-1497173423-project-member] Determining version of request: GET /v2/schemas/image Accept: */* {{(pid=98882) process_request /opt/stack/glance/glance/api/middleware/version_negotiation.py:44}}
May 20 20:27:33.900171 np0000001112 devstack@g-api.service[98882]: DEBUG glance.api.middleware.version_negotiation [None req-3cabd923-32d0-43e9-825d-22f50c81f086 tempest-ServerActionsV293TestJSON-1497173423 tempest-ServerActionsV293TestJSON-1497173423-project-member] Using url versioning {{(pid=98882) process_request /opt/stack/glance/glance/api/middleware/version_negotiation.py:57}}
May 20 20:27:33.900294 np0000001112 devstack@g-api.service[98882]: DEBUG glance.api.middleware.version_negotiation [None req-3cabd923-32d0-43e9-825d-22f50c81f086 tempest-ServerActionsV293TestJSON-1497173423 tempest-ServerActionsV293TestJSON-1497173423-project-member] Matched version: v2 {{(pid=98882) process_request /opt/stack/glance/glance/api/middleware/version_negotiation.py:69}}
May 20 20:27:33.900402 np0000001112 devstack@g-api.service[98882]: DEBUG glance.api.middleware.version_negotiation [None req-3cabd923-32d0-43e9-825d-22f50c81f086 tempest-ServerActionsV293TestJSON-1497173423 tempest-ServerActionsV293TestJSON-1497173423-project-member] new path /v2/schemas/image {{(pid=98882) process_request /opt/stack/glance/glance/api/middleware/version_negotiation.py:70}}
May 20 20:27:33.902652 np0000001112 devstack@g-api.service[98882]: [pid: 98882|app: 0|req: 227/450] 127.0.0.1 () {44 vars in 1055 bytes} [Wed May 20 20:27:33 2026] GET /v2/schemas/image => generated 6083 bytes in 2 msecs (HTTP/1.1 200) 4 headers in 158 bytes (1 switches on core 0)
May 20 20:27:33.911638 np0000001112 devstack@g-api.service[98882]: DEBUG glance.api.middleware.version_negotiation [None req-3cabd923-32d0-43e9-825d-22f50c81f086 tempest-ServerActionsV293TestJSON-1497173423 tempest-ServerActionsV293TestJSON-1497173423-project-member] Determining version of request: GET /v2/schemas/image Accept: */* {{(pid=98882) process_request /opt/stack/glance/glance/api/middleware/version_negotiation.py:44}}
May 20 20:27:33.912708 np0000001112 devstack@g-api.service[98882]: DEBUG glance.api.middleware.version_negotiation [None req-3cabd923-32d0-43e9-825d-22f50c81f086 tempest-ServerActionsV293TestJSON-1497173423 tempest-ServerActionsV293TestJSON-1497173423-project-member] Using url versioning {{(pid=98882) process_request /opt/stack/glance/glance/api/middleware/version_negotiation.py:57}}
May 20 20:27:33.912708 np0000001112 devstack@g-api.service[98882]: DEBUG glance.api.middleware.version_negotiation [None req-3cabd923-32d0-43e9-825d-22f50c81f086 tempest-ServerActionsV293TestJSON-1497173423 tempest-ServerActionsV293TestJSON-1497173423-project-member] Matched version: v2 {{(pid=98882) process_request /opt/stack/glance/glance/api/middleware/version_negotiation.py:69}}
May 20 20:27:33.912708 np0000001112 devstack@g-api.service[98882]: DEBUG glance.api.middleware.version_negotiation [None req-3cabd923-32d0-43e9-825d-22f50c81f086 tempest-ServerActionsV293TestJSON-1497173423 tempest-ServerActionsV293TestJSON-1497173423-project-member] new path /v2/schemas/image {{(pid=98882) process_request /opt/stack/glance/glance/api/middleware/version_negotiation.py:70}}
May 20 20:27:33.913803 np0000001112 devstack@g-api.service[98882]: [pid: 98882|app: 0|req: 228/451] 127.0.0.1 () {44 vars in 1055 bytes} [Wed May 20 20:27:33 2026] GET /v2/schemas/image => generated 6083 bytes in 2 msecs (HTTP/1.1 200) 4 headers in 158 bytes (1 switches on core 0)
May 20 20:27:33.919941 np0000001112 devstack@g-api.service[98883]: DEBUG swiftclient [None req-e5758cfe-79be-4681-8c1a-b27d40014557 tempest-AttachVolumeShelveTestJSON-1368361148 tempest-AttachVolumeShelveTestJSON-1368361148-project-member] REQ: curl -i https://10.4.3.229:8080/v1/AUTH_5bf81fcfbd564e5ca1497ad05c3d282e/glance -I -H "X-Auth-Token: gAAAAABqDhk1MWxq..." {{(pid=98883) http_log /opt/stack/data/venv/lib/python3.12/site-packages/swiftclient/client.py:160}}
May 20 20:27:33.920048 np0000001112 devstack@g-api.service[98883]: DEBUG swiftclient [None req-e5758cfe-79be-4681-8c1a-b27d40014557 tempest-AttachVolumeShelveTestJSON-1368361148 tempest-AttachVolumeShelveTestJSON-1368361148-project-member] RESP STATUS: 204 No Content {{(pid=98883) http_log /opt/stack/data/venv/lib/python3.12/site-packages/swiftclient/client.py:161}}
May 20 20:27:33.920230 np0000001112 devstack@g-api.service[98883]: DEBUG swiftclient [None req-e5758cfe-79be-4681-8c1a-b27d40014557 tempest-AttachVolumeShelveTestJSON-1368361148 tempest-AttachVolumeShelveTestJSON-1368361148-project-member] RESP HEADERS: {'Date': 'Wed, 20 May 2026 20:27:33 GMT', 'Server': 'Apache/2.4.58 (Ubuntu)', 'Content-Type': 'text/plain; charset=utf-8', 'X-Container-Object-Count': '5', 'X-Container-Bytes-Used': '86048768', 'X-Timestamp': '1779308261.40274', 'Last-Modified': 'Wed, 20 May 2026 20:17:42 GMT', 'Accept-Ranges': 'bytes', 'X-Storage-Policy': 'Policy-0', 'X-Container-Sharding': 'False', 'Vary': 'Accept', 'X-Trans-Id': 'tx395345927cc34dc1a41fe-006a0e1935', 'X-Openstack-Request-Id': 'tx395345927cc34dc1a41fe-006a0e1935', 'Connection': 'close'} {{(pid=98883) http_log /opt/stack/data/venv/lib/python3.12/site-packages/swiftclient/client.py:162}}
May 20 20:27:33.920404 np0000001112 devstack@g-api.service[98883]: DEBUG glance_store._drivers.swift.store [None req-e5758cfe-79be-4681-8c1a-b27d40014557 tempest-AttachVolumeShelveTestJSON-1368361148 tempest-AttachVolumeShelveTestJSON-1368361148-project-member] Adding image object '2b26c324-fae5-4030-97e2-4ac34f5dc3ba' to Swift {{(pid=98883) add /opt/stack/data/venv/lib/python3.12/site-packages/glance_store/_drivers/swift/store.py:978}}
May 20 20:27:33.920547 np0000001112 devstack@g-api.service[98883]: DEBUG glance_store._drivers.swift.store [None req-e5758cfe-79be-4681-8c1a-b27d40014557 tempest-AttachVolumeShelveTestJSON-1368361148 tempest-AttachVolumeShelveTestJSON-1368361148-project-member] Cannot determine image size because it is either not provided in the request or chunked-transfer encoding is used. Adding image as a segmented object to Swift. {{(pid=98883) add /opt/stack/data/venv/lib/python3.12/site-packages/glance_store/_drivers/swift/store.py:1002}}
May 20 20:27:33.923593 np0000001112 devstack@g-api.service[98882]: DEBUG glance.api.middleware.version_negotiation [None req-3cabd923-32d0-43e9-825d-22f50c81f086 tempest-ServerActionsV293TestJSON-1497173423 tempest-ServerActionsV293TestJSON-1497173423-project-member] Determining version of request: GET /v2/images/d150a262-7f41-4c8d-8192-84353cdeb261 Accept: */* {{(pid=98882) process_request /opt/stack/glance/glance/api/middleware/version_negotiation.py:44}}
May 20 20:27:33.923761 np0000001112 devstack@g-api.service[98882]: DEBUG glance.api.middleware.version_negotiation [None req-3cabd923-32d0-43e9-825d-22f50c81f086 tempest-ServerActionsV293TestJSON-1497173423 tempest-ServerActionsV293TestJSON-1497173423-project-member] Using url versioning {{(pid=98882) process_request /opt/stack/glance/glance/api/middleware/version_negotiation.py:57}}
May 20 20:27:33.923912 np0000001112 devstack@g-api.service[98882]: DEBUG glance.api.middleware.version_negotiation [None req-3cabd923-32d0-43e9-825d-22f50c81f086 tempest-ServerActionsV293TestJSON-1497173423 tempest-ServerActionsV293TestJSON-1497173423-project-member] Matched version: v2 {{(pid=98882) process_request /opt/stack/glance/glance/api/middleware/version_negotiation.py:69}}
May 20 20:27:33.924006 np0000001112 devstack@g-api.service[98882]: DEBUG glance.api.middleware.version_negotiation [None req-3cabd923-32d0-43e9-825d-22f50c81f086 tempest-ServerActionsV293TestJSON-1497173423 tempest-ServerActionsV293TestJSON-1497173423-project-member] new path /v2/images/d150a262-7f41-4c8d-8192-84353cdeb261 {{(pid=98882) process_request /opt/stack/glance/glance/api/middleware/version_negotiation.py:70}}
May 20 20:27:33.929565 np0000001112 devstack@g-api.service[98883]: DEBUG oslo_utils.imageutils.format_inspector [None req-e5758cfe-79be-4681-8c1a-b27d40014557 tempest-AttachVolumeShelveTestJSON-1368361148 tempest-AttachVolumeShelveTestJSON-1368361148-project-member] Format inspector for vmdk does not match, excluding from consideration (Signature KDMV not found: b'QFI\xfb') {{(pid=98883) _process_chunk /opt/stack/data/venv/lib/python3.12/site-packages/oslo_utils/imageutils/format_inspector.py:1538}}
May 20 20:27:33.934692 np0000001112 devstack@g-api.service[98882]: [pid: 98882|app: 0|req: 229/452] 127.0.0.1 () {44 vars in 1115 bytes} [Wed May 20 20:27:33 2026] GET /v2/images/d150a262-7f41-4c8d-8192-84353cdeb261 => generated 1044 bytes in 9 msecs (HTTP/1.1 200) 4 headers in 158 bytes (1 switches on core 0)
May 20 20:27:33.934895 np0000001112 devstack@g-api.service[98883]: DEBUG oslo_utils.imageutils.format_inspector [None req-e5758cfe-79be-4681-8c1a-b27d40014557 tempest-AttachVolumeShelveTestJSON-1368361148 tempest-AttachVolumeShelveTestJSON-1368361148-project-member] Format inspector for vhdx does not match, excluding from consideration (Region signature not found at 30000) {{(pid=98883) _process_chunk /opt/stack/data/venv/lib/python3.12/site-packages/oslo_utils/imageutils/format_inspector.py:1538}}
May 20 20:27:33.944334 np0000001112 devstack@g-api.service[98882]: DEBUG glance.api.middleware.version_negotiation [None req-3cabd923-32d0-43e9-825d-22f50c81f086 tempest-ServerActionsV293TestJSON-1497173423 tempest-ServerActionsV293TestJSON-1497173423-project-member] Determining version of request: GET /v2/schemas/image Accept: */* {{(pid=98882) process_request /opt/stack/glance/glance/api/middleware/version_negotiation.py:44}}
May 20 20:27:33.944602 np0000001112 devstack@g-api.service[98882]: DEBUG glance.api.middleware.version_negotiation [None req-3cabd923-32d0-43e9-825d-22f50c81f086 tempest-ServerActionsV293TestJSON-1497173423 tempest-ServerActionsV293TestJSON-1497173423-project-member] Using url versioning {{(pid=98882) process_request /opt/stack/glance/glance/api/middleware/version_negotiation.py:57}}
May 20 20:27:33.944649 np0000001112 devstack@g-api.service[98882]: DEBUG glance.api.middleware.version_negotiation [None req-3cabd923-32d0-43e9-825d-22f50c81f086 tempest-ServerActionsV293TestJSON-1497173423 tempest-ServerActionsV293TestJSON-1497173423-project-member] Matched version: v2 {{(pid=98882) process_request /opt/stack/glance/glance/api/middleware/version_negotiation.py:69}}
May 20 20:27:33.945396 np0000001112 devstack@g-api.service[98882]: DEBUG glance.api.middleware.version_negotiation [None req-3cabd923-32d0-43e9-825d-22f50c81f086 tempest-ServerActionsV293TestJSON-1497173423 tempest-ServerActionsV293TestJSON-1497173423-project-member] new path /v2/schemas/image {{(pid=98882) process_request /opt/stack/glance/glance/api/middleware/version_negotiation.py:70}}
May 20 20:27:33.946709 np0000001112 devstack@g-api.service[98882]: [pid: 98882|app: 0|req: 230/453] 127.0.0.1 () {44 vars in 1055 bytes} [Wed May 20 20:27:33 2026] GET /v2/schemas/image => generated 6083 bytes in 2 msecs (HTTP/1.1 200) 4 headers in 158 bytes (1 switches on core 0)
May 20 20:27:33.953880 np0000001112 devstack@g-api.service[98882]: DEBUG glance.api.middleware.version_negotiation [None req-3cabd923-32d0-43e9-825d-22f50c81f086 tempest-ServerActionsV293TestJSON-1497173423 tempest-ServerActionsV293TestJSON-1497173423-project-member] Determining version of request: GET /v2/schemas/image Accept: */* {{(pid=98882) process_request /opt/stack/glance/glance/api/middleware/version_negotiation.py:44}}
May 20 20:27:33.954112 np0000001112 devstack@g-api.service[98882]: DEBUG glance.api.middleware.version_negotiation [None req-3cabd923-32d0-43e9-825d-22f50c81f086 tempest-ServerActionsV293TestJSON-1497173423 tempest-ServerActionsV293TestJSON-1497173423-project-member] Using url versioning {{(pid=98882) process_request /opt/stack/glance/glance/api/middleware/version_negotiation.py:57}}
May 20 20:27:33.954112 np0000001112 devstack@g-api.service[98882]: DEBUG glance.api.middleware.version_negotiation [None req-3cabd923-32d0-43e9-825d-22f50c81f086 tempest-ServerActionsV293TestJSON-1497173423 tempest-ServerActionsV293TestJSON-1497173423-project-member] Matched version: v2 {{(pid=98882) process_request /opt/stack/glance/glance/api/middleware/version_negotiation.py:69}}
May 20 20:27:33.954317 np0000001112 devstack@g-api.service[98882]: DEBUG glance.api.middleware.version_negotiation [None req-3cabd923-32d0-43e9-825d-22f50c81f086 tempest-ServerActionsV293TestJSON-1497173423 tempest-ServerActionsV293TestJSON-1497173423-project-member] new path /v2/schemas/image {{(pid=98882) process_request /opt/stack/glance/glance/api/middleware/version_negotiation.py:70}}
May 20 20:27:33.956045 np0000001112 devstack@g-api.service[98882]: [pid: 98882|app: 0|req: 231/454] 127.0.0.1 () {44 vars in 1055 bytes} [Wed May 20 20:27:33 2026] GET /v2/schemas/image => generated 6083 bytes in 2 msecs (HTTP/1.1 200) 4 headers in 158 bytes (1 switches on core 0)
May 20 20:27:33.975238 np0000001112 devstack@g-api.service[98882]: DEBUG glance.api.middleware.version_negotiation [None req-3cabd923-32d0-43e9-825d-22f50c81f086 tempest-ServerActionsV293TestJSON-1497173423 tempest-ServerActionsV293TestJSON-1497173423-project-member] Determining version of request: GET /v2/images/d150a262-7f41-4c8d-8192-84353cdeb261 Accept: */* {{(pid=98882) process_request /opt/stack/glance/glance/api/middleware/version_negotiation.py:44}}
May 20 20:27:33.975347 np0000001112 devstack@g-api.service[98882]: DEBUG glance.api.middleware.version_negotiation [None req-3cabd923-32d0-43e9-825d-22f50c81f086 tempest-ServerActionsV293TestJSON-1497173423 tempest-ServerActionsV293TestJSON-1497173423-project-member] Using url versioning {{(pid=98882) process_request /opt/stack/glance/glance/api/middleware/version_negotiation.py:57}}
May 20 20:27:33.975509 np0000001112 devstack@g-api.service[98882]: DEBUG glance.api.middleware.version_negotiation [None req-3cabd923-32d0-43e9-825d-22f50c81f086 tempest-ServerActionsV293TestJSON-1497173423 tempest-ServerActionsV293TestJSON-1497173423-project-member] Matched version: v2 {{(pid=98882) process_request /opt/stack/glance/glance/api/middleware/version_negotiation.py:69}}
May 20 20:27:33.975571 np0000001112 devstack@g-api.service[98882]: DEBUG glance.api.middleware.version_negotiation [None req-3cabd923-32d0-43e9-825d-22f50c81f086 tempest-ServerActionsV293TestJSON-1497173423 tempest-ServerActionsV293TestJSON-1497173423-project-member] new path /v2/images/d150a262-7f41-4c8d-8192-84353cdeb261 {{(pid=98882) process_request /opt/stack/glance/glance/api/middleware/version_negotiation.py:70}}
May 20 20:27:33.984484 np0000001112 devstack@g-api.service[98882]: [pid: 98882|app: 0|req: 232/455] 127.0.0.1 () {44 vars in 1115 bytes} [Wed May 20 20:27:33 2026] GET /v2/images/d150a262-7f41-4c8d-8192-84353cdeb261 => generated 1044 bytes in 8 msecs (HTTP/1.1 200) 4 headers in 158 bytes (1 switches on core 0)
May 20 20:27:33.991338 np0000001112 devstack@g-api.service[98882]: DEBUG glance.api.middleware.version_negotiation [None req-3cabd923-32d0-43e9-825d-22f50c81f086 tempest-ServerActionsV293TestJSON-1497173423 tempest-ServerActionsV293TestJSON-1497173423-project-member] Determining version of request: GET /v2/schemas/image Accept: */* {{(pid=98882) process_request /opt/stack/glance/glance/api/middleware/version_negotiation.py:44}}
May 20 20:27:33.991470 np0000001112 devstack@g-api.service[98882]: DEBUG glance.api.middleware.version_negotiation [None req-3cabd923-32d0-43e9-825d-22f50c81f086 tempest-ServerActionsV293TestJSON-1497173423 tempest-ServerActionsV293TestJSON-1497173423-project-member] Using url versioning {{(pid=98882) process_request /opt/stack/glance/glance/api/middleware/version_negotiation.py:57}}
May 20 20:27:33.994437 np0000001112 devstack@g-api.service[98882]: DEBUG glance.api.middleware.version_negotiation [None req-3cabd923-32d0-43e9-825d-22f50c81f086 tempest-ServerActionsV293TestJSON-1497173423 tempest-ServerActionsV293TestJSON-1497173423-project-member] Matched version: v2 {{(pid=98882) process_request /opt/stack/glance/glance/api/middleware/version_negotiation.py:69}}
May 20 20:27:33.994437 np0000001112 devstack@g-api.service[98882]: DEBUG glance.api.middleware.version_negotiation [None req-3cabd923-32d0-43e9-825d-22f50c81f086 tempest-ServerActionsV293TestJSON-1497173423 tempest-ServerActionsV293TestJSON-1497173423-project-member] new path /v2/schemas/image {{(pid=98882) process_request /opt/stack/glance/glance/api/middleware/version_negotiation.py:70}}
May 20 20:27:33.994437 np0000001112 devstack@g-api.service[98882]: [pid: 98882|app: 0|req: 233/456] 127.0.0.1 () {44 vars in 1055 bytes} [Wed May 20 20:27:33 2026] GET /v2/schemas/image => generated 6083 bytes in 2 msecs (HTTP/1.1 200) 4 headers in 158 bytes (1 switches on core 0)
May 20 20:27:34.412846 np0000001112 devstack@g-api.service[98882]: DEBUG glance.api.middleware.version_negotiation [None req-3cabd923-32d0-43e9-825d-22f50c81f086 tempest-ServerActionsV293TestJSON-1497173423 tempest-ServerActionsV293TestJSON-1497173423-project-member] Determining version of request: GET /versions Accept: */* {{(pid=98882) process_request /opt/stack/glance/glance/api/middleware/version_negotiation.py:44}}
May 20 20:27:34.413462 np0000001112 devstack@g-api.service[98882]: [pid: 98882|app: 0|req: 234/457] 127.0.0.1 () {44 vars in 1039 bytes} [Wed May 20 20:27:34 2026] GET /versions => generated 1407 bytes in 1 msecs (HTTP/1.1 200) 3 headers in 92 bytes (1 switches on core 0)
May 20 20:27:34.430002 np0000001112 devstack@g-api.service[98882]: DEBUG glance.api.middleware.version_negotiation [None req-3cabd923-32d0-43e9-825d-22f50c81f086 tempest-ServerActionsV293TestJSON-1497173423 tempest-ServerActionsV293TestJSON-1497173423-project-member] Determining version of request: GET /v2/images/d150a262-7f41-4c8d-8192-84353cdeb261/locations Accept: */* {{(pid=98882) process_request /opt/stack/glance/glance/api/middleware/version_negotiation.py:44}}
May 20 20:27:34.430249 np0000001112 devstack@g-api.service[98882]: DEBUG glance.api.middleware.version_negotiation [None req-3cabd923-32d0-43e9-825d-22f50c81f086 tempest-ServerActionsV293TestJSON-1497173423 tempest-ServerActionsV293TestJSON-1497173423-project-member] Using url versioning {{(pid=98882) process_request /opt/stack/glance/glance/api/middleware/version_negotiation.py:57}}
May 20 20:27:34.430249 np0000001112 devstack@g-api.service[98882]: DEBUG glance.api.middleware.version_negotiation [None req-3cabd923-32d0-43e9-825d-22f50c81f086 tempest-ServerActionsV293TestJSON-1497173423 tempest-ServerActionsV293TestJSON-1497173423-project-member] Matched version: v2 {{(pid=98882) process_request /opt/stack/glance/glance/api/middleware/version_negotiation.py:69}}
May 20 20:27:34.430349 np0000001112 devstack@g-api.service[98882]: DEBUG glance.api.middleware.version_negotiation [None req-3cabd923-32d0-43e9-825d-22f50c81f086 tempest-ServerActionsV293TestJSON-1497173423 tempest-ServerActionsV293TestJSON-1497173423-project-member] new path /v2/images/d150a262-7f41-4c8d-8192-84353cdeb261/locations {{(pid=98882) process_request /opt/stack/glance/glance/api/middleware/version_negotiation.py:70}}
May 20 20:27:34.461988 np0000001112 devstack@g-api.service[98883]: DEBUG swiftclient [None req-e5758cfe-79be-4681-8c1a-b27d40014557 tempest-AttachVolumeShelveTestJSON-1368361148 tempest-AttachVolumeShelveTestJSON-1368361148-project-member] REQ: curl -i https://10.4.3.229:8080/v1/AUTH_5bf81fcfbd564e5ca1497ad05c3d282e/glance/2b26c324-fae5-4030-97e2-4ac34f5dc3ba-00001 -X PUT -H "X-Auth-Token: gAAAAABqDhk1MWxq..." {{(pid=98883) http_log /opt/stack/data/venv/lib/python3.12/site-packages/swiftclient/client.py:160}}
May 20 20:27:34.463555 np0000001112 devstack@g-api.service[98883]: DEBUG swiftclient [None req-e5758cfe-79be-4681-8c1a-b27d40014557 tempest-AttachVolumeShelveTestJSON-1368361148 tempest-AttachVolumeShelveTestJSON-1368361148-project-member] RESP STATUS: 201 Created {{(pid=98883) http_log /opt/stack/data/venv/lib/python3.12/site-packages/swiftclient/client.py:161}}
May 20 20:27:34.463555 np0000001112 devstack@g-api.service[98883]: DEBUG swiftclient [None req-e5758cfe-79be-4681-8c1a-b27d40014557 tempest-AttachVolumeShelveTestJSON-1368361148 tempest-AttachVolumeShelveTestJSON-1368361148-project-member] RESP HEADERS: {'Date': 'Wed, 20 May 2026 20:27:34 GMT', 'Server': 'Apache/2.4.58 (Ubuntu)', 'Content-Type': 'text/html; charset=UTF-8', 'Content-Length': '0', 'Etag': 'e105b1ce67c5ce06e3513035fe0e961e', 'Last-Modified': 'Wed, 20 May 2026 20:27:34 GMT', 'X-Trans-Id': 'tx99ee30abe9b54ad4a725d-006a0e1935', 'X-Openstack-Request-Id': 'tx99ee30abe9b54ad4a725d-006a0e1935', 'Connection': 'close'} {{(pid=98883) http_log /opt/stack/data/venv/lib/python3.12/site-packages/swiftclient/client.py:162}}
May 20 20:27:34.463555 np0000001112 devstack@g-api.service[98883]: DEBUG glance_store._drivers.swift.store [None req-e5758cfe-79be-4681-8c1a-b27d40014557 tempest-AttachVolumeShelveTestJSON-1368361148 tempest-AttachVolumeShelveTestJSON-1368361148-project-member] Wrote chunk 2b26c324-fae5-4030-97e2-4ac34f5dc3ba-00001 (1/?) of length 53542912 to Swift returning MD5 of content: e105b1ce67c5ce06e3513035fe0e961e {{(pid=98883) add /opt/stack/data/venv/lib/python3.12/site-packages/glance_store/_drivers/swift/store.py:1067}}
May 20 20:27:34.463555 np0000001112 devstack@g-api.service[98883]: DEBUG glance_store._drivers.swift.store [None req-e5758cfe-79be-4681-8c1a-b27d40014557 tempest-AttachVolumeShelveTestJSON-1368361148 tempest-AttachVolumeShelveTestJSON-1368361148-project-member] Not writing zero-length chunk. {{(pid=98883) add /opt/stack/data/venv/lib/python3.12/site-packages/glance_store/_drivers/swift/store.py:1036}}
May 20 20:27:34.488549 np0000001112 devstack@g-api.service[98882]: [pid: 98882|app: 0|req: 235/458] 127.0.0.1 () {44 vars in 1135 bytes} [Wed May 20 20:27:34 2026] GET /v2/images/d150a262-7f41-4c8d-8192-84353cdeb261/locations => generated 92 bytes in 57 msecs (HTTP/1.1 200) 4 headers in 156 bytes (1 switches on core 0)
May 20 20:27:34.488677 np0000001112 devstack@g-api.service[98883]: DEBUG swiftclient [None req-e5758cfe-79be-4681-8c1a-b27d40014557 tempest-AttachVolumeShelveTestJSON-1368361148 tempest-AttachVolumeShelveTestJSON-1368361148-project-member] REQ: curl -i https://10.4.3.229:8080/v1/AUTH_5bf81fcfbd564e5ca1497ad05c3d282e/glance/2b26c324-fae5-4030-97e2-4ac34f5dc3ba -X PUT -H "X-Object-Manifest: glance/2b26c324-fae5-4030-97e2-4ac34f5dc3ba-" -H "X-Auth-Token: gAAAAABqDhk1MWxq..." -H "Content-Length: 0" {{(pid=98883) http_log /opt/stack/data/venv/lib/python3.12/site-packages/swiftclient/client.py:160}}
May 20 20:27:34.488677 np0000001112 devstack@g-api.service[98883]: DEBUG swiftclient [None req-e5758cfe-79be-4681-8c1a-b27d40014557 tempest-AttachVolumeShelveTestJSON-1368361148 tempest-AttachVolumeShelveTestJSON-1368361148-project-member] RESP STATUS: 201 Created {{(pid=98883) http_log /opt/stack/data/venv/lib/python3.12/site-packages/swiftclient/client.py:161}}
May 20 20:27:34.488677 np0000001112 devstack@g-api.service[98883]: DEBUG swiftclient [None req-e5758cfe-79be-4681-8c1a-b27d40014557 tempest-AttachVolumeShelveTestJSON-1368361148 tempest-AttachVolumeShelveTestJSON-1368361148-project-member] RESP HEADERS: {'Date': 'Wed, 20 May 2026 20:27:34 GMT', 'Server': 'Apache/2.4.58 (Ubuntu)', 'Content-Type': 'text/html; charset=UTF-8', 'Content-Length': '0', 'Etag': 'd41d8cd98f00b204e9800998ecf8427e', 'Last-Modified': 'Wed, 20 May 2026 20:27:35 GMT', 'X-Trans-Id': 'txde5e980afae741efae672-006a0e1936', 'X-Openstack-Request-Id': 'txde5e980afae741efae672-006a0e1936', 'Connection': 'close'} {{(pid=98883) http_log /opt/stack/data/venv/lib/python3.12/site-packages/swiftclient/client.py:162}}
May 20 20:27:34.489025 np0000001112 devstack@g-api.service[98883]: INFO glance.location [None req-e5758cfe-79be-4681-8c1a-b27d40014557 tempest-AttachVolumeShelveTestJSON-1368361148 tempest-AttachVolumeShelveTestJSON-1368361148-project-member] Image format matched and virtual size computed: 1073741824
May 20 20:27:34.501737 np0000001112 devstack@g-api.service[98882]: DEBUG glance.api.middleware.version_negotiation [None req-3cabd923-32d0-43e9-825d-22f50c81f086 service glance] Determining version of request: GET /v2/images/d150a262-7f41-4c8d-8192-84353cdeb261 Accept: */* {{(pid=98882) process_request /opt/stack/glance/glance/api/middleware/version_negotiation.py:44}}
