May 20 20:16:49.454990 np0000001112 neutron-periodic-workers[88971]: DEBUG cotyledon.oslo_config_glue [-] ovn.dns_records_ovn_owned = False {{(pid=88971) log_opt_values /opt/stack/data/venv/lib/python3.12/site-packages/oslo_config/cfg.py:3256}}
May 20 20:16:49.455019 np0000001112 neutron-periodic-workers[88971]: DEBUG cotyledon.oslo_config_glue [-] ovn.dns_servers = [] {{(pid=88971) log_opt_values /opt/stack/data/venv/lib/python3.12/site-packages/oslo_config/cfg.py:3256}}
May 20 20:16:49.455056 np0000001112 neutron-periodic-workers[88971]: DEBUG cotyledon.oslo_config_glue [-] ovn.enable_distributed_floating_ip = False {{(pid=88971) log_opt_values /opt/stack/data/venv/lib/python3.12/site-packages/oslo_config/cfg.py:3256}}
May 20 20:16:49.455107 np0000001112 neutron-periodic-workers[88971]: DEBUG cotyledon.oslo_config_glue [-] ovn.fdb_age_threshold = 300 {{(pid=88971) log_opt_values /opt/stack/data/venv/lib/python3.12/site-packages/oslo_config/cfg.py:3256}}
May 20 20:16:49.455160 np0000001112 neutron-periodic-workers[88971]: DEBUG cotyledon.oslo_config_glue [-] ovn.ha_failover_strategy = normal {{(pid=88971) log_opt_values /opt/stack/data/venv/lib/python3.12/site-packages/oslo_config/cfg.py:3256}}
May 20 20:16:49.455195 np0000001112 neutron-periodic-workers[88971]: DEBUG cotyledon.oslo_config_glue [-] ovn.live_migration_activation_strategy = rarp {{(pid=88971) log_opt_values /opt/stack/data/venv/lib/python3.12/site-packages/oslo_config/cfg.py:3256}}
May 20 20:16:49.455287 np0000001112 neutron-periodic-workers[88971]: DEBUG cotyledon.oslo_config_glue [-] ovn.localnet_learn_fdb = False {{(pid=88971) log_opt_values /opt/stack/data/venv/lib/python3.12/site-packages/oslo_config/cfg.py:3256}}
May 20 20:16:49.455287 np0000001112 neutron-periodic-workers[88971]: DEBUG cotyledon.oslo_config_glue [-] ovn.mac_binding_age_threshold = 300 {{(pid=88971) log_opt_values /opt/stack/data/venv/lib/python3.12/site-packages/oslo_config/cfg.py:3256}}
May 20 20:16:49.455345 np0000001112 neutron-periodic-workers[88971]: DEBUG cotyledon.oslo_config_glue [-] ovn.neutron_sync_mode = log {{(pid=88971) log_opt_values /opt/stack/data/venv/lib/python3.12/site-packages/oslo_config/cfg.py:3256}}
May 20 20:16:49.455345 np0000001112 neutron-periodic-workers[88971]: DEBUG cotyledon.oslo_config_glue [-] ovn.ovn_dhcp4_global_options = {} {{(pid=88971) log_opt_values /opt/stack/data/venv/lib/python3.12/site-packages/oslo_config/cfg.py:3256}}
May 20 20:16:49.455405 np0000001112 neutron-periodic-workers[88971]: DEBUG cotyledon.oslo_config_glue [-] ovn.ovn_dhcp6_global_options = {} {{(pid=88971) log_opt_values /opt/stack/data/venv/lib/python3.12/site-packages/oslo_config/cfg.py:3256}}
May 20 20:16:49.455470 np0000001112 neutron-periodic-workers[88971]: DEBUG cotyledon.oslo_config_glue [-] ovn.ovn_l3_scheduler = leastloaded {{(pid=88971) log_opt_values /opt/stack/data/venv/lib/python3.12/site-packages/oslo_config/cfg.py:3256}}
May 20 20:16:49.455512 np0000001112 neutron-periodic-workers[88971]: DEBUG cotyledon.oslo_config_glue [-] ovn.ovn_metadata_enabled = True {{(pid=88971) log_opt_values /opt/stack/data/venv/lib/python3.12/site-packages/oslo_config/cfg.py:3256}}
May 20 20:16:49.455564 np0000001112 neutron-periodic-workers[88971]: DEBUG cotyledon.oslo_config_glue [-] ovn.ovn_nb_ca_cert = /opt/stack/data/CA/int-ca/ca-chain.pem {{(pid=88971) log_opt_values /opt/stack/data/venv/lib/python3.12/site-packages/oslo_config/cfg.py:3256}}
May 20 20:16:49.455614 np0000001112 neutron-periodic-workers[88971]: DEBUG cotyledon.oslo_config_glue [-] ovn.ovn_nb_certificate = /opt/stack/data/CA/int-ca/devstack-cert.crt {{(pid=88971) log_opt_values /opt/stack/data/venv/lib/python3.12/site-packages/oslo_config/cfg.py:3256}}
May 20 20:16:49.455652 np0000001112 neutron-periodic-workers[88971]: DEBUG cotyledon.oslo_config_glue [-] ovn.ovn_nb_connection = ['ssl:10.4.3.229:6641'] {{(pid=88971) log_opt_values /opt/stack/data/venv/lib/python3.12/site-packages/oslo_config/cfg.py:3256}}
May 20 20:16:49.455681 np0000001112 neutron-periodic-workers[88971]: DEBUG cotyledon.oslo_config_glue [-] ovn.ovn_nb_private_key = /opt/stack/data/CA/int-ca/private/devstack-cert.key {{(pid=88971) log_opt_values /opt/stack/data/venv/lib/python3.12/site-packages/oslo_config/cfg.py:3256}}
May 20 20:16:49.455727 np0000001112 neutron-periodic-workers[88971]: DEBUG cotyledon.oslo_config_glue [-] ovn.ovn_router_indirect_snat = False {{(pid=88971) log_opt_values /opt/stack/data/venv/lib/python3.12/site-packages/oslo_config/cfg.py:3256}}
May 20 20:16:49.455760 np0000001112 neutron-periodic-workers[88971]: DEBUG cotyledon.oslo_config_glue [-] ovn.ovn_sb_ca_cert = /opt/stack/data/CA/int-ca/ca-chain.pem {{(pid=88971) log_opt_values /opt/stack/data/venv/lib/python3.12/site-packages/oslo_config/cfg.py:3256}}
May 20 20:16:49.455788 np0000001112 neutron-periodic-workers[88971]: DEBUG cotyledon.oslo_config_glue [-] ovn.ovn_sb_certificate = /opt/stack/data/CA/int-ca/devstack-cert.crt {{(pid=88971) log_opt_values /opt/stack/data/venv/lib/python3.12/site-packages/oslo_config/cfg.py:3256}}
May 20 20:16:49.455827 np0000001112 neutron-periodic-workers[88971]: DEBUG cotyledon.oslo_config_glue [-] ovn.ovn_sb_connection = ['ssl:10.4.3.229:6642'] {{(pid=88971) log_opt_values /opt/stack/data/venv/lib/python3.12/site-packages/oslo_config/cfg.py:3256}}
May 20 20:16:49.455855 np0000001112 neutron-periodic-workers[88971]: DEBUG cotyledon.oslo_config_glue [-] ovn.ovn_sb_private_key = /opt/stack/data/CA/int-ca/private/devstack-cert.key {{(pid=88971) log_opt_values /opt/stack/data/venv/lib/python3.12/site-packages/oslo_config/cfg.py:3256}}
May 20 20:16:49.455888 np0000001112 neutron-periodic-workers[88971]: DEBUG cotyledon.oslo_config_glue [-] ovn.ovs_create_tap = False {{(pid=88971) log_opt_values /opt/stack/data/venv/lib/python3.12/site-packages/oslo_config/cfg.py:3256}}
May 20 20:16:49.455926 np0000001112 neutron-periodic-workers[88971]: DEBUG cotyledon.oslo_config_glue [-] ovn.ovsdb_connection_timeout = 180 {{(pid=88971) log_opt_values /opt/stack/data/venv/lib/python3.12/site-packages/oslo_config/cfg.py:3256}}
May 20 20:16:49.455969 np0000001112 neutron-periodic-workers[88971]: DEBUG cotyledon.oslo_config_glue [-] ovn.ovsdb_log_level = INFO {{(pid=88971) log_opt_values /opt/stack/data/venv/lib/python3.12/site-packages/oslo_config/cfg.py:3256}}
May 20 20:16:49.455999 np0000001112 neutron-periodic-workers[88971]: DEBUG cotyledon.oslo_config_glue [-] ovn.ovsdb_probe_interval = 60000 {{(pid=88971) log_opt_values /opt/stack/data/venv/lib/python3.12/site-packages/oslo_config/cfg.py:3256}}
May 20 20:16:49.456024 np0000001112 neutron-periodic-workers[88971]: DEBUG cotyledon.oslo_config_glue [-] ovn.ovsdb_retry_max_interval = 180 {{(pid=88971) log_opt_values /opt/stack/data/venv/lib/python3.12/site-packages/oslo_config/cfg.py:3256}}
May 20 20:16:49.456048 np0000001112 neutron-periodic-workers[88971]: DEBUG cotyledon.oslo_config_glue [-] ovn.stateless_nat_enabled = False {{(pid=88971) log_opt_values /opt/stack/data/venv/lib/python3.12/site-packages/oslo_config/cfg.py:3256}}
May 20 20:16:49.456096 np0000001112 neutron-periodic-workers[88971]: DEBUG cotyledon.oslo_config_glue [-] ovn.vhost_sock_dir = /var/run/openvswitch {{(pid=88971) log_opt_values /opt/stack/data/venv/lib/python3.12/site-packages/oslo_config/cfg.py:3256}}
May 20 20:16:49.456144 np0000001112 neutron-periodic-workers[88971]: DEBUG cotyledon.oslo_config_glue [-] OVS.bridge_mac_table_size = 50000 {{(pid=88971) log_opt_values /opt/stack/data/venv/lib/python3.12/site-packages/oslo_config/cfg.py:3256}}
May 20 20:16:49.456188 np0000001112 neutron-periodic-workers[88971]: DEBUG cotyledon.oslo_config_glue [-] OVS.igmp_flood = False {{(pid=88971) log_opt_values /opt/stack/data/venv/lib/python3.12/site-packages/oslo_config/cfg.py:3256}}
May 20 20:16:49.456219 np0000001112 neutron-periodic-workers[88971]: DEBUG cotyledon.oslo_config_glue [-] OVS.igmp_flood_reports = True {{(pid=88971) log_opt_values /opt/stack/data/venv/lib/python3.12/site-packages/oslo_config/cfg.py:3256}}
May 20 20:16:49.456280 np0000001112 neutron-periodic-workers[88971]: DEBUG cotyledon.oslo_config_glue [-] OVS.igmp_flood_unregistered = False {{(pid=88971) log_opt_values /opt/stack/data/venv/lib/python3.12/site-packages/oslo_config/cfg.py:3256}}
May 20 20:16:49.456315 np0000001112 neutron-periodic-workers[88971]: DEBUG cotyledon.oslo_config_glue [-] OVS.igmp_snooping_enable = False {{(pid=88971) log_opt_values /opt/stack/data/venv/lib/python3.12/site-packages/oslo_config/cfg.py:3256}}
May 20 20:16:49.456348 np0000001112 neutron-periodic-workers[88971]: DEBUG cotyledon.oslo_config_glue [-] OVS.ovsdb_timeout = 10 {{(pid=88971) log_opt_values /opt/stack/data/venv/lib/python3.12/site-packages/oslo_config/cfg.py:3256}}
May 20 20:16:49.456401 np0000001112 neutron-periodic-workers[88971]: DEBUG cotyledon.oslo_config_glue [-] ovn_nb_global.fdb_removal_limit = 0 {{(pid=88971) log_opt_values /opt/stack/data/venv/lib/python3.12/site-packages/oslo_config/cfg.py:3256}}
May 20 20:16:49.456469 np0000001112 neutron-periodic-workers[88971]: DEBUG cotyledon.oslo_config_glue [-] ovn_nb_global.ignore_lsp_down = False {{(pid=88971) log_opt_values /opt/stack/data/venv/lib/python3.12/site-packages/oslo_config/cfg.py:3256}}
May 20 20:16:49.456518 np0000001112 neutron-periodic-workers[88971]: DEBUG cotyledon.oslo_config_glue [-] ovn_nb_global.mac_binding_removal_limit = 0 {{(pid=88971) log_opt_values /opt/stack/data/venv/lib/python3.12/site-packages/oslo_config/cfg.py:3256}}
May 20 20:16:49.456554 np0000001112 neutron-periodic-workers[88971]: DEBUG cotyledon.oslo_config_glue [-] ******************************************************************************** {{(pid=88971) log_opt_values /opt/stack/data/venv/lib/python3.12/site-packages/oslo_config/cfg.py:3263}}
May 20 20:16:49.456698 np0000001112 neutron-periodic-workers[88971]: DEBUG cotyledon._service_worker [-] Run service ServiceWrapper(0) [88971] {{(pid=88971) wait_forever /opt/stack/data/venv/lib/python3.12/site-packages/cotyledon/_service_worker.py:218}}
May 20 20:16:59.140662 np0000001112 neutron-periodic-workers[88000]: DEBUG dbcounter [-] [88000] Writing DB stats neutron:SELECT=4 {{(pid=88000) stat_writer /opt/stack/data/venv/lib/python3.12/site-packages/dbcounter.py:115}}
May 20 20:17:28.453825 np0000001112 neutron-periodic-workers[88954]: DEBUG oslo_db.sqlalchemy.engines [None req-2d73ccb0-30c8-4126-a40b-cd3c50ce8419 None None] Parent process 88000 forked (88954) with an open database connection, which is being discarded and recreated. {{(pid=88954) checkout /opt/stack/data/venv/lib/python3.12/site-packages/oslo_db/sqlalchemy/engines.py:402}}
May 20 20:17:28.461789 np0000001112 neutron-periodic-workers[88954]: DEBUG dbcounter [-] [88954] Writer thread running {{(pid=88954) stat_writer /opt/stack/data/venv/lib/python3.12/site-packages/dbcounter.py:102}}
May 20 20:17:28.465560 np0000001112 neutron-periodic-workers[88954]: DEBUG neutron.db.agents_db [None req-2d73ccb0-30c8-4126-a40b-cd3c50ce8419 None None] Agent healthcheck: found 0 active agents {{(pid=88954) agent_health_check /opt/stack/neutron/neutron/db/agents_db.py:322}}
May 20 20:17:28.465782 np0000001112 neutron-periodic-workers[88954]: DEBUG oslo.service.backend._threading.loopingcall [None req-2d73ccb0-30c8-4126-a40b-cd3c50ce8419 None None] Fixed interval looping call 'neutron.plugins.ml2.plugin.AgentDbMixin.agent_health_check' sleeping for 36.98 seconds {{(pid=88954) _run_loop /opt/stack/data/venv/lib/python3.12/site-packages/oslo_service/backend/_threading/loopingcall.py:125}}
May 20 20:17:48.462339 np0000001112 neutron-periodic-workers[88954]: DEBUG dbcounter [-] [88954] Writing DB stats neutron:SELECT=1 {{(pid=88954) stat_writer /opt/stack/data/venv/lib/python3.12/site-packages/dbcounter.py:115}}
May 20 20:17:56.435387 np0000001112 neutron-periodic-workers[88949]: DEBUG dbcounter [-] [88949] Writer thread running {{(pid=88949) stat_writer /opt/stack/data/venv/lib/python3.12/site-packages/dbcounter.py:102}}
May 20 20:17:56.444991 np0000001112 neutron-periodic-workers[88949]: DEBUG oslo.service.backend._threading.loopingcall [None req-c7eb5988-006a-4164-badf-b559ba5db8d9 None None] Fixed interval looping call 'neutron.plugins.ml2.plugin.DhcpAgentSchedulerDbMixin.remove_networks_from_down_agents' sleeping for 36.98 seconds {{(pid=88949) _run_loop /opt/stack/data/venv/lib/python3.12/site-packages/oslo_service/backend/_threading/loopingcall.py:125}}
May 20 20:18:01.450205 np0000001112 neutron-periodic-workers[88943]: DEBUG dbcounter [-] [88943] Writer thread running {{(pid=88943) stat_writer /opt/stack/data/venv/lib/python3.12/site-packages/dbcounter.py:102}}
May 20 20:18:01.460726 np0000001112 neutron-periodic-workers[88943]: DEBUG oslo.service.backend._threading.loopingcall [None req-feafdaf4-a490-4277-b00f-d7dae1fe6508 None None] Fixed interval looping call 'neutron.services.ovn_l3.plugin.L3_NAT_dbonly_mixin._clean_garbage' sleeping for 299.96 seconds {{(pid=88943) _run_loop /opt/stack/data/venv/lib/python3.12/site-packages/oslo_service/backend/_threading/loopingcall.py:125}}
May 20 20:18:05.449174 np0000001112 neutron-periodic-workers[88954]: DEBUG neutron.db.agents_db [None req-2d73ccb0-30c8-4126-a40b-cd3c50ce8419 None None] Agent healthcheck: found 0 active agents {{(pid=88954) agent_health_check /opt/stack/neutron/neutron/db/agents_db.py:322}}
May 20 20:18:05.449917 np0000001112 neutron-periodic-workers[88954]: DEBUG oslo.service.backend._threading.loopingcall [None req-2d73ccb0-30c8-4126-a40b-cd3c50ce8419 None None] Fixed interval looping call 'neutron.plugins.ml2.plugin.AgentDbMixin.agent_health_check' sleeping for 37.00 seconds {{(pid=88954) _run_loop /opt/stack/data/venv/lib/python3.12/site-packages/oslo_service/backend/_threading/loopingcall.py:125}}
May 20 20:18:06.443757 np0000001112 neutron-periodic-workers[88949]: DEBUG dbcounter [-] [88949] Writing DB stats neutron:SELECT=3 {{(pid=88949) stat_writer /opt/stack/data/venv/lib/python3.12/site-packages/dbcounter.py:115}}
May 20 20:18:11.450654 np0000001112 neutron-periodic-workers[88943]: DEBUG dbcounter [-] [88943] Writing DB stats neutron:SELECT=1 {{(pid=88943) stat_writer /opt/stack/data/venv/lib/python3.12/site-packages/dbcounter.py:115}}
May 20 20:18:15.448236 np0000001112 neutron-periodic-workers[88954]: DEBUG dbcounter [-] [88954] Writing DB stats neutron:SELECT=1 {{(pid=88954) stat_writer /opt/stack/data/venv/lib/python3.12/site-packages/dbcounter.py:115}}
May 20 20:18:33.430992 np0000001112 neutron-periodic-workers[88949]: DEBUG oslo.service.backend._threading.loopingcall [None req-c7eb5988-006a-4164-badf-b559ba5db8d9 None None] Fixed interval looping call 'neutron.plugins.ml2.plugin.DhcpAgentSchedulerDbMixin.remove_networks_from_down_agents' sleeping for 36.99 seconds {{(pid=88949) _run_loop /opt/stack/data/venv/lib/python3.12/site-packages/oslo_service/backend/_threading/loopingcall.py:125}}
May 20 20:18:42.453012 np0000001112 neutron-periodic-workers[88954]: DEBUG neutron.db.agents_db [None req-2d73ccb0-30c8-4126-a40b-cd3c50ce8419 None None] Agent healthcheck: found 0 active agents {{(pid=88954) agent_health_check /opt/stack/neutron/neutron/db/agents_db.py:322}}
May 20 20:18:42.453506 np0000001112 neutron-periodic-workers[88954]: DEBUG oslo.service.backend._threading.loopingcall [None req-2d73ccb0-30c8-4126-a40b-cd3c50ce8419 None None] Fixed interval looping call 'neutron.plugins.ml2.plugin.AgentDbMixin.agent_health_check' sleeping for 37.00 seconds {{(pid=88954) _run_loop /opt/stack/data/venv/lib/python3.12/site-packages/oslo_service/backend/_threading/loopingcall.py:125}}
May 20 20:18:43.430338 np0000001112 neutron-periodic-workers[88949]: DEBUG dbcounter [-] [88949] Writing DB stats neutron:SELECT=3 {{(pid=88949) stat_writer /opt/stack/data/venv/lib/python3.12/site-packages/dbcounter.py:115}}
May 20 20:18:49.467248 np0000001112 neutron-periodic-workers[88971]: DEBUG dbcounter [-] [88971] Writer thread running {{(pid=88971) stat_writer /opt/stack/data/venv/lib/python3.12/site-packages/dbcounter.py:102}}
May 20 20:18:49.468720 np0000001112 neutron-periodic-workers[88971]: DEBUG oslo.service.backend._threading.loopingcall [None req-6f6b8d46-06a9-4c49-8f3e-85983909e703 None None] Fixed interval looping call 'neutron.db.quota.driver_nolock.DbQuotaNoLockDriver._remove_expired_reservations' sleeping for 119.99 seconds {{(pid=88971) _run_loop /opt/stack/data/venv/lib/python3.12/site-packages/oslo_service/backend/_threading/loopingcall.py:125}}
May 20 20:18:52.451875 np0000001112 neutron-periodic-workers[88954]: DEBUG dbcounter [-] [88954] Writing DB stats neutron:SELECT=1 {{(pid=88954) stat_writer /opt/stack/data/venv/lib/python3.12/site-packages/dbcounter.py:115}}
May 20 20:18:59.467619 np0000001112 neutron-periodic-workers[88971]: DEBUG dbcounter [-] [88971] Writing DB stats neutron:DELETE=1 {{(pid=88971) stat_writer /opt/stack/data/venv/lib/python3.12/site-packages/dbcounter.py:115}}
May 20 20:19:10.427739 np0000001112 neutron-periodic-workers[88949]: DEBUG oslo.service.backend._threading.loopingcall [None req-c7eb5988-006a-4164-badf-b559ba5db8d9 None None] Fixed interval looping call 'neutron.plugins.ml2.plugin.DhcpAgentSchedulerDbMixin.remove_networks_from_down_agents' sleeping for 36.99 seconds {{(pid=88949) _run_loop /opt/stack/data/venv/lib/python3.12/site-packages/oslo_service/backend/_threading/loopingcall.py:125}}
May 20 20:19:19.457079 np0000001112 neutron-periodic-workers[88954]: DEBUG neutron.db.agents_db [None req-2d73ccb0-30c8-4126-a40b-cd3c50ce8419 None None] Agent healthcheck: found 0 active agents {{(pid=88954) agent_health_check /opt/stack/neutron/neutron/db/agents_db.py:322}}
May 20 20:19:19.457660 np0000001112 neutron-periodic-workers[88954]: DEBUG oslo.service.backend._threading.loopingcall [None req-2d73ccb0-30c8-4126-a40b-cd3c50ce8419 None None] Fixed interval looping call 'neutron.plugins.ml2.plugin.AgentDbMixin.agent_health_check' sleeping for 37.00 seconds {{(pid=88954) _run_loop /opt/stack/data/venv/lib/python3.12/site-packages/oslo_service/backend/_threading/loopingcall.py:125}}
May 20 20:19:20.426607 np0000001112 neutron-periodic-workers[88949]: DEBUG dbcounter [-] [88949] Writing DB stats neutron:SELECT=3 {{(pid=88949) stat_writer /opt/stack/data/venv/lib/python3.12/site-packages/dbcounter.py:115}}
May 20 20:19:29.455894 np0000001112 neutron-periodic-workers[88954]: DEBUG dbcounter [-] [88954] Writing DB stats neutron:SELECT=1 {{(pid=88954) stat_writer /opt/stack/data/venv/lib/python3.12/site-packages/dbcounter.py:115}}
May 20 20:19:47.424500 np0000001112 neutron-periodic-workers[88949]: DEBUG oslo.service.backend._threading.loopingcall [None req-c7eb5988-006a-4164-badf-b559ba5db8d9 None None] Fixed interval looping call 'neutron.plugins.ml2.plugin.DhcpAgentSchedulerDbMixin.remove_networks_from_down_agents' sleeping for 36.99 seconds {{(pid=88949) _run_loop /opt/stack/data/venv/lib/python3.12/site-packages/oslo_service/backend/_threading/loopingcall.py:125}}
May 20 20:19:56.460550 np0000001112 neutron-periodic-workers[88954]: DEBUG neutron.db.agents_db [None req-2d73ccb0-30c8-4126-a40b-cd3c50ce8419 None None] Agent healthcheck: found 0 active agents {{(pid=88954) agent_health_check /opt/stack/neutron/neutron/db/agents_db.py:322}}
May 20 20:19:56.460973 np0000001112 neutron-periodic-workers[88954]: DEBUG oslo.service.backend._threading.loopingcall [None req-2d73ccb0-30c8-4126-a40b-cd3c50ce8419 None None] Fixed interval looping call 'neutron.plugins.ml2.plugin.AgentDbMixin.agent_health_check' sleeping for 37.00 seconds {{(pid=88954) _run_loop /opt/stack/data/venv/lib/python3.12/site-packages/oslo_service/backend/_threading/loopingcall.py:125}}
May 20 20:19:57.423645 np0000001112 neutron-periodic-workers[88949]: DEBUG dbcounter [-] [88949] Writing DB stats neutron:SELECT=3 {{(pid=88949) stat_writer /opt/stack/data/venv/lib/python3.12/site-packages/dbcounter.py:115}}
May 20 20:20:06.459672 np0000001112 neutron-periodic-workers[88954]: DEBUG dbcounter [-] [88954] Writing DB stats neutron:SELECT=1 {{(pid=88954) stat_writer /opt/stack/data/venv/lib/python3.12/site-packages/dbcounter.py:115}}
May 20 20:20:24.420901 np0000001112 neutron-periodic-workers[88949]: DEBUG oslo.service.backend._threading.loopingcall [None req-c7eb5988-006a-4164-badf-b559ba5db8d9 None None] Fixed interval looping call 'neutron.plugins.ml2.plugin.DhcpAgentSchedulerDbMixin.remove_networks_from_down_agents' sleeping for 36.99 seconds {{(pid=88949) _run_loop /opt/stack/data/venv/lib/python3.12/site-packages/oslo_service/backend/_threading/loopingcall.py:125}}
May 20 20:20:33.470290 np0000001112 neutron-periodic-workers[88954]: DEBUG neutron.db.agents_db [None req-2d73ccb0-30c8-4126-a40b-cd3c50ce8419 None None] Agent healthcheck: found 0 active agents {{(pid=88954) agent_health_check /opt/stack/neutron/neutron/db/agents_db.py:322}}
May 20 20:20:33.470695 np0000001112 neutron-periodic-workers[88954]: DEBUG oslo.service.backend._threading.loopingcall [None req-2d73ccb0-30c8-4126-a40b-cd3c50ce8419 None None] Fixed interval looping call 'neutron.plugins.ml2.plugin.AgentDbMixin.agent_health_check' sleeping for 36.99 seconds {{(pid=88954) _run_loop /opt/stack/data/venv/lib/python3.12/site-packages/oslo_service/backend/_threading/loopingcall.py:125}}
May 20 20:20:34.425657 np0000001112 neutron-periodic-workers[88949]: DEBUG dbcounter [-] [88949] Writing DB stats neutron:SELECT=3 {{(pid=88949) stat_writer /opt/stack/data/venv/lib/python3.12/site-packages/dbcounter.py:115}}
May 20 20:20:43.466749 np0000001112 neutron-periodic-workers[88954]: DEBUG dbcounter [-] [88954] Writing DB stats neutron:SELECT=1 {{(pid=88954) stat_writer /opt/stack/data/venv/lib/python3.12/site-packages/dbcounter.py:115}}
May 20 20:20:49.463016 np0000001112 neutron-periodic-workers[88971]: DEBUG oslo.service.backend._threading.loopingcall [None req-6f6b8d46-06a9-4c49-8f3e-85983909e703 None None] Fixed interval looping call 'neutron.db.quota.driver_nolock.DbQuotaNoLockDriver._remove_expired_reservations' sleeping for 120.00 seconds {{(pid=88971) _run_loop /opt/stack/data/venv/lib/python3.12/site-packages/oslo_service/backend/_threading/loopingcall.py:125}}
May 20 20:20:59.462588 np0000001112 neutron-periodic-workers[88971]: DEBUG dbcounter [-] [88971] Writing DB stats neutron:DELETE=1 {{(pid=88971) stat_writer /opt/stack/data/venv/lib/python3.12/site-packages/dbcounter.py:115}}
May 20 20:21:01.421489 np0000001112 neutron-periodic-workers[88949]: DEBUG oslo.service.backend._threading.loopingcall [None req-c7eb5988-006a-4164-badf-b559ba5db8d9 None None] Fixed interval looping call 'neutron.plugins.ml2.plugin.DhcpAgentSchedulerDbMixin.remove_networks_from_down_agents' sleeping for 36.99 seconds {{(pid=88949) _run_loop /opt/stack/data/venv/lib/python3.12/site-packages/oslo_service/backend/_threading/loopingcall.py:125}}
May 20 20:21:10.466933 np0000001112 neutron-periodic-workers[88954]: DEBUG neutron.db.agents_db [None req-2d73ccb0-30c8-4126-a40b-cd3c50ce8419 None None] Agent healthcheck: found 0 active agents {{(pid=88954) agent_health_check /opt/stack/neutron/neutron/db/agents_db.py:322}}
May 20 20:21:10.467662 np0000001112 neutron-periodic-workers[88954]: DEBUG oslo.service.backend._threading.loopingcall [None req-2d73ccb0-30c8-4126-a40b-cd3c50ce8419 None None] Fixed interval looping call 'neutron.plugins.ml2.plugin.AgentDbMixin.agent_health_check' sleeping for 37.00 seconds {{(pid=88954) _run_loop /opt/stack/data/venv/lib/python3.12/site-packages/oslo_service/backend/_threading/loopingcall.py:125}}
May 20 20:21:11.420513 np0000001112 neutron-periodic-workers[88949]: DEBUG dbcounter [-] [88949] Writing DB stats neutron:SELECT=3 {{(pid=88949) stat_writer /opt/stack/data/venv/lib/python3.12/site-packages/dbcounter.py:115}}
May 20 20:21:20.466690 np0000001112 neutron-periodic-workers[88954]: DEBUG dbcounter [-] [88954] Writing DB stats neutron:SELECT=1 {{(pid=88954) stat_writer /opt/stack/data/venv/lib/python3.12/site-packages/dbcounter.py:115}}
May 20 20:21:38.420670 np0000001112 neutron-periodic-workers[88949]: DEBUG oslo.service.backend._threading.loopingcall [None req-c7eb5988-006a-4164-badf-b559ba5db8d9 None None] Fixed interval looping call 'neutron.plugins.ml2.plugin.DhcpAgentSchedulerDbMixin.remove_networks_from_down_agents' sleeping for 36.99 seconds {{(pid=88949) _run_loop /opt/stack/data/venv/lib/python3.12/site-packages/oslo_service/backend/_threading/loopingcall.py:125}}
May 20 20:21:47.473223 np0000001112 neutron-periodic-workers[88954]: DEBUG neutron.db.agents_db [None req-2d73ccb0-30c8-4126-a40b-cd3c50ce8419 None None] Agent healthcheck: found 0 active agents {{(pid=88954) agent_health_check /opt/stack/neutron/neutron/db/agents_db.py:322}}
May 20 20:21:47.475673 np0000001112 neutron-periodic-workers[88954]: DEBUG oslo.service.backend._threading.loopingcall [None req-2d73ccb0-30c8-4126-a40b-cd3c50ce8419 None None] Fixed interval looping call 'neutron.plugins.ml2.plugin.AgentDbMixin.agent_health_check' sleeping for 36.99 seconds {{(pid=88954) _run_loop /opt/stack/data/venv/lib/python3.12/site-packages/oslo_service/backend/_threading/loopingcall.py:125}}
May 20 20:21:48.418521 np0000001112 neutron-periodic-workers[88949]: DEBUG dbcounter [-] [88949] Writing DB stats neutron:SELECT=3 {{(pid=88949) stat_writer /opt/stack/data/venv/lib/python3.12/site-packages/dbcounter.py:115}}
May 20 20:21:57.473953 np0000001112 neutron-periodic-workers[88954]: DEBUG dbcounter [-] [88954] Writing DB stats neutron:SELECT=1 {{(pid=88954) stat_writer /opt/stack/data/venv/lib/python3.12/site-packages/dbcounter.py:115}}
May 20 20:22:15.416631 np0000001112 neutron-periodic-workers[88949]: DEBUG oslo.service.backend._threading.loopingcall [None req-c7eb5988-006a-4164-badf-b559ba5db8d9 None None] Fixed interval looping call 'neutron.plugins.ml2.plugin.DhcpAgentSchedulerDbMixin.remove_networks_from_down_agents' sleeping for 36.99 seconds {{(pid=88949) _run_loop /opt/stack/data/venv/lib/python3.12/site-packages/oslo_service/backend/_threading/loopingcall.py:125}}
May 20 20:22:24.468251 np0000001112 neutron-periodic-workers[88954]: DEBUG neutron.db.agents_db [None req-2d73ccb0-30c8-4126-a40b-cd3c50ce8419 None None] Agent healthcheck: found 0 active agents {{(pid=88954) agent_health_check /opt/stack/neutron/neutron/db/agents_db.py:322}}
May 20 20:22:24.468774 np0000001112 neutron-periodic-workers[88954]: DEBUG oslo.service.backend._threading.loopingcall [None req-2d73ccb0-30c8-4126-a40b-cd3c50ce8419 None None] Fixed interval looping call 'neutron.plugins.ml2.plugin.AgentDbMixin.agent_health_check' sleeping for 37.00 seconds {{(pid=88954) _run_loop /opt/stack/data/venv/lib/python3.12/site-packages/oslo_service/backend/_threading/loopingcall.py:125}}
May 20 20:22:25.415596 np0000001112 neutron-periodic-workers[88949]: DEBUG dbcounter [-] [88949] Writing DB stats neutron:SELECT=3 {{(pid=88949) stat_writer /opt/stack/data/venv/lib/python3.12/site-packages/dbcounter.py:115}}
May 20 20:22:34.466709 np0000001112 neutron-periodic-workers[88954]: DEBUG dbcounter [-] [88954] Writing DB stats neutron:SELECT=1 {{(pid=88954) stat_writer /opt/stack/data/venv/lib/python3.12/site-packages/dbcounter.py:115}}
May 20 20:22:49.466586 np0000001112 neutron-periodic-workers[88971]: DEBUG oslo.service.backend._threading.loopingcall [None req-6f6b8d46-06a9-4c49-8f3e-85983909e703 None None] Fixed interval looping call 'neutron.db.quota.driver_nolock.DbQuotaNoLockDriver._remove_expired_reservations' sleeping for 120.00 seconds {{(pid=88971) _run_loop /opt/stack/data/venv/lib/python3.12/site-packages/oslo_service/backend/_threading/loopingcall.py:125}}
May 20 20:22:52.420331 np0000001112 neutron-periodic-workers[88949]: DEBUG oslo.service.backend._threading.loopingcall [None req-c7eb5988-006a-4164-badf-b559ba5db8d9 None None] Fixed interval looping call 'neutron.plugins.ml2.plugin.DhcpAgentSchedulerDbMixin.remove_networks_from_down_agents' sleeping for 36.99 seconds {{(pid=88949) _run_loop /opt/stack/data/venv/lib/python3.12/site-packages/oslo_service/backend/_threading/loopingcall.py:125}}
May 20 20:22:59.465343 np0000001112 neutron-periodic-workers[88971]: DEBUG dbcounter [-] [88971] Writing DB stats neutron:DELETE=1 {{(pid=88971) stat_writer /opt/stack/data/venv/lib/python3.12/site-packages/dbcounter.py:115}}
May 20 20:23:01.434684 np0000001112 neutron-periodic-workers[88943]: DEBUG oslo.service.backend._threading.loopingcall [None req-feafdaf4-a490-4277-b00f-d7dae1fe6508 None None] Fixed interval looping call 'neutron.services.ovn_l3.plugin.L3_NAT_dbonly_mixin._clean_garbage' sleeping for 299.99 seconds {{(pid=88943) _run_loop /opt/stack/data/venv/lib/python3.12/site-packages/oslo_service/backend/_threading/loopingcall.py:125}}
May 20 20:23:01.472123 np0000001112 neutron-periodic-workers[88954]: DEBUG neutron.db.agents_db [None req-2d73ccb0-30c8-4126-a40b-cd3c50ce8419 None None] Agent healthcheck: found 0 active agents {{(pid=88954) agent_health_check /opt/stack/neutron/neutron/db/agents_db.py:322}}
May 20 20:23:01.472830 np0000001112 neutron-periodic-workers[88954]: DEBUG oslo.service.backend._threading.loopingcall [None req-2d73ccb0-30c8-4126-a40b-cd3c50ce8419 None None] Fixed interval looping call 'neutron.plugins.ml2.plugin.AgentDbMixin.agent_health_check' sleeping for 37.00 seconds {{(pid=88954) _run_loop /opt/stack/data/venv/lib/python3.12/site-packages/oslo_service/backend/_threading/loopingcall.py:125}}
May 20 20:23:02.419289 np0000001112 neutron-periodic-workers[88949]: DEBUG dbcounter [-] [88949] Writing DB stats neutron:SELECT=3 {{(pid=88949) stat_writer /opt/stack/data/venv/lib/python3.12/site-packages/dbcounter.py:115}}
May 20 20:23:11.424513 np0000001112 neutron-periodic-workers[88943]: DEBUG dbcounter [-] [88943] Writing DB stats neutron:SELECT=1 {{(pid=88943) stat_writer /opt/stack/data/venv/lib/python3.12/site-packages/dbcounter.py:115}}
May 20 20:23:11.470889 np0000001112 neutron-periodic-workers[88954]: DEBUG dbcounter [-] [88954] Writing DB stats neutron:SELECT=1 {{(pid=88954) stat_writer /opt/stack/data/venv/lib/python3.12/site-packages/dbcounter.py:115}}
May 20 20:23:29.415109 np0000001112 neutron-periodic-workers[88949]: DEBUG oslo.service.backend._threading.loopingcall [None req-c7eb5988-006a-4164-badf-b559ba5db8d9 None None] Fixed interval looping call 'neutron.plugins.ml2.plugin.DhcpAgentSchedulerDbMixin.remove_networks_from_down_agents' sleeping for 37.00 seconds {{(pid=88949) _run_loop /opt/stack/data/venv/lib/python3.12/site-packages/oslo_service/backend/_threading/loopingcall.py:125}}
May 20 20:23:38.476061 np0000001112 neutron-periodic-workers[88954]: DEBUG neutron.db.agents_db [None req-2d73ccb0-30c8-4126-a40b-cd3c50ce8419 None None] Agent healthcheck: found 0 active agents {{(pid=88954) agent_health_check /opt/stack/neutron/neutron/db/agents_db.py:322}}
May 20 20:23:38.476628 np0000001112 neutron-periodic-workers[88954]: DEBUG oslo.service.backend._threading.loopingcall [None req-2d73ccb0-30c8-4126-a40b-cd3c50ce8419 None None] Fixed interval looping call 'neutron.plugins.ml2.plugin.AgentDbMixin.agent_health_check' sleeping for 37.00 seconds {{(pid=88954) _run_loop /opt/stack/data/venv/lib/python3.12/site-packages/oslo_service/backend/_threading/loopingcall.py:125}}
May 20 20:23:39.414893 np0000001112 neutron-periodic-workers[88949]: DEBUG dbcounter [-] [88949] Writing DB stats neutron:SELECT=3 {{(pid=88949) stat_writer /opt/stack/data/venv/lib/python3.12/site-packages/dbcounter.py:115}}
May 20 20:23:48.475688 np0000001112 neutron-periodic-workers[88954]: DEBUG dbcounter [-] [88954] Writing DB stats neutron:SELECT=1 {{(pid=88954) stat_writer /opt/stack/data/venv/lib/python3.12/site-packages/dbcounter.py:115}}
May 20 20:24:06.421466 np0000001112 neutron-periodic-workers[88949]: DEBUG oslo.service.backend._threading.loopingcall [None req-c7eb5988-006a-4164-badf-b559ba5db8d9 None None] Fixed interval looping call 'neutron.plugins.ml2.plugin.DhcpAgentSchedulerDbMixin.remove_networks_from_down_agents' sleeping for 36.99 seconds {{(pid=88949) _run_loop /opt/stack/data/venv/lib/python3.12/site-packages/oslo_service/backend/_threading/loopingcall.py:125}}
May 20 20:24:15.481489 np0000001112 neutron-periodic-workers[88954]: DEBUG neutron.db.agents_db [None req-2d73ccb0-30c8-4126-a40b-cd3c50ce8419 None None] Agent healthcheck: found 0 active agents {{(pid=88954) agent_health_check /opt/stack/neutron/neutron/db/agents_db.py:322}}
May 20 20:24:15.481987 np0000001112 neutron-periodic-workers[88954]: DEBUG oslo.service.backend._threading.loopingcall [None req-2d73ccb0-30c8-4126-a40b-cd3c50ce8419 None None] Fixed interval looping call 'neutron.plugins.ml2.plugin.AgentDbMixin.agent_health_check' sleeping for 36.99 seconds {{(pid=88954) _run_loop /opt/stack/data/venv/lib/python3.12/site-packages/oslo_service/backend/_threading/loopingcall.py:125}}
May 20 20:24:16.420549 np0000001112 neutron-periodic-workers[88949]: DEBUG dbcounter [-] [88949] Writing DB stats neutron:SELECT=3 {{(pid=88949) stat_writer /opt/stack/data/venv/lib/python3.12/site-packages/dbcounter.py:115}}
May 20 20:24:25.481006 np0000001112 neutron-periodic-workers[88954]: DEBUG dbcounter [-] [88954] Writing DB stats neutron:SELECT=1 {{(pid=88954) stat_writer /opt/stack/data/venv/lib/python3.12/site-packages/dbcounter.py:115}}
May 20 20:24:43.423171 np0000001112 neutron-periodic-workers[88949]: DEBUG oslo.service.backend._threading.loopingcall [None req-c7eb5988-006a-4164-badf-b559ba5db8d9 None None] Fixed interval looping call 'neutron.plugins.ml2.plugin.DhcpAgentSchedulerDbMixin.remove_networks_from_down_agents' sleeping for 36.99 seconds {{(pid=88949) _run_loop /opt/stack/data/venv/lib/python3.12/site-packages/oslo_service/backend/_threading/loopingcall.py:125}}
May 20 20:24:49.473050 np0000001112 neutron-periodic-workers[88971]: DEBUG oslo.service.backend._threading.loopingcall [None req-6f6b8d46-06a9-4c49-8f3e-85983909e703 None None] Fixed interval looping call 'neutron.db.quota.driver_nolock.DbQuotaNoLockDriver._remove_expired_reservations' sleeping for 119.99 seconds {{(pid=88971) _run_loop /opt/stack/data/venv/lib/python3.12/site-packages/oslo_service/backend/_threading/loopingcall.py:125}}
May 20 20:24:52.476107 np0000001112 neutron-periodic-workers[88954]: DEBUG neutron.db.agents_db [None req-2d73ccb0-30c8-4126-a40b-cd3c50ce8419 None None] Agent healthcheck: found 0 active agents {{(pid=88954) agent_health_check /opt/stack/neutron/neutron/db/agents_db.py:322}}
May 20 20:24:52.476544 np0000001112 neutron-periodic-workers[88954]: DEBUG oslo.service.backend._threading.loopingcall [None req-2d73ccb0-30c8-4126-a40b-cd3c50ce8419 None None] Fixed interval looping call 'neutron.plugins.ml2.plugin.AgentDbMixin.agent_health_check' sleeping for 37.00 seconds {{(pid=88954) _run_loop /opt/stack/data/venv/lib/python3.12/site-packages/oslo_service/backend/_threading/loopingcall.py:125}}
May 20 20:24:53.422522 np0000001112 neutron-periodic-workers[88949]: DEBUG dbcounter [-] [88949] Writing DB stats neutron:SELECT=3 {{(pid=88949) stat_writer /opt/stack/data/venv/lib/python3.12/site-packages/dbcounter.py:115}}
May 20 20:24:59.470186 np0000001112 neutron-periodic-workers[88971]: DEBUG dbcounter [-] [88971] Writing DB stats neutron:DELETE=1 {{(pid=88971) stat_writer /opt/stack/data/venv/lib/python3.12/site-packages/dbcounter.py:115}}
May 20 20:25:02.473674 np0000001112 neutron-periodic-workers[88954]: DEBUG dbcounter [-] [88954] Writing DB stats neutron:SELECT=1 {{(pid=88954) stat_writer /opt/stack/data/venv/lib/python3.12/site-packages/dbcounter.py:115}}
May 20 20:25:20.421200 np0000001112 neutron-periodic-workers[88949]: DEBUG oslo.service.backend._threading.loopingcall [None req-c7eb5988-006a-4164-badf-b559ba5db8d9 None None] Fixed interval looping call 'neutron.plugins.ml2.plugin.DhcpAgentSchedulerDbMixin.remove_networks_from_down_agents' sleeping for 36.99 seconds {{(pid=88949) _run_loop /opt/stack/data/venv/lib/python3.12/site-packages/oslo_service/backend/_threading/loopingcall.py:125}}
May 20 20:25:29.481491 np0000001112 neutron-periodic-workers[88954]: DEBUG neutron.db.agents_db [None req-2d73ccb0-30c8-4126-a40b-cd3c50ce8419 None None] Agent healthcheck: found 0 active agents {{(pid=88954) agent_health_check /opt/stack/neutron/neutron/db/agents_db.py:322}}
May 20 20:25:29.481835 np0000001112 neutron-periodic-workers[88954]: DEBUG oslo.service.backend._threading.loopingcall [None req-2d73ccb0-30c8-4126-a40b-cd3c50ce8419 None None] Fixed interval looping call 'neutron.plugins.ml2.plugin.AgentDbMixin.agent_health_check' sleeping for 36.99 seconds {{(pid=88954) _run_loop /opt/stack/data/venv/lib/python3.12/site-packages/oslo_service/backend/_threading/loopingcall.py:125}}
May 20 20:25:30.420445 np0000001112 neutron-periodic-workers[88949]: DEBUG dbcounter [-] [88949] Writing DB stats neutron:SELECT=3 {{(pid=88949) stat_writer /opt/stack/data/venv/lib/python3.12/site-packages/dbcounter.py:115}}
May 20 20:25:39.481889 np0000001112 neutron-periodic-workers[88954]: DEBUG dbcounter [-] [88954] Writing DB stats neutron:SELECT=1 {{(pid=88954) stat_writer /opt/stack/data/venv/lib/python3.12/site-packages/dbcounter.py:115}}
May 20 20:25:57.465894 np0000001112 neutron-periodic-workers[88949]: DEBUG oslo.service.backend._threading.loopingcall [None req-c7eb5988-006a-4164-badf-b559ba5db8d9 None None] Fixed interval looping call 'neutron.plugins.ml2.plugin.DhcpAgentSchedulerDbMixin.remove_networks_from_down_agents' sleeping for 36.96 seconds {{(pid=88949) _run_loop /opt/stack/data/venv/lib/python3.12/site-packages/oslo_service/backend/_threading/loopingcall.py:125}}
May 20 20:26:06.478218 np0000001112 neutron-periodic-workers[88954]: DEBUG neutron.db.agents_db [None req-2d73ccb0-30c8-4126-a40b-cd3c50ce8419 None None] Agent healthcheck: found 0 active agents {{(pid=88954) agent_health_check /opt/stack/neutron/neutron/db/agents_db.py:322}}
May 20 20:26:06.478218 np0000001112 neutron-periodic-workers[88954]: DEBUG oslo.service.backend._threading.loopingcall [None req-2d73ccb0-30c8-4126-a40b-cd3c50ce8419 None None] Fixed interval looping call 'neutron.plugins.ml2.plugin.AgentDbMixin.agent_health_check' sleeping for 36.99 seconds {{(pid=88954) _run_loop /opt/stack/data/venv/lib/python3.12/site-packages/oslo_service/backend/_threading/loopingcall.py:125}}
May 20 20:26:07.448942 np0000001112 neutron-periodic-workers[88949]: DEBUG dbcounter [-] [88949] Writing DB stats neutron:SELECT=3 {{(pid=88949) stat_writer /opt/stack/data/venv/lib/python3.12/site-packages/dbcounter.py:115}}
May 20 20:26:16.474063 np0000001112 neutron-periodic-workers[88954]: DEBUG dbcounter [-] [88954] Writing DB stats neutron:SELECT=1 {{(pid=88954) stat_writer /opt/stack/data/venv/lib/python3.12/site-packages/dbcounter.py:115}}
May 20 20:26:34.525200 np0000001112 neutron-periodic-workers[88949]: DEBUG oslo.service.backend._threading.loopingcall [None req-c7eb5988-006a-4164-badf-b559ba5db8d9 None None] Fixed interval looping call 'neutron.plugins.ml2.plugin.DhcpAgentSchedulerDbMixin.remove_networks_from_down_agents' sleeping for 36.89 seconds {{(pid=88949) _run_loop /opt/stack/data/venv/lib/python3.12/site-packages/oslo_service/backend/_threading/loopingcall.py:125}}
May 20 20:26:43.471891 np0000001112 neutron-periodic-workers[88954]: DEBUG neutron.db.agents_db [None req-2d73ccb0-30c8-4126-a40b-cd3c50ce8419 None None] Agent healthcheck: found 0 active agents {{(pid=88954) agent_health_check /opt/stack/neutron/neutron/db/agents_db.py:322}}
May 20 20:26:43.472555 np0000001112 neutron-periodic-workers[88954]: DEBUG oslo.service.backend._threading.loopingcall [None req-2d73ccb0-30c8-4126-a40b-cd3c50ce8419 None None] Fixed interval looping call 'neutron.plugins.ml2.plugin.AgentDbMixin.agent_health_check' sleeping for 37.00 seconds {{(pid=88954) _run_loop /opt/stack/data/venv/lib/python3.12/site-packages/oslo_service/backend/_threading/loopingcall.py:125}}
May 20 20:26:44.486263 np0000001112 neutron-periodic-workers[88949]: DEBUG dbcounter [-] [88949] Writing DB stats neutron:SELECT=3 {{(pid=88949) stat_writer /opt/stack/data/venv/lib/python3.12/site-packages/dbcounter.py:115}}
May 20 20:26:49.468443 np0000001112 neutron-periodic-workers[88971]: DEBUG oslo.service.backend._threading.loopingcall [None req-6f6b8d46-06a9-4c49-8f3e-85983909e703 None None] Fixed interval looping call 'neutron.db.quota.driver_nolock.DbQuotaNoLockDriver._remove_expired_reservations' sleeping for 120.00 seconds {{(pid=88971) _run_loop /opt/stack/data/venv/lib/python3.12/site-packages/oslo_service/backend/_threading/loopingcall.py:125}}
May 20 20:26:53.470014 np0000001112 neutron-periodic-workers[88954]: DEBUG dbcounter [-] [88954] Writing DB stats neutron:SELECT=1 {{(pid=88954) stat_writer /opt/stack/data/venv/lib/python3.12/site-packages/dbcounter.py:115}}
May 20 20:26:59.465927 np0000001112 neutron-periodic-workers[88971]: DEBUG dbcounter [-] [88971] Writing DB stats neutron:DELETE=1 {{(pid=88971) stat_writer /opt/stack/data/venv/lib/python3.12/site-packages/dbcounter.py:115}}
May 20 20:27:11.427997 np0000001112 neutron-periodic-workers[88949]: DEBUG oslo.service.backend._threading.loopingcall [None req-c7eb5988-006a-4164-badf-b559ba5db8d9 None None] Fixed interval looping call 'neutron.plugins.ml2.plugin.DhcpAgentSchedulerDbMixin.remove_networks_from_down_agents' sleeping for 36.99 seconds {{(pid=88949) _run_loop /opt/stack/data/venv/lib/python3.12/site-packages/oslo_service/backend/_threading/loopingcall.py:125}}
May 20 20:27:20.476337 np0000001112 neutron-periodic-workers[88954]: DEBUG neutron.db.agents_db [None req-2d73ccb0-30c8-4126-a40b-cd3c50ce8419 None None] Agent healthcheck: found 0 active agents {{(pid=88954) agent_health_check /opt/stack/neutron/neutron/db/agents_db.py:322}}
May 20 20:27:20.477132 np0000001112 neutron-periodic-workers[88954]: DEBUG oslo.service.backend._threading.loopingcall [None req-2d73ccb0-30c8-4126-a40b-cd3c50ce8419 None None] Fixed interval looping call 'neutron.plugins.ml2.plugin.AgentDbMixin.agent_health_check' sleeping for 37.00 seconds {{(pid=88954) _run_loop /opt/stack/data/venv/lib/python3.12/site-packages/oslo_service/backend/_threading/loopingcall.py:125}}
May 20 20:27:21.427552 np0000001112 neutron-periodic-workers[88949]: DEBUG dbcounter [-] [88949] Writing DB stats neutron:SELECT=3 {{(pid=88949) stat_writer /opt/stack/data/venv/lib/python3.12/site-packages/dbcounter.py:115}}
May 20 20:27:30.474922 np0000001112 neutron-periodic-workers[88954]: DEBUG dbcounter [-] [88954] Writing DB stats neutron:SELECT=1 {{(pid=88954) stat_writer /opt/stack/data/venv/lib/python3.12/site-packages/dbcounter.py:115}}
May 20 20:27:48.430567 np0000001112 neutron-periodic-workers[88949]: DEBUG oslo.service.backend._threading.loopingcall [None req-c7eb5988-006a-4164-badf-b559ba5db8d9 None None] Fixed interval looping call 'neutron.plugins.ml2.plugin.DhcpAgentSchedulerDbMixin.remove_networks_from_down_agents' sleeping for 36.99 seconds {{(pid=88949) _run_loop /opt/stack/data/venv/lib/python3.12/site-packages/oslo_service/backend/_threading/loopingcall.py:125}}
May 20 20:27:57.481322 np0000001112 neutron-periodic-workers[88954]: DEBUG neutron.db.agents_db [None req-2d73ccb0-30c8-4126-a40b-cd3c50ce8419 None None] Agent healthcheck: found 0 active agents {{(pid=88954) agent_health_check /opt/stack/neutron/neutron/db/agents_db.py:322}}
May 20 20:27:57.481322 np0000001112 neutron-periodic-workers[88954]: DEBUG oslo.service.backend._threading.loopingcall [None req-2d73ccb0-30c8-4126-a40b-cd3c50ce8419 None None] Fixed interval looping call 'neutron.plugins.ml2.plugin.AgentDbMixin.agent_health_check' sleeping for 37.00 seconds {{(pid=88954) _run_loop /opt/stack/data/venv/lib/python3.12/site-packages/oslo_service/backend/_threading/loopingcall.py:125}}
May 20 20:27:58.429171 np0000001112 neutron-periodic-workers[88949]: DEBUG dbcounter [-] [88949] Writing DB stats neutron:SELECT=3 {{(pid=88949) stat_writer /opt/stack/data/venv/lib/python3.12/site-packages/dbcounter.py:115}}
May 20 20:28:01.431961 np0000001112 neutron-periodic-workers[88943]: DEBUG oslo.service.backend._threading.loopingcall [None req-feafdaf4-a490-4277-b00f-d7dae1fe6508 None None] Fixed interval looping call 'neutron.services.ovn_l3.plugin.L3_NAT_dbonly_mixin._clean_garbage' sleeping for 299.99 seconds {{(pid=88943) _run_loop /opt/stack/data/venv/lib/python3.12/site-packages/oslo_service/backend/_threading/loopingcall.py:125}}
May 20 20:28:07.479889 np0000001112 neutron-periodic-workers[88954]: DEBUG dbcounter [-] [88954] Writing DB stats neutron:SELECT=1 {{(pid=88954) stat_writer /opt/stack/data/venv/lib/python3.12/site-packages/dbcounter.py:115}}
May 20 20:28:11.427965 np0000001112 neutron-periodic-workers[88943]: DEBUG dbcounter [-] [88943] Writing DB stats neutron:SELECT=1 {{(pid=88943) stat_writer /opt/stack/data/venv/lib/python3.12/site-packages/dbcounter.py:115}}
May 20 20:28:25.427576 np0000001112 neutron-periodic-workers[88949]: DEBUG oslo.service.backend._threading.loopingcall [None req-c7eb5988-006a-4164-badf-b559ba5db8d9 None None] Fixed interval looping call 'neutron.plugins.ml2.plugin.DhcpAgentSchedulerDbMixin.remove_networks_from_down_agents' sleeping for 36.99 seconds {{(pid=88949) _run_loop /opt/stack/data/venv/lib/python3.12/site-packages/oslo_service/backend/_threading/loopingcall.py:125}}
May 20 20:28:34.483987 np0000001112 neutron-periodic-workers[88954]: DEBUG neutron.db.agents_db [None req-2d73ccb0-30c8-4126-a40b-cd3c50ce8419 None None] Agent healthcheck: found 0 active agents {{(pid=88954) agent_health_check /opt/stack/neutron/neutron/db/agents_db.py:322}}
May 20 20:28:34.484432 np0000001112 neutron-periodic-workers[88954]: DEBUG oslo.service.backend._threading.loopingcall [None req-2d73ccb0-30c8-4126-a40b-cd3c50ce8419 None None] Fixed interval looping call 'neutron.plugins.ml2.plugin.AgentDbMixin.agent_health_check' sleeping for 37.00 seconds {{(pid=88954) _run_loop /opt/stack/data/venv/lib/python3.12/site-packages/oslo_service/backend/_threading/loopingcall.py:125}}
May 20 20:28:35.426083 np0000001112 neutron-periodic-workers[88949]: DEBUG dbcounter [-] [88949] Writing DB stats neutron:SELECT=3 {{(pid=88949) stat_writer /opt/stack/data/venv/lib/python3.12/site-packages/dbcounter.py:115}}
May 20 20:28:44.483181 np0000001112 neutron-periodic-workers[88954]: DEBUG dbcounter [-] [88954] Writing DB stats neutron:SELECT=1 {{(pid=88954) stat_writer /opt/stack/data/venv/lib/python3.12/site-packages/dbcounter.py:115}}
May 20 20:28:49.469990 np0000001112 neutron-periodic-workers[88971]: DEBUG oslo.service.backend._threading.loopingcall [None req-6f6b8d46-06a9-4c49-8f3e-85983909e703 None None] Fixed interval looping call 'neutron.db.quota.driver_nolock.DbQuotaNoLockDriver._remove_expired_reservations' sleeping for 120.00 seconds {{(pid=88971) _run_loop /opt/stack/data/venv/lib/python3.12/site-packages/oslo_service/backend/_threading/loopingcall.py:125}}
May 20 20:28:59.469247 np0000001112 neutron-periodic-workers[88971]: DEBUG dbcounter [-] [88971] Writing DB stats neutron:DELETE=1 {{(pid=88971) stat_writer /opt/stack/data/venv/lib/python3.12/site-packages/dbcounter.py:115}}
May 20 20:29:02.425217 np0000001112 neutron-periodic-workers[88949]: DEBUG oslo.service.backend._threading.loopingcall [None req-c7eb5988-006a-4164-badf-b559ba5db8d9 None None] Fixed interval looping call 'neutron.plugins.ml2.plugin.DhcpAgentSchedulerDbMixin.remove_networks_from_down_agents' sleeping for 36.99 seconds {{(pid=88949) _run_loop /opt/stack/data/venv/lib/python3.12/site-packages/oslo_service/backend/_threading/loopingcall.py:125}}
May 20 20:29:11.492960 np0000001112 neutron-periodic-workers[88954]: DEBUG neutron.db.agents_db [None req-2d73ccb0-30c8-4126-a40b-cd3c50ce8419 None None] Agent healthcheck: found 0 active agents {{(pid=88954) agent_health_check /opt/stack/neutron/neutron/db/agents_db.py:322}}
May 20 20:29:11.492960 np0000001112 neutron-periodic-workers[88954]: DEBUG oslo.service.backend._threading.loopingcall [None req-2d73ccb0-30c8-4126-a40b-cd3c50ce8419 None None] Fixed interval looping call 'neutron.plugins.ml2.plugin.AgentDbMixin.agent_health_check' sleeping for 36.99 seconds {{(pid=88954) _run_loop /opt/stack/data/venv/lib/python3.12/site-packages/oslo_service/backend/_threading/loopingcall.py:125}}
May 20 20:29:12.426391 np0000001112 neutron-periodic-workers[88949]: DEBUG dbcounter [-] [88949] Writing DB stats neutron:SELECT=3 {{(pid=88949) stat_writer /opt/stack/data/venv/lib/python3.12/site-packages/dbcounter.py:115}}
May 20 20:29:21.490035 np0000001112 neutron-periodic-workers[88954]: DEBUG dbcounter [-] [88954] Writing DB stats neutron:SELECT=1 {{(pid=88954) stat_writer /opt/stack/data/venv/lib/python3.12/site-packages/dbcounter.py:115}}
May 20 20:29:39.423308 np0000001112 neutron-periodic-workers[88949]: DEBUG oslo.service.backend._threading.loopingcall [None req-c7eb5988-006a-4164-badf-b559ba5db8d9 None None] Fixed interval looping call 'neutron.plugins.ml2.plugin.DhcpAgentSchedulerDbMixin.remove_networks_from_down_agents' sleeping for 36.99 seconds {{(pid=88949) _run_loop /opt/stack/data/venv/lib/python3.12/site-packages/oslo_service/backend/_threading/loopingcall.py:125}}
May 20 20:29:48.484445 np0000001112 neutron-periodic-workers[88954]: DEBUG neutron.db.agents_db [None req-2d73ccb0-30c8-4126-a40b-cd3c50ce8419 None None] Agent healthcheck: found 0 active agents {{(pid=88954) agent_health_check /opt/stack/neutron/neutron/db/agents_db.py:322}}
May 20 20:29:48.484829 np0000001112 neutron-periodic-workers[88954]: DEBUG oslo.service.backend._threading.loopingcall [None req-2d73ccb0-30c8-4126-a40b-cd3c50ce8419 None None] Fixed interval looping call 'neutron.plugins.ml2.plugin.AgentDbMixin.agent_health_check' sleeping for 37.00 seconds {{(pid=88954) _run_loop /opt/stack/data/venv/lib/python3.12/site-packages/oslo_service/backend/_threading/loopingcall.py:125}}
