Jun 27 18:08:21.409563 np0000003845 devstack@g-api.service[99490]: DEBUG swiftclient [None req-70507c8f-f5fb-48f1-88fe-a6fd2b52d9b1 tempest-VolumesActionsTest-1957686667 tempest-VolumesActionsTest-1957686667-project-member] REQ: curl -i https://10.4.3.137:8080/v1/AUTH_0e2416ac07c5429cb72bbdc5630b0bf6/glance/68ca85bc-4fb2-45e9-b86c-13813836197b-00001 -X PUT -H "X-Auth-Token: gAAAAABqQBGTG6lG..." {{(pid=99490) http_log /opt/stack/data/venv/lib/python3.12/site-packages/swiftclient/client.py:160}}
Jun 27 18:08:21.410039 np0000003845 devstack@g-api.service[99490]: DEBUG swiftclient [None req-70507c8f-f5fb-48f1-88fe-a6fd2b52d9b1 tempest-VolumesActionsTest-1957686667 tempest-VolumesActionsTest-1957686667-project-member] RESP STATUS: 201 Created {{(pid=99490) http_log /opt/stack/data/venv/lib/python3.12/site-packages/swiftclient/client.py:161}}
Jun 27 18:08:21.410039 np0000003845 devstack@g-api.service[99490]: DEBUG swiftclient [None req-70507c8f-f5fb-48f1-88fe-a6fd2b52d9b1 tempest-VolumesActionsTest-1957686667 tempest-VolumesActionsTest-1957686667-project-member] RESP HEADERS: {'Date': 'Sat, 27 Jun 2026 18:08:21 GMT', 'Server': 'Apache/2.4.58 (Ubuntu)', 'Content-Type': 'text/html; charset=UTF-8', 'Content-Length': '0', 'Etag': 'eda9a9889837ac4bc81d6387d92c1bec', 'Last-Modified': 'Sat, 27 Jun 2026 18:08:20 GMT', 'X-Trans-Id': 'txbf4bcc4cfd314ef0852a0-006a401193', 'X-Openstack-Request-Id': 'txbf4bcc4cfd314ef0852a0-006a401193', 'Connection': 'close'} {{(pid=99490) http_log /opt/stack/data/venv/lib/python3.12/site-packages/swiftclient/client.py:162}}
Jun 27 18:08:21.410039 np0000003845 devstack@g-api.service[99490]: DEBUG glance_store._drivers.swift.store [None req-70507c8f-f5fb-48f1-88fe-a6fd2b52d9b1 tempest-VolumesActionsTest-1957686667 tempest-VolumesActionsTest-1957686667-project-member] Wrote chunk 68ca85bc-4fb2-45e9-b86c-13813836197b-00001 (1/?) of length 204800000 to Swift returning MD5 of content: eda9a9889837ac4bc81d6387d92c1bec {{(pid=99490) add /opt/stack/data/venv/lib/python3.12/site-packages/glance_store/_drivers/swift/store.py:1059}}
Jun 27 18:08:22.149348 np0000003845 devstack@g-api.service[99491]: DEBUG glance.api.middleware.version_negotiation [None req-2fcf7ad5-8f81-48b9-8d68-4a5d76347ffc tempest-VolumesActionsTest-1957686667 tempest-VolumesActionsTest-1957686667-project-member] Determining version of request: GET /v2/images/68ca85bc-4fb2-45e9-b86c-13813836197b Accept: application/json {{(pid=99491) process_request /opt/stack/glance/glance/api/middleware/version_negotiation.py:44}}
Jun 27 18:08:22.149696 np0000003845 devstack@g-api.service[99491]: DEBUG glance.api.middleware.version_negotiation [None req-2fcf7ad5-8f81-48b9-8d68-4a5d76347ffc tempest-VolumesActionsTest-1957686667 tempest-VolumesActionsTest-1957686667-project-member] Using url versioning {{(pid=99491) process_request /opt/stack/glance/glance/api/middleware/version_negotiation.py:57}}
Jun 27 18:08:22.149696 np0000003845 devstack@g-api.service[99491]: DEBUG glance.api.middleware.version_negotiation [None req-2fcf7ad5-8f81-48b9-8d68-4a5d76347ffc tempest-VolumesActionsTest-1957686667 tempest-VolumesActionsTest-1957686667-project-member] Matched version: v2 {{(pid=99491) process_request /opt/stack/glance/glance/api/middleware/version_negotiation.py:69}}
Jun 27 18:08:22.149814 np0000003845 devstack@g-api.service[99491]: DEBUG glance.api.middleware.version_negotiation [None req-2fcf7ad5-8f81-48b9-8d68-4a5d76347ffc tempest-VolumesActionsTest-1957686667 tempest-VolumesActionsTest-1957686667-project-member] new path /v2/images/68ca85bc-4fb2-45e9-b86c-13813836197b {{(pid=99491) process_request /opt/stack/glance/glance/api/middleware/version_negotiation.py:70}}
Jun 27 18:08:22.160991 np0000003845 devstack@g-api.service[99491]: [pid: 99491|app: 0|req: 101/299] 127.0.0.1 () {40 vars in 838 bytes} [Sat Jun 27 18:08:22 2026] GET /v2/images/68ca85bc-4fb2-45e9-b86c-13813836197b => generated 649 bytes in 12 msecs (HTTP/1.1 200) 4 headers in 157 bytes (1 switches on core 0)
Jun 27 18:08:23.169847 np0000003845 devstack@g-api.service[99489]: DEBUG glance.api.middleware.version_negotiation [None req-1fd0d167-4d19-4278-a518-47db792c3ce5 tempest-VolumesActionsTest-1957686667 tempest-VolumesActionsTest-1957686667-project-member] Determining version of request: GET /v2/images/68ca85bc-4fb2-45e9-b86c-13813836197b Accept: application/json {{(pid=99489) process_request /opt/stack/glance/glance/api/middleware/version_negotiation.py:44}}
Jun 27 18:08:23.171416 np0000003845 devstack@g-api.service[99489]: DEBUG glance.api.middleware.version_negotiation [None req-1fd0d167-4d19-4278-a518-47db792c3ce5 tempest-VolumesActionsTest-1957686667 tempest-VolumesActionsTest-1957686667-project-member] Using url versioning {{(pid=99489) process_request /opt/stack/glance/glance/api/middleware/version_negotiation.py:57}}
Jun 27 18:08:23.171416 np0000003845 devstack@g-api.service[99489]: DEBUG glance.api.middleware.version_negotiation [None req-1fd0d167-4d19-4278-a518-47db792c3ce5 tempest-VolumesActionsTest-1957686667 tempest-VolumesActionsTest-1957686667-project-member] Matched version: v2 {{(pid=99489) process_request /opt/stack/glance/glance/api/middleware/version_negotiation.py:69}}
Jun 27 18:08:23.171416 np0000003845 devstack@g-api.service[99489]: DEBUG glance.api.middleware.version_negotiation [None req-1fd0d167-4d19-4278-a518-47db792c3ce5 tempest-VolumesActionsTest-1957686667 tempest-VolumesActionsTest-1957686667-project-member] new path /v2/images/68ca85bc-4fb2-45e9-b86c-13813836197b {{(pid=99489) process_request /opt/stack/glance/glance/api/middleware/version_negotiation.py:70}}
Jun 27 18:08:23.180884 np0000003845 devstack@g-api.service[99489]: [pid: 99489|app: 0|req: 104/300] 127.0.0.1 () {40 vars in 838 bytes} [Sat Jun 27 18:08:23 2026] GET /v2/images/68ca85bc-4fb2-45e9-b86c-13813836197b => generated 649 bytes in 11 msecs (HTTP/1.1 200) 4 headers in 157 bytes (1 switches on core 0)
Jun 27 18:08:23.298558 np0000003845 devstack@g-api.service[99490]: DEBUG swiftclient [None req-70507c8f-f5fb-48f1-88fe-a6fd2b52d9b1 tempest-VolumesActionsTest-1957686667 tempest-VolumesActionsTest-1957686667-project-member] REQ: curl -i https://10.4.3.137:8080/v1/AUTH_0e2416ac07c5429cb72bbdc5630b0bf6/glance/68ca85bc-4fb2-45e9-b86c-13813836197b-00002 -X PUT -H "X-Auth-Token: gAAAAABqQBGTG6lG..." {{(pid=99490) http_log /opt/stack/data/venv/lib/python3.12/site-packages/swiftclient/client.py:160}}
Jun 27 18:08:23.299014 np0000003845 devstack@g-api.service[99490]: DEBUG swiftclient [None req-70507c8f-f5fb-48f1-88fe-a6fd2b52d9b1 tempest-VolumesActionsTest-1957686667 tempest-VolumesActionsTest-1957686667-project-member] RESP STATUS: 201 Created {{(pid=99490) http_log /opt/stack/data/venv/lib/python3.12/site-packages/swiftclient/client.py:161}}
Jun 27 18:08:23.299014 np0000003845 devstack@g-api.service[99490]: DEBUG swiftclient [None req-70507c8f-f5fb-48f1-88fe-a6fd2b52d9b1 tempest-VolumesActionsTest-1957686667 tempest-VolumesActionsTest-1957686667-project-member] RESP HEADERS: {'Date': 'Sat, 27 Jun 2026 18:08:23 GMT', 'Server': 'Apache/2.4.58 (Ubuntu)', 'Content-Type': 'text/html; charset=UTF-8', 'Content-Length': '0', 'Etag': 'eda9a9889837ac4bc81d6387d92c1bec', 'Last-Modified': 'Sat, 27 Jun 2026 18:08:22 GMT', 'X-Trans-Id': 'tx08836901c21b41e6a8143-006a401195', 'X-Openstack-Request-Id': 'tx08836901c21b41e6a8143-006a401195', 'Connection': 'close'} {{(pid=99490) http_log /opt/stack/data/venv/lib/python3.12/site-packages/swiftclient/client.py:162}}
Jun 27 18:08:23.299014 np0000003845 devstack@g-api.service[99490]: DEBUG glance_store._drivers.swift.store [None req-70507c8f-f5fb-48f1-88fe-a6fd2b52d9b1 tempest-VolumesActionsTest-1957686667 tempest-VolumesActionsTest-1957686667-project-member] Wrote chunk 68ca85bc-4fb2-45e9-b86c-13813836197b-00002 (2/?) of length 204800000 to Swift returning MD5 of content: eda9a9889837ac4bc81d6387d92c1bec {{(pid=99490) add /opt/stack/data/venv/lib/python3.12/site-packages/glance_store/_drivers/swift/store.py:1059}}
Jun 27 18:08:24.191817 np0000003845 devstack@g-api.service[99491]: DEBUG glance.api.middleware.version_negotiation [None req-ddb0b3ec-15f4-42d7-a213-ec4ae119afc9 tempest-VolumesActionsTest-1957686667 tempest-VolumesActionsTest-1957686667-project-member] Determining version of request: GET /v2/images/68ca85bc-4fb2-45e9-b86c-13813836197b Accept: application/json {{(pid=99491) process_request /opt/stack/glance/glance/api/middleware/version_negotiation.py:44}}
Jun 27 18:08:24.192323 np0000003845 devstack@g-api.service[99491]: DEBUG glance.api.middleware.version_negotiation [None req-ddb0b3ec-15f4-42d7-a213-ec4ae119afc9 tempest-VolumesActionsTest-1957686667 tempest-VolumesActionsTest-1957686667-project-member] Using url versioning {{(pid=99491) process_request /opt/stack/glance/glance/api/middleware/version_negotiation.py:57}}
Jun 27 18:08:24.192323 np0000003845 devstack@g-api.service[99491]: DEBUG glance.api.middleware.version_negotiation [None req-ddb0b3ec-15f4-42d7-a213-ec4ae119afc9 tempest-VolumesActionsTest-1957686667 tempest-VolumesActionsTest-1957686667-project-member] Matched version: v2 {{(pid=99491) process_request /opt/stack/glance/glance/api/middleware/version_negotiation.py:69}}
Jun 27 18:08:24.192323 np0000003845 devstack@g-api.service[99491]: DEBUG glance.api.middleware.version_negotiation [None req-ddb0b3ec-15f4-42d7-a213-ec4ae119afc9 tempest-VolumesActionsTest-1957686667 tempest-VolumesActionsTest-1957686667-project-member] new path /v2/images/68ca85bc-4fb2-45e9-b86c-13813836197b {{(pid=99491) process_request /opt/stack/glance/glance/api/middleware/version_negotiation.py:70}}
Jun 27 18:08:24.203066 np0000003845 devstack@g-api.service[99491]: [pid: 99491|app: 0|req: 102/301] 127.0.0.1 () {40 vars in 838 bytes} [Sat Jun 27 18:08:24 2026] GET /v2/images/68ca85bc-4fb2-45e9-b86c-13813836197b => generated 649 bytes in 11 msecs (HTTP/1.1 200) 4 headers in 157 bytes (1 switches on core 0)
Jun 27 18:08:25.211561 np0000003845 devstack@g-api.service[99489]: DEBUG glance.api.middleware.version_negotiation [None req-eb0b1a2c-cc5a-451b-b6ce-041a768d6c04 tempest-VolumesActionsTest-1957686667 tempest-VolumesActionsTest-1957686667-project-member] Determining version of request: GET /v2/images/68ca85bc-4fb2-45e9-b86c-13813836197b Accept: application/json {{(pid=99489) process_request /opt/stack/glance/glance/api/middleware/version_negotiation.py:44}}
Jun 27 18:08:25.212011 np0000003845 devstack@g-api.service[99489]: DEBUG glance.api.middleware.version_negotiation [None req-eb0b1a2c-cc5a-451b-b6ce-041a768d6c04 tempest-VolumesActionsTest-1957686667 tempest-VolumesActionsTest-1957686667-project-member] Using url versioning {{(pid=99489) process_request /opt/stack/glance/glance/api/middleware/version_negotiation.py:57}}
Jun 27 18:08:25.212011 np0000003845 devstack@g-api.service[99489]: DEBUG glance.api.middleware.version_negotiation [None req-eb0b1a2c-cc5a-451b-b6ce-041a768d6c04 tempest-VolumesActionsTest-1957686667 tempest-VolumesActionsTest-1957686667-project-member] Matched version: v2 {{(pid=99489) process_request /opt/stack/glance/glance/api/middleware/version_negotiation.py:69}}
Jun 27 18:08:25.212097 np0000003845 devstack@g-api.service[99489]: DEBUG glance.api.middleware.version_negotiation [None req-eb0b1a2c-cc5a-451b-b6ce-041a768d6c04 tempest-VolumesActionsTest-1957686667 tempest-VolumesActionsTest-1957686667-project-member] new path /v2/images/68ca85bc-4fb2-45e9-b86c-13813836197b {{(pid=99489) process_request /opt/stack/glance/glance/api/middleware/version_negotiation.py:70}}
Jun 27 18:08:25.221423 np0000003845 devstack@g-api.service[99489]: [pid: 99489|app: 0|req: 105/302] 127.0.0.1 () {40 vars in 838 bytes} [Sat Jun 27 18:08:25 2026] GET /v2/images/68ca85bc-4fb2-45e9-b86c-13813836197b => generated 649 bytes in 10 msecs (HTTP/1.1 200) 4 headers in 157 bytes (1 switches on core 0)
Jun 27 18:08:25.375307 np0000003845 devstack@g-api.service[99490]: DEBUG swiftclient [None req-70507c8f-f5fb-48f1-88fe-a6fd2b52d9b1 tempest-VolumesActionsTest-1957686667 tempest-VolumesActionsTest-1957686667-project-member] REQ: curl -i https://10.4.3.137:8080/v1/AUTH_0e2416ac07c5429cb72bbdc5630b0bf6/glance/68ca85bc-4fb2-45e9-b86c-13813836197b-00003 -X PUT -H "X-Auth-Token: gAAAAABqQBGTG6lG..." {{(pid=99490) http_log /opt/stack/data/venv/lib/python3.12/site-packages/swiftclient/client.py:160}}
Jun 27 18:08:25.375605 np0000003845 devstack@g-api.service[99490]: DEBUG swiftclient [None req-70507c8f-f5fb-48f1-88fe-a6fd2b52d9b1 tempest-VolumesActionsTest-1957686667 tempest-VolumesActionsTest-1957686667-project-member] RESP STATUS: 201 Created {{(pid=99490) http_log /opt/stack/data/venv/lib/python3.12/site-packages/swiftclient/client.py:161}}
Jun 27 18:08:25.376061 np0000003845 devstack@g-api.service[99490]: DEBUG swiftclient [None req-70507c8f-f5fb-48f1-88fe-a6fd2b52d9b1 tempest-VolumesActionsTest-1957686667 tempest-VolumesActionsTest-1957686667-project-member] RESP HEADERS: {'Date': 'Sat, 27 Jun 2026 18:08:25 GMT', 'Server': 'Apache/2.4.58 (Ubuntu)', 'Content-Type': 'text/html; charset=UTF-8', 'Content-Length': '0', 'Etag': 'eda9a9889837ac4bc81d6387d92c1bec', 'Last-Modified': 'Sat, 27 Jun 2026 18:08:24 GMT', 'X-Trans-Id': 'tx46a35cf368bf47c9a9479-006a401197', 'X-Openstack-Request-Id': 'tx46a35cf368bf47c9a9479-006a401197', 'Connection': 'close'} {{(pid=99490) http_log /opt/stack/data/venv/lib/python3.12/site-packages/swiftclient/client.py:162}}
Jun 27 18:08:25.376313 np0000003845 devstack@g-api.service[99490]: DEBUG glance_store._drivers.swift.store [None req-70507c8f-f5fb-48f1-88fe-a6fd2b52d9b1 tempest-VolumesActionsTest-1957686667 tempest-VolumesActionsTest-1957686667-project-member] Wrote chunk 68ca85bc-4fb2-45e9-b86c-13813836197b-00003 (3/?) of length 204800000 to Swift returning MD5 of content: eda9a9889837ac4bc81d6387d92c1bec {{(pid=99490) add /opt/stack/data/venv/lib/python3.12/site-packages/glance_store/_drivers/swift/store.py:1059}}
Jun 27 18:08:26.231080 np0000003845 devstack@g-api.service[99491]: DEBUG glance.api.middleware.version_negotiation [None req-0511dab1-f05f-4e07-830d-f6af388a72dc tempest-VolumesActionsTest-1957686667 tempest-VolumesActionsTest-1957686667-project-member] Determining version of request: GET /v2/images/68ca85bc-4fb2-45e9-b86c-13813836197b Accept: application/json {{(pid=99491) process_request /opt/stack/glance/glance/api/middleware/version_negotiation.py:44}}
Jun 27 18:08:26.231514 np0000003845 devstack@g-api.service[99491]: DEBUG glance.api.middleware.version_negotiation [None req-0511dab1-f05f-4e07-830d-f6af388a72dc tempest-VolumesActionsTest-1957686667 tempest-VolumesActionsTest-1957686667-project-member] Using url versioning {{(pid=99491) process_request /opt/stack/glance/glance/api/middleware/version_negotiation.py:57}}
Jun 27 18:08:26.231573 np0000003845 devstack@g-api.service[99491]: DEBUG glance.api.middleware.version_negotiation [None req-0511dab1-f05f-4e07-830d-f6af388a72dc tempest-VolumesActionsTest-1957686667 tempest-VolumesActionsTest-1957686667-project-member] Matched version: v2 {{(pid=99491) process_request /opt/stack/glance/glance/api/middleware/version_negotiation.py:69}}
Jun 27 18:08:26.231695 np0000003845 devstack@g-api.service[99491]: DEBUG glance.api.middleware.version_negotiation [None req-0511dab1-f05f-4e07-830d-f6af388a72dc tempest-VolumesActionsTest-1957686667 tempest-VolumesActionsTest-1957686667-project-member] new path /v2/images/68ca85bc-4fb2-45e9-b86c-13813836197b {{(pid=99491) process_request /opt/stack/glance/glance/api/middleware/version_negotiation.py:70}}
Jun 27 18:08:26.250531 np0000003845 devstack@g-api.service[99491]: [pid: 99491|app: 0|req: 103/303] 127.0.0.1 () {40 vars in 838 bytes} [Sat Jun 27 18:08:26 2026] GET /v2/images/68ca85bc-4fb2-45e9-b86c-13813836197b => generated 649 bytes in 20 msecs (HTTP/1.1 200) 4 headers in 157 bytes (1 switches on core 0)
Jun 27 18:08:27.258760 np0000003845 devstack@g-api.service[99489]: DEBUG glance.api.middleware.version_negotiation [None req-20886c8d-827b-48e8-b03f-e05a9bf0d7c6 tempest-VolumesActionsTest-1957686667 tempest-VolumesActionsTest-1957686667-project-member] Determining version of request: GET /v2/images/68ca85bc-4fb2-45e9-b86c-13813836197b Accept: application/json {{(pid=99489) process_request /opt/stack/glance/glance/api/middleware/version_negotiation.py:44}}
Jun 27 18:08:27.259218 np0000003845 devstack@g-api.service[99489]: DEBUG glance.api.middleware.version_negotiation [None req-20886c8d-827b-48e8-b03f-e05a9bf0d7c6 tempest-VolumesActionsTest-1957686667 tempest-VolumesActionsTest-1957686667-project-member] Using url versioning {{(pid=99489) process_request /opt/stack/glance/glance/api/middleware/version_negotiation.py:57}}
Jun 27 18:08:27.259218 np0000003845 devstack@g-api.service[99489]: DEBUG glance.api.middleware.version_negotiation [None req-20886c8d-827b-48e8-b03f-e05a9bf0d7c6 tempest-VolumesActionsTest-1957686667 tempest-VolumesActionsTest-1957686667-project-member] Matched version: v2 {{(pid=99489) process_request /opt/stack/glance/glance/api/middleware/version_negotiation.py:69}}
Jun 27 18:08:27.259218 np0000003845 devstack@g-api.service[99489]: DEBUG glance.api.middleware.version_negotiation [None req-20886c8d-827b-48e8-b03f-e05a9bf0d7c6 tempest-VolumesActionsTest-1957686667 tempest-VolumesActionsTest-1957686667-project-member] new path /v2/images/68ca85bc-4fb2-45e9-b86c-13813836197b {{(pid=99489) process_request /opt/stack/glance/glance/api/middleware/version_negotiation.py:70}}
Jun 27 18:08:27.269173 np0000003845 devstack@g-api.service[99489]: [pid: 99489|app: 0|req: 106/304] 127.0.0.1 () {40 vars in 838 bytes} [Sat Jun 27 18:08:27 2026] GET /v2/images/68ca85bc-4fb2-45e9-b86c-13813836197b => generated 649 bytes in 10 msecs (HTTP/1.1 200) 4 headers in 157 bytes (1 switches on core 0)
Jun 27 18:08:27.439954 np0000003845 devstack@g-api.service[99490]: DEBUG swiftclient [None req-70507c8f-f5fb-48f1-88fe-a6fd2b52d9b1 tempest-VolumesActionsTest-1957686667 tempest-VolumesActionsTest-1957686667-project-member] REQ: curl -i https://10.4.3.137:8080/v1/AUTH_0e2416ac07c5429cb72bbdc5630b0bf6/glance/68ca85bc-4fb2-45e9-b86c-13813836197b-00004 -X PUT -H "X-Auth-Token: gAAAAABqQBGTG6lG..." {{(pid=99490) http_log /opt/stack/data/venv/lib/python3.12/site-packages/swiftclient/client.py:160}}
Jun 27 18:08:27.441058 np0000003845 devstack@g-api.service[99490]: DEBUG swiftclient [None req-70507c8f-f5fb-48f1-88fe-a6fd2b52d9b1 tempest-VolumesActionsTest-1957686667 tempest-VolumesActionsTest-1957686667-project-member] RESP STATUS: 201 Created {{(pid=99490) http_log /opt/stack/data/venv/lib/python3.12/site-packages/swiftclient/client.py:161}}
Jun 27 18:08:27.441058 np0000003845 devstack@g-api.service[99490]: DEBUG swiftclient [None req-70507c8f-f5fb-48f1-88fe-a6fd2b52d9b1 tempest-VolumesActionsTest-1957686667 tempest-VolumesActionsTest-1957686667-project-member] RESP HEADERS: {'Date': 'Sat, 27 Jun 2026 18:08:27 GMT', 'Server': 'Apache/2.4.58 (Ubuntu)', 'Content-Type': 'text/html; charset=UTF-8', 'Content-Length': '0', 'Etag': 'eda9a9889837ac4bc81d6387d92c1bec', 'Last-Modified': 'Sat, 27 Jun 2026 18:08:26 GMT', 'X-Trans-Id': 'tx9c591a11338a4a7db5557-006a401199', 'X-Openstack-Request-Id': 'tx9c591a11338a4a7db5557-006a401199', 'Connection': 'close'} {{(pid=99490) http_log /opt/stack/data/venv/lib/python3.12/site-packages/swiftclient/client.py:162}}
Jun 27 18:08:27.441058 np0000003845 devstack@g-api.service[99490]: DEBUG glance_store._drivers.swift.store [None req-70507c8f-f5fb-48f1-88fe-a6fd2b52d9b1 tempest-VolumesActionsTest-1957686667 tempest-VolumesActionsTest-1957686667-project-member] Wrote chunk 68ca85bc-4fb2-45e9-b86c-13813836197b-00004 (4/?) of length 204800000 to Swift returning MD5 of content: eda9a9889837ac4bc81d6387d92c1bec {{(pid=99490) add /opt/stack/data/venv/lib/python3.12/site-packages/glance_store/_drivers/swift/store.py:1059}}
Jun 27 18:08:28.277535 np0000003845 devstack@g-api.service[99491]: DEBUG glance.api.middleware.version_negotiation [None req-1ea8b774-d1fd-4c94-bb7e-86a406394c14 tempest-VolumesActionsTest-1957686667 tempest-VolumesActionsTest-1957686667-project-member] Determining version of request: GET /v2/images/68ca85bc-4fb2-45e9-b86c-13813836197b Accept: application/json {{(pid=99491) process_request /opt/stack/glance/glance/api/middleware/version_negotiation.py:44}}
Jun 27 18:08:28.278001 np0000003845 devstack@g-api.service[99491]: DEBUG glance.api.middleware.version_negotiation [None req-1ea8b774-d1fd-4c94-bb7e-86a406394c14 tempest-VolumesActionsTest-1957686667 tempest-VolumesActionsTest-1957686667-project-member] Using url versioning {{(pid=99491) process_request /opt/stack/glance/glance/api/middleware/version_negotiation.py:57}}
Jun 27 18:08:28.278133 np0000003845 devstack@g-api.service[99491]: DEBUG glance.api.middleware.version_negotiation [None req-1ea8b774-d1fd-4c94-bb7e-86a406394c14 tempest-VolumesActionsTest-1957686667 tempest-VolumesActionsTest-1957686667-project-member] Matched version: v2 {{(pid=99491) process_request /opt/stack/glance/glance/api/middleware/version_negotiation.py:69}}
Jun 27 18:08:28.280987 np0000003845 devstack@g-api.service[99491]: DEBUG glance.api.middleware.version_negotiation [None req-1ea8b774-d1fd-4c94-bb7e-86a406394c14 tempest-VolumesActionsTest-1957686667 tempest-VolumesActionsTest-1957686667-project-member] new path /v2/images/68ca85bc-4fb2-45e9-b86c-13813836197b {{(pid=99491) process_request /opt/stack/glance/glance/api/middleware/version_negotiation.py:70}}
Jun 27 18:08:28.293474 np0000003845 devstack@g-api.service[99491]: [pid: 99491|app: 0|req: 104/305] 127.0.0.1 () {40 vars in 838 bytes} [Sat Jun 27 18:08:28 2026] GET /v2/images/68ca85bc-4fb2-45e9-b86c-13813836197b => generated 649 bytes in 16 msecs (HTTP/1.1 200) 4 headers in 157 bytes (1 switches on core 0)
Jun 27 18:08:29.224822 np0000003845 devstack@g-api.service[99490]: DEBUG dbcounter [-] [99490] Writing DB stats glance:SELECT=14,glance:INSERT=1,glance:UPDATE=1 {{(pid=99490) stat_writer /opt/stack/data/venv/lib/python3.12/site-packages/dbcounter.py:115}}
Jun 27 18:08:29.302712 np0000003845 devstack@g-api.service[99489]: DEBUG glance.api.middleware.version_negotiation [None req-35f434c3-58d5-467e-9b67-14ac0b454782 tempest-VolumesActionsTest-1957686667 tempest-VolumesActionsTest-1957686667-project-member] Determining version of request: GET /v2/images/68ca85bc-4fb2-45e9-b86c-13813836197b Accept: application/json {{(pid=99489) process_request /opt/stack/glance/glance/api/middleware/version_negotiation.py:44}}
Jun 27 18:08:29.303257 np0000003845 devstack@g-api.service[99489]: DEBUG glance.api.middleware.version_negotiation [None req-35f434c3-58d5-467e-9b67-14ac0b454782 tempest-VolumesActionsTest-1957686667 tempest-VolumesActionsTest-1957686667-project-member] Using url versioning {{(pid=99489) process_request /opt/stack/glance/glance/api/middleware/version_negotiation.py:57}}
Jun 27 18:08:29.303257 np0000003845 devstack@g-api.service[99489]: DEBUG glance.api.middleware.version_negotiation [None req-35f434c3-58d5-467e-9b67-14ac0b454782 tempest-VolumesActionsTest-1957686667 tempest-VolumesActionsTest-1957686667-project-member] Matched version: v2 {{(pid=99489) process_request /opt/stack/glance/glance/api/middleware/version_negotiation.py:69}}
Jun 27 18:08:29.303257 np0000003845 devstack@g-api.service[99489]: DEBUG glance.api.middleware.version_negotiation [None req-35f434c3-58d5-467e-9b67-14ac0b454782 tempest-VolumesActionsTest-1957686667 tempest-VolumesActionsTest-1957686667-project-member] new path /v2/images/68ca85bc-4fb2-45e9-b86c-13813836197b {{(pid=99489) process_request /opt/stack/glance/glance/api/middleware/version_negotiation.py:70}}
Jun 27 18:08:29.315679 np0000003845 devstack@g-api.service[99489]: [pid: 99489|app: 0|req: 107/306] 127.0.0.1 () {40 vars in 838 bytes} [Sat Jun 27 18:08:29 2026] GET /v2/images/68ca85bc-4fb2-45e9-b86c-13813836197b => generated 649 bytes in 13 msecs (HTTP/1.1 200) 4 headers in 157 bytes (1 switches on core 0)
Jun 27 18:08:29.483319 np0000003845 devstack@g-api.service[99490]: DEBUG swiftclient [None req-70507c8f-f5fb-48f1-88fe-a6fd2b52d9b1 tempest-VolumesActionsTest-1957686667 tempest-VolumesActionsTest-1957686667-project-member] REQ: curl -i https://10.4.3.137:8080/v1/AUTH_0e2416ac07c5429cb72bbdc5630b0bf6/glance/68ca85bc-4fb2-45e9-b86c-13813836197b-00005 -X PUT -H "X-Auth-Token: gAAAAABqQBGTG6lG..." {{(pid=99490) http_log /opt/stack/data/venv/lib/python3.12/site-packages/swiftclient/client.py:160}}
Jun 27 18:08:29.483319 np0000003845 devstack@g-api.service[99490]: DEBUG swiftclient [None req-70507c8f-f5fb-48f1-88fe-a6fd2b52d9b1 tempest-VolumesActionsTest-1957686667 tempest-VolumesActionsTest-1957686667-project-member] RESP STATUS: 201 Created {{(pid=99490) http_log /opt/stack/data/venv/lib/python3.12/site-packages/swiftclient/client.py:161}}
Jun 27 18:08:29.483319 np0000003845 devstack@g-api.service[99490]: DEBUG swiftclient [None req-70507c8f-f5fb-48f1-88fe-a6fd2b52d9b1 tempest-VolumesActionsTest-1957686667 tempest-VolumesActionsTest-1957686667-project-member] RESP HEADERS: {'Date': 'Sat, 27 Jun 2026 18:08:29 GMT', 'Server': 'Apache/2.4.58 (Ubuntu)', 'Content-Type': 'text/html; charset=UTF-8', 'Content-Length': '0', 'Etag': 'eda9a9889837ac4bc81d6387d92c1bec', 'Last-Modified': 'Sat, 27 Jun 2026 18:08:28 GMT', 'X-Trans-Id': 'txb9d2b7bdabe14aeebfc9e-006a40119b', 'X-Openstack-Request-Id': 'txb9d2b7bdabe14aeebfc9e-006a40119b', 'Connection': 'close'} {{(pid=99490) http_log /opt/stack/data/venv/lib/python3.12/site-packages/swiftclient/client.py:162}}
Jun 27 18:08:29.483319 np0000003845 devstack@g-api.service[99490]: DEBUG glance_store._drivers.swift.store [None req-70507c8f-f5fb-48f1-88fe-a6fd2b52d9b1 tempest-VolumesActionsTest-1957686667 tempest-VolumesActionsTest-1957686667-project-member] Wrote chunk 68ca85bc-4fb2-45e9-b86c-13813836197b-00005 (5/?) of length 204800000 to Swift returning MD5 of content: eda9a9889837ac4bc81d6387d92c1bec {{(pid=99490) add /opt/stack/data/venv/lib/python3.12/site-packages/glance_store/_drivers/swift/store.py:1059}}
Jun 27 18:08:30.014136 np0000003845 devstack@g-api.service[99490]: DEBUG swiftclient [None req-70507c8f-f5fb-48f1-88fe-a6fd2b52d9b1 tempest-VolumesActionsTest-1957686667 tempest-VolumesActionsTest-1957686667-project-member] REQ: curl -i https://10.4.3.137:8080/v1/AUTH_0e2416ac07c5429cb72bbdc5630b0bf6/glance/68ca85bc-4fb2-45e9-b86c-13813836197b-00006 -X PUT -H "X-Auth-Token: gAAAAABqQBGTG6lG..." {{(pid=99490) http_log /opt/stack/data/venv/lib/python3.12/site-packages/swiftclient/client.py:160}}
Jun 27 18:08:30.014296 np0000003845 devstack@g-api.service[99490]: DEBUG swiftclient [None req-70507c8f-f5fb-48f1-88fe-a6fd2b52d9b1 tempest-VolumesActionsTest-1957686667 tempest-VolumesActionsTest-1957686667-project-member] RESP STATUS: 201 Created {{(pid=99490) http_log /opt/stack/data/venv/lib/python3.12/site-packages/swiftclient/client.py:161}}
Jun 27 18:08:30.014497 np0000003845 devstack@g-api.service[99490]: DEBUG swiftclient [None req-70507c8f-f5fb-48f1-88fe-a6fd2b52d9b1 tempest-VolumesActionsTest-1957686667 tempest-VolumesActionsTest-1957686667-project-member] RESP HEADERS: {'Date': 'Sat, 27 Jun 2026 18:08:30 GMT', 'Server': 'Apache/2.4.58 (Ubuntu)', 'Content-Type': 'text/html; charset=UTF-8', 'Content-Length': '0', 'Etag': '708761f3b8777ec77058e63da08eeeb6', 'Last-Modified': 'Sat, 27 Jun 2026 18:08:30 GMT', 'X-Trans-Id': 'txe5399fe2acf64bab841c2-006a40119d', 'X-Openstack-Request-Id': 'txe5399fe2acf64bab841c2-006a40119d', 'Connection': 'close'} {{(pid=99490) http_log /opt/stack/data/venv/lib/python3.12/site-packages/swiftclient/client.py:162}}
Jun 27 18:08:30.014616 np0000003845 devstack@g-api.service[99490]: DEBUG glance_store._drivers.swift.store [None req-70507c8f-f5fb-48f1-88fe-a6fd2b52d9b1 tempest-VolumesActionsTest-1957686667 tempest-VolumesActionsTest-1957686667-project-member] Wrote chunk 68ca85bc-4fb2-45e9-b86c-13813836197b-00006 (6/?) of length 49741824 to Swift returning MD5 of content: 708761f3b8777ec77058e63da08eeeb6 {{(pid=99490) add /opt/stack/data/venv/lib/python3.12/site-packages/glance_store/_drivers/swift/store.py:1059}}
Jun 27 18:08:30.014882 np0000003845 devstack@g-api.service[99490]: DEBUG glance_store._drivers.swift.store [None req-70507c8f-f5fb-48f1-88fe-a6fd2b52d9b1 tempest-VolumesActionsTest-1957686667 tempest-VolumesActionsTest-1957686667-project-member] Not writing zero-length chunk. {{(pid=99490) add /opt/stack/data/venv/lib/python3.12/site-packages/glance_store/_drivers/swift/store.py:1028}}
Jun 27 18:08:30.039907 np0000003845 devstack@g-api.service[99490]: DEBUG swiftclient [None req-70507c8f-f5fb-48f1-88fe-a6fd2b52d9b1 tempest-VolumesActionsTest-1957686667 tempest-VolumesActionsTest-1957686667-project-member] REQ: curl -i https://10.4.3.137:8080/v1/AUTH_0e2416ac07c5429cb72bbdc5630b0bf6/glance/68ca85bc-4fb2-45e9-b86c-13813836197b -X PUT -H "X-Object-Manifest: glance/68ca85bc-4fb2-45e9-b86c-13813836197b-" -H "X-Auth-Token: gAAAAABqQBGTG6lG..." -H "Content-Length: 0" {{(pid=99490) http_log /opt/stack/data/venv/lib/python3.12/site-packages/swiftclient/client.py:160}}
Jun 27 18:08:30.040026 np0000003845 devstack@g-api.service[99490]: DEBUG swiftclient [None req-70507c8f-f5fb-48f1-88fe-a6fd2b52d9b1 tempest-VolumesActionsTest-1957686667 tempest-VolumesActionsTest-1957686667-project-member] RESP STATUS: 201 Created {{(pid=99490) http_log /opt/stack/data/venv/lib/python3.12/site-packages/swiftclient/client.py:161}}
Jun 27 18:08:30.040175 np0000003845 devstack@g-api.service[99490]: DEBUG swiftclient [None req-70507c8f-f5fb-48f1-88fe-a6fd2b52d9b1 tempest-VolumesActionsTest-1957686667 tempest-VolumesActionsTest-1957686667-project-member] RESP HEADERS: {'Date': 'Sat, 27 Jun 2026 18:08:30 GMT', 'Server': 'Apache/2.4.58 (Ubuntu)', 'Content-Type': 'text/html; charset=UTF-8', 'Content-Length': '0', 'Etag': 'd41d8cd98f00b204e9800998ecf8427e', 'Last-Modified': 'Sat, 27 Jun 2026 18:08:31 GMT', 'X-Trans-Id': 'txc5295faf454f42339eb85-006a40119e', 'X-Openstack-Request-Id': 'txc5295faf454f42339eb85-006a40119e', 'Connection': 'close'} {{(pid=99490) http_log /opt/stack/data/venv/lib/python3.12/site-packages/swiftclient/client.py:162}}
Jun 27 18:08:30.040609 np0000003845 devstack@g-api.service[99490]: INFO glance.location [None req-70507c8f-f5fb-48f1-88fe-a6fd2b52d9b1 tempest-VolumesActionsTest-1957686667 tempest-VolumesActionsTest-1957686667-project-member] Image format matched and virtual size computed: 1073741824
Jun 27 18:08:30.065923 np0000003845 devstack@g-api.service[99490]: DEBUG glance_store.backend [None req-70507c8f-f5fb-48f1-88fe-a6fd2b52d9b1 tempest-VolumesActionsTest-1957686667 tempest-VolumesActionsTest-1957686667-project-member] Attempting to import store swift {{(pid=99490) _load_store /opt/stack/data/venv/lib/python3.12/site-packages/glance_store/backend.py:215}}
Jun 27 18:08:30.067224 np0000003845 devstack@g-api.service[99490]: DEBUG glance_store.capabilities [None req-70507c8f-f5fb-48f1-88fe-a6fd2b52d9b1 tempest-VolumesActionsTest-1957686667 tempest-VolumesActionsTest-1957686667-project-member] Store glance_store._drivers.swift.store.SingleTenantStore doesn't support updating dynamic storage capabilities. Please overwrite 'update_capabilities' method of the store to implement updating logics if needed. {{(pid=99490) update_capabilities /opt/stack/data/venv/lib/python3.12/site-packages/glance_store/capabilities.py:91}}
Jun 27 18:08:30.067358 np0000003845 devstack@g-api.service[99490]: DEBUG glance_store.driver [None req-70507c8f-f5fb-48f1-88fe-a6fd2b52d9b1 tempest-VolumesActionsTest-1957686667 tempest-VolumesActionsTest-1957686667-project-member] Late loading location class glance_store._drivers.swift.store.StoreLocation {{(pid=99490) get_store_location_class /opt/stack/data/venv/lib/python3.12/site-packages/glance_store/driver.py:134}}
Jun 27 18:08:30.067475 np0000003845 devstack@g-api.service[99490]: DEBUG glance_store.location [None req-70507c8f-f5fb-48f1-88fe-a6fd2b52d9b1 tempest-VolumesActionsTest-1957686667 tempest-VolumesActionsTest-1957686667-project-member] Registering scheme swift+https with {'store': , 'location_class': , 'store_entry': 'swift'} {{(pid=99490) register_scheme_map /opt/stack/data/venv/lib/python3.12/site-packages/glance_store/location.py:146}}
Jun 27 18:08:30.067565 np0000003845 devstack@g-api.service[99490]: DEBUG glance_store.location [None req-70507c8f-f5fb-48f1-88fe-a6fd2b52d9b1 tempest-VolumesActionsTest-1957686667 tempest-VolumesActionsTest-1957686667-project-member] Registering scheme swift+https with {'store': , 'location_class': , 'store_entry': 'swift'} {{(pid=99490) register_scheme_map /opt/stack/data/venv/lib/python3.12/site-packages/glance_store/location.py:146}}
Jun 27 18:08:30.067671 np0000003845 devstack@g-api.service[99490]: DEBUG glance_store.location [None req-70507c8f-f5fb-48f1-88fe-a6fd2b52d9b1 tempest-VolumesActionsTest-1957686667 tempest-VolumesActionsTest-1957686667-project-member] Registering scheme swift with {'store': , 'location_class': , 'store_entry': 'swift'} {{(pid=99490) register_scheme_map /opt/stack/data/venv/lib/python3.12/site-packages/glance_store/location.py:146}}
Jun 27 18:08:30.067761 np0000003845 devstack@g-api.service[99490]: DEBUG glance_store.location [None req-70507c8f-f5fb-48f1-88fe-a6fd2b52d9b1 tempest-VolumesActionsTest-1957686667 tempest-VolumesActionsTest-1957686667-project-member] Registering scheme swift+https with {'store': , 'location_class': , 'store_entry': 'swift'} {{(pid=99490) register_scheme_map /opt/stack/data/venv/lib/python3.12/site-packages/glance_store/location.py:146}}
Jun 27 18:08:30.067917 np0000003845 devstack@g-api.service[99490]: DEBUG glance_store.location [None req-70507c8f-f5fb-48f1-88fe-a6fd2b52d9b1 tempest-VolumesActionsTest-1957686667 tempest-VolumesActionsTest-1957686667-project-member] Registering scheme swift with {'store': , 'location_class': , 'store_entry': 'swift'} {{(pid=99490) register_scheme_map /opt/stack/data/venv/lib/python3.12/site-packages/glance_store/location.py:146}}
Jun 27 18:08:30.068045 np0000003845 devstack@g-api.service[99490]: DEBUG glance_store.location [None req-70507c8f-f5fb-48f1-88fe-a6fd2b52d9b1 tempest-VolumesActionsTest-1957686667 tempest-VolumesActionsTest-1957686667-project-member] Registering scheme swift+http with {'store': , 'location_class': , 'store_entry': 'swift'} {{(pid=99490) register_scheme_map /opt/stack/data/venv/lib/python3.12/site-packages/glance_store/location.py:146}}
Jun 27 18:08:30.068124 np0000003845 devstack@g-api.service[99490]: DEBUG glance_store.location [None req-70507c8f-f5fb-48f1-88fe-a6fd2b52d9b1 tempest-VolumesActionsTest-1957686667 tempest-VolumesActionsTest-1957686667-project-member] Registering scheme swift+https with {'store': , 'location_class': , 'store_entry': 'swift'} {{(pid=99490) register_scheme_map /opt/stack/data/venv/lib/python3.12/site-packages/glance_store/location.py:146}}
Jun 27 18:08:30.068188 np0000003845 devstack@g-api.service[99490]: DEBUG glance_store.location [None req-70507c8f-f5fb-48f1-88fe-a6fd2b52d9b1 tempest-VolumesActionsTest-1957686667 tempest-VolumesActionsTest-1957686667-project-member] Registering scheme swift with {'store': , 'location_class': , 'store_entry': 'swift'} {{(pid=99490) register_scheme_map /opt/stack/data/venv/lib/python3.12/site-packages/glance_store/location.py:146}}
Jun 27 18:08:30.068252 np0000003845 devstack@g-api.service[99490]: DEBUG glance_store.location [None req-70507c8f-f5fb-48f1-88fe-a6fd2b52d9b1 tempest-VolumesActionsTest-1957686667 tempest-VolumesActionsTest-1957686667-project-member] Registering scheme swift+http with {'store': , 'location_class': , 'store_entry': 'swift'} {{(pid=99490) register_scheme_map /opt/stack/data/venv/lib/python3.12/site-packages/glance_store/location.py:146}}
Jun 27 18:08:30.068324 np0000003845 devstack@g-api.service[99490]: DEBUG glance_store.location [None req-70507c8f-f5fb-48f1-88fe-a6fd2b52d9b1 tempest-VolumesActionsTest-1957686667 tempest-VolumesActionsTest-1957686667-project-member] Registering scheme swift+config with {'store': , 'location_class': , 'store_entry': 'swift'} {{(pid=99490) register_scheme_map /opt/stack/data/venv/lib/python3.12/site-packages/glance_store/location.py:146}}
Jun 27 18:08:30.068462 np0000003845 devstack@g-api.service[99490]: DEBUG glance_store.backend [None req-70507c8f-f5fb-48f1-88fe-a6fd2b52d9b1 tempest-VolumesActionsTest-1957686667 tempest-VolumesActionsTest-1957686667-project-member] Skipping store.set_acls... not implemented. {{(pid=99490) set_acls /opt/stack/data/venv/lib/python3.12/site-packages/glance_store/backend.py:507}}
Jun 27 18:08:30.070099 np0000003845 devstack@g-api.service[99490]: [pid: 99490|app: 0|req: 96/307] 127.0.0.1 () {46 vars in 1158 bytes} [Sat Jun 27 18:08:18 2026] PUT /v2/images/68ca85bc-4fb2-45e9-b86c-13813836197b/file => generated 0 bytes in 11580 msecs (HTTP/1.1 204) 4 headers in 171 bytes (1 switches on core 0)
Jun 27 18:08:30.081889 np0000003845 devstack@g-api.service[99491]: DEBUG glance.api.middleware.version_negotiation [None req-da9f1446-6e16-4874-9a33-c0459fe4ecf8 tempest-VolumesActionsTest-1957686667 tempest-VolumesActionsTest-1957686667-project-member] Determining version of request: GET /v2/images/68ca85bc-4fb2-45e9-b86c-13813836197b Accept: */* {{(pid=99491) process_request /opt/stack/glance/glance/api/middleware/version_negotiation.py:44}}
Jun 27 18:08:30.083192 np0000003845 devstack@g-api.service[99491]: DEBUG glance.api.middleware.version_negotiation [None req-da9f1446-6e16-4874-9a33-c0459fe4ecf8 tempest-VolumesActionsTest-1957686667 tempest-VolumesActionsTest-1957686667-project-member] Using url versioning {{(pid=99491) process_request /opt/stack/glance/glance/api/middleware/version_negotiation.py:57}}
Jun 27 18:08:30.083192 np0000003845 devstack@g-api.service[99491]: DEBUG glance.api.middleware.version_negotiation [None req-da9f1446-6e16-4874-9a33-c0459fe4ecf8 tempest-VolumesActionsTest-1957686667 tempest-VolumesActionsTest-1957686667-project-member] Matched version: v2 {{(pid=99491) process_request /opt/stack/glance/glance/api/middleware/version_negotiation.py:69}}
Jun 27 18:08:30.083192 np0000003845 devstack@g-api.service[99491]: DEBUG glance.api.middleware.version_negotiation [None req-da9f1446-6e16-4874-9a33-c0459fe4ecf8 tempest-VolumesActionsTest-1957686667 tempest-VolumesActionsTest-1957686667-project-member] new path /v2/images/68ca85bc-4fb2-45e9-b86c-13813836197b {{(pid=99491) process_request /opt/stack/glance/glance/api/middleware/version_negotiation.py:70}}
Jun 27 18:08:30.100545 np0000003845 devstack@g-api.service[99491]: [pid: 99491|app: 0|req: 105/308] 127.0.0.1 () {44 vars in 1115 bytes} [Sat Jun 27 18:08:30 2026] GET /v2/images/68ca85bc-4fb2-45e9-b86c-13813836197b => generated 821 bytes in 18 msecs (HTTP/1.1 200) 4 headers in 157 bytes (1 switches on core 0)
Jun 27 18:08:30.113046 np0000003845 devstack@g-api.service[99489]: DEBUG glance.api.middleware.version_negotiation [None req-a5f7a386-7b78-419b-b215-a35fd3ec26ac tempest-VolumesActionsTest-1957686667 tempest-VolumesActionsTest-1957686667-project-member] Determining version of request: GET /v2/schemas/image Accept: */* {{(pid=99489) process_request /opt/stack/glance/glance/api/middleware/version_negotiation.py:44}}
Jun 27 18:08:30.113640 np0000003845 devstack@g-api.service[99489]: DEBUG glance.api.middleware.version_negotiation [None req-a5f7a386-7b78-419b-b215-a35fd3ec26ac tempest-VolumesActionsTest-1957686667 tempest-VolumesActionsTest-1957686667-project-member] Using url versioning {{(pid=99489) process_request /opt/stack/glance/glance/api/middleware/version_negotiation.py:57}}
Jun 27 18:08:30.113640 np0000003845 devstack@g-api.service[99489]: DEBUG glance.api.middleware.version_negotiation [None req-a5f7a386-7b78-419b-b215-a35fd3ec26ac tempest-VolumesActionsTest-1957686667 tempest-VolumesActionsTest-1957686667-project-member] Matched version: v2 {{(pid=99489) process_request /opt/stack/glance/glance/api/middleware/version_negotiation.py:69}}
Jun 27 18:08:30.113640 np0000003845 devstack@g-api.service[99489]: DEBUG glance.api.middleware.version_negotiation [None req-a5f7a386-7b78-419b-b215-a35fd3ec26ac tempest-VolumesActionsTest-1957686667 tempest-VolumesActionsTest-1957686667-project-member] new path /v2/schemas/image {{(pid=99489) process_request /opt/stack/glance/glance/api/middleware/version_negotiation.py:70}}
Jun 27 18:08:30.116021 np0000003845 devstack@g-api.service[99489]: [pid: 99489|app: 0|req: 108/309] 127.0.0.1 () {44 vars in 1055 bytes} [Sat Jun 27 18:08:30 2026] GET /v2/schemas/image => generated 6083 bytes in 3 msecs (HTTP/1.1 200) 4 headers in 158 bytes (1 switches on core 0)
Jun 27 18:08:30.128887 np0000003845 devstack@g-api.service[99490]: DEBUG glance.api.middleware.version_negotiation [None req-70507c8f-f5fb-48f1-88fe-a6fd2b52d9b1 tempest-VolumesActionsTest-1957686667 tempest-VolumesActionsTest-1957686667-project-member] Determining version of request: GET /v2/schemas/image Accept: */* {{(pid=99490) process_request /opt/stack/glance/glance/api/middleware/version_negotiation.py:44}}
Jun 27 18:08:30.128887 np0000003845 devstack@g-api.service[99490]: DEBUG glance.api.middleware.version_negotiation [None req-70507c8f-f5fb-48f1-88fe-a6fd2b52d9b1 tempest-VolumesActionsTest-1957686667 tempest-VolumesActionsTest-1957686667-project-member] Using url versioning {{(pid=99490) process_request /opt/stack/glance/glance/api/middleware/version_negotiation.py:57}}
Jun 27 18:08:30.128887 np0000003845 devstack@g-api.service[99490]: DEBUG glance.api.middleware.version_negotiation [None req-70507c8f-f5fb-48f1-88fe-a6fd2b52d9b1 tempest-VolumesActionsTest-1957686667 tempest-VolumesActionsTest-1957686667-project-member] Matched version: v2 {{(pid=99490) process_request /opt/stack/glance/glance/api/middleware/version_negotiation.py:69}}
Jun 27 18:08:30.128887 np0000003845 devstack@g-api.service[99490]: DEBUG glance.api.middleware.version_negotiation [None req-70507c8f-f5fb-48f1-88fe-a6fd2b52d9b1 tempest-VolumesActionsTest-1957686667 tempest-VolumesActionsTest-1957686667-project-member] new path /v2/schemas/image {{(pid=99490) process_request /opt/stack/glance/glance/api/middleware/version_negotiation.py:70}}
Jun 27 18:08:30.131057 np0000003845 devstack@g-api.service[99490]: [pid: 99490|app: 0|req: 97/310] 127.0.0.1 () {44 vars in 1055 bytes} [Sat Jun 27 18:08:30 2026] GET /v2/schemas/image => generated 6083 bytes in 4 msecs (HTTP/1.1 200) 4 headers in 158 bytes (1 switches on core 0)
Jun 27 18:08:30.327764 np0000003845 devstack@g-api.service[99491]: DEBUG glance.api.middleware.version_negotiation [None req-70507c8f-f5fb-48f1-88fe-a6fd2b52d9b1 tempest-VolumesActionsTest-1957686667 tempest-VolumesActionsTest-1957686667-project-member] Determining version of request: GET /v2/images/68ca85bc-4fb2-45e9-b86c-13813836197b Accept: application/json {{(pid=99491) process_request /opt/stack/glance/glance/api/middleware/version_negotiation.py:44}}
Jun 27 18:08:30.327764 np0000003845 devstack@g-api.service[99491]: DEBUG glance.api.middleware.version_negotiation [None req-70507c8f-f5fb-48f1-88fe-a6fd2b52d9b1 tempest-VolumesActionsTest-1957686667 tempest-VolumesActionsTest-1957686667-project-member] Using url versioning {{(pid=99491) process_request /opt/stack/glance/glance/api/middleware/version_negotiation.py:57}}
Jun 27 18:08:30.327764 np0000003845 devstack@g-api.service[99491]: DEBUG glance.api.middleware.version_negotiation [None req-70507c8f-f5fb-48f1-88fe-a6fd2b52d9b1 tempest-VolumesActionsTest-1957686667 tempest-VolumesActionsTest-1957686667-project-member] Matched version: v2 {{(pid=99491) process_request /opt/stack/glance/glance/api/middleware/version_negotiation.py:69}}
Jun 27 18:08:30.327764 np0000003845 devstack@g-api.service[99491]: DEBUG glance.api.middleware.version_negotiation [None req-70507c8f-f5fb-48f1-88fe-a6fd2b52d9b1 tempest-VolumesActionsTest-1957686667 tempest-VolumesActionsTest-1957686667-project-member] new path /v2/images/68ca85bc-4fb2-45e9-b86c-13813836197b {{(pid=99491) process_request /opt/stack/glance/glance/api/middleware/version_negotiation.py:70}}
Jun 27 18:08:30.339508 np0000003845 devstack@g-api.service[99491]: [pid: 99491|app: 0|req: 106/311] 127.0.0.1 () {40 vars in 838 bytes} [Sat Jun 27 18:08:30 2026] GET /v2/images/68ca85bc-4fb2-45e9-b86c-13813836197b => generated 821 bytes in 15 msecs (HTTP/1.1 200) 4 headers in 157 bytes (1 switches on core 0)
Jun 27 18:08:31.426264 np0000003845 devstack@g-api.service[99489]: DEBUG glance.api.middleware.version_negotiation [None req-70507c8f-f5fb-48f1-88fe-a6fd2b52d9b1 tempest-VolumesActionsTest-1957686667 tempest-VolumesActionsTest-1957686667-project-member] Determining version of request: GET /v2/images/68ca85bc-4fb2-45e9-b86c-13813836197b Accept: application/json {{(pid=99489) process_request /opt/stack/glance/glance/api/middleware/version_negotiation.py:44}}
Jun 27 18:08:31.426587 np0000003845 devstack@g-api.service[99489]: DEBUG glance.api.middleware.version_negotiation [None req-70507c8f-f5fb-48f1-88fe-a6fd2b52d9b1 tempest-VolumesActionsTest-1957686667 tempest-VolumesActionsTest-1957686667-project-member] Using url versioning {{(pid=99489) process_request /opt/stack/glance/glance/api/middleware/version_negotiation.py:57}}
Jun 27 18:08:31.426690 np0000003845 devstack@g-api.service[99489]: DEBUG glance.api.middleware.version_negotiation [None req-70507c8f-f5fb-48f1-88fe-a6fd2b52d9b1 tempest-VolumesActionsTest-1957686667 tempest-VolumesActionsTest-1957686667-project-member] Matched version: v2 {{(pid=99489) process_request /opt/stack/glance/glance/api/middleware/version_negotiation.py:69}}
Jun 27 18:08:31.426922 np0000003845 devstack@g-api.service[99489]: DEBUG glance.api.middleware.version_negotiation [None req-70507c8f-f5fb-48f1-88fe-a6fd2b52d9b1 tempest-VolumesActionsTest-1957686667 tempest-VolumesActionsTest-1957686667-project-member] new path /v2/images/68ca85bc-4fb2-45e9-b86c-13813836197b {{(pid=99489) process_request /opt/stack/glance/glance/api/middleware/version_negotiation.py:70}}
Jun 27 18:08:31.439060 np0000003845 devstack@g-api.service[99489]: [pid: 99489|app: 0|req: 109/312] 127.0.0.1 () {40 vars in 838 bytes} [Sat Jun 27 18:08:31 2026] GET /v2/images/68ca85bc-4fb2-45e9-b86c-13813836197b => generated 821 bytes in 13 msecs (HTTP/1.1 200) 4 headers in 157 bytes (1 switches on core 0)
Jun 27 18:08:31.492029 np0000003845 devstack@g-api.service[99490]: DEBUG glance.api.middleware.version_negotiation [None req-70507c8f-f5fb-48f1-88fe-a6fd2b52d9b1 tempest-VolumesActionsTest-1957686667 tempest-VolumesActionsTest-1957686667-project-member] Determining version of request: GET /v2/schemas/image Accept: */* {{(pid=99490) process_request /opt/stack/glance/glance/api/middleware/version_negotiation.py:44}}
Jun 27 18:08:31.492467 np0000003845 devstack@g-api.service[99490]: DEBUG glance.api.middleware.version_negotiation [None req-70507c8f-f5fb-48f1-88fe-a6fd2b52d9b1 tempest-VolumesActionsTest-1957686667 tempest-VolumesActionsTest-1957686667-project-member] Using url versioning {{(pid=99490) process_request /opt/stack/glance/glance/api/middleware/version_negotiation.py:57}}
Jun 27 18:08:31.492467 np0000003845 devstack@g-api.service[99490]: DEBUG glance.api.middleware.version_negotiation [None req-70507c8f-f5fb-48f1-88fe-a6fd2b52d9b1 tempest-VolumesActionsTest-1957686667 tempest-VolumesActionsTest-1957686667-project-member] Matched version: v2 {{(pid=99490) process_request /opt/stack/glance/glance/api/middleware/version_negotiation.py:69}}
Jun 27 18:08:31.492467 np0000003845 devstack@g-api.service[99490]: DEBUG glance.api.middleware.version_negotiation [None req-70507c8f-f5fb-48f1-88fe-a6fd2b52d9b1 tempest-VolumesActionsTest-1957686667 tempest-VolumesActionsTest-1957686667-project-member] new path /v2/schemas/image {{(pid=99490) process_request /opt/stack/glance/glance/api/middleware/version_negotiation.py:70}}
Jun 27 18:08:31.501030 np0000003845 devstack@g-api.service[99490]: [pid: 99490|app: 0|req: 98/313] 127.0.0.1 () {44 vars in 1055 bytes} [Sat Jun 27 18:08:31 2026] GET /v2/schemas/image => generated 6083 bytes in 9 msecs (HTTP/1.1 200) 4 headers in 158 bytes (1 switches on core 0)
Jun 27 18:08:31.511108 np0000003845 devstack@g-api.service[99491]: DEBUG glance.api.middleware.version_negotiation [None req-71cbf94e-5296-4749-b08c-387319f2f4a8 tempest-VolumesActionsTest-1957686667 tempest-VolumesActionsTest-1957686667-project-member] Determining version of request: POST /v2/images Accept: */* {{(pid=99491) process_request /opt/stack/glance/glance/api/middleware/version_negotiation.py:44}}
Jun 27 18:08:31.511482 np0000003845 devstack@g-api.service[99491]: DEBUG glance.api.middleware.version_negotiation [None req-71cbf94e-5296-4749-b08c-387319f2f4a8 tempest-VolumesActionsTest-1957686667 tempest-VolumesActionsTest-1957686667-project-member] Using url versioning {{(pid=99491) process_request /opt/stack/glance/glance/api/middleware/version_negotiation.py:57}}
Jun 27 18:08:31.511482 np0000003845 devstack@g-api.service[99491]: DEBUG glance.api.middleware.version_negotiation [None req-71cbf94e-5296-4749-b08c-387319f2f4a8 tempest-VolumesActionsTest-1957686667 tempest-VolumesActionsTest-1957686667-project-member] Matched version: v2 {{(pid=99491) process_request /opt/stack/glance/glance/api/middleware/version_negotiation.py:69}}
Jun 27 18:08:31.511482 np0000003845 devstack@g-api.service[99491]: DEBUG glance.api.middleware.version_negotiation [None req-71cbf94e-5296-4749-b08c-387319f2f4a8 tempest-VolumesActionsTest-1957686667 tempest-VolumesActionsTest-1957686667-project-member] new path /v2/images {{(pid=99491) process_request /opt/stack/glance/glance/api/middleware/version_negotiation.py:70}}
Jun 27 18:08:32.079454 np0000003845 devstack@g-api.service[99491]: [pid: 99491|app: 0|req: 107/314] 127.0.0.1 () {46 vars in 1055 bytes} [Sat Jun 27 18:08:31 2026] POST /v2/images => generated 651 bytes in 568 msecs (HTTP/1.1 201) 6 headers in 315 bytes (1 switches on core 0)
