Aug 16 23:43:08.168426 np0000007427 devstack@g-api.service[103038]: [pid: 103038|app: 0|req: 56/228] 127.0.0.1 () {42 vars in 786 bytes} [Sun Aug 16 23:43:06 2026] POST /v2/images => generated 738 bytes in 1244 msecs (HTTP/1.1 201) 6 headers in 315 bytes (1 switches on core 0)
Aug 16 23:43:08.179622 np0000007427 devstack@g-api.service[103036]: DEBUG glance.api.middleware.version_negotiation [None req-905a19dd-b3a3-4e9f-969b-91b0df29f099 tempest-VolumesExtendTest-371190199 tempest-VolumesExtendTest-371190199-project-member] Determining version of request: PUT /v2/images/b54b9ea3-e586-4b8e-8727-6f1ab9f7f7c7/file Accept: {{(pid=103036) process_request /opt/stack/glance/glance/api/middleware/version_negotiation.py:44}}
Aug 16 23:43:08.180232 np0000007427 devstack@g-api.service[103036]: DEBUG glance.api.middleware.version_negotiation [None req-905a19dd-b3a3-4e9f-969b-91b0df29f099 tempest-VolumesExtendTest-371190199 tempest-VolumesExtendTest-371190199-project-member] Using url versioning {{(pid=103036) process_request /opt/stack/glance/glance/api/middleware/version_negotiation.py:57}}
Aug 16 23:43:08.180232 np0000007427 devstack@g-api.service[103036]: DEBUG glance.api.middleware.version_negotiation [None req-905a19dd-b3a3-4e9f-969b-91b0df29f099 tempest-VolumesExtendTest-371190199 tempest-VolumesExtendTest-371190199-project-member] Matched version: v2 {{(pid=103036) process_request /opt/stack/glance/glance/api/middleware/version_negotiation.py:69}}
Aug 16 23:43:08.180232 np0000007427 devstack@g-api.service[103036]: DEBUG glance.api.middleware.version_negotiation [None req-905a19dd-b3a3-4e9f-969b-91b0df29f099 tempest-VolumesExtendTest-371190199 tempest-VolumesExtendTest-371190199-project-member] new path /v2/images/b54b9ea3-e586-4b8e-8727-6f1ab9f7f7c7/file {{(pid=103036) process_request /opt/stack/glance/glance/api/middleware/version_negotiation.py:70}}
Aug 16 23:43:08.870715 np0000007427 devstack@g-api.service[103036]: INFO glance.api.v2.image_data [None req-a4571829-a745-46cf-9910-92a909866bdb tempest-VolumeAndVolumeTypeFromImageTest-2118415299 tempest-VolumeAndVolumeTypeFromImageTest-2118415299-project-member] Unable to create trust: no such option collect_timing in group [keystone_authtoken] Use the existing user token.
Aug 16 23:43:09.274544 np0000007427 devstack@g-api.service[103037]: DEBUG glance.api.middleware.version_negotiation [None req-c03fd7fa-3d69-4dc9-8dcc-da232295dea8 tempest-ServerStableDeviceRescueTest-129468467 tempest-ServerStableDeviceRescueTest-129468467-project-member] Determining version of request: GET /v2/images/e1e54641-ff2c-4991-9463-b7a623c95b77 Accept: */* {{(pid=103037) process_request /opt/stack/glance/glance/api/middleware/version_negotiation.py:44}}
Aug 16 23:43:09.274962 np0000007427 devstack@g-api.service[103037]: DEBUG glance.api.middleware.version_negotiation [None req-c03fd7fa-3d69-4dc9-8dcc-da232295dea8 tempest-ServerStableDeviceRescueTest-129468467 tempest-ServerStableDeviceRescueTest-129468467-project-member] Using url versioning {{(pid=103037) process_request /opt/stack/glance/glance/api/middleware/version_negotiation.py:57}}
Aug 16 23:43:09.274962 np0000007427 devstack@g-api.service[103037]: DEBUG glance.api.middleware.version_negotiation [None req-c03fd7fa-3d69-4dc9-8dcc-da232295dea8 tempest-ServerStableDeviceRescueTest-129468467 tempest-ServerStableDeviceRescueTest-129468467-project-member] Matched version: v2 {{(pid=103037) process_request /opt/stack/glance/glance/api/middleware/version_negotiation.py:69}}
Aug 16 23:43:09.274962 np0000007427 devstack@g-api.service[103037]: DEBUG glance.api.middleware.version_negotiation [None req-c03fd7fa-3d69-4dc9-8dcc-da232295dea8 tempest-ServerStableDeviceRescueTest-129468467 tempest-ServerStableDeviceRescueTest-129468467-project-member] new path /v2/images/e1e54641-ff2c-4991-9463-b7a623c95b77 {{(pid=103037) process_request /opt/stack/glance/glance/api/middleware/version_negotiation.py:70}}
Aug 16 23:43:09.291138 np0000007427 devstack@g-api.service[103037]: [pid: 103037|app: 0|req: 58/229] 127.0.0.1 () {44 vars in 1115 bytes} [Sun Aug 16 23:43:09 2026] GET /v2/images/e1e54641-ff2c-4991-9463-b7a623c95b77 => generated 1044 bytes in 16 msecs (HTTP/1.1 200) 4 headers in 158 bytes (1 switches on core 0)
Aug 16 23:43:09.301991 np0000007427 devstack@g-api.service[103035]: DEBUG glance.api.middleware.version_negotiation [None req-c03fd7fa-3d69-4dc9-8dcc-da232295dea8 tempest-ServerStableDeviceRescueTest-129468467 tempest-ServerStableDeviceRescueTest-129468467-project-member] Determining version of request: GET /v2/schemas/image Accept: */* {{(pid=103035) process_request /opt/stack/glance/glance/api/middleware/version_negotiation.py:44}}
Aug 16 23:43:09.302399 np0000007427 devstack@g-api.service[103035]: DEBUG glance.api.middleware.version_negotiation [None req-c03fd7fa-3d69-4dc9-8dcc-da232295dea8 tempest-ServerStableDeviceRescueTest-129468467 tempest-ServerStableDeviceRescueTest-129468467-project-member] Using url versioning {{(pid=103035) process_request /opt/stack/glance/glance/api/middleware/version_negotiation.py:57}}
Aug 16 23:43:09.302399 np0000007427 devstack@g-api.service[103035]: DEBUG glance.api.middleware.version_negotiation [None req-c03fd7fa-3d69-4dc9-8dcc-da232295dea8 tempest-ServerStableDeviceRescueTest-129468467 tempest-ServerStableDeviceRescueTest-129468467-project-member] Matched version: v2 {{(pid=103035) process_request /opt/stack/glance/glance/api/middleware/version_negotiation.py:69}}
Aug 16 23:43:09.303393 np0000007427 devstack@g-api.service[103035]: DEBUG glance.api.middleware.version_negotiation [None req-c03fd7fa-3d69-4dc9-8dcc-da232295dea8 tempest-ServerStableDeviceRescueTest-129468467 tempest-ServerStableDeviceRescueTest-129468467-project-member] new path /v2/schemas/image {{(pid=103035) process_request /opt/stack/glance/glance/api/middleware/version_negotiation.py:70}}
Aug 16 23:43:09.306721 np0000007427 devstack@g-api.service[103035]: [pid: 103035|app: 0|req: 60/230] 127.0.0.1 () {44 vars in 1055 bytes} [Sun Aug 16 23:43:09 2026] GET /v2/schemas/image => generated 6083 bytes in 5 msecs (HTTP/1.1 200) 4 headers in 158 bytes (1 switches on core 0)
Aug 16 23:43:09.322390 np0000007427 devstack@g-api.service[103038]: DEBUG glance.api.middleware.version_negotiation [None req-e73884bd-38ea-4c7a-bec4-338b539bacb0 tempest-VolumeAndVolumeTypeFromImageTest-2118415299 tempest-VolumeAndVolumeTypeFromImageTest-2118415299-project-member] Determining version of request: GET /v2/schemas/image Accept: */* {{(pid=103038) process_request /opt/stack/glance/glance/api/middleware/version_negotiation.py:44}}
Aug 16 23:43:09.322753 np0000007427 devstack@g-api.service[103038]: DEBUG glance.api.middleware.version_negotiation [None req-e73884bd-38ea-4c7a-bec4-338b539bacb0 tempest-VolumeAndVolumeTypeFromImageTest-2118415299 tempest-VolumeAndVolumeTypeFromImageTest-2118415299-project-member] Using url versioning {{(pid=103038) process_request /opt/stack/glance/glance/api/middleware/version_negotiation.py:57}}
Aug 16 23:43:09.323287 np0000007427 devstack@g-api.service[103038]: DEBUG glance.api.middleware.version_negotiation [None req-e73884bd-38ea-4c7a-bec4-338b539bacb0 tempest-VolumeAndVolumeTypeFromImageTest-2118415299 tempest-VolumeAndVolumeTypeFromImageTest-2118415299-project-member] Matched version: v2 {{(pid=103038) process_request /opt/stack/glance/glance/api/middleware/version_negotiation.py:69}}
Aug 16 23:43:09.323287 np0000007427 devstack@g-api.service[103038]: DEBUG glance.api.middleware.version_negotiation [None req-e73884bd-38ea-4c7a-bec4-338b539bacb0 tempest-VolumeAndVolumeTypeFromImageTest-2118415299 tempest-VolumeAndVolumeTypeFromImageTest-2118415299-project-member] new path /v2/schemas/image {{(pid=103038) process_request /opt/stack/glance/glance/api/middleware/version_negotiation.py:70}}
Aug 16 23:43:09.326327 np0000007427 devstack@g-api.service[103038]: [pid: 103038|app: 0|req: 57/231] 127.0.0.1 () {44 vars in 1055 bytes} [Sun Aug 16 23:43:09 2026] GET /v2/schemas/image => generated 6083 bytes in 4 msecs (HTTP/1.1 200) 4 headers in 158 bytes (1 switches on core 0)
Aug 16 23:43:09.338357 np0000007427 devstack@g-api.service[103037]: DEBUG glance.api.middleware.version_negotiation [None req-e0fe2a9a-03ca-43ba-ab50-df4569c5bf2b tempest-AttachVolumeMultiAttachTest-1844019632 tempest-AttachVolumeMultiAttachTest-1844019632-project-member] Determining version of request: GET /v2/images/e1e54641-ff2c-4991-9463-b7a623c95b77 Accept: */* {{(pid=103037) process_request /opt/stack/glance/glance/api/middleware/version_negotiation.py:44}}
Aug 16 23:43:09.338507 np0000007427 devstack@g-api.service[103037]: DEBUG glance.api.middleware.version_negotiation [None req-e0fe2a9a-03ca-43ba-ab50-df4569c5bf2b tempest-AttachVolumeMultiAttachTest-1844019632 tempest-AttachVolumeMultiAttachTest-1844019632-project-member] Using url versioning {{(pid=103037) process_request /opt/stack/glance/glance/api/middleware/version_negotiation.py:57}}
Aug 16 23:43:09.338659 np0000007427 devstack@g-api.service[103037]: DEBUG glance.api.middleware.version_negotiation [None req-e0fe2a9a-03ca-43ba-ab50-df4569c5bf2b tempest-AttachVolumeMultiAttachTest-1844019632 tempest-AttachVolumeMultiAttachTest-1844019632-project-member] Matched version: v2 {{(pid=103037) process_request /opt/stack/glance/glance/api/middleware/version_negotiation.py:69}}
Aug 16 23:43:09.338800 np0000007427 devstack@g-api.service[103037]: DEBUG glance.api.middleware.version_negotiation [None req-e0fe2a9a-03ca-43ba-ab50-df4569c5bf2b tempest-AttachVolumeMultiAttachTest-1844019632 tempest-AttachVolumeMultiAttachTest-1844019632-project-member] new path /v2/images/e1e54641-ff2c-4991-9463-b7a623c95b77 {{(pid=103037) process_request /opt/stack/glance/glance/api/middleware/version_negotiation.py:70}}
Aug 16 23:43:09.360887 np0000007427 devstack@g-api.service[103037]: [pid: 103037|app: 0|req: 59/232] 127.0.0.1 () {44 vars in 1115 bytes} [Sun Aug 16 23:43:09 2026] GET /v2/images/e1e54641-ff2c-4991-9463-b7a623c95b77 => generated 1044 bytes in 22 msecs (HTTP/1.1 200) 4 headers in 158 bytes (1 switches on core 0)
Aug 16 23:43:09.372910 np0000007427 devstack@g-api.service[103035]: DEBUG glance.api.middleware.version_negotiation [None req-e0fe2a9a-03ca-43ba-ab50-df4569c5bf2b tempest-AttachVolumeMultiAttachTest-1844019632 tempest-AttachVolumeMultiAttachTest-1844019632-project-member] Determining version of request: GET /v2/schemas/image Accept: */* {{(pid=103035) process_request /opt/stack/glance/glance/api/middleware/version_negotiation.py:44}}
Aug 16 23:43:09.372910 np0000007427 devstack@g-api.service[103035]: DEBUG glance.api.middleware.version_negotiation [None req-e0fe2a9a-03ca-43ba-ab50-df4569c5bf2b tempest-AttachVolumeMultiAttachTest-1844019632 tempest-AttachVolumeMultiAttachTest-1844019632-project-member] Using url versioning {{(pid=103035) process_request /opt/stack/glance/glance/api/middleware/version_negotiation.py:57}}
Aug 16 23:43:09.372910 np0000007427 devstack@g-api.service[103035]: DEBUG glance.api.middleware.version_negotiation [None req-e0fe2a9a-03ca-43ba-ab50-df4569c5bf2b tempest-AttachVolumeMultiAttachTest-1844019632 tempest-AttachVolumeMultiAttachTest-1844019632-project-member] Matched version: v2 {{(pid=103035) process_request /opt/stack/glance/glance/api/middleware/version_negotiation.py:69}}
Aug 16 23:43:09.372910 np0000007427 devstack@g-api.service[103035]: DEBUG glance.api.middleware.version_negotiation [None req-e0fe2a9a-03ca-43ba-ab50-df4569c5bf2b tempest-AttachVolumeMultiAttachTest-1844019632 tempest-AttachVolumeMultiAttachTest-1844019632-project-member] new path /v2/schemas/image {{(pid=103035) process_request /opt/stack/glance/glance/api/middleware/version_negotiation.py:70}}
Aug 16 23:43:09.376822 np0000007427 devstack@g-api.service[103035]: [pid: 103035|app: 0|req: 61/233] 127.0.0.1 () {44 vars in 1055 bytes} [Sun Aug 16 23:43:09 2026] GET /v2/schemas/image => generated 6083 bytes in 6 msecs (HTTP/1.1 200) 4 headers in 158 bytes (1 switches on core 0)
Aug 16 23:43:09.397607 np0000007427 devstack@g-api.service[103038]: DEBUG glance.api.middleware.version_negotiation [None req-e0fe2a9a-03ca-43ba-ab50-df4569c5bf2b tempest-AttachVolumeMultiAttachTest-1844019632 tempest-AttachVolumeMultiAttachTest-1844019632-project-member] Determining version of request: GET /v2/schemas/image Accept: */* {{(pid=103038) process_request /opt/stack/glance/glance/api/middleware/version_negotiation.py:44}}
Aug 16 23:43:09.397607 np0000007427 devstack@g-api.service[103038]: DEBUG glance.api.middleware.version_negotiation [None req-e0fe2a9a-03ca-43ba-ab50-df4569c5bf2b tempest-AttachVolumeMultiAttachTest-1844019632 tempest-AttachVolumeMultiAttachTest-1844019632-project-member] Using url versioning {{(pid=103038) process_request /opt/stack/glance/glance/api/middleware/version_negotiation.py:57}}
Aug 16 23:43:09.397607 np0000007427 devstack@g-api.service[103038]: DEBUG glance.api.middleware.version_negotiation [None req-e0fe2a9a-03ca-43ba-ab50-df4569c5bf2b tempest-AttachVolumeMultiAttachTest-1844019632 tempest-AttachVolumeMultiAttachTest-1844019632-project-member] Matched version: v2 {{(pid=103038) process_request /opt/stack/glance/glance/api/middleware/version_negotiation.py:69}}
Aug 16 23:43:09.397607 np0000007427 devstack@g-api.service[103038]: DEBUG glance.api.middleware.version_negotiation [None req-e0fe2a9a-03ca-43ba-ab50-df4569c5bf2b tempest-AttachVolumeMultiAttachTest-1844019632 tempest-AttachVolumeMultiAttachTest-1844019632-project-member] new path /v2/schemas/image {{(pid=103038) process_request /opt/stack/glance/glance/api/middleware/version_negotiation.py:70}}
Aug 16 23:43:09.398124 np0000007427 devstack@g-api.service[103038]: [pid: 103038|app: 0|req: 58/234] 127.0.0.1 () {44 vars in 1055 bytes} [Sun Aug 16 23:43:09 2026] GET /v2/schemas/image => generated 6083 bytes in 4 msecs (HTTP/1.1 200) 4 headers in 158 bytes (1 switches on core 0)
Aug 16 23:43:09.431111 np0000007427 devstack@g-api.service[103037]: DEBUG glance.api.middleware.version_negotiation [None req-e0fe2a9a-03ca-43ba-ab50-df4569c5bf2b tempest-AttachVolumeMultiAttachTest-1844019632 tempest-AttachVolumeMultiAttachTest-1844019632-project-member] Determining version of request: GET /v2/images/e1e54641-ff2c-4991-9463-b7a623c95b77 Accept: */* {{(pid=103037) process_request /opt/stack/glance/glance/api/middleware/version_negotiation.py:44}}
Aug 16 23:43:09.431442 np0000007427 devstack@g-api.service[103037]: DEBUG glance.api.middleware.version_negotiation [None req-e0fe2a9a-03ca-43ba-ab50-df4569c5bf2b tempest-AttachVolumeMultiAttachTest-1844019632 tempest-AttachVolumeMultiAttachTest-1844019632-project-member] Using url versioning {{(pid=103037) process_request /opt/stack/glance/glance/api/middleware/version_negotiation.py:57}}
Aug 16 23:43:09.434418 np0000007427 devstack@g-api.service[103037]: DEBUG glance.api.middleware.version_negotiation [None req-e0fe2a9a-03ca-43ba-ab50-df4569c5bf2b tempest-AttachVolumeMultiAttachTest-1844019632 tempest-AttachVolumeMultiAttachTest-1844019632-project-member] Matched version: v2 {{(pid=103037) process_request /opt/stack/glance/glance/api/middleware/version_negotiation.py:69}}
Aug 16 23:43:09.434598 np0000007427 devstack@g-api.service[103037]: DEBUG glance.api.middleware.version_negotiation [None req-e0fe2a9a-03ca-43ba-ab50-df4569c5bf2b tempest-AttachVolumeMultiAttachTest-1844019632 tempest-AttachVolumeMultiAttachTest-1844019632-project-member] new path /v2/images/e1e54641-ff2c-4991-9463-b7a623c95b77 {{(pid=103037) process_request /opt/stack/glance/glance/api/middleware/version_negotiation.py:70}}
Aug 16 23:43:09.456846 np0000007427 devstack@g-api.service[103037]: [pid: 103037|app: 0|req: 60/235] 127.0.0.1 () {44 vars in 1115 bytes} [Sun Aug 16 23:43:09 2026] GET /v2/images/e1e54641-ff2c-4991-9463-b7a623c95b77 => generated 1044 bytes in 26 msecs (HTTP/1.1 200) 4 headers in 158 bytes (1 switches on core 0)
Aug 16 23:43:09.471144 np0000007427 devstack@g-api.service[103035]: DEBUG glance.api.middleware.version_negotiation [None req-e0fe2a9a-03ca-43ba-ab50-df4569c5bf2b tempest-AttachVolumeMultiAttachTest-1844019632 tempest-AttachVolumeMultiAttachTest-1844019632-project-member] Determining version of request: GET /v2/schemas/image Accept: */* {{(pid=103035) process_request /opt/stack/glance/glance/api/middleware/version_negotiation.py:44}}
Aug 16 23:43:09.471144 np0000007427 devstack@g-api.service[103035]: DEBUG glance.api.middleware.version_negotiation [None req-e0fe2a9a-03ca-43ba-ab50-df4569c5bf2b tempest-AttachVolumeMultiAttachTest-1844019632 tempest-AttachVolumeMultiAttachTest-1844019632-project-member] Using url versioning {{(pid=103035) process_request /opt/stack/glance/glance/api/middleware/version_negotiation.py:57}}
Aug 16 23:43:09.471426 np0000007427 devstack@g-api.service[103035]: DEBUG glance.api.middleware.version_negotiation [None req-e0fe2a9a-03ca-43ba-ab50-df4569c5bf2b tempest-AttachVolumeMultiAttachTest-1844019632 tempest-AttachVolumeMultiAttachTest-1844019632-project-member] Matched version: v2 {{(pid=103035) process_request /opt/stack/glance/glance/api/middleware/version_negotiation.py:69}}
Aug 16 23:43:09.471590 np0000007427 devstack@g-api.service[103035]: DEBUG glance.api.middleware.version_negotiation [None req-e0fe2a9a-03ca-43ba-ab50-df4569c5bf2b tempest-AttachVolumeMultiAttachTest-1844019632 tempest-AttachVolumeMultiAttachTest-1844019632-project-member] new path /v2/schemas/image {{(pid=103035) process_request /opt/stack/glance/glance/api/middleware/version_negotiation.py:70}}
Aug 16 23:43:09.480985 np0000007427 devstack@g-api.service[103035]: [pid: 103035|app: 0|req: 62/236] 127.0.0.1 () {44 vars in 1055 bytes} [Sun Aug 16 23:43:09 2026] GET /v2/schemas/image => generated 6083 bytes in 10 msecs (HTTP/1.1 200) 4 headers in 158 bytes (1 switches on core 0)
Aug 16 23:43:09.627632 np0000007427 devstack@g-api.service[103036]: DEBUG glance.location [None req-a4571829-a745-46cf-9910-92a909866bdb tempest-VolumeAndVolumeTypeFromImageTest-2118415299 tempest-VolumeAndVolumeTypeFromImageTest-2118415299-project-member] Enabling in-flight format inspection for raw {{(pid=103036) set_data /opt/stack/glance/glance/location.py:596}}
Aug 16 23:43:09.628184 np0000007427 devstack@g-api.service[103036]: DEBUG glance_store.backend [None req-a4571829-a745-46cf-9910-92a909866bdb tempest-VolumeAndVolumeTypeFromImageTest-2118415299 tempest-VolumeAndVolumeTypeFromImageTest-2118415299-project-member] Attempting to import store swift {{(pid=103036) _load_store /opt/stack/data/venv/lib/python3.12/site-packages/glance_store/backend.py:215}}
Aug 16 23:43:09.629911 np0000007427 devstack@g-api.service[103036]: DEBUG glance_store.capabilities [None req-a4571829-a745-46cf-9910-92a909866bdb tempest-VolumeAndVolumeTypeFromImageTest-2118415299 tempest-VolumeAndVolumeTypeFromImageTest-2118415299-project-member] Store glance_store._drivers.swift.store.SingleTenantStore doesn't support updating dynamic storage capabilities. Please overwrite 'update_capabilities' method of the store to implement updating logics if needed. {{(pid=103036) update_capabilities /opt/stack/data/venv/lib/python3.12/site-packages/glance_store/capabilities.py:91}}
Aug 16 23:43:09.630049 np0000007427 devstack@g-api.service[103036]: DEBUG glance_store.driver [None req-a4571829-a745-46cf-9910-92a909866bdb tempest-VolumeAndVolumeTypeFromImageTest-2118415299 tempest-VolumeAndVolumeTypeFromImageTest-2118415299-project-member] Late loading location class glance_store._drivers.swift.store.StoreLocation {{(pid=103036) get_store_location_class /opt/stack/data/venv/lib/python3.12/site-packages/glance_store/driver.py:134}}
Aug 16 23:43:09.630111 np0000007427 devstack@g-api.service[103036]: DEBUG glance_store.location [None req-a4571829-a745-46cf-9910-92a909866bdb tempest-VolumeAndVolumeTypeFromImageTest-2118415299 tempest-VolumeAndVolumeTypeFromImageTest-2118415299-project-member] Registering scheme swift+https with {'store': , 'location_class': , 'store_entry': 'swift'} {{(pid=103036) register_scheme_map /opt/stack/data/venv/lib/python3.12/site-packages/glance_store/location.py:146}}
Aug 16 23:43:09.630233 np0000007427 devstack@g-api.service[103036]: DEBUG glance_store.location [None req-a4571829-a745-46cf-9910-92a909866bdb tempest-VolumeAndVolumeTypeFromImageTest-2118415299 tempest-VolumeAndVolumeTypeFromImageTest-2118415299-project-member] Registering scheme swift+https with {'store': , 'location_class': , 'store_entry': 'swift'} {{(pid=103036) register_scheme_map /opt/stack/data/venv/lib/python3.12/site-packages/glance_store/location.py:146}}
Aug 16 23:43:09.630990 np0000007427 devstack@g-api.service[103036]: DEBUG glance_store.location [None req-a4571829-a745-46cf-9910-92a909866bdb tempest-VolumeAndVolumeTypeFromImageTest-2118415299 tempest-VolumeAndVolumeTypeFromImageTest-2118415299-project-member] Registering scheme swift with {'store': , 'location_class': , 'store_entry': 'swift'} {{(pid=103036) register_scheme_map /opt/stack/data/venv/lib/python3.12/site-packages/glance_store/location.py:146}}
Aug 16 23:43:09.630990 np0000007427 devstack@g-api.service[103036]: DEBUG glance_store.location [None req-a4571829-a745-46cf-9910-92a909866bdb tempest-VolumeAndVolumeTypeFromImageTest-2118415299 tempest-VolumeAndVolumeTypeFromImageTest-2118415299-project-member] Registering scheme swift+https with {'store': , 'location_class': , 'store_entry': 'swift'} {{(pid=103036) register_scheme_map /opt/stack/data/venv/lib/python3.12/site-packages/glance_store/location.py:146}}
Aug 16 23:43:09.630990 np0000007427 devstack@g-api.service[103036]: DEBUG glance_store.location [None req-a4571829-a745-46cf-9910-92a909866bdb tempest-VolumeAndVolumeTypeFromImageTest-2118415299 tempest-VolumeAndVolumeTypeFromImageTest-2118415299-project-member] Registering scheme swift with {'store': , 'location_class': , 'store_entry': 'swift'} {{(pid=103036) register_scheme_map /opt/stack/data/venv/lib/python3.12/site-packages/glance_store/location.py:146}}
Aug 16 23:43:09.630990 np0000007427 devstack@g-api.service[103036]: DEBUG glance_store.location [None req-a4571829-a745-46cf-9910-92a909866bdb tempest-VolumeAndVolumeTypeFromImageTest-2118415299 tempest-VolumeAndVolumeTypeFromImageTest-2118415299-project-member] Registering scheme swift+http with {'store': , 'location_class': , 'store_entry': 'swift'} {{(pid=103036) register_scheme_map /opt/stack/data/venv/lib/python3.12/site-packages/glance_store/location.py:146}}
Aug 16 23:43:09.630990 np0000007427 devstack@g-api.service[103036]: DEBUG glance_store.location [None req-a4571829-a745-46cf-9910-92a909866bdb tempest-VolumeAndVolumeTypeFromImageTest-2118415299 tempest-VolumeAndVolumeTypeFromImageTest-2118415299-project-member] Registering scheme swift+https with {'store': , 'location_class': , 'store_entry': 'swift'} {{(pid=103036) register_scheme_map /opt/stack/data/venv/lib/python3.12/site-packages/glance_store/location.py:146}}
Aug 16 23:43:09.630990 np0000007427 devstack@g-api.service[103036]: DEBUG glance_store.location [None req-a4571829-a745-46cf-9910-92a909866bdb tempest-VolumeAndVolumeTypeFromImageTest-2118415299 tempest-VolumeAndVolumeTypeFromImageTest-2118415299-project-member] Registering scheme swift with {'store': , 'location_class': , 'store_entry': 'swift'} {{(pid=103036) register_scheme_map /opt/stack/data/venv/lib/python3.12/site-packages/glance_store/location.py:146}}
Aug 16 23:43:09.630990 np0000007427 devstack@g-api.service[103036]: DEBUG glance_store.location [None req-a4571829-a745-46cf-9910-92a909866bdb tempest-VolumeAndVolumeTypeFromImageTest-2118415299 tempest-VolumeAndVolumeTypeFromImageTest-2118415299-project-member] Registering scheme swift+http with {'store': , 'location_class': , 'store_entry': 'swift'} {{(pid=103036) register_scheme_map /opt/stack/data/venv/lib/python3.12/site-packages/glance_store/location.py:146}}
Aug 16 23:43:09.631522 np0000007427 devstack@g-api.service[103036]: DEBUG glance_store.location [None req-a4571829-a745-46cf-9910-92a909866bdb tempest-VolumeAndVolumeTypeFromImageTest-2118415299 tempest-VolumeAndVolumeTypeFromImageTest-2118415299-project-member] Registering scheme swift+config with {'store': , 'location_class': , 'store_entry': 'swift'} {{(pid=103036) register_scheme_map /opt/stack/data/venv/lib/python3.12/site-packages/glance_store/location.py:146}}
Aug 16 23:43:09.978206 np0000007427 devstack@g-api.service[103036]: DEBUG swiftclient [None req-a4571829-a745-46cf-9910-92a909866bdb tempest-VolumeAndVolumeTypeFromImageTest-2118415299 tempest-VolumeAndVolumeTypeFromImageTest-2118415299-project-member] REQ: curl -i https://10.4.3.111:8080/v1/AUTH_7a1e08a72081410ea0445bafcfe75fc8/glance -I -H "X-Auth-Token: gAAAAABqgksNKWKK..." {{(pid=103036) http_log /opt/stack/data/venv/lib/python3.12/site-packages/swiftclient/client.py:160}}
Aug 16 23:43:09.978408 np0000007427 devstack@g-api.service[103036]: DEBUG swiftclient [None req-a4571829-a745-46cf-9910-92a909866bdb tempest-VolumeAndVolumeTypeFromImageTest-2118415299 tempest-VolumeAndVolumeTypeFromImageTest-2118415299-project-member] RESP STATUS: 204 No Content {{(pid=103036) http_log /opt/stack/data/venv/lib/python3.12/site-packages/swiftclient/client.py:161}}
Aug 16 23:43:09.978830 np0000007427 devstack@g-api.service[103036]: DEBUG swiftclient [None req-a4571829-a745-46cf-9910-92a909866bdb tempest-VolumeAndVolumeTypeFromImageTest-2118415299 tempest-VolumeAndVolumeTypeFromImageTest-2118415299-project-member] RESP HEADERS: {'Date': 'Sun, 16 Aug 2026 23:43:09 GMT', 'Server': 'Apache/2.4.58 (Ubuntu)', 'Content-Type': 'text/plain; charset=utf-8', 'X-Container-Object-Count': '3', 'X-Container-Bytes-Used': '64356352', 'X-Timestamp': '1786923414.50886', 'Last-Modified': 'Sun, 16 Aug 2026 23:36:55 GMT', 'Accept-Ranges': 'bytes', 'X-Storage-Policy': 'Policy-0', 'X-Container-Sharding': 'False', 'Vary': 'Accept', 'X-Trans-Id': 'tx07506228adfe4453864c7-006a824b0d', 'X-Openstack-Request-Id': 'tx07506228adfe4453864c7-006a824b0d', 'Connection': 'close'} {{(pid=103036) http_log /opt/stack/data/venv/lib/python3.12/site-packages/swiftclient/client.py:162}}
Aug 16 23:43:09.979554 np0000007427 devstack@g-api.service[103036]: DEBUG glance_store._drivers.swift.store [None req-a4571829-a745-46cf-9910-92a909866bdb tempest-VolumeAndVolumeTypeFromImageTest-2118415299 tempest-VolumeAndVolumeTypeFromImageTest-2118415299-project-member] Adding image object 'b54b9ea3-e586-4b8e-8727-6f1ab9f7f7c7' to Swift {{(pid=103036) add /opt/stack/data/venv/lib/python3.12/site-packages/glance_store/_drivers/swift/store.py:970}}
Aug 16 23:43:09.989099 np0000007427 devstack@g-api.service[103036]: DEBUG oslo_utils.imageutils.format_inspector [None req-a4571829-a745-46cf-9910-92a909866bdb tempest-VolumeAndVolumeTypeFromImageTest-2118415299 tempest-VolumeAndVolumeTypeFromImageTest-2118415299-project-member] Format inspector for vmdk does not match, excluding from consideration (Signature KDMV not found: b'd(~\x0b') {{(pid=103036) _process_chunk /opt/stack/data/venv/lib/python3.12/site-packages/oslo_utils/imageutils/format_inspector.py:1758}}
Aug 16 23:43:10.016186 np0000007427 devstack@g-api.service[103036]: DEBUG swiftclient [None req-a4571829-a745-46cf-9910-92a909866bdb tempest-VolumeAndVolumeTypeFromImageTest-2118415299 tempest-VolumeAndVolumeTypeFromImageTest-2118415299-project-member] REQ: curl -i https://10.4.3.111:8080/v1/AUTH_7a1e08a72081410ea0445bafcfe75fc8/glance/b54b9ea3-e586-4b8e-8727-6f1ab9f7f7c7 -X PUT -H "X-Auth-Token: gAAAAABqgksNKWKK..." -H "Content-Length: 1024" {{(pid=103036) http_log /opt/stack/data/venv/lib/python3.12/site-packages/swiftclient/client.py:160}}
Aug 16 23:43:10.016383 np0000007427 devstack@g-api.service[103036]: DEBUG swiftclient [None req-a4571829-a745-46cf-9910-92a909866bdb tempest-VolumeAndVolumeTypeFromImageTest-2118415299 tempest-VolumeAndVolumeTypeFromImageTest-2118415299-project-member] RESP STATUS: 201 Created {{(pid=103036) http_log /opt/stack/data/venv/lib/python3.12/site-packages/swiftclient/client.py:161}}
Aug 16 23:43:10.016556 np0000007427 devstack@g-api.service[103036]: DEBUG swiftclient [None req-a4571829-a745-46cf-9910-92a909866bdb tempest-VolumeAndVolumeTypeFromImageTest-2118415299 tempest-VolumeAndVolumeTypeFromImageTest-2118415299-project-member] RESP HEADERS: {'Date': 'Sun, 16 Aug 2026 23:43:10 GMT', 'Server': 'Apache/2.4.58 (Ubuntu)', 'Content-Type': 'text/html; charset=UTF-8', 'Content-Length': '0', 'Etag': '9142015e1aa5e6ea943aee4a2470a19d', 'Last-Modified': 'Sun, 16 Aug 2026 23:43:10 GMT', 'X-Trans-Id': 'tx66712ecb51b043cea4ca1-006a824b0d', 'X-Openstack-Request-Id': 'tx66712ecb51b043cea4ca1-006a824b0d', 'Connection': 'close'} {{(pid=103036) http_log /opt/stack/data/venv/lib/python3.12/site-packages/swiftclient/client.py:162}}
Aug 16 23:43:10.019773 np0000007427 devstack@g-api.service[103036]: INFO glance.location [None req-a4571829-a745-46cf-9910-92a909866bdb tempest-VolumeAndVolumeTypeFromImageTest-2118415299 tempest-VolumeAndVolumeTypeFromImageTest-2118415299-project-member] Image format matched and virtual size computed: 1024
Aug 16 23:43:10.059074 np0000007427 devstack@g-api.service[103038]: DEBUG glance.api.middleware.version_negotiation [None req-e0fe2a9a-03ca-43ba-ab50-df4569c5bf2b tempest-AttachVolumeMultiAttachTest-1844019632 tempest-AttachVolumeMultiAttachTest-1844019632-project-member] Determining version of request: GET /versions Accept: */* {{(pid=103038) process_request /opt/stack/glance/glance/api/middleware/version_negotiation.py:44}}
Aug 16 23:43:10.059989 np0000007427 devstack@g-api.service[103038]: [pid: 103038|app: 0|req: 59/237] 127.0.0.1 () {44 vars in 1039 bytes} [Sun Aug 16 23:43:10 2026] GET /versions => generated 1515 bytes in 1 msecs (HTTP/1.1 200) 3 headers in 92 bytes (1 switches on core 0)
Aug 16 23:43:10.061940 np0000007427 devstack@g-api.service[103036]: DEBUG glance_store.backend [None req-a4571829-a745-46cf-9910-92a909866bdb tempest-VolumeAndVolumeTypeFromImageTest-2118415299 tempest-VolumeAndVolumeTypeFromImageTest-2118415299-project-member] Attempting to import store swift {{(pid=103036) _load_store /opt/stack/data/venv/lib/python3.12/site-packages/glance_store/backend.py:215}}
Aug 16 23:43:10.063408 np0000007427 devstack@g-api.service[103036]: DEBUG glance_store.capabilities [None req-a4571829-a745-46cf-9910-92a909866bdb tempest-VolumeAndVolumeTypeFromImageTest-2118415299 tempest-VolumeAndVolumeTypeFromImageTest-2118415299-project-member] Store glance_store._drivers.swift.store.SingleTenantStore doesn't support updating dynamic storage capabilities. Please overwrite 'update_capabilities' method of the store to implement updating logics if needed. {{(pid=103036) update_capabilities /opt/stack/data/venv/lib/python3.12/site-packages/glance_store/capabilities.py:91}}
Aug 16 23:43:10.064027 np0000007427 devstack@g-api.service[103036]: DEBUG glance_store.driver [None req-a4571829-a745-46cf-9910-92a909866bdb tempest-VolumeAndVolumeTypeFromImageTest-2118415299 tempest-VolumeAndVolumeTypeFromImageTest-2118415299-project-member] Late loading location class glance_store._drivers.swift.store.StoreLocation {{(pid=103036) get_store_location_class /opt/stack/data/venv/lib/python3.12/site-packages/glance_store/driver.py:134}}
Aug 16 23:43:10.064027 np0000007427 devstack@g-api.service[103036]: DEBUG glance_store.location [None req-a4571829-a745-46cf-9910-92a909866bdb tempest-VolumeAndVolumeTypeFromImageTest-2118415299 tempest-VolumeAndVolumeTypeFromImageTest-2118415299-project-member] Registering scheme swift+https with {'store': , 'location_class': , 'store_entry': 'swift'} {{(pid=103036) register_scheme_map /opt/stack/data/venv/lib/python3.12/site-packages/glance_store/location.py:146}}
Aug 16 23:43:10.064027 np0000007427 devstack@g-api.service[103036]: DEBUG glance_store.location [None req-a4571829-a745-46cf-9910-92a909866bdb tempest-VolumeAndVolumeTypeFromImageTest-2118415299 tempest-VolumeAndVolumeTypeFromImageTest-2118415299-project-member] Registering scheme swift+https with {'store': , 'location_class': , 'store_entry': 'swift'} {{(pid=103036) register_scheme_map /opt/stack/data/venv/lib/python3.12/site-packages/glance_store/location.py:146}}
Aug 16 23:43:10.064027 np0000007427 devstack@g-api.service[103036]: DEBUG glance_store.location [None req-a4571829-a745-46cf-9910-92a909866bdb tempest-VolumeAndVolumeTypeFromImageTest-2118415299 tempest-VolumeAndVolumeTypeFromImageTest-2118415299-project-member] Registering scheme swift with {'store': , 'location_class': , 'store_entry': 'swift'} {{(pid=103036) register_scheme_map /opt/stack/data/venv/lib/python3.12/site-packages/glance_store/location.py:146}}
Aug 16 23:43:10.064027 np0000007427 devstack@g-api.service[103036]: DEBUG glance_store.location [None req-a4571829-a745-46cf-9910-92a909866bdb tempest-VolumeAndVolumeTypeFromImageTest-2118415299 tempest-VolumeAndVolumeTypeFromImageTest-2118415299-project-member] Registering scheme swift+https with {'store': , 'location_class': , 'store_entry': 'swift'} {{(pid=103036) register_scheme_map /opt/stack/data/venv/lib/python3.12/site-packages/glance_store/location.py:146}}
Aug 16 23:43:10.064027 np0000007427 devstack@g-api.service[103036]: DEBUG glance_store.location [None req-a4571829-a745-46cf-9910-92a909866bdb tempest-VolumeAndVolumeTypeFromImageTest-2118415299 tempest-VolumeAndVolumeTypeFromImageTest-2118415299-project-member] Registering scheme swift with {'store': , 'location_class': , 'store_entry': 'swift'} {{(pid=103036) register_scheme_map /opt/stack/data/venv/lib/python3.12/site-packages/glance_store/location.py:146}}
Aug 16 23:43:10.064027 np0000007427 devstack@g-api.service[103036]: DEBUG glance_store.location [None req-a4571829-a745-46cf-9910-92a909866bdb tempest-VolumeAndVolumeTypeFromImageTest-2118415299 tempest-VolumeAndVolumeTypeFromImageTest-2118415299-project-member] Registering scheme swift+http with {'store': , 'location_class': , 'store_entry': 'swift'} {{(pid=103036) register_scheme_map /opt/stack/data/venv/lib/python3.12/site-packages/glance_store/location.py:146}}
Aug 16 23:43:10.065868 np0000007427 devstack@g-api.service[103036]: DEBUG glance_store.location [None req-a4571829-a745-46cf-9910-92a909866bdb tempest-VolumeAndVolumeTypeFromImageTest-2118415299 tempest-VolumeAndVolumeTypeFromImageTest-2118415299-project-member] Registering scheme swift+https with {'store': , 'location_class': , 'store_entry': 'swift'} {{(pid=103036) register_scheme_map /opt/stack/data/venv/lib/python3.12/site-packages/glance_store/location.py:146}}
Aug 16 23:43:10.065868 np0000007427 devstack@g-api.service[103036]: DEBUG glance_store.location [None req-a4571829-a745-46cf-9910-92a909866bdb tempest-VolumeAndVolumeTypeFromImageTest-2118415299 tempest-VolumeAndVolumeTypeFromImageTest-2118415299-project-member] Registering scheme swift with {'store': , 'location_class': , 'store_entry': 'swift'} {{(pid=103036) register_scheme_map /opt/stack/data/venv/lib/python3.12/site-packages/glance_store/location.py:146}}
Aug 16 23:43:10.065868 np0000007427 devstack@g-api.service[103036]: DEBUG glance_store.location [None req-a4571829-a745-46cf-9910-92a909866bdb tempest-VolumeAndVolumeTypeFromImageTest-2118415299 tempest-VolumeAndVolumeTypeFromImageTest-2118415299-project-member] Registering scheme swift+http with {'store': , 'location_class': , 'store_entry': 'swift'} {{(pid=103036) register_scheme_map /opt/stack/data/venv/lib/python3.12/site-packages/glance_store/location.py:146}}
Aug 16 23:43:10.065868 np0000007427 devstack@g-api.service[103036]: DEBUG glance_store.location [None req-a4571829-a745-46cf-9910-92a909866bdb tempest-VolumeAndVolumeTypeFromImageTest-2118415299 tempest-VolumeAndVolumeTypeFromImageTest-2118415299-project-member] Registering scheme swift+config with {'store': , 'location_class': , 'store_entry': 'swift'} {{(pid=103036) register_scheme_map /opt/stack/data/venv/lib/python3.12/site-packages/glance_store/location.py:146}}
Aug 16 23:43:10.065868 np0000007427 devstack@g-api.service[103036]: DEBUG glance_store.backend [None req-a4571829-a745-46cf-9910-92a909866bdb tempest-VolumeAndVolumeTypeFromImageTest-2118415299 tempest-VolumeAndVolumeTypeFromImageTest-2118415299-project-member] Skipping store.set_acls... not implemented. {{(pid=103036) set_acls /opt/stack/data/venv/lib/python3.12/site-packages/glance_store/backend.py:507}}
Aug 16 23:43:10.066713 np0000007427 devstack@g-api.service[103036]: [pid: 103036|app: 0|req: 57/238] 127.0.0.1 () {40 vars in 847 bytes} [Sun Aug 16 23:43:08 2026] PUT /v2/images/b54b9ea3-e586-4b8e-8727-6f1ab9f7f7c7/file => generated 0 bytes in 1887 msecs (HTTP/1.1 204) 4 headers in 171 bytes (1 switches on core 0)
Aug 16 23:43:10.070361 np0000007427 devstack@g-api.service[103037]: DEBUG glance.api.middleware.version_negotiation [None req-e0fe2a9a-03ca-43ba-ab50-df4569c5bf2b tempest-AttachVolumeMultiAttachTest-1844019632 tempest-AttachVolumeMultiAttachTest-1844019632-project-member] Determining version of request: GET /v2/images/e1e54641-ff2c-4991-9463-b7a623c95b77/locations Accept: */* {{(pid=103037) process_request /opt/stack/glance/glance/api/middleware/version_negotiation.py:44}}
Aug 16 23:43:10.070361 np0000007427 devstack@g-api.service[103037]: DEBUG glance.api.middleware.version_negotiation [None req-e0fe2a9a-03ca-43ba-ab50-df4569c5bf2b tempest-AttachVolumeMultiAttachTest-1844019632 tempest-AttachVolumeMultiAttachTest-1844019632-project-member] Using url versioning {{(pid=103037) process_request /opt/stack/glance/glance/api/middleware/version_negotiation.py:57}}
Aug 16 23:43:10.070361 np0000007427 devstack@g-api.service[103037]: DEBUG glance.api.middleware.version_negotiation [None req-e0fe2a9a-03ca-43ba-ab50-df4569c5bf2b tempest-AttachVolumeMultiAttachTest-1844019632 tempest-AttachVolumeMultiAttachTest-1844019632-project-member] Matched version: v2 {{(pid=103037) process_request /opt/stack/glance/glance/api/middleware/version_negotiation.py:69}}
Aug 16 23:43:10.070361 np0000007427 devstack@g-api.service[103037]: DEBUG glance.api.middleware.version_negotiation [None req-e0fe2a9a-03ca-43ba-ab50-df4569c5bf2b tempest-AttachVolumeMultiAttachTest-1844019632 tempest-AttachVolumeMultiAttachTest-1844019632-project-member] new path /v2/images/e1e54641-ff2c-4991-9463-b7a623c95b77/locations {{(pid=103037) process_request /opt/stack/glance/glance/api/middleware/version_negotiation.py:70}}
Aug 16 23:43:10.076595 np0000007427 devstack@g-api.service[103035]: DEBUG glance.api.middleware.version_negotiation [None req-e0fe2a9a-03ca-43ba-ab50-df4569c5bf2b tempest-AttachVolumeMultiAttachTest-1844019632 tempest-AttachVolumeMultiAttachTest-1844019632-project-member] Determining version of request: GET /v2/images/b54b9ea3-e586-4b8e-8727-6f1ab9f7f7c7 Accept: application/json {{(pid=103035) process_request /opt/stack/glance/glance/api/middleware/version_negotiation.py:44}}
Aug 16 23:43:10.076786 np0000007427 devstack@g-api.service[103035]: DEBUG glance.api.middleware.version_negotiation [None req-e0fe2a9a-03ca-43ba-ab50-df4569c5bf2b tempest-AttachVolumeMultiAttachTest-1844019632 tempest-AttachVolumeMultiAttachTest-1844019632-project-member] Using url versioning {{(pid=103035) process_request /opt/stack/glance/glance/api/middleware/version_negotiation.py:57}}
Aug 16 23:43:10.077548 np0000007427 devstack@g-api.service[103035]: DEBUG glance.api.middleware.version_negotiation [None req-e0fe2a9a-03ca-43ba-ab50-df4569c5bf2b tempest-AttachVolumeMultiAttachTest-1844019632 tempest-AttachVolumeMultiAttachTest-1844019632-project-member] Matched version: v2 {{(pid=103035) process_request /opt/stack/glance/glance/api/middleware/version_negotiation.py:69}}
Aug 16 23:43:10.077548 np0000007427 devstack@g-api.service[103035]: DEBUG glance.api.middleware.version_negotiation [None req-e0fe2a9a-03ca-43ba-ab50-df4569c5bf2b tempest-AttachVolumeMultiAttachTest-1844019632 tempest-AttachVolumeMultiAttachTest-1844019632-project-member] new path /v2/images/b54b9ea3-e586-4b8e-8727-6f1ab9f7f7c7 {{(pid=103035) process_request /opt/stack/glance/glance/api/middleware/version_negotiation.py:70}}
Aug 16 23:43:10.090547 np0000007427 devstack@g-api.service[103035]: [pid: 103035|app: 0|req: 63/239] 127.0.0.1 () {40 vars in 838 bytes} [Sun Aug 16 23:43:10 2026] GET /v2/images/b54b9ea3-e586-4b8e-8727-6f1ab9f7f7c7 => generated 898 bytes in 13 msecs (HTTP/1.1 200) 4 headers in 157 bytes (1 switches on core 0)
Aug 16 23:43:10.100222 np0000007427 devstack@g-api.service[103038]: DEBUG glance.api.middleware.version_negotiation [None req-e0fe2a9a-03ca-43ba-ab50-df4569c5bf2b tempest-AttachVolumeMultiAttachTest-1844019632 tempest-AttachVolumeMultiAttachTest-1844019632-project-member] Determining version of request: GET /v2/images/b54b9ea3-e586-4b8e-8727-6f1ab9f7f7c7 Accept: application/json {{(pid=103038) process_request /opt/stack/glance/glance/api/middleware/version_negotiation.py:44}}
Aug 16 23:43:10.100489 np0000007427 devstack@g-api.service[103038]: DEBUG glance.api.middleware.version_negotiation [None req-e0fe2a9a-03ca-43ba-ab50-df4569c5bf2b tempest-AttachVolumeMultiAttachTest-1844019632 tempest-AttachVolumeMultiAttachTest-1844019632-project-member] Using url versioning {{(pid=103038) process_request /opt/stack/glance/glance/api/middleware/version_negotiation.py:57}}
Aug 16 23:43:10.100733 np0000007427 devstack@g-api.service[103038]: DEBUG glance.api.middleware.version_negotiation [None req-e0fe2a9a-03ca-43ba-ab50-df4569c5bf2b tempest-AttachVolumeMultiAttachTest-1844019632 tempest-AttachVolumeMultiAttachTest-1844019632-project-member] Matched version: v2 {{(pid=103038) process_request /opt/stack/glance/glance/api/middleware/version_negotiation.py:69}}
Aug 16 23:43:10.100882 np0000007427 devstack@g-api.service[103038]: DEBUG glance.api.middleware.version_negotiation [None req-e0fe2a9a-03ca-43ba-ab50-df4569c5bf2b tempest-AttachVolumeMultiAttachTest-1844019632 tempest-AttachVolumeMultiAttachTest-1844019632-project-member] new path /v2/images/b54b9ea3-e586-4b8e-8727-6f1ab9f7f7c7 {{(pid=103038) process_request /opt/stack/glance/glance/api/middleware/version_negotiation.py:70}}
Aug 16 23:43:10.112388 np0000007427 devstack@g-api.service[103038]: [pid: 103038|app: 0|req: 60/240] 127.0.0.1 () {40 vars in 838 bytes} [Sun Aug 16 23:43:10 2026] GET /v2/images/b54b9ea3-e586-4b8e-8727-6f1ab9f7f7c7 => generated 898 bytes in 12 msecs (HTTP/1.1 200) 4 headers in 157 bytes (1 switches on core 0)
Aug 16 23:43:10.122897 np0000007427 devstack@g-api.service[103036]: DEBUG glance.api.middleware.version_negotiation [None req-a4571829-a745-46cf-9910-92a909866bdb tempest-VolumeAndVolumeTypeFromImageTest-2118415299 tempest-VolumeAndVolumeTypeFromImageTest-2118415299-project-member] Determining version of request: GET /v2/images/b54b9ea3-e586-4b8e-8727-6f1ab9f7f7c7 Accept: application/json {{(pid=103036) process_request /opt/stack/glance/glance/api/middleware/version_negotiation.py:44}}
Aug 16 23:43:10.122897 np0000007427 devstack@g-api.service[103036]: DEBUG glance.api.middleware.version_negotiation [None req-a4571829-a745-46cf-9910-92a909866bdb tempest-VolumeAndVolumeTypeFromImageTest-2118415299 tempest-VolumeAndVolumeTypeFromImageTest-2118415299-project-member] Using url versioning {{(pid=103036) process_request /opt/stack/glance/glance/api/middleware/version_negotiation.py:57}}
Aug 16 23:43:10.122897 np0000007427 devstack@g-api.service[103036]: DEBUG glance.api.middleware.version_negotiation [None req-a4571829-a745-46cf-9910-92a909866bdb tempest-VolumeAndVolumeTypeFromImageTest-2118415299 tempest-VolumeAndVolumeTypeFromImageTest-2118415299-project-member] Matched version: v2 {{(pid=103036) process_request /opt/stack/glance/glance/api/middleware/version_negotiation.py:69}}
Aug 16 23:43:10.123259 np0000007427 devstack@g-api.service[103036]: DEBUG glance.api.middleware.version_negotiation [None req-a4571829-a745-46cf-9910-92a909866bdb tempest-VolumeAndVolumeTypeFromImageTest-2118415299 tempest-VolumeAndVolumeTypeFromImageTest-2118415299-project-member] new path /v2/images/b54b9ea3-e586-4b8e-8727-6f1ab9f7f7c7 {{(pid=103036) process_request /opt/stack/glance/glance/api/middleware/version_negotiation.py:70}}
Aug 16 23:43:10.136374 np0000007427 devstack@g-api.service[103036]: [pid: 103036|app: 0|req: 58/241] 127.0.0.1 () {40 vars in 838 bytes} [Sun Aug 16 23:43:10 2026] GET /v2/images/b54b9ea3-e586-4b8e-8727-6f1ab9f7f7c7 => generated 898 bytes in 14 msecs (HTTP/1.1 200) 4 headers in 157 bytes (1 switches on core 0)
Aug 16 23:43:10.153885 np0000007427 devstack@g-api.service[103037]: [pid: 103037|app: 0|req: 61/242] 127.0.0.1 () {44 vars in 1135 bytes} [Sun Aug 16 23:43:10 2026] GET /v2/images/e1e54641-ff2c-4991-9463-b7a623c95b77/locations => generated 92 bytes in 83 msecs (HTTP/1.1 200) 4 headers in 156 bytes (1 switches on core 0)
Aug 16 23:43:10.163861 np0000007427 devstack@g-api.service[103035]: DEBUG glance.api.middleware.version_negotiation [None req-6d616dcf-3894-465d-9217-bd12a72cf01d tempest-VolumeAndVolumeTypeFromImageTest-2118415299 tempest-VolumeAndVolumeTypeFromImageTest-2118415299-project-member] Determining version of request: GET /v2/images/b54b9ea3-e586-4b8e-8727-6f1ab9f7f7c7 Accept: */* {{(pid=103035) process_request /opt/stack/glance/glance/api/middleware/version_negotiation.py:44}}
Aug 16 23:43:10.165354 np0000007427 devstack@g-api.service[103035]: DEBUG glance.api.middleware.version_negotiation [None req-6d616dcf-3894-465d-9217-bd12a72cf01d tempest-VolumeAndVolumeTypeFromImageTest-2118415299 tempest-VolumeAndVolumeTypeFromImageTest-2118415299-project-member] Using url versioning {{(pid=103035) process_request /opt/stack/glance/glance/api/middleware/version_negotiation.py:57}}
Aug 16 23:43:10.165354 np0000007427 devstack@g-api.service[103035]: DEBUG glance.api.middleware.version_negotiation [None req-6d616dcf-3894-465d-9217-bd12a72cf01d tempest-VolumeAndVolumeTypeFromImageTest-2118415299 tempest-VolumeAndVolumeTypeFromImageTest-2118415299-project-member] Matched version: v2 {{(pid=103035) process_request /opt/stack/glance/glance/api/middleware/version_negotiation.py:69}}
Aug 16 23:43:10.165354 np0000007427 devstack@g-api.service[103035]: DEBUG glance.api.middleware.version_negotiation [None req-6d616dcf-3894-465d-9217-bd12a72cf01d tempest-VolumeAndVolumeTypeFromImageTest-2118415299 tempest-VolumeAndVolumeTypeFromImageTest-2118415299-project-member] new path /v2/images/b54b9ea3-e586-4b8e-8727-6f1ab9f7f7c7 {{(pid=103035) process_request /opt/stack/glance/glance/api/middleware/version_negotiation.py:70}}
Aug 16 23:43:10.171282 np0000007427 devstack@g-api.service[103038]: DEBUG glance.api.middleware.version_negotiation [None req-83c5c995-f8f0-46c4-9a4a-b3b1fb3b4034 tempest-VolumeAndVolumeTypeFromImageTest-2118415299 tempest-VolumeAndVolumeTypeFromImageTest-2118415299-project-member] Determining version of request: GET /v2/images/e1e54641-ff2c-4991-9463-b7a623c95b77 Accept: */* {{(pid=103038) process_request /opt/stack/glance/glance/api/middleware/version_negotiation.py:44}}
Aug 16 23:43:10.171452 np0000007427 devstack@g-api.service[103038]: DEBUG glance.api.middleware.version_negotiation [None req-83c5c995-f8f0-46c4-9a4a-b3b1fb3b4034 tempest-VolumeAndVolumeTypeFromImageTest-2118415299 tempest-VolumeAndVolumeTypeFromImageTest-2118415299-project-member] Using url versioning {{(pid=103038) process_request /opt/stack/glance/glance/api/middleware/version_negotiation.py:57}}
Aug 16 23:43:10.171531 np0000007427 devstack@g-api.service[103038]: DEBUG glance.api.middleware.version_negotiation [None req-83c5c995-f8f0-46c4-9a4a-b3b1fb3b4034 tempest-VolumeAndVolumeTypeFromImageTest-2118415299 tempest-VolumeAndVolumeTypeFromImageTest-2118415299-project-member] Matched version: v2 {{(pid=103038) process_request /opt/stack/glance/glance/api/middleware/version_negotiation.py:69}}
Aug 16 23:43:10.171972 np0000007427 devstack@g-api.service[103038]: DEBUG glance.api.middleware.version_negotiation [None req-83c5c995-f8f0-46c4-9a4a-b3b1fb3b4034 tempest-VolumeAndVolumeTypeFromImageTest-2118415299 tempest-VolumeAndVolumeTypeFromImageTest-2118415299-project-member] new path /v2/images/e1e54641-ff2c-4991-9463-b7a623c95b77 {{(pid=103038) process_request /opt/stack/glance/glance/api/middleware/version_negotiation.py:70}}
Aug 16 23:43:10.185562 np0000007427 devstack@g-api.service[103035]: [pid: 103035|app: 0|req: 64/243] 127.0.0.1 () {44 vars in 1115 bytes} [Sun Aug 16 23:43:10 2026] GET /v2/images/b54b9ea3-e586-4b8e-8727-6f1ab9f7f7c7 => generated 898 bytes in 22 msecs (HTTP/1.1 200) 4 headers in 157 bytes (1 switches on core 0)
Aug 16 23:43:10.188343 np0000007427 devstack@g-api.service[103038]: [pid: 103038|app: 0|req: 61/244] 127.0.0.1 () {44 vars in 1115 bytes} [Sun Aug 16 23:43:10 2026] GET /v2/images/e1e54641-ff2c-4991-9463-b7a623c95b77 => generated 1044 bytes in 18 msecs (HTTP/1.1 200) 4 headers in 158 bytes (1 switches on core 0)
Aug 16 23:43:10.197771 np0000007427 devstack@g-api.service[103036]: DEBUG glance.api.middleware.version_negotiation [None req-b7ca9478-5f9f-45fa-a743-f20f9917971b tempest-VolumeAndVolumeTypeFromImageTest-2118415299 tempest-VolumeAndVolumeTypeFromImageTest-2118415299-project-member] Determining version of request: GET /v2/schemas/image Accept: */* {{(pid=103036) process_request /opt/stack/glance/glance/api/middleware/version_negotiation.py:44}}
Aug 16 23:43:10.197924 np0000007427 devstack@g-api.service[103036]: DEBUG glance.api.middleware.version_negotiation [None req-b7ca9478-5f9f-45fa-a743-f20f9917971b tempest-VolumeAndVolumeTypeFromImageTest-2118415299 tempest-VolumeAndVolumeTypeFromImageTest-2118415299-project-member] Using url versioning {{(pid=103036) process_request /opt/stack/glance/glance/api/middleware/version_negotiation.py:57}}
