Aug 24 18:29:43.738575 np0000008000 devstack@g-api.service[99827]: DEBUG glance.api.middleware.version_negotiation [None req-348743c6-b433-48c0-a4e3-d0211241a920 tempest-VolumesImageMetadata-2094073806 tempest-VolumesImageMetadata-2094073806-project-member] Determining version of request: GET /v2/schemas/image Accept: */* {{(pid=99827) process_request /opt/stack/glance/glance/api/middleware/version_negotiation.py:44}}
Aug 24 18:29:43.740575 np0000008000 devstack@g-api.service[99827]: DEBUG glance.api.middleware.version_negotiation [None req-348743c6-b433-48c0-a4e3-d0211241a920 tempest-VolumesImageMetadata-2094073806 tempest-VolumesImageMetadata-2094073806-project-member] Using url versioning {{(pid=99827) process_request /opt/stack/glance/glance/api/middleware/version_negotiation.py:57}}
Aug 24 18:29:43.741259 np0000008000 devstack@g-api.service[99827]: DEBUG glance.api.middleware.version_negotiation [None req-348743c6-b433-48c0-a4e3-d0211241a920 tempest-VolumesImageMetadata-2094073806 tempest-VolumesImageMetadata-2094073806-project-member] Matched version: v2 {{(pid=99827) process_request /opt/stack/glance/glance/api/middleware/version_negotiation.py:69}}
Aug 24 18:29:43.741259 np0000008000 devstack@g-api.service[99827]: DEBUG glance.api.middleware.version_negotiation [None req-348743c6-b433-48c0-a4e3-d0211241a920 tempest-VolumesImageMetadata-2094073806 tempest-VolumesImageMetadata-2094073806-project-member] new path /v2/schemas/image {{(pid=99827) process_request /opt/stack/glance/glance/api/middleware/version_negotiation.py:70}}
Aug 24 18:29:43.748866 np0000008000 devstack@g-api.service[99827]: [pid: 99827|app: 0|req: 102/322] 127.0.0.1 () {44 vars in 1055 bytes} [Mon Aug 24 18:29:43 2026] GET /v2/schemas/image => generated 6083 bytes in 10 msecs (HTTP/1.1 200) 4 headers in 158 bytes (1 switches on core 0)
Aug 24 18:29:43.761906 np0000008000 devstack@g-api.service[99829]: DEBUG glance.api.middleware.version_negotiation [None req-3bdc5bdb-e420-4910-b9ba-a068c610a7b6 tempest-VolumesImageMetadata-2094073806 tempest-VolumesImageMetadata-2094073806-project-member] Determining version of request: GET /v2/schemas/image Accept: */* {{(pid=99829) process_request /opt/stack/glance/glance/api/middleware/version_negotiation.py:44}}
Aug 24 18:29:43.761906 np0000008000 devstack@g-api.service[99829]: DEBUG glance.api.middleware.version_negotiation [None req-3bdc5bdb-e420-4910-b9ba-a068c610a7b6 tempest-VolumesImageMetadata-2094073806 tempest-VolumesImageMetadata-2094073806-project-member] Using url versioning {{(pid=99829) process_request /opt/stack/glance/glance/api/middleware/version_negotiation.py:57}}
Aug 24 18:29:43.762833 np0000008000 devstack@g-api.service[99829]: DEBUG glance.api.middleware.version_negotiation [None req-3bdc5bdb-e420-4910-b9ba-a068c610a7b6 tempest-VolumesImageMetadata-2094073806 tempest-VolumesImageMetadata-2094073806-project-member] Matched version: v2 {{(pid=99829) process_request /opt/stack/glance/glance/api/middleware/version_negotiation.py:69}}
Aug 24 18:29:43.762914 np0000008000 devstack@g-api.service[99829]: DEBUG glance.api.middleware.version_negotiation [None req-3bdc5bdb-e420-4910-b9ba-a068c610a7b6 tempest-VolumesImageMetadata-2094073806 tempest-VolumesImageMetadata-2094073806-project-member] new path /v2/schemas/image {{(pid=99829) process_request /opt/stack/glance/glance/api/middleware/version_negotiation.py:70}}
Aug 24 18:29:43.771654 np0000008000 devstack@g-api.service[99829]: [pid: 99829|app: 0|req: 113/323] 127.0.0.1 () {44 vars in 1055 bytes} [Mon Aug 24 18:29:43 2026] GET /v2/schemas/image => generated 6083 bytes in 10 msecs (HTTP/1.1 200) 4 headers in 158 bytes (1 switches on core 0)
Aug 24 18:29:43.786705 np0000008000 devstack@g-api.service[99827]: DEBUG glance.api.middleware.version_negotiation [None req-3bdc5bdb-e420-4910-b9ba-a068c610a7b6 tempest-VolumesImageMetadata-2094073806 tempest-VolumesImageMetadata-2094073806-project-member] Determining version of request: GET /v2/images/8ea6eda7-6cca-4305-823a-514b14430d49 Accept: */* {{(pid=99827) process_request /opt/stack/glance/glance/api/middleware/version_negotiation.py:44}}
Aug 24 18:29:43.786918 np0000008000 devstack@g-api.service[99827]: DEBUG glance.api.middleware.version_negotiation [None req-3bdc5bdb-e420-4910-b9ba-a068c610a7b6 tempest-VolumesImageMetadata-2094073806 tempest-VolumesImageMetadata-2094073806-project-member] Using url versioning {{(pid=99827) process_request /opt/stack/glance/glance/api/middleware/version_negotiation.py:57}}
Aug 24 18:29:43.788148 np0000008000 devstack@g-api.service[99827]: DEBUG glance.api.middleware.version_negotiation [None req-3bdc5bdb-e420-4910-b9ba-a068c610a7b6 tempest-VolumesImageMetadata-2094073806 tempest-VolumesImageMetadata-2094073806-project-member] Matched version: v2 {{(pid=99827) process_request /opt/stack/glance/glance/api/middleware/version_negotiation.py:69}}
Aug 24 18:29:43.788659 np0000008000 devstack@g-api.service[99827]: DEBUG glance.api.middleware.version_negotiation [None req-3bdc5bdb-e420-4910-b9ba-a068c610a7b6 tempest-VolumesImageMetadata-2094073806 tempest-VolumesImageMetadata-2094073806-project-member] new path /v2/images/8ea6eda7-6cca-4305-823a-514b14430d49 {{(pid=99827) process_request /opt/stack/glance/glance/api/middleware/version_negotiation.py:70}}
Aug 24 18:29:43.810406 np0000008000 devstack@g-api.service[99827]: [pid: 99827|app: 0|req: 103/324] 127.0.0.1 () {44 vars in 1115 bytes} [Mon Aug 24 18:29:43 2026] GET /v2/images/8ea6eda7-6cca-4305-823a-514b14430d49 => generated 1044 bytes in 25 msecs (HTTP/1.1 200) 4 headers in 158 bytes (1 switches on core 0)
Aug 24 18:29:43.823940 np0000008000 devstack@g-api.service[99829]: DEBUG glance.api.middleware.version_negotiation [None req-3bdc5bdb-e420-4910-b9ba-a068c610a7b6 tempest-VolumesImageMetadata-2094073806 tempest-VolumesImageMetadata-2094073806-project-member] Determining version of request: GET /v2/schemas/image Accept: */* {{(pid=99829) process_request /opt/stack/glance/glance/api/middleware/version_negotiation.py:44}}
Aug 24 18:29:43.824226 np0000008000 devstack@g-api.service[99829]: DEBUG glance.api.middleware.version_negotiation [None req-3bdc5bdb-e420-4910-b9ba-a068c610a7b6 tempest-VolumesImageMetadata-2094073806 tempest-VolumesImageMetadata-2094073806-project-member] Using url versioning {{(pid=99829) process_request /opt/stack/glance/glance/api/middleware/version_negotiation.py:57}}
Aug 24 18:29:43.824409 np0000008000 devstack@g-api.service[99829]: DEBUG glance.api.middleware.version_negotiation [None req-3bdc5bdb-e420-4910-b9ba-a068c610a7b6 tempest-VolumesImageMetadata-2094073806 tempest-VolumesImageMetadata-2094073806-project-member] Matched version: v2 {{(pid=99829) process_request /opt/stack/glance/glance/api/middleware/version_negotiation.py:69}}
Aug 24 18:29:43.824654 np0000008000 devstack@g-api.service[99829]: DEBUG glance.api.middleware.version_negotiation [None req-3bdc5bdb-e420-4910-b9ba-a068c610a7b6 tempest-VolumesImageMetadata-2094073806 tempest-VolumesImageMetadata-2094073806-project-member] new path /v2/schemas/image {{(pid=99829) process_request /opt/stack/glance/glance/api/middleware/version_negotiation.py:70}}
Aug 24 18:29:43.828996 np0000008000 devstack@g-api.service[99829]: [pid: 99829|app: 0|req: 114/325] 127.0.0.1 () {44 vars in 1055 bytes} [Mon Aug 24 18:29:43 2026] GET /v2/schemas/image => generated 6083 bytes in 5 msecs (HTTP/1.1 200) 4 headers in 158 bytes (1 switches on core 0)
Aug 24 18:29:43.840518 np0000008000 devstack@g-api.service[99827]: DEBUG glance.api.middleware.version_negotiation [None req-3bdc5bdb-e420-4910-b9ba-a068c610a7b6 tempest-VolumesImageMetadata-2094073806 tempest-VolumesImageMetadata-2094073806-project-member] Determining version of request: GET /v2/schemas/image Accept: */* {{(pid=99827) process_request /opt/stack/glance/glance/api/middleware/version_negotiation.py:44}}
Aug 24 18:29:43.840799 np0000008000 devstack@g-api.service[99827]: DEBUG glance.api.middleware.version_negotiation [None req-3bdc5bdb-e420-4910-b9ba-a068c610a7b6 tempest-VolumesImageMetadata-2094073806 tempest-VolumesImageMetadata-2094073806-project-member] Using url versioning {{(pid=99827) process_request /opt/stack/glance/glance/api/middleware/version_negotiation.py:57}}
Aug 24 18:29:43.840862 np0000008000 devstack@g-api.service[99827]: DEBUG glance.api.middleware.version_negotiation [None req-3bdc5bdb-e420-4910-b9ba-a068c610a7b6 tempest-VolumesImageMetadata-2094073806 tempest-VolumesImageMetadata-2094073806-project-member] Matched version: v2 {{(pid=99827) process_request /opt/stack/glance/glance/api/middleware/version_negotiation.py:69}}
Aug 24 18:29:43.841122 np0000008000 devstack@g-api.service[99827]: DEBUG glance.api.middleware.version_negotiation [None req-3bdc5bdb-e420-4910-b9ba-a068c610a7b6 tempest-VolumesImageMetadata-2094073806 tempest-VolumesImageMetadata-2094073806-project-member] new path /v2/schemas/image {{(pid=99827) process_request /opt/stack/glance/glance/api/middleware/version_negotiation.py:70}}
Aug 24 18:29:43.846747 np0000008000 devstack@g-api.service[99827]: [pid: 99827|app: 0|req: 104/326] 127.0.0.1 () {44 vars in 1055 bytes} [Mon Aug 24 18:29:43 2026] GET /v2/schemas/image => generated 6083 bytes in 6 msecs (HTTP/1.1 200) 4 headers in 158 bytes (1 switches on core 0)
Aug 24 18:29:43.881748 np0000008000 devstack@g-api.service[99829]: DEBUG glance.api.middleware.version_negotiation [None req-3bdc5bdb-e420-4910-b9ba-a068c610a7b6 tempest-VolumesImageMetadata-2094073806 tempest-VolumesImageMetadata-2094073806-project-member] Determining version of request: GET /v2/images/8ea6eda7-6cca-4305-823a-514b14430d49 Accept: */* {{(pid=99829) process_request /opt/stack/glance/glance/api/middleware/version_negotiation.py:44}}
Aug 24 18:29:43.881748 np0000008000 devstack@g-api.service[99829]: DEBUG glance.api.middleware.version_negotiation [None req-3bdc5bdb-e420-4910-b9ba-a068c610a7b6 tempest-VolumesImageMetadata-2094073806 tempest-VolumesImageMetadata-2094073806-project-member] Using url versioning {{(pid=99829) process_request /opt/stack/glance/glance/api/middleware/version_negotiation.py:57}}
Aug 24 18:29:43.881748 np0000008000 devstack@g-api.service[99829]: DEBUG glance.api.middleware.version_negotiation [None req-3bdc5bdb-e420-4910-b9ba-a068c610a7b6 tempest-VolumesImageMetadata-2094073806 tempest-VolumesImageMetadata-2094073806-project-member] Matched version: v2 {{(pid=99829) process_request /opt/stack/glance/glance/api/middleware/version_negotiation.py:69}}
Aug 24 18:29:43.881748 np0000008000 devstack@g-api.service[99829]: DEBUG glance.api.middleware.version_negotiation [None req-3bdc5bdb-e420-4910-b9ba-a068c610a7b6 tempest-VolumesImageMetadata-2094073806 tempest-VolumesImageMetadata-2094073806-project-member] new path /v2/images/8ea6eda7-6cca-4305-823a-514b14430d49 {{(pid=99829) process_request /opt/stack/glance/glance/api/middleware/version_negotiation.py:70}}
Aug 24 18:29:43.898746 np0000008000 devstack@g-api.service[99829]: [pid: 99829|app: 0|req: 115/327] 127.0.0.1 () {44 vars in 1115 bytes} [Mon Aug 24 18:29:43 2026] GET /v2/images/8ea6eda7-6cca-4305-823a-514b14430d49 => generated 1044 bytes in 18 msecs (HTTP/1.1 200) 4 headers in 158 bytes (1 switches on core 0)
Aug 24 18:29:43.915183 np0000008000 devstack@g-api.service[99827]: DEBUG glance.api.middleware.version_negotiation [None req-3bdc5bdb-e420-4910-b9ba-a068c610a7b6 tempest-VolumesImageMetadata-2094073806 tempest-VolumesImageMetadata-2094073806-project-member] Determining version of request: GET /v2/schemas/image Accept: */* {{(pid=99827) process_request /opt/stack/glance/glance/api/middleware/version_negotiation.py:44}}
Aug 24 18:29:43.915183 np0000008000 devstack@g-api.service[99827]: DEBUG glance.api.middleware.version_negotiation [None req-3bdc5bdb-e420-4910-b9ba-a068c610a7b6 tempest-VolumesImageMetadata-2094073806 tempest-VolumesImageMetadata-2094073806-project-member] Using url versioning {{(pid=99827) process_request /opt/stack/glance/glance/api/middleware/version_negotiation.py:57}}
Aug 24 18:29:43.915183 np0000008000 devstack@g-api.service[99827]: DEBUG glance.api.middleware.version_negotiation [None req-3bdc5bdb-e420-4910-b9ba-a068c610a7b6 tempest-VolumesImageMetadata-2094073806 tempest-VolumesImageMetadata-2094073806-project-member] Matched version: v2 {{(pid=99827) process_request /opt/stack/glance/glance/api/middleware/version_negotiation.py:69}}
Aug 24 18:29:43.915183 np0000008000 devstack@g-api.service[99827]: DEBUG glance.api.middleware.version_negotiation [None req-3bdc5bdb-e420-4910-b9ba-a068c610a7b6 tempest-VolumesImageMetadata-2094073806 tempest-VolumesImageMetadata-2094073806-project-member] new path /v2/schemas/image {{(pid=99827) process_request /opt/stack/glance/glance/api/middleware/version_negotiation.py:70}}
Aug 24 18:29:43.917607 np0000008000 devstack@g-api.service[99827]: [pid: 99827|app: 0|req: 105/328] 127.0.0.1 () {44 vars in 1055 bytes} [Mon Aug 24 18:29:43 2026] GET /v2/schemas/image => generated 6083 bytes in 4 msecs (HTTP/1.1 200) 4 headers in 158 bytes (1 switches on core 0)
Aug 24 18:29:43.960771 np0000008000 devstack@g-api.service[99829]: DEBUG glance.api.middleware.version_negotiation [None req-3bdc5bdb-e420-4910-b9ba-a068c610a7b6 tempest-VolumesImageMetadata-2094073806 tempest-VolumesImageMetadata-2094073806-project-member] Determining version of request: GET /v2/images/ff70f454-9ab6-4f98-9411-5490b889704d Accept: */* {{(pid=99829) process_request /opt/stack/glance/glance/api/middleware/version_negotiation.py:44}}
Aug 24 18:29:43.961098 np0000008000 devstack@g-api.service[99829]: DEBUG glance.api.middleware.version_negotiation [None req-3bdc5bdb-e420-4910-b9ba-a068c610a7b6 tempest-VolumesImageMetadata-2094073806 tempest-VolumesImageMetadata-2094073806-project-member] Using url versioning {{(pid=99829) process_request /opt/stack/glance/glance/api/middleware/version_negotiation.py:57}}
Aug 24 18:29:43.961240 np0000008000 devstack@g-api.service[99829]: DEBUG glance.api.middleware.version_negotiation [None req-3bdc5bdb-e420-4910-b9ba-a068c610a7b6 tempest-VolumesImageMetadata-2094073806 tempest-VolumesImageMetadata-2094073806-project-member] Matched version: v2 {{(pid=99829) process_request /opt/stack/glance/glance/api/middleware/version_negotiation.py:69}}
Aug 24 18:29:43.961684 np0000008000 devstack@g-api.service[99829]: DEBUG glance.api.middleware.version_negotiation [None req-3bdc5bdb-e420-4910-b9ba-a068c610a7b6 tempest-VolumesImageMetadata-2094073806 tempest-VolumesImageMetadata-2094073806-project-member] new path /v2/images/ff70f454-9ab6-4f98-9411-5490b889704d {{(pid=99829) process_request /opt/stack/glance/glance/api/middleware/version_negotiation.py:70}}
Aug 24 18:29:43.986145 np0000008000 devstack@g-api.service[99829]: [pid: 99829|app: 0|req: 116/329] 127.0.0.1 () {44 vars in 1115 bytes} [Mon Aug 24 18:29:43 2026] GET /v2/images/ff70f454-9ab6-4f98-9411-5490b889704d => generated 1044 bytes in 26 msecs (HTTP/1.1 200) 4 headers in 158 bytes (1 switches on core 0)
Aug 24 18:29:44.031580 np0000008000 devstack@g-api.service[99827]: DEBUG glance.api.middleware.version_negotiation [None req-3bdc5bdb-e420-4910-b9ba-a068c610a7b6 tempest-VolumesImageMetadata-2094073806 tempest-VolumesImageMetadata-2094073806-project-member] Determining version of request: GET /v2/schemas/image Accept: */* {{(pid=99827) process_request /opt/stack/glance/glance/api/middleware/version_negotiation.py:44}}
Aug 24 18:29:44.031850 np0000008000 devstack@g-api.service[99827]: DEBUG glance.api.middleware.version_negotiation [None req-3bdc5bdb-e420-4910-b9ba-a068c610a7b6 tempest-VolumesImageMetadata-2094073806 tempest-VolumesImageMetadata-2094073806-project-member] Using url versioning {{(pid=99827) process_request /opt/stack/glance/glance/api/middleware/version_negotiation.py:57}}
Aug 24 18:29:44.033220 np0000008000 devstack@g-api.service[99827]: DEBUG glance.api.middleware.version_negotiation [None req-3bdc5bdb-e420-4910-b9ba-a068c610a7b6 tempest-VolumesImageMetadata-2094073806 tempest-VolumesImageMetadata-2094073806-project-member] Matched version: v2 {{(pid=99827) process_request /opt/stack/glance/glance/api/middleware/version_negotiation.py:69}}
Aug 24 18:29:44.037171 np0000008000 devstack@g-api.service[99827]: DEBUG glance.api.middleware.version_negotiation [None req-3bdc5bdb-e420-4910-b9ba-a068c610a7b6 tempest-VolumesImageMetadata-2094073806 tempest-VolumesImageMetadata-2094073806-project-member] new path /v2/schemas/image {{(pid=99827) process_request /opt/stack/glance/glance/api/middleware/version_negotiation.py:70}}
Aug 24 18:29:44.037757 np0000008000 devstack@g-api.service[99827]: [pid: 99827|app: 0|req: 106/330] 127.0.0.1 () {44 vars in 1055 bytes} [Mon Aug 24 18:29:44 2026] GET /v2/schemas/image => generated 6083 bytes in 6 msecs (HTTP/1.1 200) 4 headers in 158 bytes (1 switches on core 0)
Aug 24 18:29:44.209508 np0000008000 devstack@g-api.service[99828]: DEBUG glance.location [None req-20b9a42c-4648-40bc-8c28-22c2431e83fd tempest-ImageDependencyTests-1409531035 tempest-ImageDependencyTests-1409531035-project-member] Enabling in-flight format inspection for raw {{(pid=99828) set_data /opt/stack/glance/glance/location.py:596}}
Aug 24 18:29:44.210037 np0000008000 devstack@g-api.service[99828]: DEBUG glance_store.backend [None req-20b9a42c-4648-40bc-8c28-22c2431e83fd tempest-ImageDependencyTests-1409531035 tempest-ImageDependencyTests-1409531035-project-member] Attempting to import store swift {{(pid=99828) _load_store /opt/stack/data/venv/lib/python3.12/site-packages/glance_store/backend.py:215}}
Aug 24 18:29:44.218298 np0000008000 devstack@g-api.service[99828]: DEBUG glance_store.capabilities [None req-20b9a42c-4648-40bc-8c28-22c2431e83fd tempest-ImageDependencyTests-1409531035 tempest-ImageDependencyTests-1409531035-project-member] Store glance_store._drivers.swift.store.SingleTenantStore doesn't support updating dynamic storage capabilities. Please overwrite 'update_capabilities' method of the store to implement updating logics if needed. {{(pid=99828) update_capabilities /opt/stack/data/venv/lib/python3.12/site-packages/glance_store/capabilities.py:91}}
Aug 24 18:29:44.218298 np0000008000 devstack@g-api.service[99828]: DEBUG glance_store.driver [None req-20b9a42c-4648-40bc-8c28-22c2431e83fd tempest-ImageDependencyTests-1409531035 tempest-ImageDependencyTests-1409531035-project-member] Late loading location class glance_store._drivers.swift.store.StoreLocation {{(pid=99828) get_store_location_class /opt/stack/data/venv/lib/python3.12/site-packages/glance_store/driver.py:134}}
Aug 24 18:29:44.218298 np0000008000 devstack@g-api.service[99828]: DEBUG glance_store.location [None req-20b9a42c-4648-40bc-8c28-22c2431e83fd tempest-ImageDependencyTests-1409531035 tempest-ImageDependencyTests-1409531035-project-member] Registering scheme swift+https with {'store': , 'location_class': , 'store_entry': 'swift'} {{(pid=99828) register_scheme_map /opt/stack/data/venv/lib/python3.12/site-packages/glance_store/location.py:146}}
Aug 24 18:29:44.218298 np0000008000 devstack@g-api.service[99828]: DEBUG glance_store.location [None req-20b9a42c-4648-40bc-8c28-22c2431e83fd tempest-ImageDependencyTests-1409531035 tempest-ImageDependencyTests-1409531035-project-member] Registering scheme swift+https with {'store': , 'location_class': , 'store_entry': 'swift'} {{(pid=99828) register_scheme_map /opt/stack/data/venv/lib/python3.12/site-packages/glance_store/location.py:146}}
Aug 24 18:29:44.218298 np0000008000 devstack@g-api.service[99828]: DEBUG glance_store.location [None req-20b9a42c-4648-40bc-8c28-22c2431e83fd tempest-ImageDependencyTests-1409531035 tempest-ImageDependencyTests-1409531035-project-member] Registering scheme swift with {'store': , 'location_class': , 'store_entry': 'swift'} {{(pid=99828) register_scheme_map /opt/stack/data/venv/lib/python3.12/site-packages/glance_store/location.py:146}}
Aug 24 18:29:44.218298 np0000008000 devstack@g-api.service[99828]: DEBUG glance_store.location [None req-20b9a42c-4648-40bc-8c28-22c2431e83fd tempest-ImageDependencyTests-1409531035 tempest-ImageDependencyTests-1409531035-project-member] Registering scheme swift+https with {'store': , 'location_class': , 'store_entry': 'swift'} {{(pid=99828) register_scheme_map /opt/stack/data/venv/lib/python3.12/site-packages/glance_store/location.py:146}}
Aug 24 18:29:44.218298 np0000008000 devstack@g-api.service[99828]: DEBUG glance_store.location [None req-20b9a42c-4648-40bc-8c28-22c2431e83fd tempest-ImageDependencyTests-1409531035 tempest-ImageDependencyTests-1409531035-project-member] Registering scheme swift with {'store': , 'location_class': , 'store_entry': 'swift'} {{(pid=99828) register_scheme_map /opt/stack/data/venv/lib/python3.12/site-packages/glance_store/location.py:146}}
Aug 24 18:29:44.218298 np0000008000 devstack@g-api.service[99828]: DEBUG glance_store.location [None req-20b9a42c-4648-40bc-8c28-22c2431e83fd tempest-ImageDependencyTests-1409531035 tempest-ImageDependencyTests-1409531035-project-member] Registering scheme swift+http with {'store': , 'location_class': , 'store_entry': 'swift'} {{(pid=99828) register_scheme_map /opt/stack/data/venv/lib/python3.12/site-packages/glance_store/location.py:146}}
Aug 24 18:29:44.218298 np0000008000 devstack@g-api.service[99828]: DEBUG glance_store.location [None req-20b9a42c-4648-40bc-8c28-22c2431e83fd tempest-ImageDependencyTests-1409531035 tempest-ImageDependencyTests-1409531035-project-member] Registering scheme swift+https with {'store': , 'location_class': , 'store_entry': 'swift'} {{(pid=99828) register_scheme_map /opt/stack/data/venv/lib/python3.12/site-packages/glance_store/location.py:146}}
Aug 24 18:29:44.218298 np0000008000 devstack@g-api.service[99828]: DEBUG glance_store.location [None req-20b9a42c-4648-40bc-8c28-22c2431e83fd tempest-ImageDependencyTests-1409531035 tempest-ImageDependencyTests-1409531035-project-member] Registering scheme swift with {'store': , 'location_class': , 'store_entry': 'swift'} {{(pid=99828) register_scheme_map /opt/stack/data/venv/lib/python3.12/site-packages/glance_store/location.py:146}}
Aug 24 18:29:44.218298 np0000008000 devstack@g-api.service[99828]: DEBUG glance_store.location [None req-20b9a42c-4648-40bc-8c28-22c2431e83fd tempest-ImageDependencyTests-1409531035 tempest-ImageDependencyTests-1409531035-project-member] Registering scheme swift+http with {'store': , 'location_class': , 'store_entry': 'swift'} {{(pid=99828) register_scheme_map /opt/stack/data/venv/lib/python3.12/site-packages/glance_store/location.py:146}}
Aug 24 18:29:44.219112 np0000008000 devstack@g-api.service[99828]: DEBUG glance_store.location [None req-20b9a42c-4648-40bc-8c28-22c2431e83fd tempest-ImageDependencyTests-1409531035 tempest-ImageDependencyTests-1409531035-project-member] Registering scheme swift+config with {'store': , 'location_class': , 'store_entry': 'swift'} {{(pid=99828) register_scheme_map /opt/stack/data/venv/lib/python3.12/site-packages/glance_store/location.py:146}}
Aug 24 18:29:44.259367 np0000008000 devstack@g-api.service[99829]: DEBUG glance.api.middleware.version_negotiation [None req-49cecd44-1042-492d-9807-b7c4acbf09a2 tempest-ServerActionsTestOtherA-1335404336 tempest-ServerActionsTestOtherA-1335404336-project-member] Determining version of request: GET /v2/images/ff70f454-9ab6-4f98-9411-5490b889704d Accept: */* {{(pid=99829) process_request /opt/stack/glance/glance/api/middleware/version_negotiation.py:44}}
Aug 24 18:29:44.259367 np0000008000 devstack@g-api.service[99829]: DEBUG glance.api.middleware.version_negotiation [None req-49cecd44-1042-492d-9807-b7c4acbf09a2 tempest-ServerActionsTestOtherA-1335404336 tempest-ServerActionsTestOtherA-1335404336-project-member] Using url versioning {{(pid=99829) process_request /opt/stack/glance/glance/api/middleware/version_negotiation.py:57}}
Aug 24 18:29:44.259367 np0000008000 devstack@g-api.service[99829]: DEBUG glance.api.middleware.version_negotiation [None req-49cecd44-1042-492d-9807-b7c4acbf09a2 tempest-ServerActionsTestOtherA-1335404336 tempest-ServerActionsTestOtherA-1335404336-project-member] Matched version: v2 {{(pid=99829) process_request /opt/stack/glance/glance/api/middleware/version_negotiation.py:69}}
Aug 24 18:29:44.259524 np0000008000 devstack@g-api.service[99829]: DEBUG glance.api.middleware.version_negotiation [None req-49cecd44-1042-492d-9807-b7c4acbf09a2 tempest-ServerActionsTestOtherA-1335404336 tempest-ServerActionsTestOtherA-1335404336-project-member] new path /v2/images/ff70f454-9ab6-4f98-9411-5490b889704d {{(pid=99829) process_request /opt/stack/glance/glance/api/middleware/version_negotiation.py:70}}
Aug 24 18:29:44.270397 np0000008000 devstack@g-api.service[99829]: [pid: 99829|app: 0|req: 117/331] 127.0.0.1 () {44 vars in 1115 bytes} [Mon Aug 24 18:29:44 2026] GET /v2/images/ff70f454-9ab6-4f98-9411-5490b889704d => generated 1044 bytes in 11 msecs (HTTP/1.1 200) 4 headers in 158 bytes (1 switches on core 0)
Aug 24 18:29:44.302616 np0000008000 devstack@g-api.service[99827]: DEBUG glance.api.middleware.version_negotiation [None req-49cecd44-1042-492d-9807-b7c4acbf09a2 tempest-ServerActionsTestOtherA-1335404336 tempest-ServerActionsTestOtherA-1335404336-project-member] Determining version of request: GET /v2/schemas/image Accept: */* {{(pid=99827) process_request /opt/stack/glance/glance/api/middleware/version_negotiation.py:44}}
Aug 24 18:29:44.303695 np0000008000 devstack@g-api.service[99827]: DEBUG glance.api.middleware.version_negotiation [None req-49cecd44-1042-492d-9807-b7c4acbf09a2 tempest-ServerActionsTestOtherA-1335404336 tempest-ServerActionsTestOtherA-1335404336-project-member] Using url versioning {{(pid=99827) process_request /opt/stack/glance/glance/api/middleware/version_negotiation.py:57}}
Aug 24 18:29:44.303928 np0000008000 devstack@g-api.service[99827]: DEBUG glance.api.middleware.version_negotiation [None req-49cecd44-1042-492d-9807-b7c4acbf09a2 tempest-ServerActionsTestOtherA-1335404336 tempest-ServerActionsTestOtherA-1335404336-project-member] Matched version: v2 {{(pid=99827) process_request /opt/stack/glance/glance/api/middleware/version_negotiation.py:69}}
Aug 24 18:29:44.304034 np0000008000 devstack@g-api.service[99827]: DEBUG glance.api.middleware.version_negotiation [None req-49cecd44-1042-492d-9807-b7c4acbf09a2 tempest-ServerActionsTestOtherA-1335404336 tempest-ServerActionsTestOtherA-1335404336-project-member] new path /v2/schemas/image {{(pid=99827) process_request /opt/stack/glance/glance/api/middleware/version_negotiation.py:70}}
Aug 24 18:29:44.309531 np0000008000 devstack@g-api.service[99827]: [pid: 99827|app: 0|req: 107/332] 127.0.0.1 () {44 vars in 1055 bytes} [Mon Aug 24 18:29:44 2026] GET /v2/schemas/image => generated 6083 bytes in 7 msecs (HTTP/1.1 200) 4 headers in 158 bytes (1 switches on core 0)
Aug 24 18:29:44.358982 np0000008000 devstack@g-api.service[99829]: DEBUG glance.api.middleware.version_negotiation [None req-49cecd44-1042-492d-9807-b7c4acbf09a2 tempest-ServerActionsTestOtherA-1335404336 tempest-ServerActionsTestOtherA-1335404336-project-member] Determining version of request: GET /versions Accept: */* {{(pid=99829) process_request /opt/stack/glance/glance/api/middleware/version_negotiation.py:44}}
Aug 24 18:29:44.359710 np0000008000 devstack@g-api.service[99829]: [pid: 99829|app: 0|req: 118/333] 127.0.0.1 () {44 vars in 1039 bytes} [Mon Aug 24 18:29:44 2026] GET /versions => generated 1515 bytes in 1 msecs (HTTP/1.1 200) 3 headers in 92 bytes (1 switches on core 0)
Aug 24 18:29:44.367103 np0000008000 devstack@g-api.service[99827]: DEBUG glance.api.middleware.version_negotiation [None req-49cecd44-1042-492d-9807-b7c4acbf09a2 tempest-ServerActionsTestOtherA-1335404336 tempest-ServerActionsTestOtherA-1335404336-project-member] Determining version of request: GET /v2/images/8ea6eda7-6cca-4305-823a-514b14430d49/locations Accept: */* {{(pid=99827) process_request /opt/stack/glance/glance/api/middleware/version_negotiation.py:44}}
Aug 24 18:29:44.368086 np0000008000 devstack@g-api.service[99827]: DEBUG glance.api.middleware.version_negotiation [None req-49cecd44-1042-492d-9807-b7c4acbf09a2 tempest-ServerActionsTestOtherA-1335404336 tempest-ServerActionsTestOtherA-1335404336-project-member] Using url versioning {{(pid=99827) process_request /opt/stack/glance/glance/api/middleware/version_negotiation.py:57}}
Aug 24 18:29:44.368086 np0000008000 devstack@g-api.service[99827]: DEBUG glance.api.middleware.version_negotiation [None req-49cecd44-1042-492d-9807-b7c4acbf09a2 tempest-ServerActionsTestOtherA-1335404336 tempest-ServerActionsTestOtherA-1335404336-project-member] Matched version: v2 {{(pid=99827) process_request /opt/stack/glance/glance/api/middleware/version_negotiation.py:69}}
Aug 24 18:29:44.368086 np0000008000 devstack@g-api.service[99827]: DEBUG glance.api.middleware.version_negotiation [None req-49cecd44-1042-492d-9807-b7c4acbf09a2 tempest-ServerActionsTestOtherA-1335404336 tempest-ServerActionsTestOtherA-1335404336-project-member] new path /v2/images/8ea6eda7-6cca-4305-823a-514b14430d49/locations {{(pid=99827) process_request /opt/stack/glance/glance/api/middleware/version_negotiation.py:70}}
Aug 24 18:29:44.426339 np0000008000 devstack@g-api.service[99827]: [pid: 99827|app: 0|req: 108/334] 127.0.0.1 () {44 vars in 1135 bytes} [Mon Aug 24 18:29:44 2026] GET /v2/images/8ea6eda7-6cca-4305-823a-514b14430d49/locations => generated 92 bytes in 58 msecs (HTTP/1.1 200) 4 headers in 156 bytes (1 switches on core 0)
Aug 24 18:29:44.436064 np0000008000 devstack@g-api.service[99829]: DEBUG glance.api.middleware.version_negotiation [None req-49cecd44-1042-492d-9807-b7c4acbf09a2 tempest-ServerActionsTestOtherA-1335404336 tempest-ServerActionsTestOtherA-1335404336-project-member] Determining version of request: GET /v2/images/8ea6eda7-6cca-4305-823a-514b14430d49 Accept: */* {{(pid=99829) process_request /opt/stack/glance/glance/api/middleware/version_negotiation.py:44}}
Aug 24 18:29:44.436064 np0000008000 devstack@g-api.service[99829]: DEBUG glance.api.middleware.version_negotiation [None req-49cecd44-1042-492d-9807-b7c4acbf09a2 tempest-ServerActionsTestOtherA-1335404336 tempest-ServerActionsTestOtherA-1335404336-project-member] Using url versioning {{(pid=99829) process_request /opt/stack/glance/glance/api/middleware/version_negotiation.py:57}}
Aug 24 18:29:44.436064 np0000008000 devstack@g-api.service[99829]: DEBUG glance.api.middleware.version_negotiation [None req-49cecd44-1042-492d-9807-b7c4acbf09a2 tempest-ServerActionsTestOtherA-1335404336 tempest-ServerActionsTestOtherA-1335404336-project-member] Matched version: v2 {{(pid=99829) process_request /opt/stack/glance/glance/api/middleware/version_negotiation.py:69}}
Aug 24 18:29:44.436691 np0000008000 devstack@g-api.service[99829]: DEBUG glance.api.middleware.version_negotiation [None req-49cecd44-1042-492d-9807-b7c4acbf09a2 tempest-ServerActionsTestOtherA-1335404336 tempest-ServerActionsTestOtherA-1335404336-project-member] new path /v2/images/8ea6eda7-6cca-4305-823a-514b14430d49 {{(pid=99829) process_request /opt/stack/glance/glance/api/middleware/version_negotiation.py:70}}
Aug 24 18:29:44.451368 np0000008000 devstack@g-api.service[99829]: [pid: 99829|app: 0|req: 119/335] 127.0.0.1 () {44 vars in 1115 bytes} [Mon Aug 24 18:29:44 2026] GET /v2/images/8ea6eda7-6cca-4305-823a-514b14430d49 => generated 1044 bytes in 16 msecs (HTTP/1.1 200) 4 headers in 158 bytes (1 switches on core 0)
Aug 24 18:29:44.458285 np0000008000 devstack@g-api.service[99827]: DEBUG glance.api.middleware.version_negotiation [None req-3bdc5bdb-e420-4910-b9ba-a068c610a7b6 service glance] Determining version of request: GET /v2/schemas/image Accept: */* {{(pid=99827) process_request /opt/stack/glance/glance/api/middleware/version_negotiation.py:44}}
Aug 24 18:29:44.458588 np0000008000 devstack@g-api.service[99827]: DEBUG glance.api.middleware.version_negotiation [None req-3bdc5bdb-e420-4910-b9ba-a068c610a7b6 service glance] Using url versioning {{(pid=99827) process_request /opt/stack/glance/glance/api/middleware/version_negotiation.py:57}}
Aug 24 18:29:44.458787 np0000008000 devstack@g-api.service[99827]: DEBUG glance.api.middleware.version_negotiation [None req-3bdc5bdb-e420-4910-b9ba-a068c610a7b6 service glance] Matched version: v2 {{(pid=99827) process_request /opt/stack/glance/glance/api/middleware/version_negotiation.py:69}}
Aug 24 18:29:44.458835 np0000008000 devstack@g-api.service[99828]: DEBUG swiftclient [None req-20b9a42c-4648-40bc-8c28-22c2431e83fd tempest-ImageDependencyTests-1409531035 tempest-ImageDependencyTests-1409531035-project-member] REQ: curl -i https://10.4.3.104:8080/v1/AUTH_f39e1c23cc384dc3a6f228bd0d68dc12/glance -I -H "X-Auth-Token: gAAAAABqjI2YMMWm..." {{(pid=99828) http_log /opt/stack/data/venv/lib/python3.12/site-packages/swiftclient/client.py:160}}
Aug 24 18:29:44.458915 np0000008000 devstack@g-api.service[99827]: DEBUG glance.api.middleware.version_negotiation [None req-3bdc5bdb-e420-4910-b9ba-a068c610a7b6 service glance] new path /v2/schemas/image {{(pid=99827) process_request /opt/stack/glance/glance/api/middleware/version_negotiation.py:70}}
Aug 24 18:29:44.458944 np0000008000 devstack@g-api.service[99828]: DEBUG swiftclient [None req-20b9a42c-4648-40bc-8c28-22c2431e83fd tempest-ImageDependencyTests-1409531035 tempest-ImageDependencyTests-1409531035-project-member] RESP STATUS: 204 No Content {{(pid=99828) http_log /opt/stack/data/venv/lib/python3.12/site-packages/swiftclient/client.py:161}}
Aug 24 18:29:44.459153 np0000008000 devstack@g-api.service[99828]: DEBUG swiftclient [None req-20b9a42c-4648-40bc-8c28-22c2431e83fd tempest-ImageDependencyTests-1409531035 tempest-ImageDependencyTests-1409531035-project-member] RESP HEADERS: {'Date': 'Mon, 24 Aug 2026 18:29:44 GMT', 'Server': 'Apache/2.4.58 (Ubuntu)', 'Content-Type': 'text/plain; charset=utf-8', 'X-Container-Object-Count': '4', 'X-Container-Bytes-Used': '64357376', 'X-Timestamp': '1787595821.72823', 'Last-Modified': 'Mon, 24 Aug 2026 18:23:42 GMT', 'Accept-Ranges': 'bytes', 'X-Storage-Policy': 'Policy-0', 'X-Container-Sharding': 'False', 'Vary': 'Accept', 'X-Trans-Id': 'tx12edc0778024492ca20e1-006a8c8d98', 'X-Openstack-Request-Id': 'tx12edc0778024492ca20e1-006a8c8d98', 'Connection': 'close'} {{(pid=99828) http_log /opt/stack/data/venv/lib/python3.12/site-packages/swiftclient/client.py:162}}
Aug 24 18:29:44.459365 np0000008000 devstack@g-api.service[99828]: DEBUG glance_store._drivers.swift.store [None req-20b9a42c-4648-40bc-8c28-22c2431e83fd tempest-ImageDependencyTests-1409531035 tempest-ImageDependencyTests-1409531035-project-member] Adding image object 'a3c4bf3e-7093-4724-b8f3-049179bbd478' to Swift {{(pid=99828) add /opt/stack/data/venv/lib/python3.12/site-packages/glance_store/_drivers/swift/store.py:970}}
Aug 24 18:29:44.459485 np0000008000 devstack@g-api.service[99828]: DEBUG glance_store._drivers.swift.store [None req-20b9a42c-4648-40bc-8c28-22c2431e83fd tempest-ImageDependencyTests-1409531035 tempest-ImageDependencyTests-1409531035-project-member] Cannot determine image size because it is either not provided in the request or chunked-transfer encoding is used. Adding image as a segmented object to Swift. {{(pid=99828) add /opt/stack/data/venv/lib/python3.12/site-packages/glance_store/_drivers/swift/store.py:994}}
Aug 24 18:29:44.462770 np0000008000 devstack@g-api.service[99828]: DEBUG glance_store._drivers.swift.store [None req-20b9a42c-4648-40bc-8c28-22c2431e83fd tempest-ImageDependencyTests-1409531035 tempest-ImageDependencyTests-1409531035-project-member] Not writing zero-length chunk. {{(pid=99828) add /opt/stack/data/venv/lib/python3.12/site-packages/glance_store/_drivers/swift/store.py:1028}}
Aug 24 18:29:44.462948 np0000008000 devstack@g-api.service[99827]: [pid: 99827|app: 0|req: 109/336] 127.0.0.1 () {44 vars in 1055 bytes} [Mon Aug 24 18:29:44 2026] GET /v2/schemas/image => generated 6083 bytes in 3 msecs (HTTP/1.1 200) 4 headers in 158 bytes (1 switches on core 0)
Aug 24 18:29:44.469256 np0000008000 devstack@g-api.service[99829]: DEBUG glance.api.middleware.version_negotiation [None req-3bdc5bdb-e420-4910-b9ba-a068c610a7b6 tempest-VolumesImageMetadata-2094073806 tempest-VolumesImageMetadata-2094073806-project-member] Determining version of request: GET /v2/schemas/image Accept: */* {{(pid=99829) process_request /opt/stack/glance/glance/api/middleware/version_negotiation.py:44}}
Aug 24 18:29:44.469690 np0000008000 devstack@g-api.service[99829]: DEBUG glance.api.middleware.version_negotiation [None req-3bdc5bdb-e420-4910-b9ba-a068c610a7b6 tempest-VolumesImageMetadata-2094073806 tempest-VolumesImageMetadata-2094073806-project-member] Using url versioning {{(pid=99829) process_request /opt/stack/glance/glance/api/middleware/version_negotiation.py:57}}
Aug 24 18:29:44.469690 np0000008000 devstack@g-api.service[99829]: DEBUG glance.api.middleware.version_negotiation [None req-3bdc5bdb-e420-4910-b9ba-a068c610a7b6 tempest-VolumesImageMetadata-2094073806 tempest-VolumesImageMetadata-2094073806-project-member] Matched version: v2 {{(pid=99829) process_request /opt/stack/glance/glance/api/middleware/version_negotiation.py:69}}
Aug 24 18:29:44.469844 np0000008000 devstack@g-api.service[99829]: DEBUG glance.api.middleware.version_negotiation [None req-3bdc5bdb-e420-4910-b9ba-a068c610a7b6 tempest-VolumesImageMetadata-2094073806 tempest-VolumesImageMetadata-2094073806-project-member] new path /v2/schemas/image {{(pid=99829) process_request /opt/stack/glance/glance/api/middleware/version_negotiation.py:70}}
Aug 24 18:29:44.480285 np0000008000 devstack@g-api.service[99829]: [pid: 99829|app: 0|req: 120/337] 127.0.0.1 () {44 vars in 1055 bytes} [Mon Aug 24 18:29:44 2026] GET /v2/schemas/image => generated 6083 bytes in 11 msecs (HTTP/1.1 200) 4 headers in 158 bytes (1 switches on core 0)
Aug 24 18:29:44.485616 np0000008000 devstack@g-api.service[99828]: DEBUG swiftclient [None req-20b9a42c-4648-40bc-8c28-22c2431e83fd tempest-ImageDependencyTests-1409531035 tempest-ImageDependencyTests-1409531035-project-member] REQ: curl -i https://10.4.3.104:8080/v1/AUTH_f39e1c23cc384dc3a6f228bd0d68dc12/glance/a3c4bf3e-7093-4724-b8f3-049179bbd478 -X PUT -H "X-Object-Manifest: glance/a3c4bf3e-7093-4724-b8f3-049179bbd478-" -H "X-Auth-Token: gAAAAABqjI2YMMWm..." -H "Content-Length: 0" {{(pid=99828) http_log /opt/stack/data/venv/lib/python3.12/site-packages/swiftclient/client.py:160}}
Aug 24 18:29:44.485843 np0000008000 devstack@g-api.service[99828]: DEBUG swiftclient [None req-20b9a42c-4648-40bc-8c28-22c2431e83fd tempest-ImageDependencyTests-1409531035 tempest-ImageDependencyTests-1409531035-project-member] RESP STATUS: 201 Created {{(pid=99828) http_log /opt/stack/data/venv/lib/python3.12/site-packages/swiftclient/client.py:161}}
Aug 24 18:29:44.485905 np0000008000 devstack@g-api.service[99828]: DEBUG swiftclient [None req-20b9a42c-4648-40bc-8c28-22c2431e83fd tempest-ImageDependencyTests-1409531035 tempest-ImageDependencyTests-1409531035-project-member] RESP HEADERS: {'Date': 'Mon, 24 Aug 2026 18:29:44 GMT', 'Server': 'Apache/2.4.58 (Ubuntu)', 'Content-Type': 'text/html; charset=UTF-8', 'Content-Length': '0', 'Etag': 'd41d8cd98f00b204e9800998ecf8427e', 'Last-Modified': 'Mon, 24 Aug 2026 18:29:45 GMT', 'X-Trans-Id': 'txc790095c0a794dd790181-006a8c8d98', 'X-Openstack-Request-Id': 'txc790095c0a794dd790181-006a8c8d98', 'Connection': 'close'} {{(pid=99828) http_log /opt/stack/data/venv/lib/python3.12/site-packages/swiftclient/client.py:162}}
Aug 24 18:29:44.486555 np0000008000 devstack@g-api.service[99828]: INFO glance.location [None req-20b9a42c-4648-40bc-8c28-22c2431e83fd tempest-ImageDependencyTests-1409531035 tempest-ImageDependencyTests-1409531035-project-member] Image format matched and virtual size computed: 0
Aug 24 18:29:44.551403 np0000008000 devstack@g-api.service[99828]: DEBUG glance_store.backend [None req-20b9a42c-4648-40bc-8c28-22c2431e83fd tempest-ImageDependencyTests-1409531035 tempest-ImageDependencyTests-1409531035-project-member] Attempting to import store swift {{(pid=99828) _load_store /opt/stack/data/venv/lib/python3.12/site-packages/glance_store/backend.py:215}}
Aug 24 18:29:44.552595 np0000008000 devstack@g-api.service[99828]: DEBUG glance_store.capabilities [None req-20b9a42c-4648-40bc-8c28-22c2431e83fd tempest-ImageDependencyTests-1409531035 tempest-ImageDependencyTests-1409531035-project-member] Store glance_store._drivers.swift.store.SingleTenantStore doesn't support updating dynamic storage capabilities. Please overwrite 'update_capabilities' method of the store to implement updating logics if needed. {{(pid=99828) update_capabilities /opt/stack/data/venv/lib/python3.12/site-packages/glance_store/capabilities.py:91}}
Aug 24 18:29:44.552666 np0000008000 devstack@g-api.service[99828]: DEBUG glance_store.driver [None req-20b9a42c-4648-40bc-8c28-22c2431e83fd tempest-ImageDependencyTests-1409531035 tempest-ImageDependencyTests-1409531035-project-member] Late loading location class glance_store._drivers.swift.store.StoreLocation {{(pid=99828) get_store_location_class /opt/stack/data/venv/lib/python3.12/site-packages/glance_store/driver.py:134}}
Aug 24 18:29:44.553021 np0000008000 devstack@g-api.service[99828]: DEBUG glance_store.location [None req-20b9a42c-4648-40bc-8c28-22c2431e83fd tempest-ImageDependencyTests-1409531035 tempest-ImageDependencyTests-1409531035-project-member] Registering scheme swift+https with {'store': , 'location_class': , 'store_entry': 'swift'} {{(pid=99828) register_scheme_map /opt/stack/data/venv/lib/python3.12/site-packages/glance_store/location.py:146}}
Aug 24 18:29:44.553021 np0000008000 devstack@g-api.service[99828]: DEBUG glance_store.location [None req-20b9a42c-4648-40bc-8c28-22c2431e83fd tempest-ImageDependencyTests-1409531035 tempest-ImageDependencyTests-1409531035-project-member] Registering scheme swift+https with {'store': , 'location_class': , 'store_entry': 'swift'} {{(pid=99828) register_scheme_map /opt/stack/data/venv/lib/python3.12/site-packages/glance_store/location.py:146}}
Aug 24 18:29:44.553021 np0000008000 devstack@g-api.service[99828]: DEBUG glance_store.location [None req-20b9a42c-4648-40bc-8c28-22c2431e83fd tempest-ImageDependencyTests-1409531035 tempest-ImageDependencyTests-1409531035-project-member] Registering scheme swift with {'store': , 'location_class': , 'store_entry': 'swift'} {{(pid=99828) register_scheme_map /opt/stack/data/venv/lib/python3.12/site-packages/glance_store/location.py:146}}
Aug 24 18:29:44.553021 np0000008000 devstack@g-api.service[99828]: DEBUG glance_store.location [None req-20b9a42c-4648-40bc-8c28-22c2431e83fd tempest-ImageDependencyTests-1409531035 tempest-ImageDependencyTests-1409531035-project-member] Registering scheme swift+https with {'store': , 'location_class': , 'store_entry': 'swift'} {{(pid=99828) register_scheme_map /opt/stack/data/venv/lib/python3.12/site-packages/glance_store/location.py:146}}
Aug 24 18:29:44.553263 np0000008000 devstack@g-api.service[99828]: DEBUG glance_store.location [None req-20b9a42c-4648-40bc-8c28-22c2431e83fd tempest-ImageDependencyTests-1409531035 tempest-ImageDependencyTests-1409531035-project-member] Registering scheme swift with {'store': , 'location_class': , 'store_entry': 'swift'} {{(pid=99828) register_scheme_map /opt/stack/data/venv/lib/python3.12/site-packages/glance_store/location.py:146}}
Aug 24 18:29:44.553263 np0000008000 devstack@g-api.service[99828]: DEBUG glance_store.location [None req-20b9a42c-4648-40bc-8c28-22c2431e83fd tempest-ImageDependencyTests-1409531035 tempest-ImageDependencyTests-1409531035-project-member] Registering scheme swift+http with {'store': , 'location_class': , 'store_entry': 'swift'} {{(pid=99828) register_scheme_map /opt/stack/data/venv/lib/python3.12/site-packages/glance_store/location.py:146}}
Aug 24 18:29:44.553263 np0000008000 devstack@g-api.service[99828]: DEBUG glance_store.location [None req-20b9a42c-4648-40bc-8c28-22c2431e83fd tempest-ImageDependencyTests-1409531035 tempest-ImageDependencyTests-1409531035-project-member] Registering scheme swift+https with {'store': , 'location_class': , 'store_entry': 'swift'} {{(pid=99828) register_scheme_map /opt/stack/data/venv/lib/python3.12/site-packages/glance_store/location.py:146}}
Aug 24 18:29:44.553263 np0000008000 devstack@g-api.service[99828]: DEBUG glance_store.location [None req-20b9a42c-4648-40bc-8c28-22c2431e83fd tempest-ImageDependencyTests-1409531035 tempest-ImageDependencyTests-1409531035-project-member] Registering scheme swift with {'store': , 'location_class': , 'store_entry': 'swift'} {{(pid=99828) register_scheme_map /opt/stack/data/venv/lib/python3.12/site-packages/glance_store/location.py:146}}
Aug 24 18:29:44.553474 np0000008000 devstack@g-api.service[99828]: DEBUG glance_store.location [None req-20b9a42c-4648-40bc-8c28-22c2431e83fd tempest-ImageDependencyTests-1409531035 tempest-ImageDependencyTests-1409531035-project-member] Registering scheme swift+http with {'store': , 'location_class': , 'store_entry': 'swift'} {{(pid=99828) register_scheme_map /opt/stack/data/venv/lib/python3.12/site-packages/glance_store/location.py:146}}
Aug 24 18:29:44.553474 np0000008000 devstack@g-api.service[99828]: DEBUG glance_store.location [None req-20b9a42c-4648-40bc-8c28-22c2431e83fd tempest-ImageDependencyTests-1409531035 tempest-ImageDependencyTests-1409531035-project-member] Registering scheme swift+config with {'store': , 'location_class': , 'store_entry': 'swift'} {{(pid=99828) register_scheme_map /opt/stack/data/venv/lib/python3.12/site-packages/glance_store/location.py:146}}
Aug 24 18:29:44.553546 np0000008000 devstack@g-api.service[99828]: DEBUG glance_store.backend [None req-20b9a42c-4648-40bc-8c28-22c2431e83fd tempest-ImageDependencyTests-1409531035 tempest-ImageDependencyTests-1409531035-project-member] Skipping store.set_acls... not implemented. {{(pid=99828) set_acls /opt/stack/data/venv/lib/python3.12/site-packages/glance_store/backend.py:507}}
Aug 24 18:29:44.556458 np0000008000 devstack@g-api.service[99828]: [pid: 99828|app: 0|req: 109/338] 127.0.0.1 () {46 vars in 1144 bytes} [Mon Aug 24 18:29:42 2026] PUT /v2/images/a3c4bf3e-7093-4724-b8f3-049179bbd478/file => generated 0 bytes in 1695 msecs (HTTP/1.1 204) 4 headers in 171 bytes (1 switches on core 0)
Aug 24 18:29:44.595409 np0000008000 devstack@g-api.service[99827]: DEBUG glance.api.middleware.version_negotiation [None req-3bdc5bdb-e420-4910-b9ba-a068c610a7b6 tempest-VolumesImageMetadata-2094073806 tempest-VolumesImageMetadata-2094073806-project-member] Determining version of request: GET /v2/images/a3c4bf3e-7093-4724-b8f3-049179bbd478 Accept: */* {{(pid=99827) process_request /opt/stack/glance/glance/api/middleware/version_negotiation.py:44}}
Aug 24 18:29:44.595948 np0000008000 devstack@g-api.service[99827]: DEBUG glance.api.middleware.version_negotiation [None req-3bdc5bdb-e420-4910-b9ba-a068c610a7b6 tempest-VolumesImageMetadata-2094073806 tempest-VolumesImageMetadata-2094073806-project-member] Using url versioning {{(pid=99827) process_request /opt/stack/glance/glance/api/middleware/version_negotiation.py:57}}
Aug 24 18:29:44.596491 np0000008000 devstack@g-api.service[99827]: DEBUG glance.api.middleware.version_negotiation [None req-3bdc5bdb-e420-4910-b9ba-a068c610a7b6 tempest-VolumesImageMetadata-2094073806 tempest-VolumesImageMetadata-2094073806-project-member] Matched version: v2 {{(pid=99827) process_request /opt/stack/glance/glance/api/middleware/version_negotiation.py:69}}
Aug 24 18:29:44.596649 np0000008000 devstack@g-api.service[99827]: DEBUG glance.api.middleware.version_negotiation [None req-3bdc5bdb-e420-4910-b9ba-a068c610a7b6 tempest-VolumesImageMetadata-2094073806 tempest-VolumesImageMetadata-2094073806-project-member] new path /v2/images/a3c4bf3e-7093-4724-b8f3-049179bbd478 {{(pid=99827) process_request /opt/stack/glance/glance/api/middleware/version_negotiation.py:70}}
Aug 24 18:29:44.619184 np0000008000 devstack@g-api.service[99827]: [pid: 99827|app: 0|req: 110/339] 127.0.0.1 () {44 vars in 1115 bytes} [Mon Aug 24 18:29:44 2026] GET /v2/images/a3c4bf3e-7093-4724-b8f3-049179bbd478 => generated 1762 bytes in 24 msecs (HTTP/1.1 200) 4 headers in 158 bytes (1 switches on core 0)
Aug 24 18:29:44.660685 np0000008000 devstack@g-api.service[99829]: DEBUG glance.api.middleware.version_negotiation [None req-3bdc5bdb-e420-4910-b9ba-a068c610a7b6 tempest-VolumesImageMetadata-2094073806 tempest-VolumesImageMetadata-2094073806-project-member] Determining version of request: GET /v2/schemas/image Accept: */* {{(pid=99829) process_request /opt/stack/glance/glance/api/middleware/version_negotiation.py:44}}
Aug 24 18:29:44.660942 np0000008000 devstack@g-api.service[99829]: DEBUG glance.api.middleware.version_negotiation [None req-3bdc5bdb-e420-4910-b9ba-a068c610a7b6 tempest-VolumesImageMetadata-2094073806 tempest-VolumesImageMetadata-2094073806-project-member] Using url versioning {{(pid=99829) process_request /opt/stack/glance/glance/api/middleware/version_negotiation.py:57}}
Aug 24 18:29:44.661263 np0000008000 devstack@g-api.service[99829]: DEBUG glance.api.middleware.version_negotiation [None req-3bdc5bdb-e420-4910-b9ba-a068c610a7b6 tempest-VolumesImageMetadata-2094073806 tempest-VolumesImageMetadata-2094073806-project-member] Matched version: v2 {{(pid=99829) process_request /opt/stack/glance/glance/api/middleware/version_negotiation.py:69}}
Aug 24 18:29:44.661426 np0000008000 devstack@g-api.service[99829]: DEBUG glance.api.middleware.version_negotiation [None req-3bdc5bdb-e420-4910-b9ba-a068c610a7b6 tempest-VolumesImageMetadata-2094073806 tempest-VolumesImageMetadata-2094073806-project-member] new path /v2/schemas/image {{(pid=99829) process_request /opt/stack/glance/glance/api/middleware/version_negotiation.py:70}}
