Aug 24 18:23:04.089815 np0000008000 devstack@neutron-api.service[87673]: DEBUG ovsdbapp.backend.ovs_idl.event [None req-1a7fc3ba-f8c2-40db-9844-370eb5324aad None None] Matched CREATE: LogicalRouterPortEvent(events=('create', 'delete'), table='Logical_Router_Port', conditions=None, old_conditions=None), priority=20 to row=Logical_Router_Port(uuid=4a5439cf-359e-4be5-817b-9e4ac38ea38e, enabled=[], external_ids={'neutron:is_ext_gw': 'True', 'neutron:network_name': 'neutron-fb46c481-d13a-49f0-b4cb-e2d07c96110a', 'neutron:revision_number': '1', 'neutron:router_name': 'neutron-06f98dfc-1aa4-4214-b778-77eea847dde0', 'neutron:subnet_ids': '4fab6b1a-fefd-464c-b56e-4920d667894b'}, gateway_chassis=[], ha_chassis_group=c0daf451-4dcb-4214-99f3-98ed75d6c71c, ipv6_prefix=[], ipv6_ra_configs={}, mac='fa:16:3e:83:f7:13', name='lrp-433358ce-31cd-407a-b6c1-dfc9560fbf7e', networks=['172.24.5.143/24'], options={'gateway_mtu': '1372', 'reside-on-redirect-chassis': 'true'}, peer=[], status={}) old= {{(pid=87673) matches /opt/stack/data/venv/lib/python3.12/site-packages/ovsdbapp/backend/ovs_idl/event.py:55}}
Aug 24 18:23:04.089889 np0000008000 devstack@neutron-api.service[87674]: DEBUG neutron.plugins.ml2.drivers.ovn.mech_driver.ovsdb.ovsdb_monitor [None req-4241b5d3-7ac4-48b7-a6ca-4568fbd0a239 None None] Hash Ring: Node b17fed3d58e25d409e050e370ebd33ec (host: np0000008000) handling event "update" for row 2c7776fd-467f-45cb-ae0f-2699cc0e5f37 (table: Logical_Switch_Port) {{(pid=87674) notify /opt/stack/neutron/neutron/plugins/ml2/drivers/ovn/mech_driver/ovsdb/ovsdb_monitor.py:1099}}
Aug 24 18:23:04.091100 np0000008000 devstack@neutron-api.service[87674]: DEBUG neutron.plugins.ml2.drivers.ovn.mech_driver.ovsdb.ovsdb_monitor [None req-4241b5d3-7ac4-48b7-a6ca-4568fbd0a239 None None] Touching Hash Ring node "b17fed3d58e25d409e050e370ebd33ec" from IDL notify handler {{(pid=87674) notify /opt/stack/neutron/neutron/plugins/ml2/drivers/ovn/mech_driver/ovsdb/ovsdb_monitor.py:1091}}
Aug 24 18:23:04.092478 np0000008000 devstack@neutron-api.service[87673]: DEBUG neutron.plugins.ml2.drivers.ovn.mech_driver.ovsdb.ovsdb_monitor [None req-1a7fc3ba-f8c2-40db-9844-370eb5324aad None None] Touching Hash Ring node "c13fbb124af85ee184b72bd9ccf770c7" from IDL notify handler {{(pid=87673) notify /opt/stack/neutron/neutron/plugins/ml2/drivers/ovn/mech_driver/ovsdb/ovsdb_monitor.py:1091}}
Aug 24 18:23:04.096852 np0000008000 devstack@neutron-api.service[87673]: DEBUG neutron.plugins.ml2.drivers.ovn.mech_driver.ovsdb.ovsdb_monitor [None req-89d2efb1-4f50-40e6-b02e-0a629507c6b2 None None] Hash Ring: Node c13fbb124af85ee184b72bd9ccf770c7 (host: np0000008000) handling event "update" for row 296d6187-a9b9-423f-b1a6-3e505aa1a709 (table: Port_Binding) {{(pid=87673) notify /opt/stack/neutron/neutron/plugins/ml2/drivers/ovn/mech_driver/ovsdb/ovsdb_monitor.py:1099}}
Aug 24 18:23:04.098266 np0000008000 devstack@neutron-api.service[87673]: DEBUG neutron.plugins.ml2.drivers.ovn.mech_driver.ovsdb.ovsdb_monitor [None req-1a7fc3ba-f8c2-40db-9844-370eb5324aad None None] Hash Ring: Node c13fbb124af85ee184b72bd9ccf770c7 (host: np0000008000) handling event "update" for row 4a5439cf-359e-4be5-817b-9e4ac38ea38e (table: Logical_Router_Port) {{(pid=87673) notify /opt/stack/neutron/neutron/plugins/ml2/drivers/ovn/mech_driver/ovsdb/ovsdb_monitor.py:1099}}
Aug 24 18:23:04.098705 np0000008000 devstack@neutron-api.service[87673]: DEBUG ovsdbapp.backend.ovs_idl.transaction [None req-1a7fc3ba-f8c2-40db-9844-370eb5324aad None None] txn 0179213b succeeded {{(pid=87673) do_commit /opt/stack/data/venv/lib/python3.12/site-packages/ovsdbapp/backend/ovs_idl/transaction.py:137}}
Aug 24 18:23:04.099182 np0000008000 devstack@neutron-api.service[87675]: DEBUG neutron.plugins.ml2.drivers.ovn.mech_driver.ovsdb.ovsdb_monitor [None req-cf8dc23b-d022-4007-9095-0f61f7a624b9 None None] Hash Ring: Node 1fc8ab0a24055e64a46135de582d0e41 (host: np0000008000) handling event "update" for row f38bffa7-65ee-4570-945a-07e0611febec (table: Logical_Router) {{(pid=87675) notify /opt/stack/neutron/neutron/plugins/ml2/drivers/ovn/mech_driver/ovsdb/ovsdb_monitor.py:1099}}
Aug 24 18:23:04.110377 np0000008000 devstack@neutron-api.service[87674]: DEBUG neutron.plugins.ml2.drivers.ovn.mech_driver.ovsdb.ovsdb_monitor [None req-4241b5d3-7ac4-48b7-a6ca-4568fbd0a239 None None] Hash Ring: Node b17fed3d58e25d409e050e370ebd33ec (host: np0000008000) handling event "create" for row 3bdcdada-1cf9-441d-9869-b2d37d392ce5 (table: NAT) {{(pid=87674) notify /opt/stack/neutron/neutron/plugins/ml2/drivers/ovn/mech_driver/ovsdb/ovsdb_monitor.py:1099}}
Aug 24 18:23:04.112602 np0000008000 devstack@neutron-api.service[87675]: DEBUG neutron.plugins.ml2.drivers.ovn.mech_driver.ovsdb.ovsdb_monitor [None req-cf8dc23b-d022-4007-9095-0f61f7a624b9 None None] Touching Hash Ring node "1fc8ab0a24055e64a46135de582d0e41" from IDL notify handler {{(pid=87675) notify /opt/stack/neutron/neutron/plugins/ml2/drivers/ovn/mech_driver/ovsdb/ovsdb_monitor.py:1091}}
Aug 24 18:23:04.118826 np0000008000 devstack@neutron-api.service[87674]: DEBUG neutron.plugins.ml2.drivers.ovn.mech_driver.ovsdb.ovsdb_monitor [None req-4241b5d3-7ac4-48b7-a6ca-4568fbd0a239 None None] Touching Hash Ring node "b17fed3d58e25d409e050e370ebd33ec" from IDL notify handler {{(pid=87674) notify /opt/stack/neutron/neutron/plugins/ml2/drivers/ovn/mech_driver/ovsdb/ovsdb_monitor.py:1091}}
Aug 24 18:23:04.123632 np0000008000 devstack@neutron-api.service[87675]: DEBUG neutron.plugins.ml2.drivers.ovn.mech_driver.ovsdb.ovsdb_monitor [None req-cf8dc23b-d022-4007-9095-0f61f7a624b9 None None] Hash Ring: Node 1fc8ab0a24055e64a46135de582d0e41 (host: np0000008000) handling event "create" for row 3bdcdada-1cf9-441d-9869-b2d37d392ce5 (table: NAT) {{(pid=87675) notify /opt/stack/neutron/neutron/plugins/ml2/drivers/ovn/mech_driver/ovsdb/ovsdb_monitor.py:1099}}
Aug 24 18:23:04.125097 np0000008000 devstack@neutron-api.service[87674]: DEBUG neutron.plugins.ml2.drivers.ovn.mech_driver.ovsdb.ovsdb_monitor [None req-4241b5d3-7ac4-48b7-a6ca-4568fbd0a239 None None] Hash Ring: Node b17fed3d58e25d409e050e370ebd33ec (host: np0000008000) handling event "update" for row 2c7776fd-467f-45cb-ae0f-2699cc0e5f37 (table: Logical_Switch_Port) {{(pid=87674) notify /opt/stack/neutron/neutron/plugins/ml2/drivers/ovn/mech_driver/ovsdb/ovsdb_monitor.py:1099}}
Aug 24 18:23:04.125529 np0000008000 devstack@neutron-api.service[87673]: DEBUG futurist.periodics [-] Submitting periodic callback 'neutron.plugins.ml2.drivers.ovn.mech_driver.ovsdb.maintenance.HashRingHealthCheckPeriodics.touch_hash_ring_node' {{(pid=87673) _process_scheduled /opt/stack/data/venv/lib/python3.12/site-packages/futurist/periodics.py:784}}
Aug 24 18:23:04.128508 np0000008000 devstack@neutron-api.service[87674]: DEBUG ovsdbapp.backend.ovs_idl.event [None req-4241b5d3-7ac4-48b7-a6ca-4568fbd0a239 None None] Matched UPDATE: LogicalSwitchPortUpdateUpEvent(events=('update',), table='Logical_Switch_Port', conditions=None, old_conditions=None), priority=20 to row=Logical_Switch_Port(uuid=2c7776fd-467f-45cb-ae0f-2699cc0e5f37, addresses=['router'], dhcpv4_options=[], dhcpv6_options=[], dynamic_addresses=[], enabled=True, external_ids={'neutron:cidrs': '172.24.5.143/24', 'neutron:device_id': '06f98dfc-1aa4-4214-b778-77eea847dde0', 'neutron:device_owner': 'network:router_gateway', 'neutron:mtu': '', 'neutron:network_name': 'neutron-fb46c481-d13a-49f0-b4cb-e2d07c96110a', 'neutron:port_capabilities': '', 'neutron:port_name': '', 'neutron:project_id': '', 'neutron:revision_number': '1', 'neutron:security_group_ids': '', 'neutron:subnet_pool_addr_scope4': '', 'neutron:subnet_pool_addr_scope6': '', 'neutron:vnic_type': 'normal'}, ha_chassis_group=[], mirror_rules=[], name='433358ce-31cd-407a-b6c1-dfc9560fbf7e', options={'exclude-lb-vips-from-garp': 'true', 'nat-addresses': 'router', 'router-port': 'lrp-433358ce-31cd-407a-b6c1-dfc9560fbf7e'}, parent_name=[], port_security=[], tag=[], tag_request=[], type='router', up=True) old=Logical_Switch_Port(uuid=2c7776fd-467f-45cb-ae0f-2699cc0e5f37, up=False) {{(pid=87674) matches /opt/stack/data/venv/lib/python3.12/site-packages/ovsdbapp/backend/ovs_idl/event.py:55}}
Aug 24 18:23:04.130051 np0000008000 devstack@neutron-api.service[87673]: DEBUG neutron.plugins.ml2.drivers.ovn.mech_driver.ovsdb.maintenance [-] Touching Hash Ring node "c13fbb124af85ee184b72bd9ccf770c7" from periodic health check thread {{(pid=87673) touch_hash_ring_node /opt/stack/neutron/neutron/plugins/ml2/drivers/ovn/mech_driver/ovsdb/maintenance.py:1532}}
Aug 24 18:23:04.130552 np0000008000 devstack@neutron-api.service[87675]: DEBUG neutron_lib.callbacks.manager [None req-01c40b81-1380-4f97-9edb-6f8bc3b4fbdd None None] Publish callbacks ['neutron.plugins.ml2.plugin.SecurityGroupDbMixin._ensure_default_security_group_handler-134077823', 'neutron.services.ovn_l3.plugin.OVNL3RouterPlugin._port_update-8390283196790', 'neutron.db.l3_db.L3_NAT_dbonly_mixin._prevent_internal_ip_change_for_fip-8390285692118'] for port (433358ce-31cd-407a-b6c1-dfc9560fbf7e), before_update {{(pid=87675) _notify_loop /opt/stack/data/venv/lib/python3.12/site-packages/neutron_lib/callbacks/manager.py:184}}
Aug 24 18:23:04.133737 np0000008000 devstack@neutron-api.service[87674]: DEBUG neutron.plugins.ml2.drivers.ovn.mech_driver.ovsdb.ovsdb_monitor [None req-4241b5d3-7ac4-48b7-a6ca-4568fbd0a239 None None] Touching Hash Ring node "b17fed3d58e25d409e050e370ebd33ec" from IDL notify handler {{(pid=87674) notify /opt/stack/neutron/neutron/plugins/ml2/drivers/ovn/mech_driver/ovsdb/ovsdb_monitor.py:1091}}
Aug 24 18:23:04.138535 np0000008000 devstack@neutron-api.service[87674]: DEBUG neutron.plugins.ml2.drivers.ovn.mech_driver.ovsdb.ovsdb_monitor [None req-4241b5d3-7ac4-48b7-a6ca-4568fbd0a239 None None] Hash Ring: Node b17fed3d58e25d409e050e370ebd33ec (host: np0000008000) handling event "update" for row 4a5439cf-359e-4be5-817b-9e4ac38ea38e (table: Logical_Router_Port) {{(pid=87674) notify /opt/stack/neutron/neutron/plugins/ml2/drivers/ovn/mech_driver/ovsdb/ovsdb_monitor.py:1099}}
Aug 24 18:23:04.167408 np0000008000 devstack@neutron-api.service[87674]: DEBUG neutron_lib.callbacks.manager [None req-e565d630-54c5-469a-99b2-db21575c08a4 None None] Publish callbacks ['neutron.plugins.ml2.plugin.SecurityGroupDbMixin._ensure_default_security_group_handler-134074477', 'neutron.services.ovn_l3.plugin.OVNL3RouterPlugin._port_update-8390284179096', 'neutron.db.l3_db.L3_NAT_dbonly_mixin._prevent_internal_ip_change_for_fip-8390285693172'] for port (433358ce-31cd-407a-b6c1-dfc9560fbf7e), before_update {{(pid=87674) _notify_loop /opt/stack/data/venv/lib/python3.12/site-packages/neutron_lib/callbacks/manager.py:184}}
Aug 24 18:23:04.212297 np0000008000 devstack@neutron-api.service[87674]: INFO neutron.common.ovn.utils [None req-8bef86a0-4b30-46cc-b4a1-593b18cd1ca0 None None] HA Chassis Group neutron-7d29e107-9a5b-4648-989c-8d146c30143f synchronized; highest priority chassis 831a9e3d-716e-443f-800f-8d77f5c55cde
Aug 24 18:23:04.214237 np0000008000 devstack@neutron-api.service[87674]: DEBUG ovsdbapp.backend.ovs_idl.transaction [None req-4241b5d3-7ac4-48b7-a6ca-4568fbd0a239 None None] Running txn 85763ed4 n=1 command(idx=0): HAChassisGroupAddCommand(_result=None, name=neutron-7d29e107-9a5b-4648-989c-8d146c30143f, may_exist=True, columns={'external_ids': {'neutron:availability_zone_hints': '', 'neutron:network_id': '7d29e107-9a5b-4648-989c-8d146c30143f', 'neutron:router_id': '06f98dfc-1aa4-4214-b778-77eea847dde0'}}) {{(pid=87674) do_commit /opt/stack/data/venv/lib/python3.12/site-packages/ovsdbapp/backend/ovs_idl/transaction.py:91}}
Aug 24 18:23:04.215094 np0000008000 devstack@neutron-api.service[87674]: DEBUG ovsdbapp.backend.ovs_idl.transaction [None req-4241b5d3-7ac4-48b7-a6ca-4568fbd0a239 None None] Running txn 85763ed4 n=1 command(idx=1): HAChassisGroupAddChassisCommand(_result=None, hcg=neutron-7d29e107-9a5b-4648-989c-8d146c30143f, chassis=831a9e3d-716e-443f-800f-8d77f5c55cde, priority=1, columns={}) {{(pid=87674) do_commit /opt/stack/data/venv/lib/python3.12/site-packages/ovsdbapp/backend/ovs_idl/transaction.py:91}}
Aug 24 18:23:04.216046 np0000008000 devstack@neutron-api.service[87673]: INFO neutron.common.ovn.utils [None req-aa152491-2716-4773-a9a4-e7917ee3fa4a None None] HA Chassis Group neutron-7d29e107-9a5b-4648-989c-8d146c30143f synchronized; highest priority chassis 831a9e3d-716e-443f-800f-8d77f5c55cde
Aug 24 18:23:04.216624 np0000008000 devstack@neutron-api.service[87673]: DEBUG ovsdbapp.backend.ovs_idl.transaction [None req-1a7fc3ba-f8c2-40db-9844-370eb5324aad None None] Running txn e264af8b n=1 command(idx=0): HAChassisGroupAddCommand(_result=None, name=neutron-7d29e107-9a5b-4648-989c-8d146c30143f, may_exist=True, columns={'external_ids': {'neutron:availability_zone_hints': '', 'neutron:network_id': '7d29e107-9a5b-4648-989c-8d146c30143f', 'neutron:router_id': '06f98dfc-1aa4-4214-b778-77eea847dde0'}}) {{(pid=87673) do_commit /opt/stack/data/venv/lib/python3.12/site-packages/ovsdbapp/backend/ovs_idl/transaction.py:91}}
Aug 24 18:23:04.217272 np0000008000 devstack@neutron-api.service[87673]: DEBUG ovsdbapp.backend.ovs_idl.transaction [None req-1a7fc3ba-f8c2-40db-9844-370eb5324aad None None] Running txn e264af8b n=1 command(idx=1): HAChassisGroupAddChassisCommand(_result=None, hcg=neutron-7d29e107-9a5b-4648-989c-8d146c30143f, chassis=831a9e3d-716e-443f-800f-8d77f5c55cde, priority=1, columns={}) {{(pid=87673) do_commit /opt/stack/data/venv/lib/python3.12/site-packages/ovsdbapp/backend/ovs_idl/transaction.py:91}}
Aug 24 18:23:04.223651 np0000008000 devstack@neutron-api.service[87673]: INFO neutron.db.ovn_revision_numbers_db [None req-60d14de8-8612-41c2-a332-645fd92674f0 admin admin] Successfully bumped revision number for resource 06f98dfc-1aa4-4214-b778-77eea847dde0 (type: routers) to 3
Aug 24 18:23:04.225548 np0000008000 devstack@neutron-api.service[87673]: ERROR ovsdbapp.backend.ovs_idl.transaction [None req-1a7fc3ba-f8c2-40db-9844-370eb5324aad None None] txn e264af8b OVSDB Error: {"details":"Transaction causes multiple rows in \"HA_Chassis_Group\" table to have identical values (neutron-7d29e107-9a5b-4648-989c-8d146c30143f) for index on column \"name\". First row, with UUID 216dd352-9dbe-4c08-9b67-6879adacb44d, existed in the database before this transaction and was not modified by the transaction. Second row, with UUID 2917f127-33b2-4591-8442-bba82587e350, was inserted by this transaction.","error":"constraint violation"}
Aug 24 18:23:04.225751 np0000008000 devstack@neutron-api.service[87674]: DEBUG neutron.plugins.ml2.drivers.ovn.mech_driver.ovsdb.ovsdb_monitor [None req-4241b5d3-7ac4-48b7-a6ca-4568fbd0a239 None None] Touching Hash Ring node "b17fed3d58e25d409e050e370ebd33ec" from IDL notify handler {{(pid=87674) notify /opt/stack/neutron/neutron/plugins/ml2/drivers/ovn/mech_driver/ovsdb/ovsdb_monitor.py:1091}}
Aug 24 18:23:04.234888 np0000008000 devstack@neutron-api.service[87674]: DEBUG neutron.plugins.ml2.drivers.ovn.mech_driver.ovsdb.ovsdb_monitor [None req-4241b5d3-7ac4-48b7-a6ca-4568fbd0a239 None None] Hash Ring: Node b17fed3d58e25d409e050e370ebd33ec (host: np0000008000) handling event "create" for row e0ddba44-b48d-4234-b95a-63c7161da4a3 (table: HA_Chassis) {{(pid=87674) notify /opt/stack/neutron/neutron/plugins/ml2/drivers/ovn/mech_driver/ovsdb/ovsdb_monitor.py:1099}}
Aug 24 18:23:04.236477 np0000008000 devstack@neutron-api.service[87673]: ERROR ovsdbapp.backend.ovs_idl.transaction [None req-aa152491-2716-4773-a9a4-e7917ee3fa4a None None]
Traceback (most recent call last):
Aug 24 18:23:04.236477 np0000008000 devstack@neutron-api.service[87673]: File "/opt/stack/data/venv/lib/python3.12/site-packages/ovsdbapp/backend/ovs_idl/connection.py", line 133, in run
Aug 24 18:23:04.236477 np0000008000 devstack@neutron-api.service[87673]: txn.results.put(txn.do_commit())
Aug 24 18:23:04.236477 np0000008000 devstack@neutron-api.service[87673]: ^^^^^^^^^^^^^^^
Aug 24 18:23:04.236477 np0000008000 devstack@neutron-api.service[87673]: File "/opt/stack/data/venv/lib/python3.12/site-packages/ovsdbapp/backend/ovs_idl/transaction.py", line 129, in do_commit
Aug 24 18:23:04.236477 np0000008000 devstack@neutron-api.service[87673]: raise RuntimeError(msg)
Aug 24 18:23:04.236477 np0000008000 devstack@neutron-api.service[87673]: RuntimeError: OVSDB Error: {"details":"Transaction causes multiple rows in \"HA_Chassis_Group\" table to have identical values (neutron-7d29e107-9a5b-4648-989c-8d146c30143f) for index on column \"name\". First row, with UUID 216dd352-9dbe-4c08-9b67-6879adacb44d, existed in the database before this transaction and was not modified by the transaction. Second row, with UUID 2917f127-33b2-4591-8442-bba82587e350, was inserted by this transaction.","error":"constraint violation"}
Aug 24 18:23:04.236477 np0000008000 devstack@neutron-api.service[87673]:
Aug 24 18:23:04.238424 np0000008000 devstack@neutron-api.service[87674]: DEBUG neutron.plugins.ml2.drivers.ovn.mech_driver.ovsdb.ovsdb_monitor [None req-4241b5d3-7ac4-48b7-a6ca-4568fbd0a239 None None] Touching Hash Ring node "b17fed3d58e25d409e050e370ebd33ec" from IDL notify handler {{(pid=87674) notify /opt/stack/neutron/neutron/plugins/ml2/drivers/ovn/mech_driver/ovsdb/ovsdb_monitor.py:1091}}
Aug 24 18:23:04.247182 np0000008000 devstack@neutron-api.service[87674]: DEBUG neutron.plugins.ml2.drivers.ovn.mech_driver.ovsdb.ovsdb_monitor [None req-4241b5d3-7ac4-48b7-a6ca-4568fbd0a239 None None] Hash Ring: Node b17fed3d58e25d409e050e370ebd33ec (host: np0000008000) handling event "create" for row 216dd352-9dbe-4c08-9b67-6879adacb44d (table: HA_Chassis_Group) {{(pid=87674) notify /opt/stack/neutron/neutron/plugins/ml2/drivers/ovn/mech_driver/ovsdb/ovsdb_monitor.py:1099}}
Aug 24 18:23:04.249061 np0000008000 devstack@neutron-api.service[87674]: DEBUG ovsdbapp.backend.ovs_idl.transaction [None req-4241b5d3-7ac4-48b7-a6ca-4568fbd0a239 None None] txn 85763ed4 succeeded {{(pid=87674) do_commit /opt/stack/data/venv/lib/python3.12/site-packages/ovsdbapp/backend/ovs_idl/transaction.py:137}}
Aug 24 18:23:04.249478 np0000008000 devstack@neutron-api.service[87673]: ERROR ovsdbapp.event [None req-aa152491-2716-4773-a9a4-e7917ee3fa4a None None] Unexpected exception in notify_loop: RuntimeError: OVSDB Error: {"details":"Transaction causes multiple rows in \"HA_Chassis_Group\" table to have identical values (neutron-7d29e107-9a5b-4648-989c-8d146c30143f) for index on column \"name\". First row, with UUID 216dd352-9dbe-4c08-9b67-6879adacb44d, existed in the database before this transaction and was not modified by the transaction. Second row, with UUID 2917f127-33b2-4591-8442-bba82587e350, was inserted by this transaction.","error":"constraint violation"}
Aug 24 18:23:04.249478 np0000008000 devstack@neutron-api.service[87673]: ERROR ovsdbapp.event
Traceback (most recent call last):
Aug 24 18:23:04.249478 np0000008000 devstack@neutron-api.service[87673]: ERROR ovsdbapp.event
File "/opt/stack/data/venv/lib/python3.12/site-packages/ovsdbapp/event.py", line 201, in notify_loop
Aug 24 18:23:04.249478 np0000008000 devstack@neutron-api.service[87673]: ERROR ovsdbapp.event match.run(event, row, updates)
Aug 24 18:23:04.249478 np0000008000 devstack@neutron-api.service[87673]: ERROR ovsdbapp.event
File "/opt/stack/neutron/neutron/services/ovn_l3/ovsdb_monitor.py", line 94, in run
Aug 24 18:23:04.249478 np0000008000 devstack@neutron-api.service[87673]: ERROR ovsdbapp.event self.l3_plugin._ovn_client.update_router_ha_chassis_group(
Aug 24 18:23:04.249478 np0000008000 devstack@neutron-api.service[87673]: ERROR ovsdbapp.event
File "/opt/stack/neutron/neutron/plugins/ml2/drivers/ovn/mech_driver/ovsdb/ovn_client.py", line 1735, in update_router_ha_chassis_group
Aug 24 18:23:04.249478 np0000008000 devstack@neutron-api.service[87673]: ERROR ovsdbapp.event self.link_network_ha_chassis_group(context, network_id, router_id)
Aug 24 18:23:04.249478 np0000008000 devstack@neutron-api.service[87673]: ERROR ovsdbapp.event
File "/opt/stack/neutron/neutron/plugins/ml2/drivers/ovn/mech_driver/ovsdb/ovn_client.py", line 2502, in link_network_ha_chassis_group
Aug 24 18:23:04.249478 np0000008000 devstack@neutron-api.service[87673]: ERROR ovsdbapp.event with self._nb_idl.transaction(check_error=True) as txn:
Aug 24 18:23:04.249478 np0000008000 devstack@neutron-api.service[87673]: ERROR ovsdbapp.event
File "/usr/lib/python3.12/contextlib.py", line 144, in __exit__
Aug 24 18:23:04.249478 np0000008000 devstack@neutron-api.service[87673]: ERROR ovsdbapp.event next(self.gen)
Aug 24 18:23:04.249478 np0000008000 devstack@neutron-api.service[87673]: ERROR ovsdbapp.event
File "/opt/stack/neutron/neutron/plugins/ml2/drivers/ovn/mech_driver/ovsdb/impl_idl_ovn.py", line 279, in transaction
Aug 24 18:23:04.249478 np0000008000 devstack@neutron-api.service[87673]: ERROR ovsdbapp.event with super().transaction(*args, **kwargs) as t:
Aug 24 18:23:04.249478 np0000008000 devstack@neutron-api.service[87673]: ERROR ovsdbapp.event
File "/usr/lib/python3.12/contextlib.py", line 144, in __exit__
Aug 24 18:23:04.249478 np0000008000 devstack@neutron-api.service[87673]: ERROR ovsdbapp.event next(self.gen)
Aug 24 18:23:04.249478 np0000008000 devstack@neutron-api.service[87673]: ERROR ovsdbapp.event
File "/opt/stack/data/venv/lib/python3.12/site-packages/ovsdbapp/api.py", line 114, in transaction
Aug 24 18:23:04.249478 np0000008000 devstack@neutron-api.service[87673]: ERROR ovsdbapp.event with self.create_transaction(
Aug 24 18:23:04.249478 np0000008000 devstack@neutron-api.service[87673]: ERROR ovsdbapp.event
File "/opt/stack/data/venv/lib/python3.12/site-packages/ovsdbapp/api.py", line 71, in __exit__
Aug 24 18:23:04.249478 np0000008000 devstack@neutron-api.service[87673]: ERROR ovsdbapp.event self.result = self.commit()
Aug 24 18:23:04.249478 np0000008000 devstack@neutron-api.service[87673]: ERROR ovsdbapp.event ^^^^^^^^^^^^^
Aug 24 18:23:04.249478 np0000008000 devstack@neutron-api.service[87673]: ERROR ovsdbapp.event
File "/opt/stack/data/venv/lib/python3.12/site-packages/ovsdbapp/backend/ovs_idl/transaction.py", line 65, in commit
Aug 24 18:23:04.249478 np0000008000 devstack@neutron-api.service[87673]: ERROR ovsdbapp.event raise result.ex
Aug 24 18:23:04.249478 np0000008000 devstack@neutron-api.service[87673]: ERROR ovsdbapp.event
File "/opt/stack/data/venv/lib/python3.12/site-packages/ovsdbapp/backend/ovs_idl/connection.py", line 133, in run
Aug 24 18:23:04.249478 np0000008000 devstack@neutron-api.service[87673]: ERROR ovsdbapp.event txn.results.put(txn.do_commit())
Aug 24 18:23:04.249478 np0000008000 devstack@neutron-api.service[87673]: ERROR ovsdbapp.event ^^^^^^^^^^^^^^^
Aug 24 18:23:04.249478 np0000008000 devstack@neutron-api.service[87673]: ERROR ovsdbapp.event
File "/opt/stack/data/venv/lib/python3.12/site-packages/ovsdbapp/backend/ovs_idl/transaction.py", line 129, in do_commit
Aug 24 18:23:04.249478 np0000008000 devstack@neutron-api.service[87673]: ERROR ovsdbapp.event raise RuntimeError(msg)
Aug 24 18:23:04.249478 np0000008000 devstack@neutron-api.service[87673]: ERROR ovsdbapp.event RuntimeError: OVSDB Error: {"details":"Transaction causes multiple rows in \"HA_Chassis_Group\" table to have identical values (neutron-7d29e107-9a5b-4648-989c-8d146c30143f) for index on column \"name\". First row, with UUID 216dd352-9dbe-4c08-9b67-6879adacb44d, existed in the database before this transaction and was not modified by the transaction. Second row, with UUID 2917f127-33b2-4591-8442-bba82587e350, was inserted by this transaction.","error":"constraint violation"}
Aug 24 18:23:04.249478 np0000008000 devstack@neutron-api.service[87673]: ERROR ovsdbapp.event
Aug 24 18:23:04.250182 np0000008000 devstack@neutron-api.service[87674]: INFO neutron.plugins.ml2.drivers.ovn.mech_driver.mech_driver [None req-8bef86a0-4b30-46cc-b4a1-593b18cd1ca0 None None] OVN reports status up for port: 433358ce-31cd-407a-b6c1-dfc9560fbf7e
Aug 24 18:23:04.256080 np0000008000 devstack@neutron-api.service[87673]: INFO neutron.db.ovn_revision_numbers_db [None req-60d14de8-8612-41c2-a332-645fd92674f0 admin admin] Successfully bumped revision number for resource 433358ce-31cd-407a-b6c1-dfc9560fbf7e (type: router_ports) to 1
Aug 24 18:23:04.256205 np0000008000 devstack@neutron-api.service[87673]: DEBUG neutron.db.ovn_revision_numbers_db [None req-60d14de8-8612-41c2-a332-645fd92674f0 admin admin] delete_revision(433358ce-31cd-407a-b6c1-dfc9560fbf7e) {{(pid=87673) delete_revision /opt/stack/neutron/neutron/db/ovn_revision_numbers_db.py:112}}
Aug 24 18:23:04.259595 np0000008000 devstack@neutron-api.service[87674]: DEBUG neutron.db.provisioning_blocks [None req-8bef86a0-4b30-46cc-b4a1-593b18cd1ca0 None None] Provisioning for port 433358ce-31cd-407a-b6c1-dfc9560fbf7e completed by entity L2. {{(pid=87674) provisioning_complete /opt/stack/neutron/neutron/db/provisioning_blocks.py:133}}
Aug 24 18:23:04.262189 np0000008000 devstack@neutron-api.service[87673]: [pid: 87673|app: 0|req: 8/25] 10.4.3.104 () {68 vars in 1508 bytes} [Mon Aug 24 18:23:03 2026] PUT /networking/v2.0/routers/06f98dfc-1aa4-4214-b778-77eea847dde0/update_external_gateways => generated 1033 bytes in 1202 msecs (HTTP/1.1 200) 4 headers in 158 bytes (1 switches on core 0)
Aug 24 18:23:04.265104 np0000008000 devstack@neutron-api.service[87674]: DEBUG neutron.db.provisioning_blocks [None req-8bef86a0-4b30-46cc-b4a1-593b18cd1ca0 None None] Provisioning complete for port 433358ce-31cd-407a-b6c1-dfc9560fbf7e triggered by entity L2. {{(pid=87674) provisioning_complete /opt/stack/neutron/neutron/db/provisioning_blocks.py:141}}
Aug 24 18:23:04.265254 np0000008000 devstack@neutron-api.service[87674]: DEBUG neutron_lib.callbacks.manager [None req-8bef86a0-4b30-46cc-b4a1-593b18cd1ca0 None None] Publish callbacks ['neutron.plugins.ml2.plugin.Ml2Plugin._port_provisioned-77195'] for port (433358ce-31cd-407a-b6c1-dfc9560fbf7e), provisioning_complete {{(pid=87674) _notify_loop /opt/stack/data/venv/lib/python3.12/site-packages/neutron_lib/callbacks/manager.py:184}}
Aug 24 18:23:04.265636 np0000008000 devstack@neutron-api.service[87674]: INFO neutron.plugins.ml2.plugin [None req-8bef86a0-4b30-46cc-b4a1-593b18cd1ca0 None None] Attempt 1 to provision port 433358ce-31cd-407a-b6c1-dfc9560fbf7e
Aug 24 18:23:04.271186 np0000008000 devstack@neutron-api.service[87675]: DEBUG neutron_lib.callbacks.manager [None req-01c40b81-1380-4f97-9edb-6f8bc3b4fbdd None None] Publish callbacks [] for port (433358ce-31cd-407a-b6c1-dfc9560fbf7e), precommit_update {{(pid=87675) _notify_loop /opt/stack/data/venv/lib/python3.12/site-packages/neutron_lib/callbacks/manager.py:184}}
Aug 24 18:23:04.276780 np0000008000 devstack@neutron-api.service[87675]: DEBUG neutron.db.provisioning_blocks [None req-01c40b81-1380-4f97-9edb-6f8bc3b4fbdd None None] Ignored duplicate provisioning block setup for port 433358ce-31cd-407a-b6c1-dfc9560fbf7e by entity L2. {{(pid=87675) add_provisioning_component /opt/stack/neutron/neutron/db/provisioning_blocks.py:69}}
Aug 24 18:23:04.296913 np0000008000 devstack@neutron-api.service[87674]: DEBUG neutron.plugins.ml2.plugin [None req-8bef86a0-4b30-46cc-b4a1-593b18cd1ca0 None None] Port 433358ce-31cd-407a-b6c1-dfc9560fbf7e cannot update to ACTIVE because it is not bound. {{(pid=87674) _port_provisioned /opt/stack/neutron/neutron/plugins/ml2/plugin.py:393}}
Aug 24 18:23:04.349164 np0000008000 devstack@neutron-api.service[87675]: DEBUG neutron_lib.callbacks.manager [None req-01c40b81-1380-4f97-9edb-6f8bc3b4fbdd None None] Publish callbacks ['neutron.plugins.ml2.ovo_rpc._ObjectChangeHandler.handle_event-133074777', 'neutron.services.ovn_l3.plugin.OVNL3RouterPlugin._port_update-8390283196790'] for port (433358ce-31cd-407a-b6c1-dfc9560fbf7e), after_update {{(pid=87675) _notify_loop /opt/stack/data/venv/lib/python3.12/site-packages/neutron_lib/callbacks/manager.py:184}}
Aug 24 18:23:04.350661 np0000008000 devstack@neutron-api.service[87674]: DEBUG neutron_lib.db.api [None req-e565d630-54c5-469a-99b2-db21575c08a4 None None] Retry wrapper got retriable exception: UPDATE statement on table 'standardattributes' expected to update 1 row(s); 0 were matched. {{(pid=87674) wrapped /opt/stack/data/venv/lib/python3.12/site-packages/neutron_lib/db/api.py:185}}
Aug 24 18:23:04.350888 np0000008000 devstack@neutron-api.service[87674]: DEBUG oslo_db.api [None req-e565d630-54c5-469a-99b2-db21575c08a4 None None] Performing DB retry for function neutron.plugins.ml2.plugin.Ml2Plugin.update_port {{(pid=87674) wrapper /opt/stack/data/venv/lib/python3.12/site-packages/oslo_db/api.py:155}}
Aug 24 18:23:04.384546 np0000008000 devstack@neutron-api.service[87675]: DEBUG neutron.api.rpc.handlers.resources_rpc [None req-01c40b81-1380-4f97-9edb-6f8bc3b4fbdd None None] Pushing event updated for resources: {'Port': ['ID=433358ce-31cd-407a-b6c1-dfc9560fbf7e,revision_number=2']} {{(pid=87675) push /opt/stack/neutron/neutron/api/rpc/handlers/resources_rpc.py:237}}
Aug 24 18:23:04.481344 np0000008000 devstack@neutron-api.service[87675]: DEBUG neutron.plugins.ml2.drivers.ovn.mech_driver.ovsdb.commands [None req-01c40b81-1380-4f97-9edb-6f8bc3b4fbdd None None] Converting tag [] to a tag_request {{(pid=87675) _tag_column_to_tag_request /opt/stack/neutron/neutron/plugins/ml2/drivers/ovn/mech_driver/ovsdb/commands.py:227}}
Aug 24 18:23:04.482797 np0000008000 devstack@neutron-api.service[87675]: DEBUG ovsdbapp.backend.ovs_idl.transaction [None req-cf8dc23b-d022-4007-9095-0f61f7a624b9 None None] Running txn bcba09e2 n=1 command(idx=0): CheckRevisionNumberCommand(_result=None, name=433358ce-31cd-407a-b6c1-dfc9560fbf7e, resource={'id': '433358ce-31cd-407a-b6c1-dfc9560fbf7e', 'name': '', 'network_id': 'fb46c481-d13a-49f0-b4cb-e2d07c96110a', 'project_id': '', 'mac_address': 'fa:16:3e:83:f7:13', 'admin_state_up': True, 'status': 'DOWN', 'device_id': '06f98dfc-1aa4-4214-b778-77eea847dde0', 'device_owner': 'network:router_gateway', 'standard_attr_id': 23, 'fixed_ips': [{'subnet_id': '4fab6b1a-fefd-464c-b56e-4920d667894b', 'ip_address': '172.24.5.143'}], 'allowed_address_pairs': [], 'extra_dhcp_opts': [], 'security_groups': [], 'description': '', 'binding:vnic_type': 'normal', 'binding:profile': {}, 'binding:host_id': 'np0000008000', 'binding:vif_type': 'unbound', 'binding:vif_details': {}, 'port_security_enabled': False, 'tags': [], 'created_at': '2026-08-24T18:23:03Z', 'updated_at': '2026-08-24T18:23:03Z', 'revision_number': 1, 'tenant_id': '', 'network': {'id': 'fb46c481-d13a-49f0-b4cb-e2d07c96110a', 'name': 'public', 'tenant_id': 'be858d4abba04fe996a7b7209fd027fc', 'project_id': 'be858d4abba04fe996a7b7209fd027fc', 'admin_state_up': True, 'mtu': 1430, 'status': 'ACTIVE', 'subnets': ['4fab6b1a-fefd-464c-b56e-4920d667894b'], 'standard_attr_id': 18, 'shared': False, 'availability_zone_hints': [], 'availability_zones': [], 'ipv4_address_scope': None, 'ipv6_address_scope': None, 'router:external': True, 'qinq': False, 'vlan_transparent': False, 'description': '', 'port_security_enabled': True, 'is_default': True, 'tags': [], 'created_at': '2026-08-24T18:22:59Z', 'updated_at': '2026-08-24T18:23:02Z', 'revision_number': 2, 'provider:network_type': 'flat', 'provider:physical_network': 'public', 'provider:segmentation_id': None}}, resource_type=ports, if_exists=True) {{(pid=87675) do_commit /opt/stack/data/venv/lib/python3.12/site-packages/ovsdbapp/backend/ovs_idl/transaction.py:91}}
Aug 24 18:23:04.482797 np0000008000 devstack@neutron-api.service[87675]: DEBUG ovsdbapp.backend.ovs_idl.transaction [None req-cf8dc23b-d022-4007-9095-0f61f7a624b9 None None] Running txn bcba09e2 n=1 command(idx=1): SetLSwitchPortCommand(_result=None, lport=433358ce-31cd-407a-b6c1-dfc9560fbf7e, external_ids_update=None, columns={'external_ids': {'neutron:port_name': '', 'neutron:device_id': '06f98dfc-1aa4-4214-b778-77eea847dde0', 'neutron:project_id': '', 'neutron:cidrs': '172.24.5.143/24', 'neutron:device_owner': 'network:router_gateway', 'neutron:subnet_pool_addr_scope4': '', 'neutron:subnet_pool_addr_scope6': '', 'neutron:network_name': 'neutron-fb46c481-d13a-49f0-b4cb-e2d07c96110a', 'neutron:security_group_ids': '', 'neutron:revision_number': '1', 'neutron:vnic_type': 'normal', 'neutron:port_capabilities': '', 'neutron:mtu': ''}, 'parent_name': [], 'options': {'requested-chassis': 'np0000008000', 'exclude-lb-vips-from-garp': 'true', 'nat-addresses': 'router', 'router-port': 'lrp-433358ce-31cd-407a-b6c1-dfc9560fbf7e'}, 'enabled': True, 'port_security': [], 'dhcpv4_options': [], 'dhcpv6_options': [], 'type': 'router', 'ha_chassis_group': [], 'tag_request': []}, if_exists=False) {{(pid=87675) do_commit /opt/stack/data/venv/lib/python3.12/site-packages/ovsdbapp/backend/ovs_idl/transaction.py:91}}
Aug 24 18:23:04.483059 np0000008000 devstack@neutron-api.service[87675]: DEBUG ovsdbapp.backend.ovs_idl.transaction [None req-cf8dc23b-d022-4007-9095-0f61f7a624b9 None None] Running txn bcba09e2 n=1 command(idx=2): PgDelPortCommand(_result=None, port_group=neutron_pg_drop, lsp=['433358ce-31cd-407a-b6c1-dfc9560fbf7e'], if_exists=False) {{(pid=87675) do_commit /opt/stack/data/venv/lib/python3.12/site-packages/ovsdbapp/backend/ovs_idl/transaction.py:91}}
Aug 24 18:23:04.484881 np0000008000 devstack@neutron-api.service[87675]: DEBUG ovsdbapp.backend.ovs_idl.transaction [None req-cf8dc23b-d022-4007-9095-0f61f7a624b9 None None] txn bcba09e2 succeeded {{(pid=87675) do_commit /opt/stack/data/venv/lib/python3.12/site-packages/ovsdbapp/backend/ovs_idl/transaction.py:137}}
Aug 24 18:23:04.487982 np0000008000 devstack@neutron-api.service[87674]: DEBUG neutron.plugins.ml2.drivers.ovn.mech_driver.ovsdb.ovsdb_monitor [None req-4241b5d3-7ac4-48b7-a6ca-4568fbd0a239 None None] Touching Hash Ring node "b17fed3d58e25d409e050e370ebd33ec" from IDL notify handler {{(pid=87674) notify /opt/stack/neutron/neutron/plugins/ml2/drivers/ovn/mech_driver/ovsdb/ovsdb_monitor.py:1091}}
Aug 24 18:23:04.494649 np0000008000 devstack@neutron-api.service[87674]: DEBUG neutron.plugins.ml2.drivers.ovn.mech_driver.ovsdb.ovsdb_monitor [None req-4241b5d3-7ac4-48b7-a6ca-4568fbd0a239 None None] Hash Ring: Node b17fed3d58e25d409e050e370ebd33ec (host: np0000008000) handling event "update" for row 2c7776fd-467f-45cb-ae0f-2699cc0e5f37 (table: Logical_Switch_Port) {{(pid=87674) notify /opt/stack/neutron/neutron/plugins/ml2/drivers/ovn/mech_driver/ovsdb/ovsdb_monitor.py:1099}}
Aug 24 18:23:04.513237 np0000008000 devstack@neutron-api.service[87675]: DEBUG neutron.plugins.ml2.managers [None req-01c40b81-1380-4f97-9edb-6f8bc3b4fbdd None None] Attempting to bind port 433358ce-31cd-407a-b6c1-dfc9560fbf7e on host np0000008000 for vnic_type normal with profile {{(pid=87675) bind_port /opt/stack/neutron/neutron/plugins/ml2/managers.py:865}}
Aug 24 18:23:04.513369 np0000008000 devstack@neutron-api.service[87675]: DEBUG neutron.plugins.ml2.managers [None req-01c40b81-1380-4f97-9edb-6f8bc3b4fbdd None None] Attempting to bind port 433358ce-31cd-407a-b6c1-dfc9560fbf7e by drivers ovn on host np0000008000 at level 0 using segments [{'id': 'f58d817e-5d3e-4f6b-b900-1c27e198cbd7', 'network_type': 'flat', 'physical_network': 'public', 'segmentation_id': None, 'network_id': 'fb46c481-d13a-49f0-b4cb-e2d07c96110a'}] {{(pid=87675) _bind_port_level /opt/stack/neutron/neutron/plugins/ml2/managers.py:890}}
Aug 24 18:23:04.514353 np0000008000 devstack@neutron-api.service[87675]: DEBUG neutron.plugins.ml2.drivers.ovn.mech_driver.mech_driver [None req-01c40b81-1380-4f97-9edb-6f8bc3b4fbdd None None] Attempting to bind port 433358ce-31cd-407a-b6c1-dfc9560fbf7e on host np0000008000 for network segment with type flat, segmentation ID None, physical network public {{(pid=87675) bind_port /opt/stack/neutron/neutron/plugins/ml2/drivers/ovn/mech_driver/mech_driver.py:1187}}
Aug 24 18:23:04.514826 np0000008000 devstack@neutron-api.service[87675]: DEBUG neutron.plugins.ml2.managers [None req-01c40b81-1380-4f97-9edb-6f8bc3b4fbdd None None] Bound port: 433358ce-31cd-407a-b6c1-dfc9560fbf7e, host: np0000008000, vif_type: ovs, vif_details: {"port_filter": true, "connectivity": "l2", "ovs_create_tap": true, "bridge_name": "br-int", "datapath_type": "system"}, binding_levels: [{'bound_driver': 'ovn', 'bound_segment': {'id': 'f58d817e-5d3e-4f6b-b900-1c27e198cbd7', 'network_type': 'flat', 'physical_network': 'public', 'segmentation_id': None, 'network_id': 'fb46c481-d13a-49f0-b4cb-e2d07c96110a'}}] {{(pid=87675) _bind_port_level /opt/stack/neutron/neutron/plugins/ml2/managers.py:1001}}
Aug 24 18:23:04.514989 np0000008000 devstack@neutron-api.service[87675]: DEBUG neutron_lib.callbacks.manager [None req-01c40b81-1380-4f97-9edb-6f8bc3b4fbdd None None] Publish callbacks ['neutron.plugins.ml2.plugin.SecurityGroupDbMixin._ensure_default_security_group_handler-134077823', 'neutron.services.ovn_l3.plugin.OVNL3RouterPlugin._port_update-8390283196790', 'neutron.db.l3_db.L3_NAT_dbonly_mixin._prevent_internal_ip_change_for_fip-8390285692118'] for port (433358ce-31cd-407a-b6c1-dfc9560fbf7e), before_update {{(pid=87675) _notify_loop /opt/stack/data/venv/lib/python3.12/site-packages/neutron_lib/callbacks/manager.py:184}}
Aug 24 18:23:04.539882 np0000008000 devstack@neutron-api.service[87675]: DEBUG neutron.plugins.ml2.db [None req-01c40b81-1380-4f97-9edb-6f8bc3b4fbdd None None] For port 433358ce-31cd-407a-b6c1-dfc9560fbf7e, host np0000008000, cleared binding levels {{(pid=87675) clear_binding_levels /opt/stack/neutron/neutron/plugins/ml2/db.py:87}}
Aug 24 18:23:04.542482 np0000008000 devstack@neutron-api.service[87675]: DEBUG neutron.plugins.ml2.db [None req-01c40b81-1380-4f97-9edb-6f8bc3b4fbdd None None] For port 433358ce-31cd-407a-b6c1-dfc9560fbf7e, host np0000008000, set binding levels [PortBindingLevel(driver='ovn',host='np0000008000',level=0,port_id=433358ce-31cd-407a-b6c1-dfc9560fbf7e,segment=NetworkSegment(f58d817e-5d3e-4f6b-b900-1c27e198cbd7),segment_id=f58d817e-5d3e-4f6b-b900-1c27e198cbd7)] {{(pid=87675) set_binding_levels /opt/stack/neutron/neutron/plugins/ml2/db.py:59}}
Aug 24 18:23:04.544064 np0000008000 devstack@neutron-api.service[87675]: DEBUG neutron.plugins.ml2.drivers.ovn.mech_driver.mech_driver [None req-01c40b81-1380-4f97-9edb-6f8bc3b4fbdd None None] No provisioning block for port 433358ce-31cd-407a-b6c1-dfc9560fbf7e since host unchanged {{(pid=87675) _is_port_provisioning_required /opt/stack/neutron/neutron/plugins/ml2/drivers/ovn/mech_driver/mech_driver.py:882}}
Aug 24 18:23:04.583175 np0000008000 devstack@neutron-api.service[87675]: DEBUG neutron_lib.callbacks.manager [None req-01c40b81-1380-4f97-9edb-6f8bc3b4fbdd None None] Publish callbacks ['neutron.plugins.ml2.ovo_rpc._ObjectChangeHandler.handle_event-133074777', 'neutron.services.ovn_l3.plugin.OVNL3RouterPlugin._port_update-8390283196790'] for port (433358ce-31cd-407a-b6c1-dfc9560fbf7e), after_update {{(pid=87675) _notify_loop /opt/stack/data/venv/lib/python3.12/site-packages/neutron_lib/callbacks/manager.py:184}}
Aug 24 18:23:04.608072 np0000008000 devstack@neutron-api.service[87675]: DEBUG neutron.api.rpc.handlers.resources_rpc [None req-01c40b81-1380-4f97-9edb-6f8bc3b4fbdd None None] Pushing event updated for resources: {'Port': ['ID=433358ce-31cd-407a-b6c1-dfc9560fbf7e,revision_number=4']} {{(pid=87675) push /opt/stack/neutron/neutron/api/rpc/handlers/resources_rpc.py:237}}
Aug 24 18:23:04.666053 np0000008000 devstack@neutron-api.service[87675]: DEBUG neutron.plugins.ml2.drivers.ovn.mech_driver.ovsdb.commands [None req-01c40b81-1380-4f97-9edb-6f8bc3b4fbdd None None] Converting tag [] to a tag_request {{(pid=87675) _tag_column_to_tag_request /opt/stack/neutron/neutron/plugins/ml2/drivers/ovn/mech_driver/ovsdb/commands.py:227}}
Aug 24 18:23:04.666912 np0000008000 devstack@neutron-api.service[87675]: DEBUG ovsdbapp.backend.ovs_idl.transaction [None req-cf8dc23b-d022-4007-9095-0f61f7a624b9 None None] Running txn a70bc46c n=1 command(idx=0): CheckRevisionNumberCommand(_result=None, name=433358ce-31cd-407a-b6c1-dfc9560fbf7e, resource={'id': '433358ce-31cd-407a-b6c1-dfc9560fbf7e', 'name': '', 'network_id': 'fb46c481-d13a-49f0-b4cb-e2d07c96110a', 'project_id': '', 'mac_address': 'fa:16:3e:83:f7:13', 'admin_state_up': True, 'status': 'DOWN', 'device_id': '06f98dfc-1aa4-4214-b778-77eea847dde0', 'device_owner': 'network:router_gateway', 'standard_attr_id': 23, 'fixed_ips': [{'subnet_id': '4fab6b1a-fefd-464c-b56e-4920d667894b', 'ip_address': '172.24.5.143'}], 'allowed_address_pairs': [], 'extra_dhcp_opts': [], 'security_groups': [], 'description': '', 'binding:vnic_type': 'normal', 'binding:profile': {}, 'binding:host_id': 'np0000008000', 'binding:vif_type': 'ovs', 'binding:vif_details': {'port_filter': True, 'connectivity': 'l2', 'ovs_create_tap': True, 'bridge_name': 'br-int', 'datapath_type': 'system', 'bound_drivers': {'0': 'ovn'}}, 'port_security_enabled': False, 'tags': [], 'created_at': '2026-08-24T18:23:03Z', 'updated_at': '2026-08-24T18:23:04Z', 'revision_number': 4, 'tenant_id': '', 'network': {'id': 'fb46c481-d13a-49f0-b4cb-e2d07c96110a', 'name': 'public', 'tenant_id': 'be858d4abba04fe996a7b7209fd027fc', 'project_id': 'be858d4abba04fe996a7b7209fd027fc', 'admin_state_up': True, 'mtu': 1430, 'status': 'ACTIVE', 'subnets': ['4fab6b1a-fefd-464c-b56e-4920d667894b'], 'standard_attr_id': 18, 'shared': False, 'availability_zone_hints': [], 'availability_zones': [], 'ipv4_address_scope': None, 'ipv6_address_scope': None, 'router:external': True, 'qinq': False, 'vlan_transparent': False, 'description': '', 'port_security_enabled': True, 'is_default': True, 'tags': [], 'created_at': '2026-08-24T18:22:59Z', 'updated_at': '2026-08-24T18:23:02Z', 'revision_number': 2, 'provider:network_type': 'flat', 'provider:physical_network': 'public', 'provider:segmentation_id': None}}, resource_type=ports, if_exists=True) {{(pid=87675) do_commit /opt/stack/data/venv/lib/python3.12/site-packages/ovsdbapp/backend/ovs_idl/transaction.py:91}}
Aug 24 18:23:04.667227 np0000008000 devstack@neutron-api.service[87675]: DEBUG ovsdbapp.backend.ovs_idl.transaction [None req-cf8dc23b-d022-4007-9095-0f61f7a624b9 None None] Running txn a70bc46c n=1 command(idx=1): SetLSwitchPortCommand(_result=None, lport=433358ce-31cd-407a-b6c1-dfc9560fbf7e, external_ids_update=None, columns={'external_ids': {'neutron:port_name': '', 'neutron:device_id': '06f98dfc-1aa4-4214-b778-77eea847dde0', 'neutron:project_id': '', 'neutron:cidrs': '172.24.5.143/24', 'neutron:device_owner': 'network:router_gateway', 'neutron:subnet_pool_addr_scope4': '', 'neutron:subnet_pool_addr_scope6': '', 'neutron:network_name': 'neutron-fb46c481-d13a-49f0-b4cb-e2d07c96110a', 'neutron:security_group_ids': '', 'neutron:revision_number': '4', 'neutron:vnic_type': 'normal', 'neutron:port_capabilities': '', 'neutron:mtu': ''}, 'parent_name': [], 'options': {'requested-chassis': 'np0000008000', 'exclude-lb-vips-from-garp': 'true', 'nat-addresses': 'router', 'router-port': 'lrp-433358ce-31cd-407a-b6c1-dfc9560fbf7e'}, 'enabled': True, 'port_security': [], 'dhcpv4_options': [], 'dhcpv6_options': [], 'type': 'router', 'ha_chassis_group': [], 'tag_request': []}, if_exists=False) {{(pid=87675) do_commit /opt/stack/data/venv/lib/python3.12/site-packages/ovsdbapp/backend/ovs_idl/transaction.py:91}}
Aug 24 18:23:04.667804 np0000008000 devstack@neutron-api.service[87675]: DEBUG ovsdbapp.backend.ovs_idl.transaction [None req-cf8dc23b-d022-4007-9095-0f61f7a624b9 None None] Running txn a70bc46c n=1 command(idx=2): PgDelPortCommand(_result=None, port_group=neutron_pg_drop, lsp=['433358ce-31cd-407a-b6c1-dfc9560fbf7e'], if_exists=False) {{(pid=87675) do_commit /opt/stack/data/venv/lib/python3.12/site-packages/ovsdbapp/backend/ovs_idl/transaction.py:91}}
Aug 24 18:23:04.678788 np0000008000 devstack@neutron-api.service[87675]: DEBUG ovsdbapp.backend.ovs_idl.transaction [None req-cf8dc23b-d022-4007-9095-0f61f7a624b9 None None] txn a70bc46c succeeded {{(pid=87675) do_commit /opt/stack/data/venv/lib/python3.12/site-packages/ovsdbapp/backend/ovs_idl/transaction.py:137}}
Aug 24 18:23:04.681333 np0000008000 devstack@neutron-api.service[87674]: DEBUG neutron.plugins.ml2.drivers.ovn.mech_driver.ovsdb.ovsdb_monitor [None req-4241b5d3-7ac4-48b7-a6ca-4568fbd0a239 None None] Touching Hash Ring node "b17fed3d58e25d409e050e370ebd33ec" from IDL notify handler {{(pid=87674) notify /opt/stack/neutron/neutron/plugins/ml2/drivers/ovn/mech_driver/ovsdb/ovsdb_monitor.py:1091}}
Aug 24 18:23:04.682171 np0000008000 devstack@neutron-api.service[87673]: DEBUG neutron.plugins.ml2.drivers.ovn.mech_driver.ovsdb.ovsdb_monitor [None req-89d2efb1-4f50-40e6-b02e-0a629507c6b2 None None] Touching Hash Ring node "c13fbb124af85ee184b72bd9ccf770c7" from IDL notify handler {{(pid=87673) notify /opt/stack/neutron/neutron/plugins/ml2/drivers/ovn/mech_driver/ovsdb/ovsdb_monitor.py:1091}}
Aug 24 18:23:04.685643 np0000008000 devstack@neutron-api.service[87674]: DEBUG neutron.plugins.ml2.drivers.ovn.mech_driver.ovsdb.ovsdb_monitor [None req-0229a854-167e-4b76-bf17-f9eedea10c71 None None] Touching Hash Ring node "b17fed3d58e25d409e050e370ebd33ec" from IDL notify handler {{(pid=87674) notify /opt/stack/neutron/neutron/plugins/ml2/drivers/ovn/mech_driver/ovsdb/ovsdb_monitor.py:1091}}
Aug 24 18:23:04.688047 np0000008000 devstack@neutron-api.service[87673]: DEBUG neutron.plugins.ml2.drivers.ovn.mech_driver.ovsdb.ovsdb_monitor [None req-89d2efb1-4f50-40e6-b02e-0a629507c6b2 None None] Hash Ring: Node c13fbb124af85ee184b72bd9ccf770c7 (host: np0000008000) handling event "update" for row 296d6187-a9b9-423f-b1a6-3e505aa1a709 (table: Port_Binding) {{(pid=87673) notify /opt/stack/neutron/neutron/plugins/ml2/drivers/ovn/mech_driver/ovsdb/ovsdb_monitor.py:1099}}
Aug 24 18:23:04.689132 np0000008000 devstack@neutron-api.service[87674]: DEBUG neutron.plugins.ml2.drivers.ovn.mech_driver.ovsdb.ovsdb_monitor [None req-4241b5d3-7ac4-48b7-a6ca-4568fbd0a239 None None] Hash Ring: Node b17fed3d58e25d409e050e370ebd33ec (host: np0000008000) handling event "update" for row 2c7776fd-467f-45cb-ae0f-2699cc0e5f37 (table: Logical_Switch_Port) {{(pid=87674) notify /opt/stack/neutron/neutron/plugins/ml2/drivers/ovn/mech_driver/ovsdb/ovsdb_monitor.py:1099}}
Aug 24 18:23:04.690637 np0000008000 devstack@neutron-api.service[87674]: DEBUG neutron.plugins.ml2.drivers.ovn.mech_driver.ovsdb.ovsdb_monitor [None req-0229a854-167e-4b76-bf17-f9eedea10c71 None None] Hash Ring: Node b17fed3d58e25d409e050e370ebd33ec (host: np0000008000) handling event "update" for row 296d6187-a9b9-423f-b1a6-3e505aa1a709 (table: Port_Binding) {{(pid=87674) notify /opt/stack/neutron/neutron/plugins/ml2/drivers/ovn/mech_driver/ovsdb/ovsdb_monitor.py:1099}}
Aug 24 18:23:04.700329 np0000008000 devstack@neutron-api.service[87675]: INFO neutron.db.ovn_revision_numbers_db [None req-01c40b81-1380-4f97-9edb-6f8bc3b4fbdd None None] Successfully bumped revision number for resource 433358ce-31cd-407a-b6c1-dfc9560fbf7e (type: ports) to 4
Aug 24 18:23:04.706012 np0000008000 devstack@neutron-api.service[87675]: DEBUG ovsdbapp.backend.ovs_idl.transaction [None req-cf8dc23b-d022-4007-9095-0f61f7a624b9 None None] Running txn e6ce5cca n=1 command(idx=0): DbSetCommand(_result=None, table=Logical_Switch_Port, record=433358ce-31cd-407a-b6c1-dfc9560fbf7e, col_values=(('external_ids', {'neutron:host_id': 'np0000008000'}),), if_exists=True) {{(pid=87675) do_commit /opt/stack/data/venv/lib/python3.12/site-packages/ovsdbapp/backend/ovs_idl/transaction.py:91}}
Aug 24 18:23:04.708159 np0000008000 devstack@neutron-api.service[87675]: DEBUG ovsdbapp.backend.ovs_idl.transaction [None req-cf8dc23b-d022-4007-9095-0f61f7a624b9 None None] txn e6ce5cca succeeded {{(pid=87675) do_commit /opt/stack/data/venv/lib/python3.12/site-packages/ovsdbapp/backend/ovs_idl/transaction.py:137}}
Aug 24 18:23:04.710275 np0000008000 devstack@neutron-api.service[87674]: DEBUG neutron.plugins.ml2.drivers.ovn.mech_driver.ovsdb.ovsdb_monitor [None req-4241b5d3-7ac4-48b7-a6ca-4568fbd0a239 None None] Touching Hash Ring node "b17fed3d58e25d409e050e370ebd33ec" from IDL notify handler {{(pid=87674) notify /opt/stack/neutron/neutron/plugins/ml2/drivers/ovn/mech_driver/ovsdb/ovsdb_monitor.py:1091}}
Aug 24 18:23:04.714228 np0000008000 devstack@neutron-api.service[87674]: DEBUG neutron.plugins.ml2.drivers.ovn.mech_driver.ovsdb.ovsdb_monitor [None req-0229a854-167e-4b76-bf17-f9eedea10c71 None None] Touching Hash Ring node "b17fed3d58e25d409e050e370ebd33ec" from IDL notify handler {{(pid=87674) notify /opt/stack/neutron/neutron/plugins/ml2/drivers/ovn/mech_driver/ovsdb/ovsdb_monitor.py:1091}}
Aug 24 18:23:04.714661 np0000008000 devstack@neutron-api.service[87673]: DEBUG neutron.plugins.ml2.drivers.ovn.mech_driver.ovsdb.ovsdb_monitor [None req-89d2efb1-4f50-40e6-b02e-0a629507c6b2 None None] Touching Hash Ring node "c13fbb124af85ee184b72bd9ccf770c7" from IDL notify handler {{(pid=87673) notify /opt/stack/neutron/neutron/plugins/ml2/drivers/ovn/mech_driver/ovsdb/ovsdb_monitor.py:1091}}
Aug 24 18:23:04.716343 np0000008000 devstack@neutron-api.service[87674]: DEBUG neutron.plugins.ml2.drivers.ovn.mech_driver.ovsdb.ovsdb_monitor [None req-4241b5d3-7ac4-48b7-a6ca-4568fbd0a239 None None] Hash Ring: Node b17fed3d58e25d409e050e370ebd33ec (host: np0000008000) handling event "update" for row 2c7776fd-467f-45cb-ae0f-2699cc0e5f37 (table: Logical_Switch_Port) {{(pid=87674) notify /opt/stack/neutron/neutron/plugins/ml2/drivers/ovn/mech_driver/ovsdb/ovsdb_monitor.py:1099}}
Aug 24 18:23:04.717813 np0000008000 devstack@neutron-api.service[87673]: DEBUG neutron.plugins.ml2.drivers.ovn.mech_driver.ovsdb.ovsdb_monitor [None req-89d2efb1-4f50-40e6-b02e-0a629507c6b2 None None] Hash Ring: Node c13fbb124af85ee184b72bd9ccf770c7 (host: np0000008000) handling event "update" for row 296d6187-a9b9-423f-b1a6-3e505aa1a709 (table: Port_Binding) {{(pid=87673) notify /opt/stack/neutron/neutron/plugins/ml2/drivers/ovn/mech_driver/ovsdb/ovsdb_monitor.py:1099}}
