May 26 19:15:17.577912 np0000001451 devstack@neutron-api.service[87091]: DEBUG neutron_lib.callbacks.manager [None req-daf914f5-51ab-46c3-961e-f818913ed4a4 None None] Publish callbacks ['neutron.plugins.ml2.ovo_rpc._ObjectChangeHandler.handle_event-1173278', 'neutron.services.ovn_l3.plugin.OVNL3RouterPlugin._port_update-7857166503726'] for port (cafc3175-3584-4543-93ea-43b2fd903076), after_update {{(pid=87091) _notify_loop /opt/stack/data/venv/lib/python3.12/site-packages/neutron_lib/callbacks/manager.py:184}}
May 26 19:15:17.596584 np0000001451 devstack@neutron-api.service[87091]: DEBUG neutron.api.rpc.handlers.resources_rpc [None req-c62f5734-c323-43c7-a640-e1167f270a8b None None] Pushing event updated for resources: {'Port': ['ID=cafc3175-3584-4543-93ea-43b2fd903076,revision_number=2']} {{(pid=87091) push /opt/stack/neutron/neutron/api/rpc/handlers/resources_rpc.py:237}}
May 26 19:15:19.594793 np0000001451 devstack@neutron-api.service[87091]: DEBUG neutron.plugins.ml2.drivers.ovn.mech_driver.ovsdb.ovsdb_monitor [None req-8fff07f5-7fb6-4b15-8987-eaae4ccb562c None None] Touching Hash Ring node "8aaca36064a55e1e8a9ac3b987dbd648" from IDL notify handler {{(pid=87091) notify /opt/stack/neutron/neutron/plugins/ml2/drivers/ovn/mech_driver/ovsdb/ovsdb_monitor.py:978}}
May 26 19:15:19.602002 np0000001451 devstack@neutron-api.service[87091]: DEBUG neutron.plugins.ml2.drivers.ovn.mech_driver.ovsdb.ovsdb_monitor [None req-8fff07f5-7fb6-4b15-8987-eaae4ccb562c None None] Hash Ring: Node 8aaca36064a55e1e8a9ac3b987dbd648 (host: np0000001451) handling event "update" for row 8568697e-854c-4523-b490-0db9aa882d6b (table: NB_Global) {{(pid=87091) notify /opt/stack/neutron/neutron/plugins/ml2/drivers/ovn/mech_driver/ovsdb/ovsdb_monitor.py:986}}
May 26 19:15:19.999133 np0000001451 devstack@neutron-api.service[87091]: DEBUG neutron.plugins.ml2.drivers.ovn.mech_driver.ovsdb.ovsdb_monitor [None req-8fff07f5-7fb6-4b15-8987-eaae4ccb562c None None] Touching Hash Ring node "8aaca36064a55e1e8a9ac3b987dbd648" from IDL notify handler {{(pid=87091) notify /opt/stack/neutron/neutron/plugins/ml2/drivers/ovn/mech_driver/ovsdb/ovsdb_monitor.py:978}}
May 26 19:15:20.002751 np0000001451 devstack@neutron-api.service[87091]: DEBUG neutron.plugins.ml2.drivers.ovn.mech_driver.ovsdb.ovsdb_monitor [None req-8fff07f5-7fb6-4b15-8987-eaae4ccb562c None None] Hash Ring: Node 8aaca36064a55e1e8a9ac3b987dbd648 (host: np0000001451) handling event "update" for row 8568697e-854c-4523-b490-0db9aa882d6b (table: NB_Global) {{(pid=87091) notify /opt/stack/neutron/neutron/plugins/ml2/drivers/ovn/mech_driver/ovsdb/ovsdb_monitor.py:986}}
May 26 19:15:20.004006 np0000001451 devstack@neutron-api.service[87091]: DEBUG neutron.plugins.ml2.drivers.ovn.mech_driver.ovsdb.ovsdb_monitor [None req-8fff07f5-7fb6-4b15-8987-eaae4ccb562c None None] Touching Hash Ring node "8aaca36064a55e1e8a9ac3b987dbd648" from IDL notify handler {{(pid=87091) notify /opt/stack/neutron/neutron/plugins/ml2/drivers/ovn/mech_driver/ovsdb/ovsdb_monitor.py:978}}
May 26 19:15:20.006604 np0000001451 devstack@neutron-api.service[87091]: DEBUG neutron.plugins.ml2.drivers.ovn.mech_driver.ovsdb.ovsdb_monitor [None req-8fff07f5-7fb6-4b15-8987-eaae4ccb562c None None] Hash Ring: Node 8aaca36064a55e1e8a9ac3b987dbd648 (host: np0000001451) handling event "update" for row 8568697e-854c-4523-b490-0db9aa882d6b (table: NB_Global) {{(pid=87091) notify /opt/stack/neutron/neutron/plugins/ml2/drivers/ovn/mech_driver/ovsdb/ovsdb_monitor.py:986}}
May 26 19:15:20.012878 np0000001451 devstack@neutron-api.service[87091]: DEBUG neutron.plugins.ml2.drivers.ovn.mech_driver.ovsdb.ovsdb_monitor [None req-8fff07f5-7fb6-4b15-8987-eaae4ccb562c None None] Touching Hash Ring node "8aaca36064a55e1e8a9ac3b987dbd648" from IDL notify handler {{(pid=87091) notify /opt/stack/neutron/neutron/plugins/ml2/drivers/ovn/mech_driver/ovsdb/ovsdb_monitor.py:978}}
May 26 19:15:20.016179 np0000001451 devstack@neutron-api.service[87091]: DEBUG neutron.plugins.ml2.drivers.ovn.mech_driver.ovsdb.ovsdb_monitor [None req-8fff07f5-7fb6-4b15-8987-eaae4ccb562c None None] Hash Ring: Node 8aaca36064a55e1e8a9ac3b987dbd648 (host: np0000001451) handling event "update" for row 8568697e-854c-4523-b490-0db9aa882d6b (table: NB_Global) {{(pid=87091) notify /opt/stack/neutron/neutron/plugins/ml2/drivers/ovn/mech_driver/ovsdb/ovsdb_monitor.py:986}}
May 26 19:15:22.969923 np0000001451 devstack@neutron-api.service[87091]: WARNING neutron.plugins.ml2.drivers.ovn.mech_driver.ovsdb.ovn_client [None req-c62f5734-c323-43c7-a640-e1167f270a8b None None] No hosting information found for port cafc3175-3584-4543-93ea-43b2fd903076: RuntimeError: No hosting information found for port cafc3175-3584-4543-93ea-43b2fd903076
May 26 19:15:22.991790 np0000001451 devstack@neutron-api.service[87091]: INFO neutron.common.ovn.utils [None req-c62f5734-c323-43c7-a640-e1167f270a8b None None] HA Chassis Group neutron-b650683d-fe27-486b-b3d6-3c82f8eec0c2 synchronized; highest priority chassis 400bf4be-d589-493a-9001-b745065cafd1
May 26 19:15:22.992644 np0000001451 devstack@neutron-api.service[87091]: DEBUG ovsdbapp.backend.ovs_idl.transaction [None req-8fff07f5-7fb6-4b15-8987-eaae4ccb562c None None] Running txn n=1 command(idx=0): DbSetCommand(_result=None, table=HA_Chassis_Group, record=neutron-b650683d-fe27-486b-b3d6-3c82f8eec0c2, col_values=(('external_ids', {'neutron:availability_zone_hints': '', 'neutron:network_id': 'b650683d-fe27-486b-b3d6-3c82f8eec0c2', 'neutron:router_id': 'acf111d9-cdbf-4153-b3bd-9f1ebf052e85'}),), if_exists=True) {{(pid=87091) do_commit /opt/stack/data/venv/lib/python3.12/site-packages/ovsdbapp/backend/ovs_idl/transaction.py:89}}
May 26 19:15:22.993135 np0000001451 devstack@neutron-api.service[87091]: DEBUG ovsdbapp.backend.ovs_idl.transaction [None req-8fff07f5-7fb6-4b15-8987-eaae4ccb562c None None] Running txn n=1 command(idx=1): HAChassisGroupAddChassisCommand(_result=None, hcg=neutron-b650683d-fe27-486b-b3d6-3c82f8eec0c2, chassis=400bf4be-d589-493a-9001-b745065cafd1, priority=1, columns={}) {{(pid=87091) do_commit /opt/stack/data/venv/lib/python3.12/site-packages/ovsdbapp/backend/ovs_idl/transaction.py:89}}
May 26 19:15:22.993584 np0000001451 devstack@neutron-api.service[87091]: DEBUG ovsdbapp.backend.ovs_idl.transaction [None req-8fff07f5-7fb6-4b15-8987-eaae4ccb562c None None] Transaction caused no change {{(pid=87091) do_commit /opt/stack/data/venv/lib/python3.12/site-packages/ovsdbapp/backend/ovs_idl/transaction.py:129}}
May 26 19:15:23.042728 np0000001451 devstack@neutron-api.service[87091]: DEBUG ovsdbapp.backend.ovs_idl.transaction [None req-8fff07f5-7fb6-4b15-8987-eaae4ccb562c None None] Running txn n=1 command(idx=0): CheckRevisionNumberCommand(_result=None, name=lrp-cafc3175-3584-4543-93ea-43b2fd903076, resource={'id': 'cafc3175-3584-4543-93ea-43b2fd903076', 'name': '', 'network_id': 'b650683d-fe27-486b-b3d6-3c82f8eec0c2', 'project_id': '71a73d40b01e447cbf8561294fa24ccf', 'mac_address': 'fa:16:3e:54:70:cb', 'admin_state_up': True, 'status': 'ACTIVE', 'device_id': 'acf111d9-cdbf-4153-b3bd-9f1ebf052e85', 'device_owner': 'network:router_interface', 'standard_attr_id': 24, 'fixed_ips': [{'subnet_id': '50bf8fb9-b473-48df-8fab-6ebdb4144ef2', 'ip_address': 'fded:b1be:ff42::1'}], 'allowed_address_pairs': [], 'extra_dhcp_opts': [], 'security_groups': [], 'description': '', 'binding:vnic_type': 'normal', 'binding:profile': {}, 'binding:host_id': '', 'binding:vif_type': 'unbound', 'binding:vif_details': {}, 'port_security_enabled': False, 'tags': [], 'created_at': '2026-05-26T19:15:13Z', 'updated_at': '2026-05-26T19:15:17Z', 'revision_number': 2, 'tenant_id': '71a73d40b01e447cbf8561294fa24ccf'}, resource_type=router_ports, if_exists=True) {{(pid=87091) do_commit /opt/stack/data/venv/lib/python3.12/site-packages/ovsdbapp/backend/ovs_idl/transaction.py:89}}
May 26 19:15:23.043086 np0000001451 devstack@neutron-api.service[87091]: DEBUG ovsdbapp.backend.ovs_idl.transaction [None req-8fff07f5-7fb6-4b15-8987-eaae4ccb562c None None] Running txn n=1 command(idx=1): UpdateLRouterPortCommand(_result=None, name=lrp-cafc3175-3584-4543-93ea-43b2fd903076, columns={'external_ids': {'neutron:revision_number': '2', 'neutron:subnet_ids': '50bf8fb9-b473-48df-8fab-6ebdb4144ef2', 'neutron:network_name': 'neutron-b650683d-fe27-486b-b3d6-3c82f8eec0c2', 'neutron:is_ext_gw': 'False', 'neutron:router_name': 'neutron-acf111d9-cdbf-4153-b3bd-9f1ebf052e85'}, 'options': {}, 'networks': ['fded:b1be:ff42::1/64'], 'ipv6_ra_configs': {'address_mode': 'slaac', 'send_periodic': 'true', 'mtu': '1372'}}, if_exists=False) {{(pid=87091) do_commit /opt/stack/data/venv/lib/python3.12/site-packages/ovsdbapp/backend/ovs_idl/transaction.py:89}}
May 26 19:15:23.043608 np0000001451 devstack@neutron-api.service[87091]: DEBUG ovsdbapp.backend.ovs_idl.transaction [None req-8fff07f5-7fb6-4b15-8987-eaae4ccb562c None None] Running txn n=1 command(idx=2): SetLRouterPortInLSwitchPortCommand(_result=None, lswitch_port=cafc3175-3584-4543-93ea-43b2fd903076, lrouter_port=lrp-cafc3175-3584-4543-93ea-43b2fd903076, is_gw_port=False, if_exists=True, lsp_address=router) {{(pid=87091) do_commit /opt/stack/data/venv/lib/python3.12/site-packages/ovsdbapp/backend/ovs_idl/transaction.py:89}}
May 26 19:15:23.062064 np0000001451 devstack@neutron-api.service[87091]: DEBUG neutron.plugins.ml2.drivers.ovn.mech_driver.ovsdb.ovsdb_monitor [None req-8fff07f5-7fb6-4b15-8987-eaae4ccb562c None None] Touching Hash Ring node "8aaca36064a55e1e8a9ac3b987dbd648" from IDL notify handler {{(pid=87091) notify /opt/stack/neutron/neutron/plugins/ml2/drivers/ovn/mech_driver/ovsdb/ovsdb_monitor.py:978}}
May 26 19:15:23.065360 np0000001451 devstack@neutron-api.service[87091]: DEBUG neutron.plugins.ml2.drivers.ovn.mech_driver.ovsdb.ovsdb_monitor [None req-eaaf00f6-675a-46ab-ace5-9b3a6e4ad8bc None None] Touching Hash Ring node "8aaca36064a55e1e8a9ac3b987dbd648" from IDL notify handler {{(pid=87091) notify /opt/stack/neutron/neutron/plugins/ml2/drivers/ovn/mech_driver/ovsdb/ovsdb_monitor.py:978}}
May 26 19:15:23.070926 np0000001451 devstack@neutron-api.service[87091]: DEBUG neutron.plugins.ml2.drivers.ovn.mech_driver.ovsdb.ovsdb_monitor [None req-8fff07f5-7fb6-4b15-8987-eaae4ccb562c None None] Hash Ring: Node 8aaca36064a55e1e8a9ac3b987dbd648 (host: np0000001451) handling event "update" for row 53bc6f74-e78d-4dee-989f-6d55aa0aa86a (table: Logical_Router_Port) {{(pid=87091) notify /opt/stack/neutron/neutron/plugins/ml2/drivers/ovn/mech_driver/ovsdb/ovsdb_monitor.py:986}}
May 26 19:15:23.073059 np0000001451 devstack@neutron-api.service[87091]: DEBUG neutron.plugins.ml2.drivers.ovn.mech_driver.ovsdb.ovsdb_monitor [None req-eaaf00f6-675a-46ab-ace5-9b3a6e4ad8bc None None] Hash Ring: Node 8aaca36064a55e1e8a9ac3b987dbd648 (host: np0000001451) handling event "update" for row ef38aa27-631a-47a7-a022-b97e62732d6c (table: Port_Binding) {{(pid=87091) notify /opt/stack/neutron/neutron/plugins/ml2/drivers/ovn/mech_driver/ovsdb/ovsdb_monitor.py:986}}
May 26 19:15:23.091053 np0000001451 devstack@neutron-api.service[87091]: INFO neutron.db.ovn_revision_numbers_db [None req-c62f5734-c323-43c7-a640-e1167f270a8b None None] Successfully bumped revision number for resource cafc3175-3584-4543-93ea-43b2fd903076 (type: router_ports) to 2
May 26 19:15:23.115252 np0000001451 devstack@neutron-api.service[87091]: INFO neutron.common.ovn.utils [None req-c62f5734-c323-43c7-a640-e1167f270a8b None None] HA Chassis Group neutron-b650683d-fe27-486b-b3d6-3c82f8eec0c2 synchronized; highest priority chassis 400bf4be-d589-493a-9001-b745065cafd1
May 26 19:15:23.116061 np0000001451 devstack@neutron-api.service[87091]: DEBUG ovsdbapp.backend.ovs_idl.transaction [None req-8fff07f5-7fb6-4b15-8987-eaae4ccb562c None None] Running txn n=1 command(idx=0): DbSetCommand(_result=None, table=HA_Chassis_Group, record=neutron-b650683d-fe27-486b-b3d6-3c82f8eec0c2, col_values=(('external_ids', {'neutron:availability_zone_hints': '', 'neutron:network_id': 'b650683d-fe27-486b-b3d6-3c82f8eec0c2', 'neutron:router_id': 'acf111d9-cdbf-4153-b3bd-9f1ebf052e85'}),), if_exists=True) {{(pid=87091) do_commit /opt/stack/data/venv/lib/python3.12/site-packages/ovsdbapp/backend/ovs_idl/transaction.py:89}}
May 26 19:15:23.116527 np0000001451 devstack@neutron-api.service[87091]: DEBUG ovsdbapp.backend.ovs_idl.transaction [None req-8fff07f5-7fb6-4b15-8987-eaae4ccb562c None None] Running txn n=1 command(idx=1): HAChassisGroupAddChassisCommand(_result=None, hcg=neutron-b650683d-fe27-486b-b3d6-3c82f8eec0c2, chassis=400bf4be-d589-493a-9001-b745065cafd1, priority=1, columns={}) {{(pid=87091) do_commit /opt/stack/data/venv/lib/python3.12/site-packages/ovsdbapp/backend/ovs_idl/transaction.py:89}}
May 26 19:15:23.116902 np0000001451 devstack@neutron-api.service[87091]: DEBUG ovsdbapp.backend.ovs_idl.transaction [None req-8fff07f5-7fb6-4b15-8987-eaae4ccb562c None None] Transaction caused no change {{(pid=87091) do_commit /opt/stack/data/venv/lib/python3.12/site-packages/ovsdbapp/backend/ovs_idl/transaction.py:129}}
May 26 19:15:23.141141 np0000001451 devstack@neutron-api.service[87091]: INFO neutron.common.ovn.utils [None req-c62f5734-c323-43c7-a640-e1167f270a8b None None] HA Chassis Group neutron-b650683d-fe27-486b-b3d6-3c82f8eec0c2 synchronized; highest priority chassis 400bf4be-d589-493a-9001-b745065cafd1
May 26 19:15:23.141923 np0000001451 devstack@neutron-api.service[87091]: DEBUG ovsdbapp.backend.ovs_idl.transaction [None req-8fff07f5-7fb6-4b15-8987-eaae4ccb562c None None] Running txn n=1 command(idx=0): DbSetCommand(_result=None, table=HA_Chassis_Group, record=neutron-b650683d-fe27-486b-b3d6-3c82f8eec0c2, col_values=(('external_ids', {'neutron:availability_zone_hints': '', 'neutron:network_id': 'b650683d-fe27-486b-b3d6-3c82f8eec0c2', 'neutron:router_id': 'acf111d9-cdbf-4153-b3bd-9f1ebf052e85'}),), if_exists=True) {{(pid=87091) do_commit /opt/stack/data/venv/lib/python3.12/site-packages/ovsdbapp/backend/ovs_idl/transaction.py:89}}
May 26 19:15:23.142351 np0000001451 devstack@neutron-api.service[87091]: DEBUG ovsdbapp.backend.ovs_idl.transaction [None req-8fff07f5-7fb6-4b15-8987-eaae4ccb562c None None] Running txn n=1 command(idx=1): HAChassisGroupAddChassisCommand(_result=None, hcg=neutron-b650683d-fe27-486b-b3d6-3c82f8eec0c2, chassis=400bf4be-d589-493a-9001-b745065cafd1, priority=1, columns={}) {{(pid=87091) do_commit /opt/stack/data/venv/lib/python3.12/site-packages/ovsdbapp/backend/ovs_idl/transaction.py:89}}
May 26 19:15:23.142838 np0000001451 devstack@neutron-api.service[87091]: DEBUG ovsdbapp.backend.ovs_idl.transaction [None req-8fff07f5-7fb6-4b15-8987-eaae4ccb562c None None] Transaction caused no change {{(pid=87091) do_commit /opt/stack/data/venv/lib/python3.12/site-packages/ovsdbapp/backend/ovs_idl/transaction.py:129}}
May 26 19:15:23.199657 np0000001451 devstack@neutron-api.service[87091]: DEBUG ovsdbapp.backend.ovs_idl.transaction [None req-8fff07f5-7fb6-4b15-8987-eaae4ccb562c None None] Running txn n=1 command(idx=0): CheckRevisionNumberCommand(_result=None, name=lrp-cafc3175-3584-4543-93ea-43b2fd903076, resource={'id': 'cafc3175-3584-4543-93ea-43b2fd903076', 'name': '', 'network_id': 'b650683d-fe27-486b-b3d6-3c82f8eec0c2', 'project_id': '71a73d40b01e447cbf8561294fa24ccf', 'mac_address': 'fa:16:3e:54:70:cb', 'admin_state_up': True, 'status': 'ACTIVE', 'device_id': 'acf111d9-cdbf-4153-b3bd-9f1ebf052e85', 'device_owner': 'network:router_interface', 'standard_attr_id': 24, 'fixed_ips': [{'subnet_id': '50bf8fb9-b473-48df-8fab-6ebdb4144ef2', 'ip_address': 'fded:b1be:ff42::1'}], 'allowed_address_pairs': [], 'extra_dhcp_opts': [], 'security_groups': [], 'description': '', 'binding:vnic_type': 'normal', 'binding:profile': {}, 'binding:host_id': '', 'binding:vif_type': 'unbound', 'binding:vif_details': {}, 'port_security_enabled': False, 'tags': [], 'created_at': '2026-05-26T19:15:13Z', 'updated_at': '2026-05-26T19:15:17Z', 'revision_number': 2, 'tenant_id': '71a73d40b01e447cbf8561294fa24ccf'}, resource_type=router_ports, if_exists=True) {{(pid=87091) do_commit /opt/stack/data/venv/lib/python3.12/site-packages/ovsdbapp/backend/ovs_idl/transaction.py:89}}
May 26 19:15:23.200066 np0000001451 devstack@neutron-api.service[87091]: DEBUG ovsdbapp.backend.ovs_idl.transaction [None req-8fff07f5-7fb6-4b15-8987-eaae4ccb562c None None] Running txn n=1 command(idx=1): UpdateLRouterPortCommand(_result=None, name=lrp-cafc3175-3584-4543-93ea-43b2fd903076, columns={'external_ids': {'neutron:revision_number': '2', 'neutron:subnet_ids': '50bf8fb9-b473-48df-8fab-6ebdb4144ef2', 'neutron:network_name': 'neutron-b650683d-fe27-486b-b3d6-3c82f8eec0c2', 'neutron:is_ext_gw': 'False', 'neutron:router_name': 'neutron-acf111d9-cdbf-4153-b3bd-9f1ebf052e85'}, 'options': {}, 'networks': ['fded:b1be:ff42::1/64'], 'ipv6_ra_configs': {'address_mode': 'slaac', 'send_periodic': 'true', 'mtu': '1372'}}, if_exists=False) {{(pid=87091) do_commit /opt/stack/data/venv/lib/python3.12/site-packages/ovsdbapp/backend/ovs_idl/transaction.py:89}}
May 26 19:15:23.200536 np0000001451 devstack@neutron-api.service[87091]: DEBUG ovsdbapp.backend.ovs_idl.transaction [None req-8fff07f5-7fb6-4b15-8987-eaae4ccb562c None None] Running txn n=1 command(idx=2): SetLRouterPortInLSwitchPortCommand(_result=None, lswitch_port=cafc3175-3584-4543-93ea-43b2fd903076, lrouter_port=lrp-cafc3175-3584-4543-93ea-43b2fd903076, is_gw_port=False, if_exists=True, lsp_address=router) {{(pid=87091) do_commit /opt/stack/data/venv/lib/python3.12/site-packages/ovsdbapp/backend/ovs_idl/transaction.py:89}}
May 26 19:15:23.200947 np0000001451 devstack@neutron-api.service[87091]: DEBUG ovsdbapp.backend.ovs_idl.transaction [None req-8fff07f5-7fb6-4b15-8987-eaae4ccb562c None None] Transaction caused no change {{(pid=87091) do_commit /opt/stack/data/venv/lib/python3.12/site-packages/ovsdbapp/backend/ovs_idl/transaction.py:129}}
May 26 19:15:27.095790 np0000001451 devstack@neutron-api.service[87091]: DEBUG futurist.periodics [-] Submitting periodic callback 'neutron.plugins.ml2.drivers.ovn.mech_driver.ovsdb.maintenance.HashRingHealthCheckPeriodics.touch_hash_ring_node' {{(pid=87091) _process_scheduled /opt/stack/data/venv/lib/python3.12/site-packages/futurist/periodics.py:784}}
May 26 19:15:27.097222 np0000001451 devstack@neutron-api.service[87091]: DEBUG neutron.plugins.ml2.drivers.ovn.mech_driver.ovsdb.maintenance [-] Touching Hash Ring node "8aaca36064a55e1e8a9ac3b987dbd648" from periodic health check thread {{(pid=87091) touch_hash_ring_node /opt/stack/neutron/neutron/plugins/ml2/drivers/ovn/mech_driver/ovsdb/maintenance.py:1466}}
May 26 19:15:27.496725 np0000001451 devstack@neutron-api.service[87090]: DEBUG dbcounter [-] [87090] Writing DB stats neutron:SELECT=3081,neutron:INSERT=97,neutron:DELETE=14,neutron:UPDATE=75 {{(pid=87090) stat_writer /opt/stack/data/venv/lib/python3.12/site-packages/dbcounter.py:115}}
May 26 19:15:28.039496 np0000001451 devstack@neutron-api.service[87090]: DEBUG futurist.periodics [-] Submitting periodic callback 'neutron.plugins.ml2.drivers.ovn.mech_driver.ovsdb.maintenance.HashRingHealthCheckPeriodics.touch_hash_ring_node' {{(pid=87090) _process_scheduled /opt/stack/data/venv/lib/python3.12/site-packages/futurist/periodics.py:784}}
May 26 19:15:28.039752 np0000001451 devstack@neutron-api.service[87090]: DEBUG neutron.plugins.ml2.drivers.ovn.mech_driver.ovsdb.maintenance [-] Touching Hash Ring node "a370f216d8c851478fee81a422f8d8e4" from periodic health check thread {{(pid=87090) touch_hash_ring_node /opt/stack/neutron/neutron/plugins/ml2/drivers/ovn/mech_driver/ovsdb/maintenance.py:1466}}
May 26 19:15:37.101534 np0000001451 devstack@neutron-api.service[87091]: DEBUG dbcounter [-] [87091] Writing DB stats neutron:SELECT=2253,neutron:INSERT=704,neutron:DELETE=12,neutron:UPDATE=105 {{(pid=87091) stat_writer /opt/stack/data/venv/lib/python3.12/site-packages/dbcounter.py:115}}
May 26 19:15:38.047400 np0000001451 devstack@neutron-api.service[87090]: DEBUG dbcounter [-] [87090] Writing DB stats neutron:UPDATE=1,neutron:SELECT=1 {{(pid=87090) stat_writer /opt/stack/data/venv/lib/python3.12/site-packages/dbcounter.py:115}}
May 26 19:15:42.096697 np0000001451 devstack@neutron-api.service[87091]: DEBUG futurist.periodics [-] Submitting periodic callback 'neutron.plugins.ml2.drivers.ovn.mech_driver.ovsdb.maintenance.HashRingHealthCheckPeriodics.touch_hash_ring_node' {{(pid=87091) _process_scheduled /opt/stack/data/venv/lib/python3.12/site-packages/futurist/periodics.py:784}}
May 26 19:15:42.097107 np0000001451 devstack@neutron-api.service[87091]: DEBUG neutron.plugins.ml2.drivers.ovn.mech_driver.ovsdb.maintenance [-] Touching Hash Ring node "8aaca36064a55e1e8a9ac3b987dbd648" from periodic health check thread {{(pid=87091) touch_hash_ring_node /opt/stack/neutron/neutron/plugins/ml2/drivers/ovn/mech_driver/ovsdb/maintenance.py:1466}}
May 26 19:15:43.042283 np0000001451 devstack@neutron-api.service[87090]: DEBUG futurist.periodics [-] Submitting periodic callback 'neutron.plugins.ml2.drivers.ovn.mech_driver.ovsdb.maintenance.HashRingHealthCheckPeriodics.touch_hash_ring_node' {{(pid=87090) _process_scheduled /opt/stack/data/venv/lib/python3.12/site-packages/futurist/periodics.py:784}}
May 26 19:15:43.042283 np0000001451 devstack@neutron-api.service[87090]: DEBUG neutron.plugins.ml2.drivers.ovn.mech_driver.ovsdb.maintenance [-] Touching Hash Ring node "a370f216d8c851478fee81a422f8d8e4" from periodic health check thread {{(pid=87090) touch_hash_ring_node /opt/stack/neutron/neutron/plugins/ml2/drivers/ovn/mech_driver/ovsdb/maintenance.py:1466}}
May 26 19:15:52.103207 np0000001451 devstack@neutron-api.service[87091]: DEBUG dbcounter [-] [87091] Writing DB stats neutron:UPDATE=1,neutron:SELECT=1 {{(pid=87091) stat_writer /opt/stack/data/venv/lib/python3.12/site-packages/dbcounter.py:115}}
May 26 19:15:53.047057 np0000001451 devstack@neutron-api.service[87090]: DEBUG dbcounter [-] [87090] Writing DB stats neutron:UPDATE=1,neutron:SELECT=1 {{(pid=87090) stat_writer /opt/stack/data/venv/lib/python3.12/site-packages/dbcounter.py:115}}
May 26 19:15:57.097170 np0000001451 devstack@neutron-api.service[87091]: DEBUG futurist.periodics [-] Submitting periodic callback 'neutron.plugins.ml2.drivers.ovn.mech_driver.ovsdb.maintenance.HashRingHealthCheckPeriodics.touch_hash_ring_node' {{(pid=87091) _process_scheduled /opt/stack/data/venv/lib/python3.12/site-packages/futurist/periodics.py:784}}
May 26 19:15:57.097656 np0000001451 devstack@neutron-api.service[87091]: DEBUG neutron.plugins.ml2.drivers.ovn.mech_driver.ovsdb.maintenance [-] Touching Hash Ring node "8aaca36064a55e1e8a9ac3b987dbd648" from periodic health check thread {{(pid=87091) touch_hash_ring_node /opt/stack/neutron/neutron/plugins/ml2/drivers/ovn/mech_driver/ovsdb/maintenance.py:1466}}
May 26 19:15:58.040826 np0000001451 devstack@neutron-api.service[87090]: DEBUG futurist.periodics [-] Submitting periodic callback 'neutron.plugins.ml2.drivers.ovn.mech_driver.ovsdb.maintenance.HashRingHealthCheckPeriodics.touch_hash_ring_node' {{(pid=87090) _process_scheduled /opt/stack/data/venv/lib/python3.12/site-packages/futurist/periodics.py:784}}
May 26 19:15:58.041098 np0000001451 devstack@neutron-api.service[87090]: DEBUG neutron.plugins.ml2.drivers.ovn.mech_driver.ovsdb.maintenance [-] Touching Hash Ring node "a370f216d8c851478fee81a422f8d8e4" from periodic health check thread {{(pid=87090) touch_hash_ring_node /opt/stack/neutron/neutron/plugins/ml2/drivers/ovn/mech_driver/ovsdb/maintenance.py:1466}}
May 26 19:16:07.103124 np0000001451 devstack@neutron-api.service[87091]: DEBUG dbcounter [-] [87091] Writing DB stats neutron:UPDATE=1,neutron:SELECT=1 {{(pid=87091) stat_writer /opt/stack/data/venv/lib/python3.12/site-packages/dbcounter.py:115}}
May 26 19:16:08.049192 np0000001451 devstack@neutron-api.service[87090]: DEBUG dbcounter [-] [87090] Writing DB stats neutron:UPDATE=1,neutron:SELECT=1 {{(pid=87090) stat_writer /opt/stack/data/venv/lib/python3.12/site-packages/dbcounter.py:115}}
May 26 19:16:12.097667 np0000001451 devstack@neutron-api.service[87091]: DEBUG futurist.periodics [-] Submitting periodic callback 'neutron.plugins.ml2.drivers.ovn.mech_driver.ovsdb.maintenance.HashRingHealthCheckPeriodics.touch_hash_ring_node' {{(pid=87091) _process_scheduled /opt/stack/data/venv/lib/python3.12/site-packages/futurist/periodics.py:784}}
May 26 19:16:12.099003 np0000001451 devstack@neutron-api.service[87091]: DEBUG neutron.plugins.ml2.drivers.ovn.mech_driver.ovsdb.maintenance [-] Touching Hash Ring node "8aaca36064a55e1e8a9ac3b987dbd648" from periodic health check thread {{(pid=87091) touch_hash_ring_node /opt/stack/neutron/neutron/plugins/ml2/drivers/ovn/mech_driver/ovsdb/maintenance.py:1466}}
May 26 19:16:13.041193 np0000001451 devstack@neutron-api.service[87090]: DEBUG futurist.periodics [-] Submitting periodic callback 'neutron.plugins.ml2.drivers.ovn.mech_driver.ovsdb.maintenance.HashRingHealthCheckPeriodics.touch_hash_ring_node' {{(pid=87090) _process_scheduled /opt/stack/data/venv/lib/python3.12/site-packages/futurist/periodics.py:784}}
May 26 19:16:13.041596 np0000001451 devstack@neutron-api.service[87090]: DEBUG neutron.plugins.ml2.drivers.ovn.mech_driver.ovsdb.maintenance [-] Touching Hash Ring node "a370f216d8c851478fee81a422f8d8e4" from periodic health check thread {{(pid=87090) touch_hash_ring_node /opt/stack/neutron/neutron/plugins/ml2/drivers/ovn/mech_driver/ovsdb/maintenance.py:1466}}
May 26 19:16:13.856496 np0000001451 devstack@neutron-api.service[87091]: DEBUG neutron.api.wsgi [None req-ed78b691-49a9-46a9-904d-9ae4184a32e3 admin admin] Missing Content-Type {{(pid=87091) get_content_type /opt/stack/neutron/neutron/api/wsgi.py:80}}
May 26 19:16:13.857745 np0000001451 devstack@neutron-api.service[87091]: DEBUG neutron.api.wsgi [None req-ed78b691-49a9-46a9-904d-9ae4184a32e3 admin admin] https://10.4.3.208/networking/v2.0/extensions returned with HTTP 200 {{(pid=87091) __call__ /opt/stack/neutron/neutron/api/wsgi.py:540}}
May 26 19:16:13.857745 np0000001451 devstack@neutron-api.service[87091]: [pid: 87091|app: 0|req: 18/34] 10.4.3.208 () {64 vars in 1292 bytes} [Tue May 26 19:16:13 2026] GET /networking/v2.0/extensions => generated 15209 bytes in 4 msecs (HTTP/1.1 200) 4 headers in 159 bytes (1 switches on core 0)
May 26 19:16:14.103039 np0000001451 devstack@neutron-api.service[87090]: INFO neutron.pecan_wsgi.hooks.translation [None req-351972db-40d1-465d-925f-877dfe7d42eb admin admin] GET failed (client error): The resource could not be found.
May 26 19:16:14.103860 np0000001451 devstack@neutron-api.service[87090]: [pid: 87090|app: 0|req: 17/35] 10.4.3.208 () {64 vars in 1294 bytes} [Tue May 26 19:16:14 2026] GET /networking/v2.0/networks/public => generated 108 bytes in 10 msecs (HTTP/1.1 404) 4 headers in 164 bytes (1 switches on core 0)
May 26 19:16:14.148195 np0000001451 devstack@neutron-api.service[87091]: DEBUG neutron.pecan_wsgi.hooks.policy_enforcement [None req-4bf46a53-dda7-44e5-b122-f1da36ccb114 admin admin] Attributes excluded by policy engine: ['standard_attr_id'] {{(pid=87091) _exclude_attributes_by_policy /opt/stack/neutron/neutron/pecan_wsgi/hooks/policy_enforcement.py:256}}
May 26 19:16:14.148983 np0000001451 devstack@neutron-api.service[87091]: [pid: 87091|app: 0|req: 19/36] 10.4.3.208 () {64 vars in 1309 bytes} [Tue May 26 19:16:14 2026] GET /networking/v2.0/networks?name=public => generated 759 bytes in 39 msecs (HTTP/1.1 200) 4 headers in 157 bytes (1 switches on core 0)
May 26 19:16:14.339349 np0000001451 devstack@neutron-api.service[87090]: DEBUG neutron.api.v2.base [None req-934de187-685e-4d08-9654-59ccc33575a3 admin admin] Request body: {'network': {'shared': True, 'admin_state_up': True, 'name': 'shared'}} {{(pid=87090) prepare_request_body /opt/stack/neutron/neutron/api/v2/base.py:727}}
May 26 19:16:14.352302 np0000001451 devstack@neutron-api.service[87090]: DEBUG neutron.pecan_wsgi.hooks.quota_enforcement [None req-934de187-685e-4d08-9654-59ccc33575a3 admin admin] Made reservation on behalf of 71a73d40b01e447cbf8561294fa24ccf for: {'network': 1} {{(pid=87090) before /opt/stack/neutron/neutron/pecan_wsgi/hooks/quota_enforcement.py:66}}
May 26 19:16:14.355092 np0000001451 devstack@neutron-api.service[87090]: DEBUG neutron_lib.callbacks.manager [None req-934de187-685e-4d08-9654-59ccc33575a3 admin admin] Publish callbacks ['neutron.plugins.ml2.plugin.SecurityGroupDbMixin._ensure_default_security_group_handler-25418'] for network (None), before_create {{(pid=87090) _notify_loop /opt/stack/data/venv/lib/python3.12/site-packages/neutron_lib/callbacks/manager.py:184}}
May 26 19:16:14.378652 np0000001451 devstack@neutron-api.service[87090]: WARNING neutron.services.revisions.revision_plugin [None req-934de187-685e-4d08-9654-59ccc33575a3 admin admin] Could not find related network for resource to bump revision.
May 26 19:16:14.404599 np0000001451 devstack@neutron-api.service[87090]: DEBUG neutron.plugins.ml2.drivers.helpers [None req-934de187-685e-4d08-9654-59ccc33575a3 admin admin] geneve segment allocate from pool success with {'geneve_vni': 37686} {{(pid=87090) allocate_partially_specified_segment /opt/stack/neutron/neutron/plugins/ml2/drivers/helpers.py:142}}
May 26 19:16:14.410389 np0000001451 devstack@neutron-api.service[87090]: DEBUG neutron_lib.callbacks.manager [None req-934de187-685e-4d08-9654-59ccc33575a3 admin admin] Publish callbacks ['neutron.services.segments.db._add_segment_host_mapping_for_segment-7857168159154', 'neutron.plugins.ml2.plugin.Ml2Plugin._handle_segment_change-804084'] for segment (01ca7179-cba4-4741-af5c-56f01b00d63c), precommit_create {{(pid=87090) _notify_loop /opt/stack/data/venv/lib/python3.12/site-packages/neutron_lib/callbacks/manager.py:184}}
May 26 19:16:14.410551 np0000001451 devstack@neutron-api.service[87090]: INFO neutron.db.segments_db [None req-934de187-685e-4d08-9654-59ccc33575a3 admin admin] Added segment 01ca7179-cba4-4741-af5c-56f01b00d63c of type geneve for network 262e96ac-1459-4134-b957-6ee18aa3d588
May 26 19:16:14.421056 np0000001451 devstack@neutron-api.service[87090]: DEBUG neutron_lib.callbacks.manager [None req-934de187-685e-4d08-9654-59ccc33575a3 admin admin] Publish callbacks ['neutron.services.auto_allocate.db._ensure_external_network_default_value_callback-7857166173368'] for network (262e96ac-1459-4134-b957-6ee18aa3d588), precommit_create {{(pid=87090) _notify_loop /opt/stack/data/venv/lib/python3.12/site-packages/neutron_lib/callbacks/manager.py:184}}
May 26 19:16:14.429207 np0000001451 devstack@neutron-api.service[87090]: DEBUG neutron.plugins.ml2.drivers.ovn.mech_driver.mech_driver [None req-934de187-685e-4d08-9654-59ccc33575a3 admin admin] Validating network segment with type geneve, segmentation ID 37686, physical network None {{(pid=87090) _validate_network_segments /opt/stack/neutron/neutron/plugins/ml2/drivers/ovn/mech_driver/mech_driver.py:641}}
May 26 19:16:14.429345 np0000001451 devstack@neutron-api.service[87090]: DEBUG neutron.db.ovn_revision_numbers_db [None req-934de187-685e-4d08-9654-59ccc33575a3 admin admin] create_initial_revision uuid=262e96ac-1459-4134-b957-6ee18aa3d588, type=networks, rev=-1 {{(pid=87090) create_initial_revision /opt/stack/neutron/neutron/db/ovn_revision_numbers_db.py:98}}
May 26 19:16:14.434683 np0000001451 devstack@neutron-api.service[87090]: DEBUG neutron_lib.callbacks.manager [None req-934de187-685e-4d08-9654-59ccc33575a3 admin admin] Publish callbacks ['neutron.plugins.ml2.ovo_rpc._ObjectChangeHandler.handle_event-3042231'] for network (262e96ac-1459-4134-b957-6ee18aa3d588), after_create {{(pid=87090) _notify_loop /opt/stack/data/venv/lib/python3.12/site-packages/neutron_lib/callbacks/manager.py:184}}
May 26 19:16:14.447302 np0000001451 devstack@neutron-api.service[87090]: DEBUG neutron.api.rpc.handlers.resources_rpc [None req-934de187-685e-4d08-9654-59ccc33575a3 admin admin] Pushing event updated for resources: {'Network': ['ID=262e96ac-1459-4134-b957-6ee18aa3d588,revision_number=1']} {{(pid=87090) push /opt/stack/neutron/neutron/api/rpc/handlers/resources_rpc.py:237}}
May 26 19:16:14.450620 np0000001451 devstack@neutron-api.service[87090]: DEBUG ovsdbapp.backend.ovs_idl.transaction [None req-429fbb91-b936-4e6c-984b-08addf929313 None None] Running txn n=1 command(idx=0): CheckLivenessCommand(_result=None) {{(pid=87090) do_commit /opt/stack/data/venv/lib/python3.12/site-packages/ovsdbapp/backend/ovs_idl/transaction.py:89}}
May 26 19:16:14.454971 np0000001451 devstack@neutron-api.service[87091]: DEBUG neutron.plugins.ml2.drivers.ovn.mech_driver.ovsdb.ovsdb_monitor [None req-eaaf00f6-675a-46ab-ace5-9b3a6e4ad8bc None None] ChassisAgentWriteEvent : Matched Chassis_Private, update, None None {{(pid=87091) matches /opt/stack/neutron/neutron/plugins/ml2/drivers/ovn/mech_driver/ovsdb/ovsdb_monitor.py:64}}
May 26 19:16:14.456450 np0000001451 devstack@neutron-api.service[87090]: DEBUG neutron.plugins.ml2.drivers.ovn.mech_driver.ovsdb.ovsdb_monitor [None req-5540f9e3-1ac1-4a57-b6cb-06275f91b0d1 None None] ChassisAgentWriteEvent : Matched Chassis_Private, update, None None {{(pid=87090) matches /opt/stack/neutron/neutron/plugins/ml2/drivers/ovn/mech_driver/ovsdb/ovsdb_monitor.py:64}}
May 26 19:16:14.461899 np0000001451 devstack@neutron-api.service[87090]: DEBUG neutron.common.ovn.hash_ring_manager [None req-429fbb91-b936-4e6c-984b-08addf929313 None None] Hash Ring loaded. 2 active nodes. 0 offline nodes {{(pid=87090) _load_hash_ring /opt/stack/neutron/neutron/common/ovn/hash_ring_manager.py:102}}
May 26 19:16:14.462667 np0000001451 devstack@neutron-api.service[87091]: DEBUG neutron.common.ovn.hash_ring_manager [None req-eaaf00f6-675a-46ab-ace5-9b3a6e4ad8bc None None] Hash Ring loaded. 2 active nodes. 0 offline nodes {{(pid=87091) _load_hash_ring /opt/stack/neutron/neutron/common/ovn/hash_ring_manager.py:102}}
May 26 19:16:14.462832 np0000001451 devstack@neutron-api.service[87091]: DEBUG neutron.plugins.ml2.drivers.ovn.mech_driver.ovsdb.ovsdb_monitor [None req-eaaf00f6-675a-46ab-ace5-9b3a6e4ad8bc None None] Hash Ring: Node 8aaca36064a55e1e8a9ac3b987dbd648 (host: np0000001451) handling event "update" for row 21f1e7a4-f36c-4540-8191-5ca4096b5322 (table: Chassis_Private) {{(pid=87091) notify /opt/stack/neutron/neutron/plugins/ml2/drivers/ovn/mech_driver/ovsdb/ovsdb_monitor.py:986}}
May 26 19:16:14.464848 np0000001451 devstack@neutron-api.service[87091]: DEBUG neutron.common.ovn.hash_ring_manager [None req-8fff07f5-7fb6-4b15-8987-eaae4ccb562c None None] Hash Ring loaded. 2 active nodes. 0 offline nodes {{(pid=87091) _load_hash_ring /opt/stack/neutron/neutron/common/ovn/hash_ring_manager.py:102}}
May 26 19:16:14.464848 np0000001451 devstack@neutron-api.service[87091]: DEBUG neutron.plugins.ml2.drivers.ovn.mech_driver.ovsdb.ovsdb_monitor [None req-8fff07f5-7fb6-4b15-8987-eaae4ccb562c None None] Hash Ring: Node 8aaca36064a55e1e8a9ac3b987dbd648 (host: np0000001451) handling event "update" for row 8568697e-854c-4523-b490-0db9aa882d6b (table: NB_Global) {{(pid=87091) notify /opt/stack/neutron/neutron/plugins/ml2/drivers/ovn/mech_driver/ovsdb/ovsdb_monitor.py:986}}
May 26 19:16:14.465260 np0000001451 devstack@neutron-api.service[87091]: DEBUG neutron.plugins.ml2.drivers.ovn.mech_driver.ovsdb.ovsdb_monitor [None req-8fff07f5-7fb6-4b15-8987-eaae4ccb562c None None] Hash Ring: Node 8aaca36064a55e1e8a9ac3b987dbd648 (host: np0000001451) handling event "update" for row 8568697e-854c-4523-b490-0db9aa882d6b (table: NB_Global) {{(pid=87091) notify /opt/stack/neutron/neutron/plugins/ml2/drivers/ovn/mech_driver/ovsdb/ovsdb_monitor.py:986}}
May 26 19:16:14.465863 np0000001451 devstack@neutron-api.service[87091]: DEBUG neutron.plugins.ml2.drivers.ovn.mech_driver.ovsdb.ovsdb_monitor [None req-8fff07f5-7fb6-4b15-8987-eaae4ccb562c None None] Hash Ring: Node 8aaca36064a55e1e8a9ac3b987dbd648 (host: np0000001451) handling event "update" for row 8568697e-854c-4523-b490-0db9aa882d6b (table: NB_Global) {{(pid=87091) notify /opt/stack/neutron/neutron/plugins/ml2/drivers/ovn/mech_driver/ovsdb/ovsdb_monitor.py:986}}
May 26 19:16:14.466565 np0000001451 devstack@neutron-api.service[87091]: DEBUG neutron.plugins.ml2.drivers.ovn.mech_driver.ovsdb.ovsdb_monitor [None req-8fff07f5-7fb6-4b15-8987-eaae4ccb562c None None] Hash Ring: Node 8aaca36064a55e1e8a9ac3b987dbd648 (host: np0000001451) handling event "update" for row 8568697e-854c-4523-b490-0db9aa882d6b (table: NB_Global) {{(pid=87091) notify /opt/stack/neutron/neutron/plugins/ml2/drivers/ovn/mech_driver/ovsdb/ovsdb_monitor.py:986}}
May 26 19:16:14.466970 np0000001451 devstack@neutron-api.service[87090]: DEBUG neutron.api.rpc.callbacks.version_manager [None req-934de187-685e-4d08-9654-59ccc33575a3 admin admin] Tracked resource versions report:
May 26 19:16:14.466970 np0000001451 devstack@neutron-api.service[87090]: pushed versions:
May 26 19:16:14.466970 np0000001451 devstack@neutron-api.service[87090]: { 'AddressGroup': {'1.2'},
May 26 19:16:14.466970 np0000001451 devstack@neutron-api.service[87090]: 'Agent': {'1.1'},
May 26 19:16:14.466970 np0000001451 devstack@neutron-api.service[87090]: 'ConntrackHelper': {'1.0'},
May 26 19:16:14.466970 np0000001451 devstack@neutron-api.service[87090]: 'LocalIPAssociation': {'1.0'},
May 26 19:16:14.466970 np0000001451 devstack@neutron-api.service[87090]: 'Log': {'1.0'},
May 26 19:16:14.466970 np0000001451 devstack@neutron-api.service[87090]: 'NDPProxy': {'1.0'},
May 26 19:16:14.466970 np0000001451 devstack@neutron-api.service[87090]: 'Network': {'1.2'},
May 26 19:16:14.466970 np0000001451 devstack@neutron-api.service[87090]: 'Port': {'1.10'},
May 26 19:16:14.466970 np0000001451 devstack@neutron-api.service[87090]: 'PortForwarding': {'1.3'},
May 26 19:16:14.466970 np0000001451 devstack@neutron-api.service[87090]: 'QosPolicy': {'1.10'},
May 26 19:16:14.466970 np0000001451 devstack@neutron-api.service[87090]: 'SecurityGroup': {'1.6'},
May 26 19:16:14.466970 np0000001451 devstack@neutron-api.service[87090]: 'SecurityGroupRule': {'1.3'},
May 26 19:16:14.466970 np0000001451 devstack@neutron-api.service[87090]: 'SubPort': {'1.0'},
May 26 19:16:14.466970 np0000001451 devstack@neutron-api.service[87090]: 'Subnet': {'1.2'},
May 26 19:16:14.466970 np0000001451 devstack@neutron-api.service[87090]: 'Trunk': {'1.1'}}
May 26 19:16:14.466970 np0000001451 devstack@neutron-api.service[87090]: consumer versions:
May 26 19:16:14.466970 np0000001451 devstack@neutron-api.service[87090]: { OVN Neutron agent@np0000001451: {},
May 26 19:16:14.466970 np0000001451 devstack@neutron-api.service[87090]: OVN Controller Gateway agent@np0000001451: {}}
May 26 19:16:14.466970 np0000001451 devstack@neutron-api.service[87090]: {{(pid=87090) report /opt/stack/neutron/neutron/api/rpc/callbacks/version_manager.py:183}}
May 26 19:16:14.469536 np0000001451 devstack@neutron-api.service[87090]: DEBUG neutron.common.ovn.hash_ring_manager [None req-5540f9e3-1ac1-4a57-b6cb-06275f91b0d1 None None] Hash Ring loaded. 2 active nodes. 0 offline nodes {{(pid=87090) _load_hash_ring /opt/stack/neutron/neutron/common/ovn/hash_ring_manager.py:102}}
May 26 19:16:14.473747 np0000001451 devstack@neutron-api.service[87090]: DEBUG ovsdbapp.backend.ovs_idl.transaction [None req-429fbb91-b936-4e6c-984b-08addf929313 None None] Running txn n=1 command(idx=0): AddNetworkCommand(_result=None, network_uuid=262e96ac-1459-4134-b957-6ee18aa3d588, may_exist=True, columns={'external_ids': {'neutron:network_name': 'shared', 'neutron:mtu': '1372', 'neutron:revision_number': '1', 'neutron:availability_zone_hints': '', 'neutron:provnet-network-type': 'geneve'}, 'other_config': {'mcast_snoop': 'false', 'mcast_flood_unregistered': 'false', 'vlan-passthru': 'false'}}) {{(pid=87090) do_commit /opt/stack/data/venv/lib/python3.12/site-packages/ovsdbapp/backend/ovs_idl/transaction.py:89}}
May 26 19:16:14.476662 np0000001451 devstack@neutron-api.service[87091]: DEBUG neutron.plugins.ml2.drivers.ovn.mech_driver.ovsdb.ovsdb_monitor [None req-8fff07f5-7fb6-4b15-8987-eaae4ccb562c None None] Hash Ring: Node 8aaca36064a55e1e8a9ac3b987dbd648 (host: np0000001451) handling event "create" for row 262e96ac-1459-4134-b957-6ee18aa3d588 (table: Logical_Switch) {{(pid=87091) notify /opt/stack/neutron/neutron/plugins/ml2/drivers/ovn/mech_driver/ovsdb/ovsdb_monitor.py:986}}
May 26 19:16:14.478761 np0000001451 devstack@neutron-api.service[87090]: DEBUG neutron.plugins.ml2.drivers.ovn.mech_driver.ovsdb.ovsdb_monitor [None req-5540f9e3-1ac1-4a57-b6cb-06275f91b0d1 None None] Hash Ring: Node a370f216d8c851478fee81a422f8d8e4 (host: np0000001451) handling event "create" for row 0edf30dc-fdc1-472b-9311-b5067c83f5ba (table: Datapath_Binding) {{(pid=87090) notify /opt/stack/neutron/neutron/plugins/ml2/drivers/ovn/mech_driver/ovsdb/ovsdb_monitor.py:986}}
May 26 19:16:14.494922 np0000001451 devstack@neutron-api.service[87090]: INFO neutron.db.ovn_revision_numbers_db [None req-934de187-685e-4d08-9654-59ccc33575a3 admin admin] Successfully bumped revision number for resource 262e96ac-1459-4134-b957-6ee18aa3d588 (type: networks) to 1
May 26 19:16:14.504666 np0000001451 devstack@neutron-api.service[87090]: DEBUG neutron_lib.callbacks.manager [None req-934de187-685e-4d08-9654-59ccc33575a3 admin admin] Publish callbacks ['neutron.plugins.ml2.plugin.SecurityGroupDbMixin._ensure_default_security_group_handler-25418'] for port (None), before_create {{(pid=87090) _notify_loop /opt/stack/data/venv/lib/python3.12/site-packages/neutron_lib/callbacks/manager.py:184}}
May 26 19:16:14.559313 np0000001451 devstack@neutron-api.service[87090]: DEBUG neutron_lib.callbacks.manager [None req-934de187-685e-4d08-9654-59ccc33575a3 admin admin] Publish callbacks ['neutron.plugins.ml2.drivers.ovn.mech_driver.mech_driver.OVNMechanismDriver._validate_allowed_address_pairs-369260'] for allowed_address_pair (b18557f7-a388-436f-bb50-804ac5946bc3), before_create {{(pid=87090) _notify_loop /opt/stack/data/venv/lib/python3.12/site-packages/neutron_lib/callbacks/manager.py:184}}
May 26 19:16:14.559924 np0000001451 devstack@neutron-api.service[87090]: DEBUG neutron_lib.callbacks.manager [None req-934de187-685e-4d08-9654-59ccc33575a3 admin admin] Publish callbacks [] for port (b18557f7-a388-436f-bb50-804ac5946bc3), precommit_create {{(pid=87090) _notify_loop /opt/stack/data/venv/lib/python3.12/site-packages/neutron_lib/callbacks/manager.py:184}}
May 26 19:16:14.560132 np0000001451 devstack@neutron-api.service[87090]: DEBUG neutron.plugins.ml2.drivers.ovn.mech_driver.mech_driver [None req-934de187-685e-4d08-9654-59ccc33575a3 admin admin] No provisioning block for port b18557f7-a388-436f-bb50-804ac5946bc3 since it does not have a host {{(pid=87090) _is_port_provisioning_required /opt/stack/neutron/neutron/plugins/ml2/drivers/ovn/mech_driver/mech_driver.py:894}}
May 26 19:16:14.560295 np0000001451 devstack@neutron-api.service[87090]: DEBUG neutron.db.ovn_revision_numbers_db [None req-934de187-685e-4d08-9654-59ccc33575a3 admin admin] create_initial_revision uuid=b18557f7-a388-436f-bb50-804ac5946bc3, type=ports, rev=-1 {{(pid=87090) create_initial_revision /opt/stack/neutron/neutron/db/ovn_revision_numbers_db.py:98}}
May 26 19:16:14.583159 np0000001451 devstack@neutron-api.service[87090]: DEBUG neutron_lib.callbacks.manager [None req-934de187-685e-4d08-9654-59ccc33575a3 admin admin] Publish callbacks ['neutron.plugins.ml2.ovo_rpc._ObjectChangeHandler.handle_event-3041862'] for port (b18557f7-a388-436f-bb50-804ac5946bc3), after_create {{(pid=87090) _notify_loop /opt/stack/data/venv/lib/python3.12/site-packages/neutron_lib/callbacks/manager.py:184}}
May 26 19:16:14.608982 np0000001451 devstack@neutron-api.service[87090]: DEBUG neutron.api.rpc.handlers.resources_rpc [None req-934de187-685e-4d08-9654-59ccc33575a3 admin admin] Pushing event updated for resources: {'Port': ['ID=b18557f7-a388-436f-bb50-804ac5946bc3,revision_number=1']} {{(pid=87090) push /opt/stack/neutron/neutron/api/rpc/handlers/resources_rpc.py:237}}
May 26 19:16:14.614683 np0000001451 devstack@neutron-api.service[87090]: DEBUG ovsdbapp.backend.ovs_idl.transaction [None req-429fbb91-b936-4e6c-984b-08addf929313 None None] Running txn n=1 command(idx=0): AddLSwitchPortCommand(_result=None, lport=b18557f7-a388-436f-bb50-804ac5946bc3, lswitch=neutron-262e96ac-1459-4134-b957-6ee18aa3d588, may_exist=True, network_uuid=262e96ac-1459-4134-b957-6ee18aa3d588, columns={'addresses': ['fa:16:3e:ae:4d:7c'], 'external_ids': {'neutron:port_name': '', 'neutron:device_id': 'ovnmeta-262e96ac-1459-4134-b957-6ee18aa3d588', 'neutron:project_id': '71a73d40b01e447cbf8561294fa24ccf', 'neutron:cidrs': '', 'neutron:device_owner': 'network:distributed', 'neutron:subnet_pool_addr_scope4': '', 'neutron:subnet_pool_addr_scope6': '', 'neutron:network_name': 'neutron-262e96ac-1459-4134-b957-6ee18aa3d588', 'neutron:security_group_ids': '', 'neutron:revision_number': '1', 'neutron:vnic_type': 'normal', 'neutron:port_capabilities': '', 'neutron:mtu': '1372'}, 'parent_name': [], 'tag': [], 'enabled': True, 'options': {}, 'type': 'localport', 'port_security': [], 'dhcpv4_options': [], 'dhcpv6_options': []}) {{(pid=87090) do_commit /opt/stack/data/venv/lib/python3.12/site-packages/ovsdbapp/backend/ovs_idl/transaction.py:89}}
May 26 19:16:14.615176 np0000001451 devstack@neutron-api.service[87090]: DEBUG ovsdbapp.backend.ovs_idl.transaction [None req-429fbb91-b936-4e6c-984b-08addf929313 None None] Running txn n=1 command(idx=1): QoSDelCommand(_result=None, switch=neutron-262e96ac-1459-4134-b957-6ee18aa3d588, conditions=[('direction', '=', 'to-lport'), ('priority', '=', 2002), ('match', '=', 'outport == "b18557f7-a388-436f-bb50-804ac5946bc3"')], if_exists=True) {{(pid=87090) do_commit /opt/stack/data/venv/lib/python3.12/site-packages/ovsdbapp/backend/ovs_idl/transaction.py:89}}
May 26 19:16:14.615372 np0000001451 devstack@neutron-api.service[87090]: DEBUG ovsdbapp.backend.ovs_idl.transaction [None req-429fbb91-b936-4e6c-984b-08addf929313 None None] Running txn n=1 command(idx=2): QoSDelCommand(_result=None, switch=neutron-262e96ac-1459-4134-b957-6ee18aa3d588, conditions=[('direction', '=', 'from-lport'), ('priority', '=', 2002), ('match', '=', 'inport == "b18557f7-a388-436f-bb50-804ac5946bc3"')], if_exists=True) {{(pid=87090) do_commit /opt/stack/data/venv/lib/python3.12/site-packages/ovsdbapp/backend/ovs_idl/transaction.py:89}}
May 26 19:16:14.617873 np0000001451 devstack@neutron-api.service[87090]: DEBUG neutron.plugins.ml2.drivers.ovn.mech_driver.ovsdb.ovsdb_monitor [None req-429fbb91-b936-4e6c-984b-08addf929313 None None] Hash Ring: Node a370f216d8c851478fee81a422f8d8e4 (host: np0000001451) handling event "create" for row 54756c4b-4efa-4335-8da0-9c317a1947ae (table: Logical_Switch_Port) {{(pid=87090) notify /opt/stack/neutron/neutron/plugins/ml2/drivers/ovn/mech_driver/ovsdb/ovsdb_monitor.py:986}}
May 26 19:16:14.617921 np0000001451 devstack@neutron-api.service[87091]: DEBUG neutron.plugins.ml2.drivers.ovn.mech_driver.ovsdb.ovsdb_monitor [None req-8fff07f5-7fb6-4b15-8987-eaae4ccb562c None None] Hash Ring: Node 8aaca36064a55e1e8a9ac3b987dbd648 (host: np0000001451) handling event "update" for row 262e96ac-1459-4134-b957-6ee18aa3d588 (table: Logical_Switch) {{(pid=87091) notify /opt/stack/neutron/neutron/plugins/ml2/drivers/ovn/mech_driver/ovsdb/ovsdb_monitor.py:986}}
May 26 19:16:14.618719 np0000001451 devstack@neutron-api.service[87090]: DEBUG ovsdbapp.backend.ovs_idl.event [None req-429fbb91-b936-4e6c-984b-08addf929313 None None] Matched CREATE: LogicalSwitchPortCreateEvent(events=('create',), table='Logical_Switch_Port', conditions=[], old_conditions=None), priority=20 to row=Logical_Switch_Port(uuid=54756c4b-4efa-4335-8da0-9c317a1947ae, addresses=['fa:16:3e:ae:4d:7c'], dhcpv4_options=[], dhcpv6_options=[], dynamic_addresses=[], enabled=True, external_ids={'neutron:cidrs': '', 'neutron:device_id': 'ovnmeta-262e96ac-1459-4134-b957-6ee18aa3d588', 'neutron:device_owner': 'network:distributed', 'neutron:mtu': '1372', 'neutron:network_name': 'neutron-262e96ac-1459-4134-b957-6ee18aa3d588', 'neutron:port_capabilities': '', 'neutron:port_name': '', 'neutron:project_id': '71a73d40b01e447cbf8561294fa24ccf', 'neutron:revision_number': '1', 'neutron:security_group_ids': '', 'neutron:subnet_pool_addr_scope4': '', 'neutron:subnet_pool_addr_scope6': '', 'neutron:vnic_type': 'normal'}, ha_chassis_group=[], mirror_rules=[], name='b18557f7-a388-436f-bb50-804ac5946bc3', options={}, parent_name=[], port_security=[], tag=[], tag_request=[], type='localport', up=[]) old= {{(pid=87090) matches /opt/stack/data/venv/lib/python3.12/site-packages/ovsdbapp/backend/ovs_idl/event.py:55}}
May 26 19:16:14.620058 np0000001451 devstack@neutron-api.service[87090]: INFO neutron.plugins.ml2.drivers.ovn.mech_driver.mech_driver [None req-86e18336-12f5-440a-8f17-b277a94a64f1 None None] OVN reports status down for port: b18557f7-a388-436f-bb50-804ac5946bc3
May 26 19:16:14.620957 np0000001451 devstack@neutron-api.service[87090]: DEBUG neutron.plugins.ml2.drivers.ovn.mech_driver.ovsdb.ovsdb_monitor [None req-429fbb91-b936-4e6c-984b-08addf929313 None None] Hash Ring: Node a370f216d8c851478fee81a422f8d8e4 (host: np0000001451) handling event "update" for row 54756c4b-4efa-4335-8da0-9c317a1947ae (table: Logical_Switch_Port) {{(pid=87090) notify /opt/stack/neutron/neutron/plugins/ml2/drivers/ovn/mech_driver/ovsdb/ovsdb_monitor.py:986}}
May 26 19:16:14.622468 np0000001451 devstack@neutron-api.service[87090]: DEBUG neutron.plugins.ml2.drivers.ovn.mech_driver.ovsdb.ovsdb_monitor [None req-5540f9e3-1ac1-4a57-b6cb-06275f91b0d1 None None] Hash Ring: Node a370f216d8c851478fee81a422f8d8e4 (host: np0000001451) handling event "create" for row f2e2e480-3acc-4ae0-8a54-d83106afa0b9 (table: Port_Binding) {{(pid=87090) notify /opt/stack/neutron/neutron/plugins/ml2/drivers/ovn/mech_driver/ovsdb/ovsdb_monitor.py:986}}
