Jun 26 05:37:38.297926 np0000003701 nova-scheduler[96288]: DEBUG cotyledon.oslo_config_glue [-] profiler.enabled = False {{(pid=96288) log_opt_values /opt/stack/data/venv/lib/python3.12/site-packages/oslo_config/cfg.py:3253}}
Jun 26 05:37:38.297926 np0000003701 nova-scheduler[96288]: DEBUG cotyledon.oslo_config_glue [-] profiler.es_doc_type = notification {{(pid=96288) log_opt_values /opt/stack/data/venv/lib/python3.12/site-packages/oslo_config/cfg.py:3253}}
Jun 26 05:37:38.297926 np0000003701 nova-scheduler[96288]: DEBUG cotyledon.oslo_config_glue [-] profiler.es_scroll_size = 10000 {{(pid=96288) log_opt_values /opt/stack/data/venv/lib/python3.12/site-packages/oslo_config/cfg.py:3253}}
Jun 26 05:37:38.297926 np0000003701 nova-scheduler[96288]: DEBUG cotyledon.oslo_config_glue [-] profiler.es_scroll_time = 2m {{(pid=96288) log_opt_values /opt/stack/data/venv/lib/python3.12/site-packages/oslo_config/cfg.py:3253}}
Jun 26 05:37:38.298086 np0000003701 nova-scheduler[96288]: DEBUG cotyledon.oslo_config_glue [-] profiler.filter_error_trace = False {{(pid=96288) log_opt_values /opt/stack/data/venv/lib/python3.12/site-packages/oslo_config/cfg.py:3253}}
Jun 26 05:37:38.298086 np0000003701 nova-scheduler[96288]: DEBUG cotyledon.oslo_config_glue [-] profiler.hmac_keys = **** {{(pid=96288) log_opt_values /opt/stack/data/venv/lib/python3.12/site-packages/oslo_config/cfg.py:3253}}
Jun 26 05:37:38.298086 np0000003701 nova-scheduler[96288]: DEBUG cotyledon.oslo_config_glue [-] profiler.sentinel_service_name = mymaster {{(pid=96288) log_opt_values /opt/stack/data/venv/lib/python3.12/site-packages/oslo_config/cfg.py:3253}}
Jun 26 05:37:38.298086 np0000003701 nova-scheduler[96288]: DEBUG cotyledon.oslo_config_glue [-] profiler.socket_timeout = 0.1 {{(pid=96288) log_opt_values /opt/stack/data/venv/lib/python3.12/site-packages/oslo_config/cfg.py:3253}}
Jun 26 05:37:38.298086 np0000003701 nova-scheduler[96288]: DEBUG cotyledon.oslo_config_glue [-] profiler.trace_requests = False {{(pid=96288) log_opt_values /opt/stack/data/venv/lib/python3.12/site-packages/oslo_config/cfg.py:3253}}
Jun 26 05:37:38.298086 np0000003701 nova-scheduler[96288]: DEBUG cotyledon.oslo_config_glue [-] profiler.trace_sqlalchemy = False {{(pid=96288) log_opt_values /opt/stack/data/venv/lib/python3.12/site-packages/oslo_config/cfg.py:3253}}
Jun 26 05:37:38.298086 np0000003701 nova-scheduler[96288]: DEBUG cotyledon.oslo_config_glue [-] profiler_jaeger.process_tags = {} {{(pid=96288) log_opt_values /opt/stack/data/venv/lib/python3.12/site-packages/oslo_config/cfg.py:3253}}
Jun 26 05:37:38.298086 np0000003701 nova-scheduler[96288]: DEBUG cotyledon.oslo_config_glue [-] profiler_jaeger.service_name_prefix = None {{(pid=96288) log_opt_values /opt/stack/data/venv/lib/python3.12/site-packages/oslo_config/cfg.py:3253}}
Jun 26 05:37:38.298086 np0000003701 nova-scheduler[96288]: DEBUG cotyledon.oslo_config_glue [-] profiler_otlp.service_name_prefix = None {{(pid=96288) log_opt_values /opt/stack/data/venv/lib/python3.12/site-packages/oslo_config/cfg.py:3253}}
Jun 26 05:37:38.298248 np0000003701 nova-scheduler[96288]: DEBUG cotyledon.oslo_config_glue [-] oslo_messaging_rabbit.amqp_auto_delete = False {{(pid=96288) log_opt_values /opt/stack/data/venv/lib/python3.12/site-packages/oslo_config/cfg.py:3253}}
Jun 26 05:37:38.298248 np0000003701 nova-scheduler[96288]: DEBUG cotyledon.oslo_config_glue [-] oslo_messaging_rabbit.amqp_durable_queues = False {{(pid=96288) log_opt_values /opt/stack/data/venv/lib/python3.12/site-packages/oslo_config/cfg.py:3253}}
Jun 26 05:37:38.298248 np0000003701 nova-scheduler[96288]: DEBUG cotyledon.oslo_config_glue [-] oslo_messaging_rabbit.conn_pool_min_size = 2 {{(pid=96288) log_opt_values /opt/stack/data/venv/lib/python3.12/site-packages/oslo_config/cfg.py:3253}}
Jun 26 05:37:38.298248 np0000003701 nova-scheduler[96288]: DEBUG cotyledon.oslo_config_glue [-] oslo_messaging_rabbit.conn_pool_ttl = 1200 {{(pid=96288) log_opt_values /opt/stack/data/venv/lib/python3.12/site-packages/oslo_config/cfg.py:3253}}
Jun 26 05:37:38.298248 np0000003701 nova-scheduler[96288]: DEBUG cotyledon.oslo_config_glue [-] oslo_messaging_rabbit.direct_mandatory_flag = True {{(pid=96288) log_opt_values /opt/stack/data/venv/lib/python3.12/site-packages/oslo_config/cfg.py:3253}}
Jun 26 05:37:38.298248 np0000003701 nova-scheduler[96288]: DEBUG cotyledon.oslo_config_glue [-] oslo_messaging_rabbit.enable_cancel_on_failover = False {{(pid=96288) log_opt_values /opt/stack/data/venv/lib/python3.12/site-packages/oslo_config/cfg.py:3253}}
Jun 26 05:37:38.298248 np0000003701 nova-scheduler[96288]: DEBUG cotyledon.oslo_config_glue [-] oslo_messaging_rabbit.heartbeat_rate = 3 {{(pid=96288) log_opt_values /opt/stack/data/venv/lib/python3.12/site-packages/oslo_config/cfg.py:3253}}
Jun 26 05:37:38.298248 np0000003701 nova-scheduler[96288]: DEBUG cotyledon.oslo_config_glue [-] oslo_messaging_rabbit.heartbeat_timeout_threshold = 60 {{(pid=96288) log_opt_values /opt/stack/data/venv/lib/python3.12/site-packages/oslo_config/cfg.py:3253}}
Jun 26 05:37:38.298248 np0000003701 nova-scheduler[96288]: DEBUG cotyledon.oslo_config_glue [-] oslo_messaging_rabbit.hostname = np0000003701 {{(pid=96288) log_opt_values /opt/stack/data/venv/lib/python3.12/site-packages/oslo_config/cfg.py:3253}}
Jun 26 05:37:38.298439 np0000003701 nova-scheduler[96288]: DEBUG cotyledon.oslo_config_glue [-] oslo_messaging_rabbit.kombu_compression = None {{(pid=96288) log_opt_values /opt/stack/data/venv/lib/python3.12/site-packages/oslo_config/cfg.py:3253}}
Jun 26 05:37:38.298439 np0000003701 nova-scheduler[96288]: DEBUG cotyledon.oslo_config_glue [-] oslo_messaging_rabbit.kombu_failover_strategy = round-robin {{(pid=96288) log_opt_values /opt/stack/data/venv/lib/python3.12/site-packages/oslo_config/cfg.py:3253}}
Jun 26 05:37:38.298439 np0000003701 nova-scheduler[96288]: DEBUG cotyledon.oslo_config_glue [-] oslo_messaging_rabbit.kombu_missing_consumer_retry_timeout = 60 {{(pid=96288) log_opt_values /opt/stack/data/venv/lib/python3.12/site-packages/oslo_config/cfg.py:3253}}
Jun 26 05:37:38.298439 np0000003701 nova-scheduler[96288]: DEBUG cotyledon.oslo_config_glue [-] oslo_messaging_rabbit.kombu_reconnect_delay = 1.0 {{(pid=96288) log_opt_values /opt/stack/data/venv/lib/python3.12/site-packages/oslo_config/cfg.py:3253}}
Jun 26 05:37:38.298439 np0000003701 nova-scheduler[96288]: DEBUG cotyledon.oslo_config_glue [-] oslo_messaging_rabbit.kombu_reconnect_splay = 0.0 {{(pid=96288) log_opt_values /opt/stack/data/venv/lib/python3.12/site-packages/oslo_config/cfg.py:3253}}
Jun 26 05:37:38.298439 np0000003701 nova-scheduler[96288]: DEBUG cotyledon.oslo_config_glue [-] oslo_messaging_rabbit.processname = nova-scheduler {{(pid=96288) log_opt_values /opt/stack/data/venv/lib/python3.12/site-packages/oslo_config/cfg.py:3253}}
Jun 26 05:37:38.298439 np0000003701 nova-scheduler[96288]: DEBUG cotyledon.oslo_config_glue [-] oslo_messaging_rabbit.rabbit_ha_queues = False {{(pid=96288) log_opt_values /opt/stack/data/venv/lib/python3.12/site-packages/oslo_config/cfg.py:3253}}
Jun 26 05:37:38.298439 np0000003701 nova-scheduler[96288]: DEBUG cotyledon.oslo_config_glue [-] oslo_messaging_rabbit.rabbit_interval_max = 30 {{(pid=96288) log_opt_values /opt/stack/data/venv/lib/python3.12/site-packages/oslo_config/cfg.py:3253}}
Jun 26 05:37:38.298439 np0000003701 nova-scheduler[96288]: DEBUG cotyledon.oslo_config_glue [-] oslo_messaging_rabbit.rabbit_login_method = AMQPLAIN {{(pid=96288) log_opt_values /opt/stack/data/venv/lib/python3.12/site-packages/oslo_config/cfg.py:3253}}
Jun 26 05:37:38.298606 np0000003701 nova-scheduler[96288]: DEBUG cotyledon.oslo_config_glue [-] oslo_messaging_rabbit.rabbit_qos_prefetch_count = 0 {{(pid=96288) log_opt_values /opt/stack/data/venv/lib/python3.12/site-packages/oslo_config/cfg.py:3253}}
Jun 26 05:37:38.298606 np0000003701 nova-scheduler[96288]: DEBUG cotyledon.oslo_config_glue [-] oslo_messaging_rabbit.rabbit_quorum_delivery_limit = 0 {{(pid=96288) log_opt_values /opt/stack/data/venv/lib/python3.12/site-packages/oslo_config/cfg.py:3253}}
Jun 26 05:37:38.298606 np0000003701 nova-scheduler[96288]: DEBUG cotyledon.oslo_config_glue [-] oslo_messaging_rabbit.rabbit_quorum_max_memory_bytes = 0 {{(pid=96288) log_opt_values /opt/stack/data/venv/lib/python3.12/site-packages/oslo_config/cfg.py:3253}}
Jun 26 05:37:38.298606 np0000003701 nova-scheduler[96288]: DEBUG cotyledon.oslo_config_glue [-] oslo_messaging_rabbit.rabbit_quorum_max_memory_length = 0 {{(pid=96288) log_opt_values /opt/stack/data/venv/lib/python3.12/site-packages/oslo_config/cfg.py:3253}}
Jun 26 05:37:38.298606 np0000003701 nova-scheduler[96288]: DEBUG cotyledon.oslo_config_glue [-] oslo_messaging_rabbit.rabbit_quorum_queue = False {{(pid=96288) log_opt_values /opt/stack/data/venv/lib/python3.12/site-packages/oslo_config/cfg.py:3253}}
Jun 26 05:37:38.298606 np0000003701 nova-scheduler[96288]: DEBUG cotyledon.oslo_config_glue [-] oslo_messaging_rabbit.rabbit_retry_backoff = 2 {{(pid=96288) log_opt_values /opt/stack/data/venv/lib/python3.12/site-packages/oslo_config/cfg.py:3253}}
Jun 26 05:37:38.298606 np0000003701 nova-scheduler[96288]: DEBUG cotyledon.oslo_config_glue [-] oslo_messaging_rabbit.rabbit_retry_interval = 1 {{(pid=96288) log_opt_values /opt/stack/data/venv/lib/python3.12/site-packages/oslo_config/cfg.py:3253}}
Jun 26 05:37:38.298606 np0000003701 nova-scheduler[96288]: DEBUG cotyledon.oslo_config_glue [-] oslo_messaging_rabbit.rabbit_stream_fanout = False {{(pid=96288) log_opt_values /opt/stack/data/venv/lib/python3.12/site-packages/oslo_config/cfg.py:3253}}
Jun 26 05:37:38.298771 np0000003701 nova-scheduler[96288]: DEBUG cotyledon.oslo_config_glue [-] oslo_messaging_rabbit.rabbit_transient_queues_ttl = 1800 {{(pid=96288) log_opt_values /opt/stack/data/venv/lib/python3.12/site-packages/oslo_config/cfg.py:3253}}
Jun 26 05:37:38.298771 np0000003701 nova-scheduler[96288]: DEBUG cotyledon.oslo_config_glue [-] oslo_messaging_rabbit.rabbit_transient_quorum_queue = False {{(pid=96288) log_opt_values /opt/stack/data/venv/lib/python3.12/site-packages/oslo_config/cfg.py:3253}}
Jun 26 05:37:38.298771 np0000003701 nova-scheduler[96288]: DEBUG cotyledon.oslo_config_glue [-] oslo_messaging_rabbit.rpc_conn_pool_size = 30 {{(pid=96288) log_opt_values /opt/stack/data/venv/lib/python3.12/site-packages/oslo_config/cfg.py:3253}}
Jun 26 05:37:38.298771 np0000003701 nova-scheduler[96288]: DEBUG cotyledon.oslo_config_glue [-] oslo_messaging_rabbit.ssl = False {{(pid=96288) log_opt_values /opt/stack/data/venv/lib/python3.12/site-packages/oslo_config/cfg.py:3253}}
Jun 26 05:37:38.298771 np0000003701 nova-scheduler[96288]: DEBUG cotyledon.oslo_config_glue [-] oslo_messaging_rabbit.ssl_ca_file = {{(pid=96288) log_opt_values /opt/stack/data/venv/lib/python3.12/site-packages/oslo_config/cfg.py:3253}}
Jun 26 05:37:38.298771 np0000003701 nova-scheduler[96288]: DEBUG cotyledon.oslo_config_glue [-] oslo_messaging_rabbit.ssl_cert_file = {{(pid=96288) log_opt_values /opt/stack/data/venv/lib/python3.12/site-packages/oslo_config/cfg.py:3253}}
Jun 26 05:37:38.298771 np0000003701 nova-scheduler[96288]: DEBUG cotyledon.oslo_config_glue [-] oslo_messaging_rabbit.ssl_enforce_fips_mode = False {{(pid=96288) log_opt_values /opt/stack/data/venv/lib/python3.12/site-packages/oslo_config/cfg.py:3253}}
Jun 26 05:37:38.298771 np0000003701 nova-scheduler[96288]: DEBUG cotyledon.oslo_config_glue [-] oslo_messaging_rabbit.ssl_enforce_hostname_verification = True {{(pid=96288) log_opt_values /opt/stack/data/venv/lib/python3.12/site-packages/oslo_config/cfg.py:3253}}
Jun 26 05:37:38.298771 np0000003701 nova-scheduler[96288]: DEBUG cotyledon.oslo_config_glue [-] oslo_messaging_rabbit.ssl_key_file = {{(pid=96288) log_opt_values /opt/stack/data/venv/lib/python3.12/site-packages/oslo_config/cfg.py:3253}}
Jun 26 05:37:38.299035 np0000003701 nova-scheduler[96288]: DEBUG cotyledon.oslo_config_glue [-] oslo_messaging_rabbit.ssl_version = {{(pid=96288) log_opt_values /opt/stack/data/venv/lib/python3.12/site-packages/oslo_config/cfg.py:3253}}
Jun 26 05:37:38.299035 np0000003701 nova-scheduler[96288]: DEBUG cotyledon.oslo_config_glue [-] oslo_messaging_rabbit.use_queue_manager = False {{(pid=96288) log_opt_values /opt/stack/data/venv/lib/python3.12/site-packages/oslo_config/cfg.py:3253}}
Jun 26 05:37:38.299035 np0000003701 nova-scheduler[96288]: DEBUG cotyledon.oslo_config_glue [-] oslo_messaging_notifications.driver = ['messagingv2'] {{(pid=96288) log_opt_values /opt/stack/data/venv/lib/python3.12/site-packages/oslo_config/cfg.py:3253}}
Jun 26 05:37:38.299035 np0000003701 nova-scheduler[96288]: DEBUG cotyledon.oslo_config_glue [-] oslo_messaging_notifications.retry = -1 {{(pid=96288) log_opt_values /opt/stack/data/venv/lib/python3.12/site-packages/oslo_config/cfg.py:3253}}
Jun 26 05:37:38.299035 np0000003701 nova-scheduler[96288]: DEBUG cotyledon.oslo_config_glue [-] oslo_messaging_notifications.topics = ['notifications'] {{(pid=96288) log_opt_values /opt/stack/data/venv/lib/python3.12/site-packages/oslo_config/cfg.py:3253}}
Jun 26 05:37:38.299035 np0000003701 nova-scheduler[96288]: DEBUG cotyledon.oslo_config_glue [-] oslo_messaging_notifications.transport_url = **** {{(pid=96288) log_opt_values /opt/stack/data/venv/lib/python3.12/site-packages/oslo_config/cfg.py:3253}}
Jun 26 05:37:38.299035 np0000003701 nova-scheduler[96288]: DEBUG cotyledon.oslo_config_glue [-] oslo_limit.auth_section = None {{(pid=96288) log_opt_values /opt/stack/data/venv/lib/python3.12/site-packages/oslo_config/cfg.py:3253}}
Jun 26 05:37:38.299035 np0000003701 nova-scheduler[96288]: DEBUG cotyledon.oslo_config_glue [-] oslo_limit.auth_type = None {{(pid=96288) log_opt_values /opt/stack/data/venv/lib/python3.12/site-packages/oslo_config/cfg.py:3253}}
Jun 26 05:37:38.299035 np0000003701 nova-scheduler[96288]: DEBUG cotyledon.oslo_config_glue [-] oslo_limit.cafile = None {{(pid=96288) log_opt_values /opt/stack/data/venv/lib/python3.12/site-packages/oslo_config/cfg.py:3253}}
Jun 26 05:37:38.299191 np0000003701 nova-scheduler[96288]: DEBUG cotyledon.oslo_config_glue [-] oslo_limit.certfile = None {{(pid=96288) log_opt_values /opt/stack/data/venv/lib/python3.12/site-packages/oslo_config/cfg.py:3253}}
Jun 26 05:37:38.299191 np0000003701 nova-scheduler[96288]: DEBUG cotyledon.oslo_config_glue [-] oslo_limit.collect_timing = False {{(pid=96288) log_opt_values /opt/stack/data/venv/lib/python3.12/site-packages/oslo_config/cfg.py:3253}}
Jun 26 05:37:38.299191 np0000003701 nova-scheduler[96288]: DEBUG cotyledon.oslo_config_glue [-] oslo_limit.connect_retries = None {{(pid=96288) log_opt_values /opt/stack/data/venv/lib/python3.12/site-packages/oslo_config/cfg.py:3253}}
Jun 26 05:37:38.299191 np0000003701 nova-scheduler[96288]: DEBUG cotyledon.oslo_config_glue [-] oslo_limit.connect_retry_delay = None {{(pid=96288) log_opt_values /opt/stack/data/venv/lib/python3.12/site-packages/oslo_config/cfg.py:3253}}
Jun 26 05:37:38.299191 np0000003701 nova-scheduler[96288]: DEBUG cotyledon.oslo_config_glue [-] oslo_limit.endpoint_id = None {{(pid=96288) log_opt_values /opt/stack/data/venv/lib/python3.12/site-packages/oslo_config/cfg.py:3253}}
Jun 26 05:37:38.299191 np0000003701 nova-scheduler[96288]: DEBUG cotyledon.oslo_config_glue [-] oslo_limit.endpoint_interface = public {{(pid=96288) log_opt_values /opt/stack/data/venv/lib/python3.12/site-packages/oslo_config/cfg.py:3253}}
Jun 26 05:37:38.299191 np0000003701 nova-scheduler[96288]: DEBUG cotyledon.oslo_config_glue [-] oslo_limit.endpoint_override = None {{(pid=96288) log_opt_values /opt/stack/data/venv/lib/python3.12/site-packages/oslo_config/cfg.py:3253}}
Jun 26 05:37:38.299191 np0000003701 nova-scheduler[96288]: DEBUG cotyledon.oslo_config_glue [-] oslo_limit.endpoint_region_name = None {{(pid=96288) log_opt_values /opt/stack/data/venv/lib/python3.12/site-packages/oslo_config/cfg.py:3253}}
Jun 26 05:37:38.299191 np0000003701 nova-scheduler[96288]: DEBUG cotyledon.oslo_config_glue [-] oslo_limit.endpoint_service_name = None {{(pid=96288) log_opt_values /opt/stack/data/venv/lib/python3.12/site-packages/oslo_config/cfg.py:3253}}
Jun 26 05:37:38.299387 np0000003701 nova-scheduler[96288]: DEBUG cotyledon.oslo_config_glue [-] oslo_limit.endpoint_service_type = None {{(pid=96288) log_opt_values /opt/stack/data/venv/lib/python3.12/site-packages/oslo_config/cfg.py:3253}}
Jun 26 05:37:38.299387 np0000003701 nova-scheduler[96288]: DEBUG cotyledon.oslo_config_glue [-] oslo_limit.insecure = False {{(pid=96288) log_opt_values /opt/stack/data/venv/lib/python3.12/site-packages/oslo_config/cfg.py:3253}}
Jun 26 05:37:38.299387 np0000003701 nova-scheduler[96288]: DEBUG cotyledon.oslo_config_glue [-] oslo_limit.keyfile = None {{(pid=96288) log_opt_values /opt/stack/data/venv/lib/python3.12/site-packages/oslo_config/cfg.py:3253}}
Jun 26 05:37:38.299387 np0000003701 nova-scheduler[96288]: DEBUG cotyledon.oslo_config_glue [-] oslo_limit.max_version = None {{(pid=96288) log_opt_values /opt/stack/data/venv/lib/python3.12/site-packages/oslo_config/cfg.py:3253}}
Jun 26 05:37:38.299387 np0000003701 nova-scheduler[96288]: DEBUG cotyledon.oslo_config_glue [-] oslo_limit.min_version = None {{(pid=96288) log_opt_values /opt/stack/data/venv/lib/python3.12/site-packages/oslo_config/cfg.py:3253}}
Jun 26 05:37:38.299387 np0000003701 nova-scheduler[96288]: DEBUG cotyledon.oslo_config_glue [-] oslo_limit.region_name = None {{(pid=96288) log_opt_values /opt/stack/data/venv/lib/python3.12/site-packages/oslo_config/cfg.py:3253}}
Jun 26 05:37:38.299387 np0000003701 nova-scheduler[96288]: DEBUG cotyledon.oslo_config_glue [-] oslo_limit.retriable_status_codes = None {{(pid=96288) log_opt_values /opt/stack/data/venv/lib/python3.12/site-packages/oslo_config/cfg.py:3253}}
Jun 26 05:37:38.299387 np0000003701 nova-scheduler[96288]: DEBUG cotyledon.oslo_config_glue [-] oslo_limit.service_name = None {{(pid=96288) log_opt_values /opt/stack/data/venv/lib/python3.12/site-packages/oslo_config/cfg.py:3253}}
Jun 26 05:37:38.299387 np0000003701 nova-scheduler[96288]: DEBUG cotyledon.oslo_config_glue [-] oslo_limit.service_type = None {{(pid=96288) log_opt_values /opt/stack/data/venv/lib/python3.12/site-packages/oslo_config/cfg.py:3253}}
Jun 26 05:37:38.299568 np0000003701 nova-scheduler[96288]: DEBUG cotyledon.oslo_config_glue [-] oslo_limit.split_loggers = False {{(pid=96288) log_opt_values /opt/stack/data/venv/lib/python3.12/site-packages/oslo_config/cfg.py:3253}}
Jun 26 05:37:38.299568 np0000003701 nova-scheduler[96288]: DEBUG cotyledon.oslo_config_glue [-] oslo_limit.status_code_retries = None {{(pid=96288) log_opt_values /opt/stack/data/venv/lib/python3.12/site-packages/oslo_config/cfg.py:3253}}
Jun 26 05:37:38.299568 np0000003701 nova-scheduler[96288]: DEBUG cotyledon.oslo_config_glue [-] oslo_limit.status_code_retry_delay = None {{(pid=96288) log_opt_values /opt/stack/data/venv/lib/python3.12/site-packages/oslo_config/cfg.py:3253}}
Jun 26 05:37:38.299568 np0000003701 nova-scheduler[96288]: DEBUG cotyledon.oslo_config_glue [-] oslo_limit.timeout = None {{(pid=96288) log_opt_values /opt/stack/data/venv/lib/python3.12/site-packages/oslo_config/cfg.py:3253}}
Jun 26 05:37:38.299568 np0000003701 nova-scheduler[96288]: DEBUG cotyledon.oslo_config_glue [-] oslo_limit.valid_interfaces = None {{(pid=96288) log_opt_values /opt/stack/data/venv/lib/python3.12/site-packages/oslo_config/cfg.py:3253}}
Jun 26 05:37:38.299568 np0000003701 nova-scheduler[96288]: DEBUG cotyledon.oslo_config_glue [-] oslo_limit.version = None {{(pid=96288) log_opt_values /opt/stack/data/venv/lib/python3.12/site-packages/oslo_config/cfg.py:3253}}
Jun 26 05:37:38.299568 np0000003701 nova-scheduler[96288]: DEBUG cotyledon.oslo_config_glue [-] oslo_reports.file_event_handler = None {{(pid=96288) log_opt_values /opt/stack/data/venv/lib/python3.12/site-packages/oslo_config/cfg.py:3253}}
Jun 26 05:37:38.299568 np0000003701 nova-scheduler[96288]: DEBUG cotyledon.oslo_config_glue [-] oslo_reports.file_event_handler_interval = 1 {{(pid=96288) log_opt_values /opt/stack/data/venv/lib/python3.12/site-packages/oslo_config/cfg.py:3253}}
Jun 26 05:37:38.299568 np0000003701 nova-scheduler[96288]: DEBUG cotyledon.oslo_config_glue [-] oslo_reports.log_dir = None {{(pid=96288) log_opt_values /opt/stack/data/venv/lib/python3.12/site-packages/oslo_config/cfg.py:3253}}
Jun 26 05:37:38.299766 np0000003701 nova-scheduler[96288]: DEBUG cotyledon.oslo_config_glue [-] ******************************************************************************** {{(pid=96288) log_opt_values /opt/stack/data/venv/lib/python3.12/site-packages/oslo_config/cfg.py:3260}}
Jun 26 05:37:38.299766 np0000003701 nova-scheduler[96288]: DEBUG cotyledon._service_worker [-] Run service ServiceWrapper(3) [96288] {{(pid=96288) wait_forever /opt/stack/data/venv/lib/python3.12/site-packages/cotyledon/_service_worker.py:218}}
Jun 26 05:37:38.299766 np0000003701 nova-scheduler[96288]: INFO nova.service [-] Starting scheduler node (version 33.1.0)
Jun 26 05:37:38.299766 np0000003701 nova-scheduler[96288]: INFO dbcounter [None req-3b440225-ea1c-4018-93a5-adfbd35fd5ff None None] Registered counter for database nova_cell0
Jun 26 05:37:38.299872 np0000003701 nova-scheduler[96278]: DEBUG nova.service [None req-bdbf5690-1e73-4c9a-9d24-9f031607d062 None None] Creating RPC server for service: nova-scheduler on topic: scheduler {{(pid=96278) start /opt/stack/nova/nova/service.py:196}}
Jun 26 05:37:38.300444 np0000003701 nova-scheduler[96282]: DEBUG oslo_db.sqlalchemy.engines [None req-5b44a4ee-2e0d-478d-a135-bc93427b5fe1 None None] MySQL server mode set to STRICT_TRANS_TABLES,STRICT_ALL_TABLES,NO_ZERO_IN_DATE,NO_ZERO_DATE,ERROR_FOR_DIVISION_BY_ZERO,TRADITIONAL,NO_ENGINE_SUBSTITUTION {{(pid=96282) _check_effective_sql_mode /opt/stack/data/venv/lib/python3.12/site-packages/oslo_db/sqlalchemy/engines.py:325}}
Jun 26 05:37:38.310803 np0000003701 nova-scheduler[96282]: DEBUG dbcounter [-] [96282] Writer thread running {{(pid=96282) stat_writer /opt/stack/data/venv/lib/python3.12/site-packages/dbcounter.py:102}}
Jun 26 05:37:38.313539 np0000003701 nova-scheduler[96282]: DEBUG nova.service [None req-5b44a4ee-2e0d-478d-a135-bc93427b5fe1 None None] Creating RPC server for service: nova-scheduler on topic: scheduler {{(pid=96282) start /opt/stack/nova/nova/service.py:196}}
Jun 26 05:37:38.314912 np0000003701 nova-scheduler[96278]: DEBUG nova.service [None req-bdbf5690-1e73-4c9a-9d24-9f031607d062 None None] Join ServiceGroup membership for this service scheduler {{(pid=96278) start /opt/stack/nova/nova/service.py:222}}
Jun 26 05:37:38.315059 np0000003701 nova-scheduler[96278]: DEBUG nova.servicegroup.drivers.db [None req-bdbf5690-1e73-4c9a-9d24-9f031607d062 None None] DB_Driver: join new ServiceGroup member np0000003701 to the scheduler group, service = {{(pid=96278) join /opt/stack/nova/nova/servicegroup/drivers/db.py:44}}
Jun 26 05:37:38.316342 np0000003701 nova-scheduler[96280]: DEBUG oslo_db.sqlalchemy.engines [None req-857dcb07-0418-4605-a88e-b96daf498411 None None] MySQL server mode set to STRICT_TRANS_TABLES,STRICT_ALL_TABLES,NO_ZERO_IN_DATE,NO_ZERO_DATE,ERROR_FOR_DIVISION_BY_ZERO,TRADITIONAL,NO_ENGINE_SUBSTITUTION {{(pid=96280) _check_effective_sql_mode /opt/stack/data/venv/lib/python3.12/site-packages/oslo_db/sqlalchemy/engines.py:325}}
Jun 26 05:37:38.325860 np0000003701 nova-scheduler[96280]: DEBUG dbcounter [-] [96280] Writer thread running {{(pid=96280) stat_writer /opt/stack/data/venv/lib/python3.12/site-packages/dbcounter.py:102}}
Jun 26 05:37:38.328857 np0000003701 nova-scheduler[96280]: DEBUG nova.service [None req-857dcb07-0418-4605-a88e-b96daf498411 None None] Creating RPC server for service: nova-scheduler on topic: scheduler {{(pid=96280) start /opt/stack/nova/nova/service.py:196}}
Jun 26 05:37:38.330677 np0000003701 nova-scheduler[96282]: DEBUG nova.service [None req-5b44a4ee-2e0d-478d-a135-bc93427b5fe1 None None] Join ServiceGroup membership for this service scheduler {{(pid=96282) start /opt/stack/nova/nova/service.py:222}}
Jun 26 05:37:38.331174 np0000003701 nova-scheduler[96282]: DEBUG nova.servicegroup.drivers.db [None req-5b44a4ee-2e0d-478d-a135-bc93427b5fe1 None None] DB_Driver: join new ServiceGroup member np0000003701 to the scheduler group, service = {{(pid=96282) join /opt/stack/nova/nova/servicegroup/drivers/db.py:44}}
Jun 26 05:37:38.336019 np0000003701 nova-scheduler[96288]: DEBUG oslo_db.sqlalchemy.engines [None req-3b440225-ea1c-4018-93a5-adfbd35fd5ff None None] MySQL server mode set to STRICT_TRANS_TABLES,STRICT_ALL_TABLES,NO_ZERO_IN_DATE,NO_ZERO_DATE,ERROR_FOR_DIVISION_BY_ZERO,TRADITIONAL,NO_ENGINE_SUBSTITUTION {{(pid=96288) _check_effective_sql_mode /opt/stack/data/venv/lib/python3.12/site-packages/oslo_db/sqlalchemy/engines.py:325}}
Jun 26 05:37:38.345625 np0000003701 nova-scheduler[96288]: DEBUG dbcounter [-] [96288] Writer thread running {{(pid=96288) stat_writer /opt/stack/data/venv/lib/python3.12/site-packages/dbcounter.py:102}}
Jun 26 05:37:38.346474 np0000003701 nova-scheduler[96280]: DEBUG nova.service [None req-857dcb07-0418-4605-a88e-b96daf498411 None None] Join ServiceGroup membership for this service scheduler {{(pid=96280) start /opt/stack/nova/nova/service.py:222}}
Jun 26 05:37:38.346804 np0000003701 nova-scheduler[96280]: DEBUG nova.servicegroup.drivers.db [None req-857dcb07-0418-4605-a88e-b96daf498411 None None] DB_Driver: join new ServiceGroup member np0000003701 to the scheduler group, service = {{(pid=96280) join /opt/stack/nova/nova/servicegroup/drivers/db.py:44}}
Jun 26 05:37:38.348536 np0000003701 nova-scheduler[96288]: DEBUG nova.service [None req-3b440225-ea1c-4018-93a5-adfbd35fd5ff None None] Creating RPC server for service: nova-scheduler on topic: scheduler {{(pid=96288) start /opt/stack/nova/nova/service.py:196}}
Jun 26 05:37:38.363986 np0000003701 nova-scheduler[96288]: DEBUG nova.service [None req-3b440225-ea1c-4018-93a5-adfbd35fd5ff None None] Join ServiceGroup membership for this service scheduler {{(pid=96288) start /opt/stack/nova/nova/service.py:222}}
Jun 26 05:37:38.364108 np0000003701 nova-scheduler[96288]: DEBUG nova.servicegroup.drivers.db [None req-3b440225-ea1c-4018-93a5-adfbd35fd5ff None None] DB_Driver: join new ServiceGroup member np0000003701 to the scheduler group, service = {{(pid=96288) join /opt/stack/nova/nova/servicegroup/drivers/db.py:44}}
Jun 26 05:37:43.328681 np0000003701 nova-scheduler[96278]: DEBUG oslo.service.backend._threading.loopingcall [-] Fixed interval looping call 'nova.servicegroup.drivers.db.DbDriver._report_state' sleeping for 119.99 seconds {{(pid=96278) _run_loop /opt/stack/data/venv/lib/python3.12/site-packages/oslo_service/backend/_threading/loopingcall.py:125}}
Jun 26 05:37:43.342525 np0000003701 nova-scheduler[96282]: DEBUG oslo.service.backend._threading.loopingcall [-] Fixed interval looping call 'nova.servicegroup.drivers.db.DbDriver._report_state' sleeping for 119.99 seconds {{(pid=96282) _run_loop /opt/stack/data/venv/lib/python3.12/site-packages/oslo_service/backend/_threading/loopingcall.py:125}}
Jun 26 05:37:43.358382 np0000003701 nova-scheduler[96280]: DEBUG oslo.service.backend._threading.loopingcall [-] Fixed interval looping call 'nova.servicegroup.drivers.db.DbDriver._report_state' sleeping for 119.99 seconds {{(pid=96280) _run_loop /opt/stack/data/venv/lib/python3.12/site-packages/oslo_service/backend/_threading/loopingcall.py:125}}
Jun 26 05:37:43.376910 np0000003701 nova-scheduler[96288]: DEBUG oslo.service.backend._threading.loopingcall [-] Fixed interval looping call 'nova.servicegroup.drivers.db.DbDriver._report_state' sleeping for 119.99 seconds {{(pid=96288) _run_loop /opt/stack/data/venv/lib/python3.12/site-packages/oslo_service/backend/_threading/loopingcall.py:125}}
Jun 26 05:37:46.879992 np0000003701 nova-scheduler[95084]: DEBUG dbcounter [-] [95084] Writing DB stats nova_api:SELECT=3 {{(pid=95084) stat_writer /opt/stack/data/venv/lib/python3.12/site-packages/dbcounter.py:115}}
Jun 26 05:37:47.012456 np0000003701 nova-scheduler[95084]: DEBUG dbcounter [-] [95084] Writing DB stats nova_cell0:SELECT=1 {{(pid=95084) stat_writer /opt/stack/data/venv/lib/python3.12/site-packages/dbcounter.py:115}}
Jun 26 05:37:47.023544 np0000003701 nova-scheduler[95084]: DEBUG dbcounter [-] [95084] Writing DB stats nova_cell1:SELECT=1 {{(pid=95084) stat_writer /opt/stack/data/venv/lib/python3.12/site-packages/dbcounter.py:115}}
Jun 26 05:37:53.325181 np0000003701 nova-scheduler[96278]: DEBUG dbcounter [-] [96278] Writing DB stats nova_cell0:SELECT=4,nova_cell0:INSERT=1,nova_cell0:UPDATE=1 {{(pid=96278) stat_writer /opt/stack/data/venv/lib/python3.12/site-packages/dbcounter.py:115}}
Jun 26 05:37:53.340272 np0000003701 nova-scheduler[96282]: DEBUG dbcounter [-] [96282] Writing DB stats nova_cell0:SELECT=3 {{(pid=96282) stat_writer /opt/stack/data/venv/lib/python3.12/site-packages/dbcounter.py:115}}
Jun 26 05:37:53.355913 np0000003701 nova-scheduler[96280]: DEBUG dbcounter [-] [96280] Writing DB stats nova_cell0:SELECT=3 {{(pid=96280) stat_writer /opt/stack/data/venv/lib/python3.12/site-packages/dbcounter.py:115}}
Jun 26 05:37:53.377110 np0000003701 nova-scheduler[96288]: DEBUG dbcounter [-] [96288] Writing DB stats nova_cell0:SELECT=3 {{(pid=96288) stat_writer /opt/stack/data/venv/lib/python3.12/site-packages/dbcounter.py:115}}
Jun 26 05:37:56.317071 np0000003701 nova-scheduler[96278]: DEBUG oslo.service.backend._threading.loopingcall [None req-f7af1f6b-81dd-45da-ba0d-0026826046ad None None] Dynamic interval looping call 'nova.service.Service.periodic_tasks' sleeping for 60.00 seconds {{(pid=96278) _run_loop /opt/stack/data/venv/lib/python3.12/site-packages/oslo_service/backend/_threading/loopingcall.py:125}}
Jun 26 05:38:03.349313 np0000003701 nova-scheduler[96280]: DEBUG oslo.service.backend._threading.loopingcall [None req-a0d8984d-6146-47c1-b1d1-a8e6dfcbd218 None None] Dynamic interval looping call 'nova.service.Service.periodic_tasks' sleeping for 60.00 seconds {{(pid=96280) _run_loop /opt/stack/data/venv/lib/python3.12/site-packages/oslo_service/backend/_threading/loopingcall.py:125}}
Jun 26 05:38:11.333710 np0000003701 nova-scheduler[96282]: DEBUG oslo.service.backend._threading.loopingcall [None req-1bebd762-6d03-4b37-8ae2-4c589928f5a8 None None] Dynamic interval looping call 'nova.service.Service.periodic_tasks' sleeping for 60.00 seconds {{(pid=96282) _run_loop /opt/stack/data/venv/lib/python3.12/site-packages/oslo_service/backend/_threading/loopingcall.py:125}}
Jun 26 05:38:32.366332 np0000003701 nova-scheduler[96288]: DEBUG oslo.service.backend._threading.loopingcall [None req-dad4dedf-77d3-4d31-b768-98f406fd2747 None None] Dynamic interval looping call 'nova.service.Service.periodic_tasks' sleeping for 60.00 seconds {{(pid=96288) _run_loop /opt/stack/data/venv/lib/python3.12/site-packages/oslo_service/backend/_threading/loopingcall.py:125}}
Jun 26 05:38:56.317513 np0000003701 nova-scheduler[96278]: DEBUG oslo.service.backend._threading.loopingcall [None req-f7af1f6b-81dd-45da-ba0d-0026826046ad None None] Dynamic interval looping call 'nova.service.Service.periodic_tasks' sleeping for 60.00 seconds {{(pid=96278) _run_loop /opt/stack/data/venv/lib/python3.12/site-packages/oslo_service/backend/_threading/loopingcall.py:125}}
Jun 26 05:39:03.349906 np0000003701 nova-scheduler[96280]: DEBUG oslo.service.backend._threading.loopingcall [None req-a0d8984d-6146-47c1-b1d1-a8e6dfcbd218 None None] Dynamic interval looping call 'nova.service.Service.periodic_tasks' sleeping for 60.00 seconds {{(pid=96280) _run_loop /opt/stack/data/venv/lib/python3.12/site-packages/oslo_service/backend/_threading/loopingcall.py:125}}
Jun 26 05:39:11.334379 np0000003701 nova-scheduler[96282]: DEBUG oslo.service.backend._threading.loopingcall [None req-1bebd762-6d03-4b37-8ae2-4c589928f5a8 None None] Dynamic interval looping call 'nova.service.Service.periodic_tasks' sleeping for 60.00 seconds {{(pid=96282) _run_loop /opt/stack/data/venv/lib/python3.12/site-packages/oslo_service/backend/_threading/loopingcall.py:125}}
Jun 26 05:39:32.366857 np0000003701 nova-scheduler[96288]: DEBUG oslo.service.backend._threading.loopingcall [None req-dad4dedf-77d3-4d31-b768-98f406fd2747 None None] Dynamic interval looping call 'nova.service.Service.periodic_tasks' sleeping for 60.00 seconds {{(pid=96288) _run_loop /opt/stack/data/venv/lib/python3.12/site-packages/oslo_service/backend/_threading/loopingcall.py:125}}
Jun 26 05:39:43.326226 np0000003701 nova-scheduler[96278]: DEBUG oslo.service.backend._threading.loopingcall [-] Fixed interval looping call 'nova.servicegroup.drivers.db.DbDriver._report_state' sleeping for 119.99 seconds {{(pid=96278) _run_loop /opt/stack/data/venv/lib/python3.12/site-packages/oslo_service/backend/_threading/loopingcall.py:125}}
Jun 26 05:39:43.335677 np0000003701 nova-scheduler[96282]: DEBUG oslo.service.backend._threading.loopingcall [-] Fixed interval looping call 'nova.servicegroup.drivers.db.DbDriver._report_state' sleeping for 120.00 seconds {{(pid=96282) _run_loop /opt/stack/data/venv/lib/python3.12/site-packages/oslo_service/backend/_threading/loopingcall.py:125}}
Jun 26 05:39:43.351599 np0000003701 nova-scheduler[96280]: DEBUG oslo.service.backend._threading.loopingcall [-] Fixed interval looping call 'nova.servicegroup.drivers.db.DbDriver._report_state' sleeping for 120.00 seconds {{(pid=96280) _run_loop /opt/stack/data/venv/lib/python3.12/site-packages/oslo_service/backend/_threading/loopingcall.py:125}}
Jun 26 05:39:43.370180 np0000003701 nova-scheduler[96288]: DEBUG oslo.service.backend._threading.loopingcall [-] Fixed interval looping call 'nova.servicegroup.drivers.db.DbDriver._report_state' sleeping for 120.00 seconds {{(pid=96288) _run_loop /opt/stack/data/venv/lib/python3.12/site-packages/oslo_service/backend/_threading/loopingcall.py:125}}
Jun 26 05:39:53.323190 np0000003701 nova-scheduler[96278]: DEBUG dbcounter [-] [96278] Writing DB stats nova_cell0:SELECT=1,nova_cell0:UPDATE=1 {{(pid=96278) stat_writer /opt/stack/data/venv/lib/python3.12/site-packages/dbcounter.py:115}}
Jun 26 05:39:53.334182 np0000003701 nova-scheduler[96282]: DEBUG dbcounter [-] [96282] Writing DB stats nova_cell0:SELECT=1 {{(pid=96282) stat_writer /opt/stack/data/venv/lib/python3.12/site-packages/dbcounter.py:115}}
Jun 26 05:39:53.350113 np0000003701 nova-scheduler[96280]: DEBUG dbcounter [-] [96280] Writing DB stats nova_cell0:SELECT=1 {{(pid=96280) stat_writer /opt/stack/data/venv/lib/python3.12/site-packages/dbcounter.py:115}}
Jun 26 05:39:53.368659 np0000003701 nova-scheduler[96288]: DEBUG dbcounter [-] [96288] Writing DB stats nova_cell0:SELECT=1 {{(pid=96288) stat_writer /opt/stack/data/venv/lib/python3.12/site-packages/dbcounter.py:115}}
Jun 26 05:39:56.318098 np0000003701 nova-scheduler[96278]: DEBUG oslo.service.backend._threading.loopingcall [None req-f7af1f6b-81dd-45da-ba0d-0026826046ad None None] Dynamic interval looping call 'nova.service.Service.periodic_tasks' sleeping for 60.00 seconds {{(pid=96278) _run_loop /opt/stack/data/venv/lib/python3.12/site-packages/oslo_service/backend/_threading/loopingcall.py:125}}
Jun 26 05:40:03.350292 np0000003701 nova-scheduler[96280]: DEBUG oslo.service.backend._threading.loopingcall [None req-a0d8984d-6146-47c1-b1d1-a8e6dfcbd218 None None] Dynamic interval looping call 'nova.service.Service.periodic_tasks' sleeping for 60.00 seconds {{(pid=96280) _run_loop /opt/stack/data/venv/lib/python3.12/site-packages/oslo_service/backend/_threading/loopingcall.py:125}}
Jun 26 05:40:11.335350 np0000003701 nova-scheduler[96282]: DEBUG oslo.service.backend._threading.loopingcall [None req-1bebd762-6d03-4b37-8ae2-4c589928f5a8 None None] Dynamic interval looping call 'nova.service.Service.periodic_tasks' sleeping for 60.00 seconds {{(pid=96282) _run_loop /opt/stack/data/venv/lib/python3.12/site-packages/oslo_service/backend/_threading/loopingcall.py:125}}
Jun 26 05:40:15.662052 np0000003701 nova-scheduler[96278]: DEBUG nova.scheduler.manager [None req-099f45f9-e00b-4b92-85c3-74ad1699f8f4 tempest-DeleteServersTestJSON-1741353410 tempest-DeleteServersTestJSON-1741353410-project-member] Starting to schedule for instances: ['45b36cf1-3a87-4bc7-b256-f254c235c8ab'] {{(pid=96278) select_destinations /opt/stack/nova/nova/scheduler/manager.py:210}}
Jun 26 05:40:15.662976 np0000003701 nova-scheduler[96278]: DEBUG nova.scheduler.request_filter [None req-099f45f9-e00b-4b92-85c3-74ad1699f8f4 tempest-DeleteServersTestJSON-1741353410 tempest-DeleteServersTestJSON-1741353410-project-member] compute_status_filter request filter added forbidden trait COMPUTE_STATUS_DISABLED {{(pid=96278) compute_status_filter /opt/stack/nova/nova/scheduler/request_filter.py:253}}
Jun 26 05:40:15.662976 np0000003701 nova-scheduler[96278]: DEBUG nova.scheduler.request_filter [None req-099f45f9-e00b-4b92-85c3-74ad1699f8f4 tempest-DeleteServersTestJSON-1741353410 tempest-DeleteServersTestJSON-1741353410-project-member] Request filter 'compute_status_filter' took 0.0 seconds {{(pid=96278) wrapper /opt/stack/nova/nova/scheduler/request_filter.py:46}}
Jun 26 05:40:15.662976 np0000003701 nova-scheduler[96278]: DEBUG nova.scheduler.request_filter [None req-099f45f9-e00b-4b92-85c3-74ad1699f8f4 tempest-DeleteServersTestJSON-1741353410 tempest-DeleteServersTestJSON-1741353410-project-member] Request filter 'accelerators_filter' took 0.0 seconds {{(pid=96278) wrapper /opt/stack/nova/nova/scheduler/request_filter.py:46}}
Jun 26 05:40:15.663218 np0000003701 nova-scheduler[96278]: DEBUG nova.scheduler.request_filter [None req-099f45f9-e00b-4b92-85c3-74ad1699f8f4 tempest-DeleteServersTestJSON-1741353410 tempest-DeleteServersTestJSON-1741353410-project-member] Request filter 'packed_virtqueue_filter' took 0.0 seconds {{(pid=96278) wrapper /opt/stack/nova/nova/scheduler/request_filter.py:46}}
Jun 26 05:40:15.663680 np0000003701 nova-scheduler[96278]: DEBUG nova.scheduler.request_filter [None req-099f45f9-e00b-4b92-85c3-74ad1699f8f4 tempest-DeleteServersTestJSON-1741353410 tempest-DeleteServersTestJSON-1741353410-project-member] Request filter 'remote_managed_ports_filter' took 0.0 seconds {{(pid=96278) wrapper /opt/stack/nova/nova/scheduler/request_filter.py:46}}
Jun 26 05:40:15.663680 np0000003701 nova-scheduler[96278]: DEBUG nova.scheduler.request_filter [None req-099f45f9-e00b-4b92-85c3-74ad1699f8f4 tempest-DeleteServersTestJSON-1741353410 tempest-DeleteServersTestJSON-1741353410-project-member] ephemeral_encryption_filter skipped {{(pid=96278) ephemeral_encryption_filter /opt/stack/nova/nova/scheduler/request_filter.py:426}}
Jun 26 05:40:15.663905 np0000003701 nova-scheduler[96278]: DEBUG nova.scheduler.request_filter [None req-099f45f9-e00b-4b92-85c3-74ad1699f8f4 tempest-DeleteServersTestJSON-1741353410 tempest-DeleteServersTestJSON-1741353410-project-member] virtio_sound_filter skipped {{(pid=96278) virtio_sound_filter /opt/stack/nova/nova/scheduler/request_filter.py:460}}
Jun 26 05:40:15.663964 np0000003701 nova-scheduler[96278]: DEBUG nova.scheduler.request_filter [None req-099f45f9-e00b-4b92-85c3-74ad1699f8f4 tempest-DeleteServersTestJSON-1741353410 tempest-DeleteServersTestJSON-1741353410-project-member] tpm_secret_security_filter skipped {{(pid=96278) tpm_secret_security_filter /opt/stack/nova/nova/scheduler/request_filter.py:477}}
Jun 26 05:40:16.239636 np0000003701 nova-scheduler[96278]: INFO nova.utils [None req-099f45f9-e00b-4b92-85c3-74ad1699f8f4 tempest-DeleteServersTestJSON-1741353410 tempest-DeleteServersTestJSON-1741353410-project-member] The cell worker thread pool ForkProcess-1.cell_worker is initialized
Jun 26 05:40:16.240657 np0000003701 nova-scheduler[96278]: DEBUG oslo_concurrency.lockutils [None req-099f45f9-e00b-4b92-85c3-74ad1699f8f4 tempest-DeleteServersTestJSON-1741353410 tempest-DeleteServersTestJSON-1741353410-project-member] Acquiring lock "9a9f051f-f03e-4ac7-a186-16ccb78b394e" by "nova.context.set_target_cell..get_or_set_cached_cell_and_set_connections" {{(pid=96278) inner /opt/stack/data/venv/lib/python3.12/site-packages/oslo_concurrency/lockutils.py:511}}
Jun 26 05:40:16.240771 np0000003701 nova-scheduler[96278]: DEBUG oslo_concurrency.lockutils [None req-099f45f9-e00b-4b92-85c3-74ad1699f8f4 tempest-DeleteServersTestJSON-1741353410 tempest-DeleteServersTestJSON-1741353410-project-member] Lock "9a9f051f-f03e-4ac7-a186-16ccb78b394e" acquired by "nova.context.set_target_cell..get_or_set_cached_cell_and_set_connections" :: waited 0.001s {{(pid=96278) inner /opt/stack/data/venv/lib/python3.12/site-packages/oslo_concurrency/lockutils.py:524}}
Jun 26 05:40:16.243240 np0000003701 nova-scheduler[96278]: DEBUG oslo_concurrency.lockutils [None req-099f45f9-e00b-4b92-85c3-74ad1699f8f4 tempest-DeleteServersTestJSON-1741353410 tempest-DeleteServersTestJSON-1741353410-project-member] Lock "9a9f051f-f03e-4ac7-a186-16ccb78b394e" "released" by "nova.context.set_target_cell..get_or_set_cached_cell_and_set_connections" :: held 0.002s {{(pid=96278) inner /opt/stack/data/venv/lib/python3.12/site-packages/oslo_concurrency/lockutils.py:543}}
Jun 26 05:40:16.245449 np0000003701 nova-scheduler[96278]: INFO dbcounter [None req-099f45f9-e00b-4b92-85c3-74ad1699f8f4 tempest-DeleteServersTestJSON-1741353410 tempest-DeleteServersTestJSON-1741353410-project-member] Registered counter for database nova_cell1
Jun 26 05:40:16.297767 np0000003701 nova-scheduler[96278]: DEBUG oslo_db.sqlalchemy.engines [None req-099f45f9-e00b-4b92-85c3-74ad1699f8f4 tempest-DeleteServersTestJSON-1741353410 tempest-DeleteServersTestJSON-1741353410-project-member] MySQL server mode set to STRICT_TRANS_TABLES,STRICT_ALL_TABLES,NO_ZERO_IN_DATE,NO_ZERO_DATE,ERROR_FOR_DIVISION_BY_ZERO,TRADITIONAL,NO_ENGINE_SUBSTITUTION {{(pid=96278) _check_effective_sql_mode /opt/stack/data/venv/lib/python3.12/site-packages/oslo_db/sqlalchemy/engines.py:325}}
Jun 26 05:40:16.305608 np0000003701 nova-scheduler[96278]: DEBUG dbcounter [-] [96278] Writer thread running {{(pid=96278) stat_writer /opt/stack/data/venv/lib/python3.12/site-packages/dbcounter.py:102}}
Jun 26 05:40:16.324046 np0000003701 nova-scheduler[96278]: DEBUG oslo_db.sqlalchemy.engines [None req-099f45f9-e00b-4b92-85c3-74ad1699f8f4 tempest-DeleteServersTestJSON-1741353410 tempest-DeleteServersTestJSON-1741353410-project-member] Parent process 95084 forked (96278) with an open database connection, which is being discarded and recreated. {{(pid=96278) checkout /opt/stack/data/venv/lib/python3.12/site-packages/oslo_db/sqlalchemy/engines.py:402}}
Jun 26 05:40:16.370845 np0000003701 nova-scheduler[96278]: DEBUG dbcounter [-] [96278] Writer thread running {{(pid=96278) stat_writer /opt/stack/data/venv/lib/python3.12/site-packages/dbcounter.py:102}}
Jun 26 05:40:16.373466 np0000003701 nova-scheduler[96278]: DEBUG oslo_concurrency.lockutils [None req-099f45f9-e00b-4b92-85c3-74ad1699f8f4 tempest-DeleteServersTestJSON-1741353410 tempest-DeleteServersTestJSON-1741353410-project-member] Acquiring lock "9a9f051f-f03e-4ac7-a186-16ccb78b394e" by "nova.context.set_target_cell..get_or_set_cached_cell_and_set_connections" {{(pid=96278) inner /opt/stack/data/venv/lib/python3.12/site-packages/oslo_concurrency/lockutils.py:511}}
Jun 26 05:40:16.373622 np0000003701 nova-scheduler[96278]: DEBUG oslo_concurrency.lockutils [None req-099f45f9-e00b-4b92-85c3-74ad1699f8f4 tempest-DeleteServersTestJSON-1741353410 tempest-DeleteServersTestJSON-1741353410-project-member] Lock "9a9f051f-f03e-4ac7-a186-16ccb78b394e" acquired by "nova.context.set_target_cell..get_or_set_cached_cell_and_set_connections" :: waited 0.000s {{(pid=96278) inner /opt/stack/data/venv/lib/python3.12/site-packages/oslo_concurrency/lockutils.py:524}}
Jun 26 05:40:16.373726 np0000003701 nova-scheduler[96278]: DEBUG oslo_concurrency.lockutils [None req-099f45f9-e00b-4b92-85c3-74ad1699f8f4 tempest-DeleteServersTestJSON-1741353410 tempest-DeleteServersTestJSON-1741353410-project-member] Lock "9a9f051f-f03e-4ac7-a186-16ccb78b394e" "released" by "nova.context.set_target_cell..get_or_set_cached_cell_and_set_connections" :: held 0.000s {{(pid=96278) inner /opt/stack/data/venv/lib/python3.12/site-packages/oslo_concurrency/lockutils.py:543}}
Jun 26 05:40:16.376422 np0000003701 nova-scheduler[96278]: DEBUG oslo_concurrency.lockutils [None req-099f45f9-e00b-4b92-85c3-74ad1699f8f4 tempest-DeleteServersTestJSON-1741353410 tempest-DeleteServersTestJSON-1741353410-project-member] Acquiring lock "('np0000003701', 'np0000003701')" by "nova.scheduler.host_manager.HostState.update.._locked_update" {{(pid=96278) inner /opt/stack/data/venv/lib/python3.12/site-packages/oslo_concurrency/lockutils.py:511}}
Jun 26 05:40:16.376583 np0000003701 nova-scheduler[96278]: DEBUG oslo_concurrency.lockutils [None req-099f45f9-e00b-4b92-85c3-74ad1699f8f4 tempest-DeleteServersTestJSON-1741353410 tempest-DeleteServersTestJSON-1741353410-project-member] Lock "('np0000003701', 'np0000003701')" acquired by "nova.scheduler.host_manager.HostState.update.._locked_update" :: waited 0.000s {{(pid=96278) inner /opt/stack/data/venv/lib/python3.12/site-packages/oslo_concurrency/lockutils.py:524}}
Jun 26 05:40:16.377725 np0000003701 nova-scheduler[96278]: DEBUG nova.scheduler.host_manager [None req-099f45f9-e00b-4b92-85c3-74ad1699f8f4 tempest-DeleteServersTestJSON-1741353410 tempest-DeleteServersTestJSON-1741353410-project-member] Update host state from compute node: ComputeNode(cpu_allocation_ratio=4.0,cpu_info='{"arch": "x86_64", "model": "EPYC-Milan", "vendor": "AMD", "topology": {"cells": 1, "sockets": 16, "cores": 1, "threads": 1}, "maxphysaddr": {"mode": "emulate", "bits": 40}, "features": ["mmxext", "nrip-save", "spec-ctrl", "xsaveerptr", "mds-no", "nx", "sse4a", "sse", "perfctr_core", "adx", "null-sel-clr-base", "mce", "clflushopt", "vpclmulqdq", "abm", "amd-psfd", "mca", "pschange-mc-no", "sse4.2", "sha-ni", "xsaves", "arat", "cx16", "vgif", "sse4.1", "vaes", "vme", "clzero", "smap", "arch-capabilities", "cr8legacy", "xsaveopt", "syscall", "skip-l1dfl-vmentry", "aes", "pse", "tsc", "clwb", "amd-stibp", "bmi1", "ibpb", "mmx", "pku", "topoext", "erms", "f16c", "ssbd", "xsave", "tsc-deadline", "pcid", "no-nested-data-bp", "tsc_adjust", "pae", "invpcid", "sse2", "ssse3", "vmcb-clean", "fma", "v-vmsave-vmload", "sep", "fsrm", "xgetbv1", "rdrand", "stibp", "bmi2", "clflush", "svm", "wbnoinvd", "cmov", "lbrv", "movbe", "lfence-always-serializing", "tsc-scale", "3dnowprefetch", "rdseed", "rdctl-no", "avx", "misalignsse", "virt-ssbd", "x2apic", "pclmuldq", "ibrs", "pdpe1gb", "fsgsbase", "rdpid", "pse36", "msr", "svme-addr-chk", "fxsr_opt", "lm", "umip", "pni", "pge", "stibp-always-on", "pat", "amd-ssbd", "gds-no", "mtrr", "fxsr", "hypervisor", "flushbyasid", "popcnt", "smep", "osvw", "apic", "lahf_lm", "cx8", "pfthreshold", "avx2", "de", "cmp_legacy", "rdtscp", "xsavec", "npt", "pause-filter", "fpu"]}',created_at=2026-06-26T05:38:03Z,current_workload=0,deleted=False,deleted_at=None,disk_allocation_ratio=1.0,disk_available_least=74,free_disk_gb=95,free_ram_mb=63789,host='np0000003701',host_ip=10.4.3.156,hypervisor_hostname='np0000003701',hypervisor_type='QEMU',hypervisor_version=8002002,id=1,local_gb=95,local_gb_used=0,mapped=1,memory_mb=64301,memory_mb_used=512,metrics='[]',numa_topology='{"nova_object.name": "NUMATopology", "nova_object.namespace": "nova", "nova_object.version": "1.2", "nova_object.data": {"cells": [{"nova_object.name": "NUMACell", "nova_object.namespace": "nova", "nova_object.version": "1.5", "nova_object.data": {"id": 0, "cpuset": [0, 1, 2, 3, 4, 5, 6, 7, 8, 9, 10, 11, 12, 13, 14, 15], "pcpuset": [0, 1, 2, 3, 4, 5, 6, 7, 8, 9, 10, 11, 12, 13, 14, 15], "memory": 64301, "cpu_usage": 0, "memory_usage": 0, "pinned_cpus": [], "siblings": [[6], [12], [2], [15], [5], [11], [8], [14], [4], [1], [7], [10], [0], [13], [3], [9]], "mempages": [{"nova_object.name": "NUMAPagesTopology", "nova_object.namespace": "nova", "nova_object.version": "1.1", "nova_object.data": {"size_kb": 4, "total": 16461069, "used": 0, "reserved": 0}, "nova_object.changes": ["total", "reserved", "used", "size_kb"]}, {"nova_object.name": "NUMAPagesTopology", "nova_object.namespace": "nova", "nova_object.version": "1.1", "nova_object.data": {"size_kb": 2048, "total": 0, "used": 0, "reserved": 0}, "nova_object.changes": ["total", "reserved", "used", "size_kb"]}, {"nova_object.name": "NUMAPagesTopology", "nova_object.namespace": "nova", "nova_object.version": "1.1", "nova_object.data": {"size_kb": 1048576, "total": 0, "used": 0, "reserved": 0}, "nova_object.changes": ["total", "reserved", "used", "size_kb"]}], "network_metadata": {"nova_object.name": "NetworkMetadata", "nova_object.namespace": "nova", "nova_object.version": "1.0", "nova_object.data": {"physnets": [], "tunneled": false}, "nova_object.changes": ["tunneled", "physnets"]}, "socket": null}, "nova_object.changes": ["pinned_cpus", "cpu_usage", "memory", "id", "memory_usage", "siblings", "pcpuset", "cpuset", "socket", "network_metadata", "mempages"]}]}, "nova_object.changes": ["cells"]}',pci_device_pools=PciDevicePoolList,ram_allocation_ratio=1.0,running_vms=0,service_id=2,stats={failed_builds='0',uptime=' 05:39:49 up 24 min, 2 users, load average: 1.16, 1.45, 0.87
Jun 26 05:40:16.377725 np0000003701 nova-scheduler[96278]: '},supported_hv_specs=[HVSpec,HVSpec,HVSpec,HVSpec,HVSpec,HVSpec,HVSpec,HVSpec,HVSpec,HVSpec,HVSpec,HVSpec,HVSpec,HVSpec,HVSpec,HVSpec,HVSpec,HVSpec,HVSpec,HVSpec,HVSpec,HVSpec,HVSpec,HVSpec,HVSpec],updated_at=2026-06-26T05:39:51Z,uuid=8f311cf6-3dfd-4377-a3f3-04d4648a48ae,vcpus=16,vcpus_used=0) {{(pid=96278) _locked_update /opt/stack/nova/nova/scheduler/host_manager.py:168}}
Jun 26 05:40:16.378787 np0000003701 nova-scheduler[96278]: DEBUG nova.scheduler.host_manager [None req-099f45f9-e00b-4b92-85c3-74ad1699f8f4 tempest-DeleteServersTestJSON-1741353410 tempest-DeleteServersTestJSON-1741353410-project-member] Update host state with aggregates: [] {{(pid=96278) _locked_update /opt/stack/nova/nova/scheduler/host_manager.py:171}}
