Jun 26 20:41:44.746557 np0000003791 nova-scheduler[93251]: DEBUG cotyledon.oslo_config_glue [-] oslo_limit.certfile = None {{(pid=93251) log_opt_values /opt/stack/data/venv/lib/python3.12/site-packages/oslo_config/cfg.py:3253}}
Jun 26 20:41:44.746557 np0000003791 nova-scheduler[93251]: DEBUG cotyledon.oslo_config_glue [-] oslo_limit.collect_timing = False {{(pid=93251) log_opt_values /opt/stack/data/venv/lib/python3.12/site-packages/oslo_config/cfg.py:3253}}
Jun 26 20:41:44.746557 np0000003791 nova-scheduler[93251]: DEBUG cotyledon.oslo_config_glue [-] oslo_limit.connect_retries = None {{(pid=93251) log_opt_values /opt/stack/data/venv/lib/python3.12/site-packages/oslo_config/cfg.py:3253}}
Jun 26 20:41:44.746557 np0000003791 nova-scheduler[93251]: DEBUG cotyledon.oslo_config_glue [-] oslo_limit.connect_retry_delay = None {{(pid=93251) log_opt_values /opt/stack/data/venv/lib/python3.12/site-packages/oslo_config/cfg.py:3253}}
Jun 26 20:41:44.746915 np0000003791 nova-scheduler[93251]: DEBUG cotyledon.oslo_config_glue [-] oslo_limit.endpoint_id = None {{(pid=93251) log_opt_values /opt/stack/data/venv/lib/python3.12/site-packages/oslo_config/cfg.py:3253}}
Jun 26 20:41:44.746915 np0000003791 nova-scheduler[93251]: DEBUG cotyledon.oslo_config_glue [-] oslo_limit.endpoint_interface = public {{(pid=93251) log_opt_values /opt/stack/data/venv/lib/python3.12/site-packages/oslo_config/cfg.py:3253}}
Jun 26 20:41:44.746915 np0000003791 nova-scheduler[93251]: DEBUG cotyledon.oslo_config_glue [-] oslo_limit.endpoint_override = None {{(pid=93251) log_opt_values /opt/stack/data/venv/lib/python3.12/site-packages/oslo_config/cfg.py:3253}}
Jun 26 20:41:44.746915 np0000003791 nova-scheduler[93251]: DEBUG cotyledon.oslo_config_glue [-] oslo_limit.endpoint_region_name = None {{(pid=93251) log_opt_values /opt/stack/data/venv/lib/python3.12/site-packages/oslo_config/cfg.py:3253}}
Jun 26 20:41:44.746915 np0000003791 nova-scheduler[93251]: DEBUG cotyledon.oslo_config_glue [-] oslo_limit.endpoint_service_name = None {{(pid=93251) log_opt_values /opt/stack/data/venv/lib/python3.12/site-packages/oslo_config/cfg.py:3253}}
Jun 26 20:41:44.746915 np0000003791 nova-scheduler[93251]: DEBUG cotyledon.oslo_config_glue [-] oslo_limit.endpoint_service_type = None {{(pid=93251) log_opt_values /opt/stack/data/venv/lib/python3.12/site-packages/oslo_config/cfg.py:3253}}
Jun 26 20:41:44.746915 np0000003791 nova-scheduler[93251]: DEBUG cotyledon.oslo_config_glue [-] oslo_limit.insecure = False {{(pid=93251) log_opt_values /opt/stack/data/venv/lib/python3.12/site-packages/oslo_config/cfg.py:3253}}
Jun 26 20:41:44.746915 np0000003791 nova-scheduler[93251]: DEBUG cotyledon.oslo_config_glue [-] oslo_limit.keyfile = None {{(pid=93251) log_opt_values /opt/stack/data/venv/lib/python3.12/site-packages/oslo_config/cfg.py:3253}}
Jun 26 20:41:44.746915 np0000003791 nova-scheduler[93251]: DEBUG cotyledon.oslo_config_glue [-] oslo_limit.max_version = None {{(pid=93251) log_opt_values /opt/stack/data/venv/lib/python3.12/site-packages/oslo_config/cfg.py:3253}}
Jun 26 20:41:44.747096 np0000003791 nova-scheduler[93251]: DEBUG cotyledon.oslo_config_glue [-] oslo_limit.min_version = None {{(pid=93251) log_opt_values /opt/stack/data/venv/lib/python3.12/site-packages/oslo_config/cfg.py:3253}}
Jun 26 20:41:44.747096 np0000003791 nova-scheduler[93251]: DEBUG cotyledon.oslo_config_glue [-] oslo_limit.region_name = None {{(pid=93251) log_opt_values /opt/stack/data/venv/lib/python3.12/site-packages/oslo_config/cfg.py:3253}}
Jun 26 20:41:44.747096 np0000003791 nova-scheduler[93251]: DEBUG cotyledon.oslo_config_glue [-] oslo_limit.retriable_status_codes = None {{(pid=93251) log_opt_values /opt/stack/data/venv/lib/python3.12/site-packages/oslo_config/cfg.py:3253}}
Jun 26 20:41:44.747096 np0000003791 nova-scheduler[93251]: DEBUG cotyledon.oslo_config_glue [-] oslo_limit.service_name = None {{(pid=93251) log_opt_values /opt/stack/data/venv/lib/python3.12/site-packages/oslo_config/cfg.py:3253}}
Jun 26 20:41:44.747096 np0000003791 nova-scheduler[93251]: DEBUG cotyledon.oslo_config_glue [-] oslo_limit.service_type = None {{(pid=93251) log_opt_values /opt/stack/data/venv/lib/python3.12/site-packages/oslo_config/cfg.py:3253}}
Jun 26 20:41:44.747096 np0000003791 nova-scheduler[93251]: DEBUG cotyledon.oslo_config_glue [-] oslo_limit.split_loggers = False {{(pid=93251) log_opt_values /opt/stack/data/venv/lib/python3.12/site-packages/oslo_config/cfg.py:3253}}
Jun 26 20:41:44.747096 np0000003791 nova-scheduler[93251]: DEBUG cotyledon.oslo_config_glue [-] oslo_limit.status_code_retries = None {{(pid=93251) log_opt_values /opt/stack/data/venv/lib/python3.12/site-packages/oslo_config/cfg.py:3253}}
Jun 26 20:41:44.747096 np0000003791 nova-scheduler[93251]: DEBUG cotyledon.oslo_config_glue [-] oslo_limit.status_code_retry_delay = None {{(pid=93251) log_opt_values /opt/stack/data/venv/lib/python3.12/site-packages/oslo_config/cfg.py:3253}}
Jun 26 20:41:44.747096 np0000003791 nova-scheduler[93251]: DEBUG cotyledon.oslo_config_glue [-] oslo_limit.timeout = None {{(pid=93251) log_opt_values /opt/stack/data/venv/lib/python3.12/site-packages/oslo_config/cfg.py:3253}}
Jun 26 20:41:44.747267 np0000003791 nova-scheduler[93251]: DEBUG cotyledon.oslo_config_glue [-] oslo_limit.valid_interfaces = None {{(pid=93251) log_opt_values /opt/stack/data/venv/lib/python3.12/site-packages/oslo_config/cfg.py:3253}}
Jun 26 20:41:44.747267 np0000003791 nova-scheduler[93251]: DEBUG cotyledon.oslo_config_glue [-] oslo_limit.version = None {{(pid=93251) log_opt_values /opt/stack/data/venv/lib/python3.12/site-packages/oslo_config/cfg.py:3253}}
Jun 26 20:41:44.747267 np0000003791 nova-scheduler[93251]: DEBUG cotyledon.oslo_config_glue [-] oslo_reports.file_event_handler = None {{(pid=93251) log_opt_values /opt/stack/data/venv/lib/python3.12/site-packages/oslo_config/cfg.py:3253}}
Jun 26 20:41:44.747267 np0000003791 nova-scheduler[93251]: DEBUG cotyledon.oslo_config_glue [-] oslo_reports.file_event_handler_interval = 1 {{(pid=93251) log_opt_values /opt/stack/data/venv/lib/python3.12/site-packages/oslo_config/cfg.py:3253}}
Jun 26 20:41:44.747267 np0000003791 nova-scheduler[93251]: DEBUG cotyledon.oslo_config_glue [-] oslo_reports.log_dir = None {{(pid=93251) log_opt_values /opt/stack/data/venv/lib/python3.12/site-packages/oslo_config/cfg.py:3253}}
Jun 26 20:41:44.747267 np0000003791 nova-scheduler[93251]: DEBUG cotyledon.oslo_config_glue [-] ******************************************************************************** {{(pid=93251) log_opt_values /opt/stack/data/venv/lib/python3.12/site-packages/oslo_config/cfg.py:3260}}
Jun 26 20:41:44.747267 np0000003791 nova-scheduler[93251]: DEBUG cotyledon._service_worker [-] Run service ServiceWrapper(1) [93251] {{(pid=93251) wait_forever /opt/stack/data/venv/lib/python3.12/site-packages/cotyledon/_service_worker.py:218}}
Jun 26 20:41:44.747424 np0000003791 nova-scheduler[93277]: INFO dbcounter [None req-21b7c652-8ad6-4bbe-9f6d-624584ef24f2 None None] Registered counter for database nova_cell0
Jun 26 20:41:44.747453 np0000003791 nova-scheduler[93251]: INFO nova.service [-] Starting scheduler node (version 33.1.0)
Jun 26 20:41:44.747453 np0000003791 nova-scheduler[93251]: INFO dbcounter [None req-7d1df0aa-a312-4791-baaf-c454c67ca3cd None None] Registered counter for database nova_cell0
Jun 26 20:41:44.757408 np0000003791 nova-scheduler[93249]: DEBUG oslo_db.sqlalchemy.engines [None req-255243ca-89e4-44cc-8017-55c9e15f0bb4 None None] MySQL server mode set to STRICT_TRANS_TABLES,STRICT_ALL_TABLES,NO_ZERO_IN_DATE,NO_ZERO_DATE,ERROR_FOR_DIVISION_BY_ZERO,TRADITIONAL,NO_ENGINE_SUBSTITUTION {{(pid=93249) _check_effective_sql_mode /opt/stack/data/venv/lib/python3.12/site-packages/oslo_db/sqlalchemy/engines.py:325}}
Jun 26 20:41:44.767844 np0000003791 nova-scheduler[93249]: DEBUG dbcounter [-] [93249] Writer thread running {{(pid=93249) stat_writer /opt/stack/data/venv/lib/python3.12/site-packages/dbcounter.py:102}}
Jun 26 20:41:44.778169 np0000003791 nova-scheduler[93251]: DEBUG oslo_db.sqlalchemy.engines [None req-7d1df0aa-a312-4791-baaf-c454c67ca3cd None None] MySQL server mode set to STRICT_TRANS_TABLES,STRICT_ALL_TABLES,NO_ZERO_IN_DATE,NO_ZERO_DATE,ERROR_FOR_DIVISION_BY_ZERO,TRADITIONAL,NO_ENGINE_SUBSTITUTION {{(pid=93251) _check_effective_sql_mode /opt/stack/data/venv/lib/python3.12/site-packages/oslo_db/sqlalchemy/engines.py:325}}
Jun 26 20:41:44.784087 np0000003791 nova-scheduler[93277]: DEBUG oslo_db.sqlalchemy.engines [None req-21b7c652-8ad6-4bbe-9f6d-624584ef24f2 None None] MySQL server mode set to STRICT_TRANS_TABLES,STRICT_ALL_TABLES,NO_ZERO_IN_DATE,NO_ZERO_DATE,ERROR_FOR_DIVISION_BY_ZERO,TRADITIONAL,NO_ENGINE_SUBSTITUTION {{(pid=93277) _check_effective_sql_mode /opt/stack/data/venv/lib/python3.12/site-packages/oslo_db/sqlalchemy/engines.py:325}}
Jun 26 20:41:44.788954 np0000003791 nova-scheduler[93251]: DEBUG dbcounter [-] [93251] Writer thread running {{(pid=93251) stat_writer /opt/stack/data/venv/lib/python3.12/site-packages/dbcounter.py:102}}
Jun 26 20:41:44.794138 np0000003791 nova-scheduler[93277]: DEBUG dbcounter [-] [93277] Writer thread running {{(pid=93277) stat_writer /opt/stack/data/venv/lib/python3.12/site-packages/dbcounter.py:102}}
Jun 26 20:41:44.820426 np0000003791 nova-scheduler[93249]: DEBUG nova.service [None req-255243ca-89e4-44cc-8017-55c9e15f0bb4 None None] Creating RPC server for service: nova-scheduler on topic: scheduler {{(pid=93249) start /opt/stack/nova/nova/service.py:196}}
Jun 26 20:41:44.826123 np0000003791 nova-scheduler[93277]: DEBUG nova.service [None req-21b7c652-8ad6-4bbe-9f6d-624584ef24f2 None None] Creating RPC server for service: nova-scheduler on topic: scheduler {{(pid=93277) start /opt/stack/nova/nova/service.py:196}}
Jun 26 20:41:44.826481 np0000003791 nova-scheduler[93251]: DEBUG nova.service [None req-7d1df0aa-a312-4791-baaf-c454c67ca3cd None None] Creating RPC server for service: nova-scheduler on topic: scheduler {{(pid=93251) start /opt/stack/nova/nova/service.py:196}}
Jun 26 20:41:44.848773 np0000003791 nova-scheduler[93277]: DEBUG nova.service [None req-21b7c652-8ad6-4bbe-9f6d-624584ef24f2 None None] Join ServiceGroup membership for this service scheduler {{(pid=93277) start /opt/stack/nova/nova/service.py:222}}
Jun 26 20:41:44.848993 np0000003791 nova-scheduler[93251]: DEBUG nova.service [None req-7d1df0aa-a312-4791-baaf-c454c67ca3cd None None] Join ServiceGroup membership for this service scheduler {{(pid=93251) start /opt/stack/nova/nova/service.py:222}}
Jun 26 20:41:44.849248 np0000003791 nova-scheduler[93277]: DEBUG nova.servicegroup.drivers.db [None req-21b7c652-8ad6-4bbe-9f6d-624584ef24f2 None None] DB_Driver: join new ServiceGroup member np0000003791 to the scheduler group, service = {{(pid=93277) join /opt/stack/nova/nova/servicegroup/drivers/db.py:44}}
Jun 26 20:41:44.849303 np0000003791 nova-scheduler[93251]: DEBUG nova.servicegroup.drivers.db [None req-7d1df0aa-a312-4791-baaf-c454c67ca3cd None None] DB_Driver: join new ServiceGroup member np0000003791 to the scheduler group, service = {{(pid=93251) join /opt/stack/nova/nova/servicegroup/drivers/db.py:44}}
Jun 26 20:41:44.853625 np0000003791 nova-scheduler[93249]: DEBUG nova.service [None req-255243ca-89e4-44cc-8017-55c9e15f0bb4 None None] Join ServiceGroup membership for this service scheduler {{(pid=93249) start /opt/stack/nova/nova/service.py:222}}
Jun 26 20:41:44.853846 np0000003791 nova-scheduler[93249]: DEBUG nova.servicegroup.drivers.db [None req-255243ca-89e4-44cc-8017-55c9e15f0bb4 None None] DB_Driver: join new ServiceGroup member np0000003791 to the scheduler group, service = {{(pid=93249) join /opt/stack/nova/nova/servicegroup/drivers/db.py:44}}
Jun 26 20:41:49.863725 np0000003791 nova-scheduler[93277]: DEBUG oslo.service.backend._threading.loopingcall [-] Fixed interval looping call 'nova.servicegroup.drivers.db.DbDriver._report_state' sleeping for 119.99 seconds {{(pid=93277) _run_loop /opt/stack/data/venv/lib/python3.12/site-packages/oslo_service/backend/_threading/loopingcall.py:125}}
Jun 26 20:41:49.864234 np0000003791 nova-scheduler[93249]: DEBUG oslo.service.backend._threading.loopingcall [-] Fixed interval looping call 'nova.servicegroup.drivers.db.DbDriver._report_state' sleeping for 119.99 seconds {{(pid=93249) _run_loop /opt/stack/data/venv/lib/python3.12/site-packages/oslo_service/backend/_threading/loopingcall.py:125}}
Jun 26 20:41:49.868039 np0000003791 nova-scheduler[93251]: DEBUG oslo.service.backend._threading.loopingcall [-] Fixed interval looping call 'nova.servicegroup.drivers.db.DbDriver._report_state' sleeping for 119.98 seconds {{(pid=93251) _run_loop /opt/stack/data/venv/lib/python3.12/site-packages/oslo_service/backend/_threading/loopingcall.py:125}}
Jun 26 20:41:53.377503 np0000003791 nova-scheduler[92047]: DEBUG dbcounter [-] [92047] Writing DB stats nova_api:SELECT=3 {{(pid=92047) stat_writer /opt/stack/data/venv/lib/python3.12/site-packages/dbcounter.py:115}}
Jun 26 20:41:53.500724 np0000003791 nova-scheduler[92047]: DEBUG dbcounter [-] [92047] Writing DB stats nova_cell0:SELECT=1 {{(pid=92047) stat_writer /opt/stack/data/venv/lib/python3.12/site-packages/dbcounter.py:115}}
Jun 26 20:41:53.505523 np0000003791 nova-scheduler[92047]: DEBUG dbcounter [-] [92047] Writing DB stats nova_cell1:SELECT=1 {{(pid=92047) stat_writer /opt/stack/data/venv/lib/python3.12/site-packages/dbcounter.py:115}}
Jun 26 20:41:59.859387 np0000003791 nova-scheduler[93277]: DEBUG dbcounter [-] [93277] Writing DB stats nova_cell0:SELECT=5,nova_cell0:INSERT=1,nova_cell0:UPDATE=1 {{(pid=93277) stat_writer /opt/stack/data/venv/lib/python3.12/site-packages/dbcounter.py:115}}
Jun 26 20:41:59.862046 np0000003791 nova-scheduler[93249]: DEBUG dbcounter [-] [93249] Writing DB stats nova_cell0:SELECT=4,nova_cell0:INSERT=1,nova_cell0:UPDATE=1 {{(pid=93249) stat_writer /opt/stack/data/venv/lib/python3.12/site-packages/dbcounter.py:115}}
Jun 26 20:41:59.863731 np0000003791 nova-scheduler[93251]: DEBUG dbcounter [-] [93251] Writing DB stats nova_cell0:SELECT=5,nova_cell0:INSERT=1,nova_cell0:UPDATE=1 {{(pid=93251) stat_writer /opt/stack/data/venv/lib/python3.12/site-packages/dbcounter.py:115}}
Jun 26 20:42:03.855940 np0000003791 nova-scheduler[93249]: DEBUG oslo.service.backend._threading.loopingcall [None req-d2c27e9e-32ad-41ee-881c-d12c19ce7c9a None None] Dynamic interval looping call 'nova.service.Service.periodic_tasks' sleeping for 60.00 seconds {{(pid=93249) _run_loop /opt/stack/data/venv/lib/python3.12/site-packages/oslo_service/backend/_threading/loopingcall.py:125}}
Jun 26 20:42:36.851456 np0000003791 nova-scheduler[93251]: DEBUG oslo.service.backend._threading.loopingcall [None req-7da67e8b-2b63-4e95-a608-661f22a8ec2c None None] Dynamic interval looping call 'nova.service.Service.periodic_tasks' sleeping for 60.00 seconds {{(pid=93251) _run_loop /opt/stack/data/venv/lib/python3.12/site-packages/oslo_service/backend/_threading/loopingcall.py:125}}
Jun 26 20:42:43.851135 np0000003791 nova-scheduler[93277]: DEBUG oslo.service.backend._threading.loopingcall [None req-04df693f-54b3-43e2-8391-cefc485805f1 None None] Dynamic interval looping call 'nova.service.Service.periodic_tasks' sleeping for 60.00 seconds {{(pid=93277) _run_loop /opt/stack/data/venv/lib/python3.12/site-packages/oslo_service/backend/_threading/loopingcall.py:125}}
Jun 26 20:43:03.856519 np0000003791 nova-scheduler[93249]: DEBUG oslo.service.backend._threading.loopingcall [None req-d2c27e9e-32ad-41ee-881c-d12c19ce7c9a None None] Dynamic interval looping call 'nova.service.Service.periodic_tasks' sleeping for 60.00 seconds {{(pid=93249) _run_loop /opt/stack/data/venv/lib/python3.12/site-packages/oslo_service/backend/_threading/loopingcall.py:125}}
Jun 26 20:43:36.852055 np0000003791 nova-scheduler[93251]: DEBUG oslo.service.backend._threading.loopingcall [None req-7da67e8b-2b63-4e95-a608-661f22a8ec2c None None] Dynamic interval looping call 'nova.service.Service.periodic_tasks' sleeping for 60.00 seconds {{(pid=93251) _run_loop /opt/stack/data/venv/lib/python3.12/site-packages/oslo_service/backend/_threading/loopingcall.py:125}}
Jun 26 20:43:43.851601 np0000003791 nova-scheduler[93277]: DEBUG oslo.service.backend._threading.loopingcall [None req-04df693f-54b3-43e2-8391-cefc485805f1 None None] Dynamic interval looping call 'nova.service.Service.periodic_tasks' sleeping for 60.00 seconds {{(pid=93277) _run_loop /opt/stack/data/venv/lib/python3.12/site-packages/oslo_service/backend/_threading/loopingcall.py:125}}
Jun 26 20:43:49.875458 np0000003791 nova-scheduler[93251]: DEBUG oslo.service.backend._threading.loopingcall [-] Fixed interval looping call 'nova.servicegroup.drivers.db.DbDriver._report_state' sleeping for 119.97 seconds {{(pid=93251) _run_loop /opt/stack/data/venv/lib/python3.12/site-packages/oslo_service/backend/_threading/loopingcall.py:125}}
Jun 26 20:43:49.875993 np0000003791 nova-scheduler[93249]: DEBUG oslo.service.backend._threading.loopingcall [-] Fixed interval looping call 'nova.servicegroup.drivers.db.DbDriver._report_state' sleeping for 119.98 seconds {{(pid=93249) _run_loop /opt/stack/data/venv/lib/python3.12/site-packages/oslo_service/backend/_threading/loopingcall.py:125}}
Jun 26 20:43:49.876379 np0000003791 nova-scheduler[93277]: DEBUG oslo.service.backend._threading.loopingcall [-] Fixed interval looping call 'nova.servicegroup.drivers.db.DbDriver._report_state' sleeping for 119.98 seconds {{(pid=93277) _run_loop /opt/stack/data/venv/lib/python3.12/site-packages/oslo_service/backend/_threading/loopingcall.py:125}}
Jun 26 20:43:59.852204 np0000003791 nova-scheduler[93251]: DEBUG dbcounter [-] [93251] Writing DB stats nova_cell0:SELECT=1,nova_cell0:UPDATE=1 {{(pid=93251) stat_writer /opt/stack/data/venv/lib/python3.12/site-packages/dbcounter.py:115}}
Jun 26 20:43:59.856495 np0000003791 nova-scheduler[93249]: DEBUG dbcounter [-] [93249] Writing DB stats nova_cell0:SELECT=1,nova_cell0:UPDATE=1 {{(pid=93249) stat_writer /opt/stack/data/venv/lib/python3.12/site-packages/dbcounter.py:115}}
Jun 26 20:43:59.856804 np0000003791 nova-scheduler[93277]: DEBUG dbcounter [-] [93277] Writing DB stats nova_cell0:SELECT=1,nova_cell0:UPDATE=1 {{(pid=93277) stat_writer /opt/stack/data/venv/lib/python3.12/site-packages/dbcounter.py:115}}
Jun 26 20:44:03.857130 np0000003791 nova-scheduler[93249]: DEBUG oslo.service.backend._threading.loopingcall [None req-d2c27e9e-32ad-41ee-881c-d12c19ce7c9a None None] Dynamic interval looping call 'nova.service.Service.periodic_tasks' sleeping for 60.00 seconds {{(pid=93249) _run_loop /opt/stack/data/venv/lib/python3.12/site-packages/oslo_service/backend/_threading/loopingcall.py:125}}
Jun 26 20:44:36.859112 np0000003791 nova-scheduler[93251]: DEBUG oslo.service.backend._threading.loopingcall [None req-7da67e8b-2b63-4e95-a608-661f22a8ec2c None None] Dynamic interval looping call 'nova.service.Service.periodic_tasks' sleeping for 60.00 seconds {{(pid=93251) _run_loop /opt/stack/data/venv/lib/python3.12/site-packages/oslo_service/backend/_threading/loopingcall.py:125}}
Jun 26 20:44:37.327384 np0000003791 nova-scheduler[93277]: DEBUG nova.scheduler.manager [None req-0d7f86e7-65b7-4104-934d-7c5babda3baa tempest-DeleteServersTestJSON-1076929980 tempest-DeleteServersTestJSON-1076929980-project-member] Starting to schedule for instances: ['ee86255a-0dfb-4fc0-9687-e7a0d29487b7'] {{(pid=93277) select_destinations /opt/stack/nova/nova/scheduler/manager.py:210}}
Jun 26 20:44:37.327384 np0000003791 nova-scheduler[93277]: DEBUG nova.scheduler.request_filter [None req-0d7f86e7-65b7-4104-934d-7c5babda3baa tempest-DeleteServersTestJSON-1076929980 tempest-DeleteServersTestJSON-1076929980-project-member] compute_status_filter request filter added forbidden trait COMPUTE_STATUS_DISABLED {{(pid=93277) compute_status_filter /opt/stack/nova/nova/scheduler/request_filter.py:253}}
Jun 26 20:44:37.327384 np0000003791 nova-scheduler[93277]: DEBUG nova.scheduler.request_filter [None req-0d7f86e7-65b7-4104-934d-7c5babda3baa tempest-DeleteServersTestJSON-1076929980 tempest-DeleteServersTestJSON-1076929980-project-member] Request filter 'compute_status_filter' took 0.0 seconds {{(pid=93277) wrapper /opt/stack/nova/nova/scheduler/request_filter.py:46}}
Jun 26 20:44:37.327384 np0000003791 nova-scheduler[93277]: DEBUG nova.scheduler.request_filter [None req-0d7f86e7-65b7-4104-934d-7c5babda3baa tempest-DeleteServersTestJSON-1076929980 tempest-DeleteServersTestJSON-1076929980-project-member] Request filter 'accelerators_filter' took 0.0 seconds {{(pid=93277) wrapper /opt/stack/nova/nova/scheduler/request_filter.py:46}}
Jun 26 20:44:37.327384 np0000003791 nova-scheduler[93277]: DEBUG nova.scheduler.request_filter [None req-0d7f86e7-65b7-4104-934d-7c5babda3baa tempest-DeleteServersTestJSON-1076929980 tempest-DeleteServersTestJSON-1076929980-project-member] Request filter 'packed_virtqueue_filter' took 0.0 seconds {{(pid=93277) wrapper /opt/stack/nova/nova/scheduler/request_filter.py:46}}
Jun 26 20:44:37.328224 np0000003791 nova-scheduler[93277]: DEBUG nova.scheduler.request_filter [None req-0d7f86e7-65b7-4104-934d-7c5babda3baa tempest-DeleteServersTestJSON-1076929980 tempest-DeleteServersTestJSON-1076929980-project-member] Request filter 'remote_managed_ports_filter' took 0.0 seconds {{(pid=93277) wrapper /opt/stack/nova/nova/scheduler/request_filter.py:46}}
Jun 26 20:44:37.331064 np0000003791 nova-scheduler[93277]: DEBUG nova.scheduler.request_filter [None req-0d7f86e7-65b7-4104-934d-7c5babda3baa tempest-DeleteServersTestJSON-1076929980 tempest-DeleteServersTestJSON-1076929980-project-member] ephemeral_encryption_filter skipped {{(pid=93277) ephemeral_encryption_filter /opt/stack/nova/nova/scheduler/request_filter.py:426}}
Jun 26 20:44:37.331064 np0000003791 nova-scheduler[93277]: DEBUG nova.scheduler.request_filter [None req-0d7f86e7-65b7-4104-934d-7c5babda3baa tempest-DeleteServersTestJSON-1076929980 tempest-DeleteServersTestJSON-1076929980-project-member] virtio_sound_filter skipped {{(pid=93277) virtio_sound_filter /opt/stack/nova/nova/scheduler/request_filter.py:460}}
Jun 26 20:44:37.331064 np0000003791 nova-scheduler[93277]: DEBUG nova.scheduler.request_filter [None req-0d7f86e7-65b7-4104-934d-7c5babda3baa tempest-DeleteServersTestJSON-1076929980 tempest-DeleteServersTestJSON-1076929980-project-member] tpm_secret_security_filter skipped {{(pid=93277) tpm_secret_security_filter /opt/stack/nova/nova/scheduler/request_filter.py:477}}
Jun 26 20:44:38.043991 np0000003791 nova-scheduler[93277]: INFO nova.utils [None req-0d7f86e7-65b7-4104-934d-7c5babda3baa tempest-DeleteServersTestJSON-1076929980 tempest-DeleteServersTestJSON-1076929980-project-member] The cell worker thread pool ForkProcess-3.cell_worker is initialized
Jun 26 20:44:38.044316 np0000003791 nova-scheduler[93277]: DEBUG oslo_concurrency.lockutils [None req-0d7f86e7-65b7-4104-934d-7c5babda3baa tempest-DeleteServersTestJSON-1076929980 tempest-DeleteServersTestJSON-1076929980-project-member] Acquiring lock "a9bab70e-5950-447b-95cc-a20315adf532" by "nova.context.set_target_cell..get_or_set_cached_cell_and_set_connections" {{(pid=93277) inner /opt/stack/data/venv/lib/python3.12/site-packages/oslo_concurrency/lockutils.py:511}}
Jun 26 20:44:38.046726 np0000003791 nova-scheduler[93277]: DEBUG oslo_concurrency.lockutils [None req-0d7f86e7-65b7-4104-934d-7c5babda3baa tempest-DeleteServersTestJSON-1076929980 tempest-DeleteServersTestJSON-1076929980-project-member] Lock "a9bab70e-5950-447b-95cc-a20315adf532" acquired by "nova.context.set_target_cell..get_or_set_cached_cell_and_set_connections" :: waited 0.001s {{(pid=93277) inner /opt/stack/data/venv/lib/python3.12/site-packages/oslo_concurrency/lockutils.py:524}}
Jun 26 20:44:38.049057 np0000003791 nova-scheduler[93277]: DEBUG oslo_concurrency.lockutils [None req-0d7f86e7-65b7-4104-934d-7c5babda3baa tempest-DeleteServersTestJSON-1076929980 tempest-DeleteServersTestJSON-1076929980-project-member] Lock "a9bab70e-5950-447b-95cc-a20315adf532" "released" by "nova.context.set_target_cell..get_or_set_cached_cell_and_set_connections" :: held 0.002s {{(pid=93277) inner /opt/stack/data/venv/lib/python3.12/site-packages/oslo_concurrency/lockutils.py:543}}
Jun 26 20:44:38.049977 np0000003791 nova-scheduler[93277]: INFO dbcounter [None req-0d7f86e7-65b7-4104-934d-7c5babda3baa tempest-DeleteServersTestJSON-1076929980 tempest-DeleteServersTestJSON-1076929980-project-member] Registered counter for database nova_cell1
Jun 26 20:44:38.084473 np0000003791 nova-scheduler[93277]: DEBUG oslo_db.sqlalchemy.engines [None req-0d7f86e7-65b7-4104-934d-7c5babda3baa tempest-DeleteServersTestJSON-1076929980 tempest-DeleteServersTestJSON-1076929980-project-member] MySQL server mode set to STRICT_TRANS_TABLES,STRICT_ALL_TABLES,NO_ZERO_IN_DATE,NO_ZERO_DATE,ERROR_FOR_DIVISION_BY_ZERO,TRADITIONAL,NO_ENGINE_SUBSTITUTION {{(pid=93277) _check_effective_sql_mode /opt/stack/data/venv/lib/python3.12/site-packages/oslo_db/sqlalchemy/engines.py:325}}
Jun 26 20:44:38.095034 np0000003791 nova-scheduler[93277]: DEBUG dbcounter [-] [93277] Writer thread running {{(pid=93277) stat_writer /opt/stack/data/venv/lib/python3.12/site-packages/dbcounter.py:102}}
Jun 26 20:44:38.111242 np0000003791 nova-scheduler[93277]: DEBUG oslo_db.sqlalchemy.engines [None req-0d7f86e7-65b7-4104-934d-7c5babda3baa tempest-DeleteServersTestJSON-1076929980 tempest-DeleteServersTestJSON-1076929980-project-member] Parent process 92047 forked (93277) with an open database connection, which is being discarded and recreated. {{(pid=93277) checkout /opt/stack/data/venv/lib/python3.12/site-packages/oslo_db/sqlalchemy/engines.py:402}}
Jun 26 20:44:38.158414 np0000003791 nova-scheduler[93277]: DEBUG dbcounter [-] [93277] Writer thread running {{(pid=93277) stat_writer /opt/stack/data/venv/lib/python3.12/site-packages/dbcounter.py:102}}
Jun 26 20:44:38.161105 np0000003791 nova-scheduler[93277]: DEBUG oslo_concurrency.lockutils [None req-0d7f86e7-65b7-4104-934d-7c5babda3baa tempest-DeleteServersTestJSON-1076929980 tempest-DeleteServersTestJSON-1076929980-project-member] Acquiring lock "a9bab70e-5950-447b-95cc-a20315adf532" by "nova.context.set_target_cell..get_or_set_cached_cell_and_set_connections" {{(pid=93277) inner /opt/stack/data/venv/lib/python3.12/site-packages/oslo_concurrency/lockutils.py:511}}
Jun 26 20:44:38.161278 np0000003791 nova-scheduler[93277]: DEBUG oslo_concurrency.lockutils [None req-0d7f86e7-65b7-4104-934d-7c5babda3baa tempest-DeleteServersTestJSON-1076929980 tempest-DeleteServersTestJSON-1076929980-project-member] Lock "a9bab70e-5950-447b-95cc-a20315adf532" acquired by "nova.context.set_target_cell..get_or_set_cached_cell_and_set_connections" :: waited 0.000s {{(pid=93277) inner /opt/stack/data/venv/lib/python3.12/site-packages/oslo_concurrency/lockutils.py:524}}
Jun 26 20:44:38.161454 np0000003791 nova-scheduler[93277]: DEBUG oslo_concurrency.lockutils [None req-0d7f86e7-65b7-4104-934d-7c5babda3baa tempest-DeleteServersTestJSON-1076929980 tempest-DeleteServersTestJSON-1076929980-project-member] Lock "a9bab70e-5950-447b-95cc-a20315adf532" "released" by "nova.context.set_target_cell..get_or_set_cached_cell_and_set_connections" :: held 0.000s {{(pid=93277) inner /opt/stack/data/venv/lib/python3.12/site-packages/oslo_concurrency/lockutils.py:543}}
Jun 26 20:44:38.170134 np0000003791 nova-scheduler[93277]: DEBUG oslo_concurrency.lockutils [None req-0d7f86e7-65b7-4104-934d-7c5babda3baa tempest-DeleteServersTestJSON-1076929980 tempest-DeleteServersTestJSON-1076929980-project-member] Acquiring lock "('np0000003791', 'np0000003791')" by "nova.scheduler.host_manager.HostState.update.._locked_update" {{(pid=93277) inner /opt/stack/data/venv/lib/python3.12/site-packages/oslo_concurrency/lockutils.py:511}}
Jun 26 20:44:38.170316 np0000003791 nova-scheduler[93277]: DEBUG oslo_concurrency.lockutils [None req-0d7f86e7-65b7-4104-934d-7c5babda3baa tempest-DeleteServersTestJSON-1076929980 tempest-DeleteServersTestJSON-1076929980-project-member] Lock "('np0000003791', 'np0000003791')" acquired by "nova.scheduler.host_manager.HostState.update.._locked_update" :: waited 0.000s {{(pid=93277) inner /opt/stack/data/venv/lib/python3.12/site-packages/oslo_concurrency/lockutils.py:524}}
Jun 26 20:44:38.171680 np0000003791 nova-scheduler[93277]: DEBUG nova.scheduler.host_manager [None req-0d7f86e7-65b7-4104-934d-7c5babda3baa tempest-DeleteServersTestJSON-1076929980 tempest-DeleteServersTestJSON-1076929980-project-member] Update host state from compute node: ComputeNode(cpu_allocation_ratio=4.0,cpu_info='{"arch": "x86_64", "model": "EPYC-Milan", "vendor": "AMD", "topology": {"cells": 1, "sockets": 16, "cores": 1, "threads": 1}, "maxphysaddr": {"mode": "emulate", "bits": 40}, "features": ["ibrs", "v-vmsave-vmload", "smep", "vme", "vgif", "apic", "mds-no", "flushbyasid", "cx16", "xsaves", "fsrm", "pae", "rdpid", "tsc-deadline", "hypervisor", "vpclmulqdq", "cmp_legacy", "pdpe1gb", "x2apic", "arch-capabilities", "mca", "pfthreshold", "fxsr", "topoext", "bmi2", "fma", "amd-ssbd", "rdseed", "cr8legacy", "svme-addr-chk", "pause-filter", "arat", "avx", "sse4.2", "3dnowprefetch", "lahf_lm", "fsgsbase", "mce", "nrip-save", "ssse3", "sep", "misalignsse", "rdctl-no", "adx", "pku", "skip-l1dfl-vmentry", "lfence-always-serializing", "fpu", "mmx", "pschange-mc-no", "pat", "stibp-always-on", "msr", "pcid", "erms", "xgetbv1", "xsave", "gds-no", "rdtscp", "pse36", "sse2", "pge", "invpcid", "bmi1", "npt", "perfctr_core", "wbnoinvd", "svm", "sse", "xsaveerptr", "popcnt", "tsc", "stibp", "ssbd", "amd-stibp", "aes", "de", "umip", "lbrv", "cmov", "pclmuldq", "osvw", "tsc-scale", "sse4a", "clzero", "fxsr_opt", "rdrand", "vmcb-clean", "clflushopt", "clflush", "xsaveopt", "syscall", "virt-ssbd", "xsavec", "avx2", "spec-ctrl", "vaes", "movbe", "smap", "lm", "mmxext", "abm", "null-sel-clr-base", "sse4.1", "f16c", "cx8", "nx", "tsc_adjust", "clwb", "pse", "pni", "amd-psfd", "mtrr", "ibpb", "sha-ni", "no-nested-data-bp"]}',created_at=2026-06-26T20:42:10Z,current_workload=0,deleted=False,deleted_at=None,disk_allocation_ratio=1.0,disk_available_least=73,free_disk_gb=95,free_ram_mb=62765,host='np0000003791',host_ip=10.4.3.43,hypervisor_hostname='np0000003791',hypervisor_type='QEMU',hypervisor_version=8002002,id=1,local_gb=95,local_gb_used=0,mapped=1,memory_mb=63277,memory_mb_used=512,metrics='[]',numa_topology='{"nova_object.name": "NUMATopology", "nova_object.namespace": "nova", "nova_object.version": "1.2", "nova_object.data": {"cells": [{"nova_object.name": "NUMACell", "nova_object.namespace": "nova", "nova_object.version": "1.5", "nova_object.data": {"id": 0, "cpuset": [0, 1, 2, 3, 4, 5, 6, 7, 8, 9, 10, 11, 12, 13, 14, 15], "pcpuset": [0, 1, 2, 3, 4, 5, 6, 7, 8, 9, 10, 11, 12, 13, 14, 15], "memory": 63277, "cpu_usage": 0, "memory_usage": 0, "pinned_cpus": [], "siblings": [[6], [12], [2], [15], [5], [11], [8], [14], [4], [1], [7], [10], [0], [13], [3], [9]], "mempages": [{"nova_object.name": "NUMAPagesTopology", "nova_object.namespace": "nova", "nova_object.version": "1.1", "nova_object.data": {"size_kb": 4, "total": 16177931, "used": 0, "reserved": 0}, "nova_object.changes": ["total", "reserved", "used", "size_kb"]}, {"nova_object.name": "NUMAPagesTopology", "nova_object.namespace": "nova", "nova_object.version": "1.1", "nova_object.data": {"size_kb": 2048, "total": 41, "used": 0, "reserved": 0}, "nova_object.changes": ["total", "reserved", "used", "size_kb"]}, {"nova_object.name": "NUMAPagesTopology", "nova_object.namespace": "nova", "nova_object.version": "1.1", "nova_object.data": {"size_kb": 1048576, "total": 0, "used": 0, "reserved": 0}, "nova_object.changes": ["total", "reserved", "used", "size_kb"]}], "network_metadata": {"nova_object.name": "NetworkMetadata", "nova_object.namespace": "nova", "nova_object.version": "1.0", "nova_object.data": {"physnets": [], "tunneled": false}, "nova_object.changes": ["physnets", "tunneled"]}, "socket": null}, "nova_object.changes": ["cpu_usage", "id", "memory", "siblings", "cpuset", "network_metadata", "mempages", "pinned_cpus", "socket", "pcpuset", "memory_usage"]}]}, "nova_object.changes": ["cells"]}',pci_device_pools=PciDevicePoolList,ram_allocation_ratio=1.0,running_vms=0,service_id=4,stats={failed_builds='0',uptime=' 20:43:55 up 14 min, 2 users, load average: 1.44, 1.67, 0.94
Jun 26 20:44:38.171680 np0000003791 nova-scheduler[93277]: '},supported_hv_specs=[HVSpec,HVSpec,HVSpec,HVSpec,HVSpec,HVSpec,HVSpec,HVSpec,HVSpec,HVSpec,HVSpec,HVSpec,HVSpec,HVSpec,HVSpec,HVSpec,HVSpec,HVSpec,HVSpec,HVSpec,HVSpec,HVSpec,HVSpec,HVSpec,HVSpec],updated_at=2026-06-26T20:43:57Z,uuid=fc97423d-df95-40da-b149-4fdda897cc74,vcpus=16,vcpus_used=0) {{(pid=93277) _locked_update /opt/stack/nova/nova/scheduler/host_manager.py:168}}
Jun 26 20:44:38.172868 np0000003791 nova-scheduler[93277]: DEBUG nova.scheduler.host_manager [None req-0d7f86e7-65b7-4104-934d-7c5babda3baa tempest-DeleteServersTestJSON-1076929980 tempest-DeleteServersTestJSON-1076929980-project-member] Update host state with aggregates: [] {{(pid=93277) _locked_update /opt/stack/nova/nova/scheduler/host_manager.py:171}}
Jun 26 20:44:38.173044 np0000003791 nova-scheduler[93277]: DEBUG nova.scheduler.host_manager [None req-0d7f86e7-65b7-4104-934d-7c5babda3baa tempest-DeleteServersTestJSON-1076929980 tempest-DeleteServersTestJSON-1076929980-project-member] Update host state with service dict: {'id': 4, 'uuid': 'a0214958-1e1f-42d0-8b36-dfa28a64568f', 'host': 'np0000003791', 'binary': 'nova-compute', 'topic': 'compute', 'report_count': 2, 'disabled': False, 'disabled_reason': None, 'last_seen_up': datetime.datetime(2026, 6, 26, 20, 44, 19, tzinfo=datetime.timezone.utc), 'forced_down': False, 'version': 72, 'created_at': datetime.datetime(2026, 6, 26, 20, 42, 8, tzinfo=datetime.timezone.utc), 'updated_at': datetime.datetime(2026, 6, 26, 20, 44, 19, tzinfo=datetime.timezone.utc), 'deleted_at': None, 'deleted': False} {{(pid=93277) _locked_update /opt/stack/nova/nova/scheduler/host_manager.py:174}}
Jun 26 20:44:38.173205 np0000003791 nova-scheduler[93277]: DEBUG nova.scheduler.host_manager [None req-0d7f86e7-65b7-4104-934d-7c5babda3baa tempest-DeleteServersTestJSON-1076929980 tempest-DeleteServersTestJSON-1076929980-project-member] Update host state with instances: [] {{(pid=93277) _locked_update /opt/stack/nova/nova/scheduler/host_manager.py:177}}
Jun 26 20:44:38.173380 np0000003791 nova-scheduler[93277]: DEBUG oslo_concurrency.lockutils [None req-0d7f86e7-65b7-4104-934d-7c5babda3baa tempest-DeleteServersTestJSON-1076929980 tempest-DeleteServersTestJSON-1076929980-project-member] Lock "('np0000003791', 'np0000003791')" "released" by "nova.scheduler.host_manager.HostState.update.._locked_update" :: held 0.003s {{(pid=93277) inner /opt/stack/data/venv/lib/python3.12/site-packages/oslo_concurrency/lockutils.py:543}}
Jun 26 20:44:38.174025 np0000003791 nova-scheduler[93277]: DEBUG nova.filters [None req-0d7f86e7-65b7-4104-934d-7c5babda3baa tempest-DeleteServersTestJSON-1076929980 tempest-DeleteServersTestJSON-1076929980-project-member] Starting with 1 host(s) {{(pid=93277) get_filtered_objects /opt/stack/nova/nova/filters.py:70}}
Jun 26 20:44:38.174224 np0000003791 nova-scheduler[93277]: DEBUG nova.filters [None req-0d7f86e7-65b7-4104-934d-7c5babda3baa tempest-DeleteServersTestJSON-1076929980 tempest-DeleteServersTestJSON-1076929980-project-member] Filter ComputeFilter returned 1 host(s) {{(pid=93277) get_filtered_objects /opt/stack/nova/nova/filters.py:102}}
Jun 26 20:44:38.174398 np0000003791 nova-scheduler[93277]: DEBUG nova.filters [None req-0d7f86e7-65b7-4104-934d-7c5babda3baa tempest-DeleteServersTestJSON-1076929980 tempest-DeleteServersTestJSON-1076929980-project-member] Filter ComputeCapabilitiesFilter returned 1 host(s) {{(pid=93277) get_filtered_objects /opt/stack/nova/nova/filters.py:102}}
Jun 26 20:44:38.174679 np0000003791 nova-scheduler[93277]: DEBUG nova.filters [None req-0d7f86e7-65b7-4104-934d-7c5babda3baa tempest-DeleteServersTestJSON-1076929980 tempest-DeleteServersTestJSON-1076929980-project-member] Filter ImagePropertiesFilter returned 1 host(s) {{(pid=93277) get_filtered_objects /opt/stack/nova/nova/filters.py:102}}
Jun 26 20:44:38.174816 np0000003791 nova-scheduler[93277]: DEBUG nova.filters [None req-0d7f86e7-65b7-4104-934d-7c5babda3baa tempest-DeleteServersTestJSON-1076929980 tempest-DeleteServersTestJSON-1076929980-project-member] Filter ServerGroupAntiAffinityFilter returned 1 host(s) {{(pid=93277) get_filtered_objects /opt/stack/nova/nova/filters.py:102}}
Jun 26 20:44:38.175289 np0000003791 nova-scheduler[93277]: DEBUG nova.filters [None req-0d7f86e7-65b7-4104-934d-7c5babda3baa tempest-DeleteServersTestJSON-1076929980 tempest-DeleteServersTestJSON-1076929980-project-member] Filter ServerGroupAffinityFilter returned 1 host(s) {{(pid=93277) get_filtered_objects /opt/stack/nova/nova/filters.py:102}}
Jun 26 20:44:38.175289 np0000003791 nova-scheduler[93277]: DEBUG nova.filters [None req-0d7f86e7-65b7-4104-934d-7c5babda3baa tempest-DeleteServersTestJSON-1076929980 tempest-DeleteServersTestJSON-1076929980-project-member] Filter SameHostFilter returned 1 host(s) {{(pid=93277) get_filtered_objects /opt/stack/nova/nova/filters.py:102}}
Jun 26 20:44:38.175289 np0000003791 nova-scheduler[93277]: DEBUG nova.filters [None req-0d7f86e7-65b7-4104-934d-7c5babda3baa tempest-DeleteServersTestJSON-1076929980 tempest-DeleteServersTestJSON-1076929980-project-member] Filter DifferentHostFilter returned 1 host(s) {{(pid=93277) get_filtered_objects /opt/stack/nova/nova/filters.py:102}}
Jun 26 20:44:38.175481 np0000003791 nova-scheduler[93277]: DEBUG nova.scheduler.manager [None req-0d7f86e7-65b7-4104-934d-7c5babda3baa tempest-DeleteServersTestJSON-1076929980 tempest-DeleteServersTestJSON-1076929980-project-member] Filtered [(np0000003791, np0000003791) ram: 62765MB disk: 74752MB io_ops: 0 instances: 0, allocation_candidates: 1] {{(pid=93277) _get_sorted_hosts /opt/stack/nova/nova/scheduler/manager.py:743}}
Jun 26 20:44:38.175707 np0000003791 nova-scheduler[93277]: DEBUG nova.scheduler.manager [None req-0d7f86e7-65b7-4104-934d-7c5babda3baa tempest-DeleteServersTestJSON-1076929980 tempest-DeleteServersTestJSON-1076929980-project-member] Weighed [WeighedHost [host: (np0000003791, np0000003791) ram: 62765MB disk: 74752MB io_ops: 0 instances: 0, allocation_candidates: 1, weight: 0.0]] {{(pid=93277) _get_sorted_hosts /opt/stack/nova/nova/scheduler/manager.py:765}}
Jun 26 20:44:38.176355 np0000003791 nova-scheduler[93277]: DEBUG nova.scheduler.utils [None req-0d7f86e7-65b7-4104-934d-7c5babda3baa tempest-DeleteServersTestJSON-1076929980 tempest-DeleteServersTestJSON-1076929980-project-member] Attempting to claim resources in the placement API for instance ee86255a-0dfb-4fc0-9687-e7a0d29487b7 {{(pid=93277) claim_resources /opt/stack/nova/nova/scheduler/utils.py:1345}}
Jun 26 20:44:38.349075 np0000003791 nova-scheduler[93277]: DEBUG nova.scheduler.manager [None req-0d7f86e7-65b7-4104-934d-7c5babda3baa tempest-DeleteServersTestJSON-1076929980 tempest-DeleteServersTestJSON-1076929980-project-member] [instance: ee86255a-0dfb-4fc0-9687-e7a0d29487b7] Selected host: (np0000003791, np0000003791) ram: 62765MB disk: 74752MB io_ops: 0 instances: 0, allocation_candidates: 1 {{(pid=93277) _consume_selected_host /opt/stack/nova/nova/scheduler/manager.py:625}}
Jun 26 20:44:38.349836 np0000003791 nova-scheduler[93277]: DEBUG oslo_concurrency.lockutils [None req-0d7f86e7-65b7-4104-934d-7c5babda3baa tempest-DeleteServersTestJSON-1076929980 tempest-DeleteServersTestJSON-1076929980-project-member] Acquiring lock "('np0000003791', 'np0000003791')" by "nova.scheduler.host_manager.HostState.consume_from_request.._locked" {{(pid=93277) inner /opt/stack/data/venv/lib/python3.12/site-packages/oslo_concurrency/lockutils.py:511}}
Jun 26 20:44:38.350024 np0000003791 nova-scheduler[93277]: DEBUG oslo_concurrency.lockutils [None req-0d7f86e7-65b7-4104-934d-7c5babda3baa tempest-DeleteServersTestJSON-1076929980 tempest-DeleteServersTestJSON-1076929980-project-member] Lock "('np0000003791', 'np0000003791')" acquired by "nova.scheduler.host_manager.HostState.consume_from_request.._locked" :: waited 0.000s {{(pid=93277) inner /opt/stack/data/venv/lib/python3.12/site-packages/oslo_concurrency/lockutils.py:524}}
Jun 26 20:44:38.353337 np0000003791 nova-scheduler[93277]: DEBUG oslo_concurrency.lockutils [None req-0d7f86e7-65b7-4104-934d-7c5babda3baa tempest-DeleteServersTestJSON-1076929980 tempest-DeleteServersTestJSON-1076929980-project-member] Lock "('np0000003791', 'np0000003791')" "released" by "nova.scheduler.host_manager.HostState.consume_from_request.._locked" :: held 0.000s {{(pid=93277) inner /opt/stack/data/venv/lib/python3.12/site-packages/oslo_concurrency/lockutils.py:543}}
Jun 26 20:44:39.210270 np0000003791 nova-scheduler[93251]: DEBUG nova.scheduler.manager [None req-7b077ed2-b7f4-4f03-bac8-75fc3896b11f tempest-ServerActionsTestOtherA-386869714 tempest-ServerActionsTestOtherA-386869714-project-member] Starting to schedule for instances: ['907c7910-8a48-4daa-b8aa-479f4240e21d'] {{(pid=93251) select_destinations /opt/stack/nova/nova/scheduler/manager.py:210}}
Jun 26 20:44:39.210856 np0000003791 nova-scheduler[93251]: DEBUG nova.scheduler.request_filter [None req-7b077ed2-b7f4-4f03-bac8-75fc3896b11f tempest-ServerActionsTestOtherA-386869714 tempest-ServerActionsTestOtherA-386869714-project-member] compute_status_filter request filter added forbidden trait COMPUTE_STATUS_DISABLED {{(pid=93251) compute_status_filter /opt/stack/nova/nova/scheduler/request_filter.py:253}}
Jun 26 20:44:39.211673 np0000003791 nova-scheduler[93251]: DEBUG nova.scheduler.request_filter [None req-7b077ed2-b7f4-4f03-bac8-75fc3896b11f tempest-ServerActionsTestOtherA-386869714 tempest-ServerActionsTestOtherA-386869714-project-member] Request filter 'compute_status_filter' took 0.0 seconds {{(pid=93251) wrapper /opt/stack/nova/nova/scheduler/request_filter.py:46}}
Jun 26 20:44:39.211992 np0000003791 nova-scheduler[93251]: DEBUG nova.scheduler.request_filter [None req-7b077ed2-b7f4-4f03-bac8-75fc3896b11f tempest-ServerActionsTestOtherA-386869714 tempest-ServerActionsTestOtherA-386869714-project-member] Request filter 'accelerators_filter' took 0.0 seconds {{(pid=93251) wrapper /opt/stack/nova/nova/scheduler/request_filter.py:46}}
Jun 26 20:44:39.212232 np0000003791 nova-scheduler[93251]: DEBUG nova.scheduler.request_filter [None req-7b077ed2-b7f4-4f03-bac8-75fc3896b11f tempest-ServerActionsTestOtherA-386869714 tempest-ServerActionsTestOtherA-386869714-project-member] Request filter 'packed_virtqueue_filter' took 0.0 seconds {{(pid=93251) wrapper /opt/stack/nova/nova/scheduler/request_filter.py:46}}
Jun 26 20:44:39.212485 np0000003791 nova-scheduler[93251]: DEBUG nova.scheduler.request_filter [None req-7b077ed2-b7f4-4f03-bac8-75fc3896b11f tempest-ServerActionsTestOtherA-386869714 tempest-ServerActionsTestOtherA-386869714-project-member] Request filter 'remote_managed_ports_filter' took 0.0 seconds {{(pid=93251) wrapper /opt/stack/nova/nova/scheduler/request_filter.py:46}}
Jun 26 20:44:39.212667 np0000003791 nova-scheduler[93251]: DEBUG nova.scheduler.request_filter [None req-7b077ed2-b7f4-4f03-bac8-75fc3896b11f tempest-ServerActionsTestOtherA-386869714 tempest-ServerActionsTestOtherA-386869714-project-member] ephemeral_encryption_filter skipped {{(pid=93251) ephemeral_encryption_filter /opt/stack/nova/nova/scheduler/request_filter.py:426}}
Jun 26 20:44:39.212837 np0000003791 nova-scheduler[93251]: DEBUG nova.scheduler.request_filter [None req-7b077ed2-b7f4-4f03-bac8-75fc3896b11f tempest-ServerActionsTestOtherA-386869714 tempest-ServerActionsTestOtherA-386869714-project-member] virtio_sound_filter skipped {{(pid=93251) virtio_sound_filter /opt/stack/nova/nova/scheduler/request_filter.py:460}}
Jun 26 20:44:39.212958 np0000003791 nova-scheduler[93251]: DEBUG nova.scheduler.request_filter [None req-7b077ed2-b7f4-4f03-bac8-75fc3896b11f tempest-ServerActionsTestOtherA-386869714 tempest-ServerActionsTestOtherA-386869714-project-member] tpm_secret_security_filter skipped {{(pid=93251) tpm_secret_security_filter /opt/stack/nova/nova/scheduler/request_filter.py:477}}
Jun 26 20:44:39.341843 np0000003791 nova-scheduler[93251]: INFO nova.utils [None req-7b077ed2-b7f4-4f03-bac8-75fc3896b11f tempest-ServerActionsTestOtherA-386869714 tempest-ServerActionsTestOtherA-386869714-project-member] The cell worker thread pool ForkProcess-2.cell_worker is initialized
Jun 26 20:44:39.343053 np0000003791 nova-scheduler[93251]: DEBUG oslo_concurrency.lockutils [None req-7b077ed2-b7f4-4f03-bac8-75fc3896b11f tempest-ServerActionsTestOtherA-386869714 tempest-ServerActionsTestOtherA-386869714-project-member] Acquiring lock "a9bab70e-5950-447b-95cc-a20315adf532" by "nova.context.set_target_cell..get_or_set_cached_cell_and_set_connections" {{(pid=93251) inner /opt/stack/data/venv/lib/python3.12/site-packages/oslo_concurrency/lockutils.py:511}}
Jun 26 20:44:39.343309 np0000003791 nova-scheduler[93251]: DEBUG oslo_concurrency.lockutils [None req-7b077ed2-b7f4-4f03-bac8-75fc3896b11f tempest-ServerActionsTestOtherA-386869714 tempest-ServerActionsTestOtherA-386869714-project-member] Lock "a9bab70e-5950-447b-95cc-a20315adf532" acquired by "nova.context.set_target_cell..get_or_set_cached_cell_and_set_connections" :: waited 0.000s {{(pid=93251) inner /opt/stack/data/venv/lib/python3.12/site-packages/oslo_concurrency/lockutils.py:524}}
Jun 26 20:44:39.344942 np0000003791 nova-scheduler[93251]: DEBUG oslo_concurrency.lockutils [None req-7b077ed2-b7f4-4f03-bac8-75fc3896b11f tempest-ServerActionsTestOtherA-386869714 tempest-ServerActionsTestOtherA-386869714-project-member] Lock "a9bab70e-5950-447b-95cc-a20315adf532" "released" by "nova.context.set_target_cell..get_or_set_cached_cell_and_set_connections" :: held 0.001s {{(pid=93251) inner /opt/stack/data/venv/lib/python3.12/site-packages/oslo_concurrency/lockutils.py:543}}
Jun 26 20:44:39.347071 np0000003791 nova-scheduler[93251]: INFO dbcounter [None req-7b077ed2-b7f4-4f03-bac8-75fc3896b11f tempest-ServerActionsTestOtherA-386869714 tempest-ServerActionsTestOtherA-386869714-project-member] Registered counter for database nova_cell1
Jun 26 20:44:39.401943 np0000003791 nova-scheduler[93251]: DEBUG oslo_db.sqlalchemy.engines [None req-7b077ed2-b7f4-4f03-bac8-75fc3896b11f tempest-ServerActionsTestOtherA-386869714 tempest-ServerActionsTestOtherA-386869714-project-member] MySQL server mode set to STRICT_TRANS_TABLES,STRICT_ALL_TABLES,NO_ZERO_IN_DATE,NO_ZERO_DATE,ERROR_FOR_DIVISION_BY_ZERO,TRADITIONAL,NO_ENGINE_SUBSTITUTION {{(pid=93251) _check_effective_sql_mode /opt/stack/data/venv/lib/python3.12/site-packages/oslo_db/sqlalchemy/engines.py:325}}
Jun 26 20:44:39.414529 np0000003791 nova-scheduler[93251]: DEBUG dbcounter [-] [93251] Writer thread running {{(pid=93251) stat_writer /opt/stack/data/venv/lib/python3.12/site-packages/dbcounter.py:102}}
Jun 26 20:44:39.480397 np0000003791 nova-scheduler[93251]: DEBUG dbcounter [-] [93251] Writer thread running {{(pid=93251) stat_writer /opt/stack/data/venv/lib/python3.12/site-packages/dbcounter.py:102}}
Jun 26 20:44:39.483669 np0000003791 nova-scheduler[93251]: DEBUG oslo_concurrency.lockutils [None req-7b077ed2-b7f4-4f03-bac8-75fc3896b11f tempest-ServerActionsTestOtherA-386869714 tempest-ServerActionsTestOtherA-386869714-project-member] Acquiring lock "a9bab70e-5950-447b-95cc-a20315adf532" by "nova.context.set_target_cell..get_or_set_cached_cell_and_set_connections" {{(pid=93251) inner /opt/stack/data/venv/lib/python3.12/site-packages/oslo_concurrency/lockutils.py:511}}
Jun 26 20:44:39.483895 np0000003791 nova-scheduler[93251]: DEBUG oslo_concurrency.lockutils [None req-7b077ed2-b7f4-4f03-bac8-75fc3896b11f tempest-ServerActionsTestOtherA-386869714 tempest-ServerActionsTestOtherA-386869714-project-member] Lock "a9bab70e-5950-447b-95cc-a20315adf532" acquired by "nova.context.set_target_cell..get_or_set_cached_cell_and_set_connections" :: waited 0.000s {{(pid=93251) inner /opt/stack/data/venv/lib/python3.12/site-packages/oslo_concurrency/lockutils.py:524}}
Jun 26 20:44:39.484088 np0000003791 nova-scheduler[93251]: DEBUG oslo_concurrency.lockutils [None req-7b077ed2-b7f4-4f03-bac8-75fc3896b11f tempest-ServerActionsTestOtherA-386869714 tempest-ServerActionsTestOtherA-386869714-project-member] Lock "a9bab70e-5950-447b-95cc-a20315adf532" "released" by "nova.context.set_target_cell..get_or_set_cached_cell_and_set_connections" :: held 0.000s {{(pid=93251) inner /opt/stack/data/venv/lib/python3.12/site-packages/oslo_concurrency/lockutils.py:543}}
Jun 26 20:44:39.488447 np0000003791 nova-scheduler[93251]: DEBUG oslo_concurrency.lockutils [None req-7b077ed2-b7f4-4f03-bac8-75fc3896b11f tempest-ServerActionsTestOtherA-386869714 tempest-ServerActionsTestOtherA-386869714-project-member] Acquiring lock "('np0000003791', 'np0000003791')" by "nova.scheduler.host_manager.HostState.update.._locked_update" {{(pid=93251) inner /opt/stack/data/venv/lib/python3.12/site-packages/oslo_concurrency/lockutils.py:511}}
Jun 26 20:44:39.488788 np0000003791 nova-scheduler[93251]: DEBUG oslo_concurrency.lockutils [None req-7b077ed2-b7f4-4f03-bac8-75fc3896b11f tempest-ServerActionsTestOtherA-386869714 tempest-ServerActionsTestOtherA-386869714-project-member] Lock "('np0000003791', 'np0000003791')" acquired by "nova.scheduler.host_manager.HostState.update.._locked_update" :: waited 0.000s {{(pid=93251) inner /opt/stack/data/venv/lib/python3.12/site-packages/oslo_concurrency/lockutils.py:524}}
