Jun 26 20:41:20.054044 np0000003791 devstack@neutron-api.service[87447]: DEBUG ovsdbapp.backend.ovs_idl [None req-db6b4cf7-60aa-42c9-8fe3-3bfd54bf64e5 None None] Created schema index Chassis_Private.name {{(pid=87447) autocreate_indices /opt/stack/data/venv/lib/python3.12/site-packages/ovsdbapp/backend/ovs_idl/__init__.py:106}}
Jun 26 20:41:20.054132 np0000003791 devstack@neutron-api.service[87447]: DEBUG ovsdbapp.backend.ovs_idl [None req-db6b4cf7-60aa-42c9-8fe3-3bfd54bf64e5 None None] Created schema index Datapath_Binding.tunnel_key {{(pid=87447) autocreate_indices /opt/stack/data/venv/lib/python3.12/site-packages/ovsdbapp/backend/ovs_idl/__init__.py:106}}
Jun 26 20:41:20.055976 np0000003791 devstack@neutron-api.service[87447]: INFO ovsdbapp.backend.ovs_idl.vlog [None req-db6b4cf7-60aa-42c9-8fe3-3bfd54bf64e5 None None] ssl:10.4.3.43:6642: connecting...
Jun 26 20:41:20.056253 np0000003791 devstack@neutron-api.service[87448]: INFO ovsdbapp.backend.ovs_idl.vlog [None req-4569d342-48bb-453a-9aba-836228d367d3 None None] ssl:10.4.3.43:6642: connected
Jun 26 20:41:20.062501 np0000003791 devstack@neutron-api.service[87447]: INFO ovsdbapp.backend.ovs_idl.vlog [None req-db6b4cf7-60aa-42c9-8fe3-3bfd54bf64e5 None None] ssl:10.4.3.43:6642: connected
Jun 26 20:41:20.083558 np0000003791 devstack@neutron-api.service[87448]: DEBUG neutron.common.ovn.hash_ring_manager [None req-4569d342-48bb-453a-9aba-836228d367d3 None None] Allow caching, nodes 3>=3 {{(pid=87448) _wait_startup_before_caching /opt/stack/neutron/neutron/common/ovn/hash_ring_manager.py:71}}
Jun 26 20:41:20.086816 np0000003791 devstack@neutron-api.service[87447]: DEBUG neutron.common.ovn.hash_ring_manager [None req-db6b4cf7-60aa-42c9-8fe3-3bfd54bf64e5 None None] Allow caching, nodes 3>=3 {{(pid=87447) _wait_startup_before_caching /opt/stack/neutron/neutron/common/ovn/hash_ring_manager.py:71}}
Jun 26 20:41:20.087587 np0000003791 devstack@neutron-api.service[87448]: DEBUG neutron.common.ovn.hash_ring_manager [None req-4569d342-48bb-453a-9aba-836228d367d3 None None] Hash Ring loaded. 3 active nodes. 0 offline nodes {{(pid=87448) _load_hash_ring /opt/stack/neutron/neutron/common/ovn/hash_ring_manager.py:110}}
Jun 26 20:41:20.087789 np0000003791 devstack@neutron-api.service[87448]: DEBUG neutron.plugins.ml2.drivers.ovn.mech_driver.ovsdb.ovsdb_monitor [None req-4569d342-48bb-453a-9aba-836228d367d3 None None] Hash Ring: Node 804bbdc9c1235087af9e0812fc8f261d (host: np0000003791) handling event "create" for row 9755b192-e64b-45f7-9425-cf3ce9559f91 (table: Chassis) {{(pid=87448) notify /opt/stack/neutron/neutron/plugins/ml2/drivers/ovn/mech_driver/ovsdb/ovsdb_monitor.py:1015}}
Jun 26 20:41:20.088765 np0000003791 devstack@neutron-api.service[87448]: DEBUG ovsdbapp.backend.ovs_idl.event [None req-4569d342-48bb-453a-9aba-836228d367d3 None None] Matched CREATE: ChassisBandwidthConfigEvent(events=('create', 'update'), table='Chassis', conditions=None, old_conditions=None), priority=20 to row=Chassis(uuid=9755b192-e64b-45f7-9425-cf3ce9559f91, encaps=[a065abcb-33a6-450d-8d83-ecddce670ae4], external_ids={}, hostname='np0000003791', name='2bb5ce8b-d2fd-4bea-b8fe-305245ec899a', nb_cfg=0, other_config={'ct-commit-nat-v2': 'true', 'ct-commit-to-zone': 'true', 'ct-next-zone': 'true', 'ct-no-masked-label': 'true', 'ct-state-save': 'true', 'datapath-type': 'system', 'fdb-timestamp': 'true', 'iface-types': 'afxdp,afxdp-nonpmd,bareudp,erspan,geneve,gre,gtpu,internal,ip6erspan,ip6gre,lisp,patch,srv6,stt,system,tap,vxlan', 'is-interconn': 'false', 'ls-dpg-column': 'true', 'mac-binding-timestamp': 'true', 'ovn-bridge-mappings': 'public:br-ex', 'ovn-chassis-mac-mappings': '', 'ovn-cms-options': 'enable-chassis-as-gw', 'ovn-ct-lb-related': 'true', 'ovn-enable-lflow-cache': 'true', 'ovn-limit-lflow-cache': '', 'ovn-memlimit-lflow-cache-kb': '', 'ovn-monitor-all': 'false', 'ovn-trim-limit-lflow-cache': '', 'ovn-trim-timeout-ms': '', 'ovn-trim-wmark-perc-lflow-cache': '', 'port-up-notif': 'true'}, transport_zones=[], vtep_logical_switches=[]) old= {{(pid=87448) matches /opt/stack/data/venv/lib/python3.12/site-packages/ovsdbapp/backend/ovs_idl/event.py:55}}
Jun 26 20:41:20.089220 np0000003791 devstack@neutron-api.service[87448]: DEBUG neutron.plugins.ml2.drivers.ovn.mech_driver.ovsdb.ovsdb_monitor [None req-4569d342-48bb-453a-9aba-836228d367d3 None None] ChassisOVNAgentWriteEvent : Matched Chassis_Private, create, None None {{(pid=87448) matches /opt/stack/neutron/neutron/plugins/ml2/drivers/ovn/mech_driver/ovsdb/ovsdb_monitor.py:64}}
Jun 26 20:41:20.089326 np0000003791 devstack@neutron-api.service[87448]: DEBUG neutron.plugins.ml2.drivers.ovn.mech_driver.ovsdb.ovsdb_monitor [None req-4569d342-48bb-453a-9aba-836228d367d3 None None] ChassisAgentWriteEvent : Matched Chassis_Private, create, None None {{(pid=87448) matches /opt/stack/neutron/neutron/plugins/ml2/drivers/ovn/mech_driver/ovsdb/ovsdb_monitor.py:64}}
Jun 26 20:41:20.089645 np0000003791 devstack@neutron-api.service[87448]: DEBUG neutron.plugins.ml2.drivers.ovn.mech_driver.ovsdb.ovsdb_monitor [None req-4569d342-48bb-453a-9aba-836228d367d3 None None] Hash Ring: Node 804bbdc9c1235087af9e0812fc8f261d (host: np0000003791) handling event "create" for row a065abcb-33a6-450d-8d83-ecddce670ae4 (table: Encap) {{(pid=87448) notify /opt/stack/neutron/neutron/plugins/ml2/drivers/ovn/mech_driver/ovsdb/ovsdb_monitor.py:1015}}
Jun 26 20:41:20.090982 np0000003791 devstack@neutron-api.service[87448]: INFO neutron.plugins.ml2.drivers.ovn.mech_driver.mech_driver [None req-4569d342-48bb-453a-9aba-836228d367d3 None None] WorkerService process has finished the post initialization
Jun 26 20:41:20.091105 np0000003791 devstack@neutron-api.service[87447]: DEBUG neutron.common.ovn.hash_ring_manager [None req-db6b4cf7-60aa-42c9-8fe3-3bfd54bf64e5 None None] Hash Ring loaded. 3 active nodes. 0 offline nodes {{(pid=87447) _load_hash_ring /opt/stack/neutron/neutron/common/ovn/hash_ring_manager.py:110}}
Jun 26 20:41:20.091312 np0000003791 devstack@neutron-api.service[87448]: DEBUG oslo_concurrency.processutils [None req-4569d342-48bb-453a-9aba-836228d367d3 None None] Running cmd (subprocess): ovsdb-client transact ssl:10.4.3.43:6641 --timeout 180 -p /opt/stack/data/CA/int-ca/private/devstack-cert.key -c /opt/stack/data/CA/int-ca/devstack-cert.crt -C /opt/stack/data/CA/int-ca/ca-chain.pem ["OVN_Northbound", {"op": "wait", "timeout": 0, "table": "Port_Group", "where": [["name", "==", "pvlan_pg_drop"]], "until": "==", "rows": []}, {"op": "insert", "table": "ACL", "row": {"action": "drop", "direction": "to-lport", "match": "outport == @pvlan_pg_drop && ip", "priority": 1010}, "uuid-name": "pvlandroptoport"}, {"op": "insert", "table": "ACL", "row": {"action": "drop", "direction": "from-lport", "match": "inport == @pvlan_pg_drop && ip", "priority": 1010}, "uuid-name": "pvlandropfromport"}, {"op": "insert", "table": "Port_Group", "row": {"name": "pvlan_pg_drop", "acls": ["set", [["named-uuid", "pvlandroptoport"], ["named-uuid", "pvlandropfromport"]]]}}] {{(pid=87448) execute /opt/stack/data/venv/lib/python3.12/site-packages/oslo_concurrency/processutils.py:440}}
Jun 26 20:41:20.091375 np0000003791 devstack@neutron-api.service[87447]: DEBUG neutron.plugins.ml2.drivers.ovn.mech_driver.ovsdb.ovsdb_monitor [None req-db6b4cf7-60aa-42c9-8fe3-3bfd54bf64e5 None None] ChassisOVNAgentWriteEvent : Matched Chassis_Private, create, None None {{(pid=87447) matches /opt/stack/neutron/neutron/plugins/ml2/drivers/ovn/mech_driver/ovsdb/ovsdb_monitor.py:64}}
Jun 26 20:41:20.091486 np0000003791 devstack@neutron-api.service[87447]: DEBUG neutron.plugins.ml2.drivers.ovn.mech_driver.ovsdb.ovsdb_monitor [None req-db6b4cf7-60aa-42c9-8fe3-3bfd54bf64e5 None None] ChassisAgentWriteEvent : Matched Chassis_Private, create, None None {{(pid=87447) matches /opt/stack/neutron/neutron/plugins/ml2/drivers/ovn/mech_driver/ovsdb/ovsdb_monitor.py:64}}
Jun 26 20:41:20.091710 np0000003791 devstack@neutron-api.service[87448]: INFO neutron.plugins.ml2.drivers.ovn.mech_driver.ovsdb.extensions.qos [-] Starting OVNClientQosExtension
Jun 26 20:41:20.091912 np0000003791 devstack@neutron-api.service[87448]: INFO neutron.plugins.ml2.drivers.ovn.mech_driver.ovsdb.extensions.placement [-] Starting OVNClientPlacementExtension
Jun 26 20:41:20.093417 np0000003791 devstack@neutron-api.service[87447]: INFO neutron.plugins.ml2.drivers.ovn.mech_driver.mech_driver [None req-db6b4cf7-60aa-42c9-8fe3-3bfd54bf64e5 None None] WorkerService process has finished the post initialization
Jun 26 20:41:20.093802 np0000003791 devstack@neutron-api.service[87447]: DEBUG oslo_concurrency.processutils [None req-db6b4cf7-60aa-42c9-8fe3-3bfd54bf64e5 None None] Running cmd (subprocess): ovsdb-client transact ssl:10.4.3.43:6641 --timeout 180 -p /opt/stack/data/CA/int-ca/private/devstack-cert.key -c /opt/stack/data/CA/int-ca/devstack-cert.crt -C /opt/stack/data/CA/int-ca/ca-chain.pem ["OVN_Northbound", {"op": "wait", "timeout": 0, "table": "Port_Group", "where": [["name", "==", "pvlan_pg_drop"]], "until": "==", "rows": []}, {"op": "insert", "table": "ACL", "row": {"action": "drop", "direction": "to-lport", "match": "outport == @pvlan_pg_drop && ip", "priority": 1010}, "uuid-name": "pvlandroptoport"}, {"op": "insert", "table": "ACL", "row": {"action": "drop", "direction": "from-lport", "match": "inport == @pvlan_pg_drop && ip", "priority": 1010}, "uuid-name": "pvlandropfromport"}, {"op": "insert", "table": "Port_Group", "row": {"name": "pvlan_pg_drop", "acls": ["set", [["named-uuid", "pvlandroptoport"], ["named-uuid", "pvlandropfromport"]]]}}] {{(pid=87447) execute /opt/stack/data/venv/lib/python3.12/site-packages/oslo_concurrency/processutils.py:440}}
Jun 26 20:41:20.117735 np0000003791 devstack@neutron-api.service[87448]: DEBUG oslo_concurrency.processutils [None req-4569d342-48bb-453a-9aba-836228d367d3 None None] CMD "ovsdb-client transact ssl:10.4.3.43:6641 --timeout 180 -p /opt/stack/data/CA/int-ca/private/devstack-cert.key -c /opt/stack/data/CA/int-ca/devstack-cert.crt -C /opt/stack/data/CA/int-ca/ca-chain.pem ["OVN_Northbound", {"op": "wait", "timeout": 0, "table": "Port_Group", "where": [["name", "==", "pvlan_pg_drop"]], "until": "==", "rows": []}, {"op": "insert", "table": "ACL", "row": {"action": "drop", "direction": "to-lport", "match": "outport == @pvlan_pg_drop && ip", "priority": 1010}, "uuid-name": "pvlandroptoport"}, {"op": "insert", "table": "ACL", "row": {"action": "drop", "direction": "from-lport", "match": "inport == @pvlan_pg_drop && ip", "priority": 1010}, "uuid-name": "pvlandropfromport"}, {"op": "insert", "table": "Port_Group", "row": {"name": "pvlan_pg_drop", "acls": ["set", [["named-uuid", "pvlandroptoport"], ["named-uuid", "pvlandropfromport"]]]}}]" returned: 0 in 0.026s {{(pid=87448) execute /opt/stack/data/venv/lib/python3.12/site-packages/oslo_concurrency/processutils.py:468}}
Jun 26 20:41:20.119059 np0000003791 devstack@neutron-api.service[87447]: DEBUG oslo_concurrency.processutils [None req-db6b4cf7-60aa-42c9-8fe3-3bfd54bf64e5 None None] CMD "ovsdb-client transact ssl:10.4.3.43:6641 --timeout 180 -p /opt/stack/data/CA/int-ca/private/devstack-cert.key -c /opt/stack/data/CA/int-ca/devstack-cert.crt -C /opt/stack/data/CA/int-ca/ca-chain.pem ["OVN_Northbound", {"op": "wait", "timeout": 0, "table": "Port_Group", "where": [["name", "==", "pvlan_pg_drop"]], "until": "==", "rows": []}, {"op": "insert", "table": "ACL", "row": {"action": "drop", "direction": "to-lport", "match": "outport == @pvlan_pg_drop && ip", "priority": 1010}, "uuid-name": "pvlandroptoport"}, {"op": "insert", "table": "ACL", "row": {"action": "drop", "direction": "from-lport", "match": "inport == @pvlan_pg_drop && ip", "priority": 1010}, "uuid-name": "pvlandropfromport"}, {"op": "insert", "table": "Port_Group", "row": {"name": "pvlan_pg_drop", "acls": ["set", [["named-uuid", "pvlandroptoport"], ["named-uuid", "pvlandropfromport"]]]}}]" returned: 0 in 0.025s {{(pid=87447) execute /opt/stack/data/venv/lib/python3.12/site-packages/oslo_concurrency/processutils.py:468}}
Jun 26 20:41:20.120253 np0000003791 devstack@neutron-api.service[87448]: WSGI app 0 (mountpoint='') ready in 7 seconds on interpreter 0x7408930a3668 pid: 87448 (default app)
Jun 26 20:41:20.120933 np0000003791 devstack@neutron-api.service[87447]: WSGI app 0 (mountpoint='') ready in 7 seconds on interpreter 0x7408930a3668 pid: 87447 (default app)
Jun 26 20:41:20.752477 np0000003791 devstack@neutron-api.service[87447]: DEBUG neutron.plugins.ml2.drivers.ovn.mech_driver.ovsdb.ovsdb_monitor [-] Hash Ring: Node 862ae0bd21cf5352b5b37036a6be507c (host: np0000003791) handling event "update" for row 9aabea25-2ad4-40b1-9750-2811b17cbac9 (table: Connection) {{(pid=87447) notify /opt/stack/neutron/neutron/plugins/ml2/drivers/ovn/mech_driver/ovsdb/ovsdb_monitor.py:1015}}
Jun 26 20:41:20.758543 np0000003791 devstack@neutron-api.service[87446]: DEBUG neutron.common.ovn.hash_ring_manager [-] Allow caching, nodes 3>=3 {{(pid=87446) _wait_startup_before_caching /opt/stack/neutron/neutron/common/ovn/hash_ring_manager.py:71}}
Jun 26 20:41:20.758543 np0000003791 devstack@neutron-api.service[87446]: DEBUG neutron.plugins.ml2.drivers.ovn.mech_driver.ovsdb.ovsdb_monitor [-] Hash Ring: Node 84ff83495b425f9aa1b1b2096770a908 (host: np0000003791) handling event "update" for row 9aabea25-2ad4-40b1-9750-2811b17cbac9 (table: Connection) {{(pid=87446) notify /opt/stack/neutron/neutron/plugins/ml2/drivers/ovn/mech_driver/ovsdb/ovsdb_monitor.py:1015}}
Jun 26 20:41:23.256151 np0000003791 devstack@neutron-api.service[87447]: DEBUG neutron.plugins.ml2.drivers.ovn.mech_driver.ovsdb.ovsdb_monitor [-] Hash Ring: Node 862ae0bd21cf5352b5b37036a6be507c (host: np0000003791) handling event "update" for row 9aabea25-2ad4-40b1-9750-2811b17cbac9 (table: Connection) {{(pid=87447) notify /opt/stack/neutron/neutron/plugins/ml2/drivers/ovn/mech_driver/ovsdb/ovsdb_monitor.py:1015}}
Jun 26 20:41:23.257001 np0000003791 devstack@neutron-api.service[87446]: DEBUG neutron.plugins.ml2.drivers.ovn.mech_driver.ovsdb.ovsdb_monitor [-] Hash Ring: Node 84ff83495b425f9aa1b1b2096770a908 (host: np0000003791) handling event "update" for row 9aabea25-2ad4-40b1-9750-2811b17cbac9 (table: Connection) {{(pid=87446) notify /opt/stack/neutron/neutron/plugins/ml2/drivers/ovn/mech_driver/ovsdb/ovsdb_monitor.py:1015}}
Jun 26 20:41:24.070983 np0000003791 devstack@neutron-api.service[87446]: DEBUG neutron.api.wsgi [None req-81d0e77c-f84d-4174-8f05-e0ed38f5a4e6 admin admin] Missing Content-Type {{(pid=87446) get_content_type /opt/stack/neutron/neutron/api/wsgi.py:80}}
Jun 26 20:41:24.071319 np0000003791 devstack@neutron-api.service[87446]: DEBUG neutron.api.wsgi [None req-81d0e77c-f84d-4174-8f05-e0ed38f5a4e6 admin admin] https://10.4.3.43/networking/v2.0/extensions returned with HTTP 200 {{(pid=87446) __call__ /opt/stack/neutron/neutron/api/wsgi.py:540}}
Jun 26 20:41:24.071692 np0000003791 devstack@neutron-api.service[87446]: [pid: 87446|app: 0|req: 2/2] 10.4.3.43 () {64 vars in 1285 bytes} [Fri Jun 26 20:41:23 2026] GET /networking/v2.0/extensions => generated 16171 bytes in 583 msecs (HTTP/1.1 200) 4 headers in 159 bytes (1 switches on core 0)
Jun 26 20:41:24.461183 np0000003791 devstack@neutron-api.service[87448]: DEBUG neutron.api.v2.base [None req-3c5d275d-c54b-40a8-8d61-fcd2fd5b4aa7 admin admin] Request body: {'subnetpool': {'name': 'shared-default-subnetpool-v4', 'default_prefixlen': 26, 'is_default': True, 'shared': True, 'prefixes': ['10.1.0.0/20']}} {{(pid=87448) prepare_request_body /opt/stack/neutron/neutron/api/v2/base.py:727}}
Jun 26 20:41:24.669417 np0000003791 devstack@neutron-api.service[87448]: DEBUG neutron.policy [None req-3c5d275d-c54b-40a8-8d61-fcd2fd5b4aa7 admin admin] Loaded default policies from ['neutron'] under neutron.policies entry points {{(pid=87448) register_rules /opt/stack/neutron/neutron/policy.py:65}}
Jun 26 20:41:24.800039 np0000003791 devstack@neutron-api.service[87448]: DEBUG neutron_lib.callbacks.manager [None req-3c5d275d-c54b-40a8-8d61-fcd2fd5b4aa7 admin admin] Publish callbacks ['neutron.objects.securitygroup.RbacNeutronDbObjectMixin.validate_rbac_policy_change-2884115410443', 'neutron.objects.address_group.RbacNeutronDbObjectMixin.validate_rbac_policy_change-2884115420558', 'neutron.objects.network.RbacNeutronDbObjectMixin.validate_rbac_policy_change-2884109517499', 'neutron.objects.qos.policy.RbacNeutronDbObjectMixin.validate_rbac_policy_change-2884109547040', 'neutron.objects.subnetpool.RbacNeutronDbObjectMixin.validate_rbac_policy_change-2884109573428', 'neutron.objects.address_scope.RbacNeutronDbObjectMixin.validate_rbac_policy_change-2884109554364', 'neutron.plugins.ml2.plugin.External_net_db_mixin._process_ext_policy_create-415421', 'neutron.plugins.ml2.plugin.NeutronDbPluginV2.validate_network_rbac_policy_change-113509'] for rbac-policy (None), before_create {{(pid=87448) _notify_loop /opt/stack/data/venv/lib/python3.12/site-packages/neutron_lib/callbacks/manager.py:184}}
Jun 26 20:41:24.839757 np0000003791 devstack@neutron-api.service[87448]: DEBUG neutron_lib.callbacks.manager [None req-3c5d275d-c54b-40a8-8d61-fcd2fd5b4aa7 admin admin] Publish callbacks [] for subnetpool (None), before_response {{(pid=87448) _notify_loop /opt/stack/data/venv/lib/python3.12/site-packages/neutron_lib/callbacks/manager.py:184}}
Jun 26 20:41:24.840243 np0000003791 devstack@neutron-api.service[87448]: [pid: 87448|app: 0|req: 1/3] 10.4.3.43 () {68 vars in 1329 bytes} [Fri Jun 26 20:41:24 2026] POST /networking/v2.0/subnetpools => generated 533 bytes in 470 msecs (HTTP/1.1 201) 4 headers in 162 bytes (1 switches on core 0)
Jun 26 20:41:25.145361 np0000003791 devstack@neutron-api.service[87447]: DEBUG neutron.api.v2.base [None req-dd59cb99-069c-41aa-b05c-a4e057cbdede admin admin] Request body: {'subnetpool': {'name': 'shared-default-subnetpool-v6', 'default_prefixlen': 64, 'is_default': True, 'shared': True, 'prefixes': ['fdef:6fa5:deb2::/56']}} {{(pid=87447) prepare_request_body /opt/stack/neutron/neutron/api/v2/base.py:727}}
Jun 26 20:41:25.314003 np0000003791 devstack@neutron-api.service[87447]: DEBUG neutron.policy [None req-dd59cb99-069c-41aa-b05c-a4e057cbdede admin admin] Loaded default policies from ['neutron'] under neutron.policies entry points {{(pid=87447) register_rules /opt/stack/neutron/neutron/policy.py:65}}
Jun 26 20:41:25.455870 np0000003791 devstack@neutron-api.service[87447]: DEBUG neutron_lib.callbacks.manager [None req-dd59cb99-069c-41aa-b05c-a4e057cbdede admin admin] Publish callbacks ['neutron.objects.securitygroup.RbacNeutronDbObjectMixin.validate_rbac_policy_change-2884115410554', 'neutron.objects.address_group.RbacNeutronDbObjectMixin.validate_rbac_policy_change-2884115420342', 'neutron.objects.network.RbacNeutronDbObjectMixin.validate_rbac_policy_change-2884109549483', 'neutron.objects.qos.policy.RbacNeutronDbObjectMixin.validate_rbac_policy_change-2884109565721', 'neutron.objects.subnetpool.RbacNeutronDbObjectMixin.validate_rbac_policy_change-2884109560314', 'neutron.objects.address_scope.RbacNeutronDbObjectMixin.validate_rbac_policy_change-2884109553983', 'neutron.plugins.ml2.plugin.External_net_db_mixin._process_ext_policy_create-2114769', 'neutron.plugins.ml2.plugin.NeutronDbPluginV2.validate_network_rbac_policy_change-2121785'] for rbac-policy (None), before_create {{(pid=87447) _notify_loop /opt/stack/data/venv/lib/python3.12/site-packages/neutron_lib/callbacks/manager.py:184}}
Jun 26 20:41:25.494952 np0000003791 devstack@neutron-api.service[87447]: DEBUG neutron_lib.callbacks.manager [None req-dd59cb99-069c-41aa-b05c-a4e057cbdede admin admin] Publish callbacks [] for subnetpool (None), before_response {{(pid=87447) _notify_loop /opt/stack/data/venv/lib/python3.12/site-packages/neutron_lib/callbacks/manager.py:184}}
Jun 26 20:41:25.495457 np0000003791 devstack@neutron-api.service[87447]: [pid: 87447|app: 0|req: 1/4] 10.4.3.43 () {68 vars in 1329 bytes} [Fri Jun 26 20:41:25 2026] POST /networking/v2.0/subnetpools => generated 543 bytes in 442 msecs (HTTP/1.1 201) 4 headers in 162 bytes (1 switches on core 0)
Jun 26 20:41:25.716252 np0000003791 devstack@neutron-api.service[87446]: DEBUG neutron.api.v2.base [None req-ca354843-1c83-4f39-a193-719e4a95426b admin admin] Request body: {'network': {'admin_state_up': True, 'name': 'private'}} {{(pid=87446) prepare_request_body /opt/stack/neutron/neutron/api/v2/base.py:727}}
Jun 26 20:41:25.744640 np0000003791 devstack@neutron-api.service[87446]: DEBUG neutron.pecan_wsgi.hooks.quota_enforcement [None req-ca354843-1c83-4f39-a193-719e4a95426b admin admin] Made reservation on behalf of deeb287dc7e544a7b46336b19d6310e3 for: {'network': 1} {{(pid=87446) before /opt/stack/neutron/neutron/pecan_wsgi/hooks/quota_enforcement.py:66}}
Jun 26 20:41:25.924884 np0000003791 devstack@neutron-api.service[87446]: DEBUG neutron.policy [None req-ca354843-1c83-4f39-a193-719e4a95426b admin admin] Loaded default policies from ['neutron'] under neutron.policies entry points {{(pid=87446) register_rules /opt/stack/neutron/neutron/policy.py:65}}
Jun 26 20:41:26.030148 np0000003791 devstack@neutron-api.service[87446]: DEBUG neutron_lib.callbacks.manager [None req-ca354843-1c83-4f39-a193-719e4a95426b admin admin] Publish callbacks ['neutron.plugins.ml2.plugin.SecurityGroupDbMixin._ensure_default_security_group_handler-187375'] for network (None), before_create {{(pid=87446) _notify_loop /opt/stack/data/venv/lib/python3.12/site-packages/neutron_lib/callbacks/manager.py:184}}
Jun 26 20:41:26.052767 np0000003791 devstack@neutron-api.service[87446]: DEBUG neutron_lib.callbacks.manager [None req-ca354843-1c83-4f39-a193-719e4a95426b admin admin] Publish callbacks [] for security_group (None), before_create {{(pid=87446) _notify_loop /opt/stack/data/venv/lib/python3.12/site-packages/neutron_lib/callbacks/manager.py:184}}
Jun 26 20:41:26.154241 np0000003791 devstack@neutron-api.service[87446]: DEBUG neutron_lib.callbacks.manager [None req-ca354843-1c83-4f39-a193-719e4a95426b admin admin] Publish callbacks ['neutron.plugins.ml2.drivers.ovn.mech_driver.mech_driver.OVNMechanismDriver._create_security_group_precommit-8244330'] for security_group (a3501b91-c26e-480d-8c5b-1d46a7167055), precommit_create {{(pid=87446) _notify_loop /opt/stack/data/venv/lib/python3.12/site-packages/neutron_lib/callbacks/manager.py:184}}
Jun 26 20:41:26.154402 np0000003791 devstack@neutron-api.service[87446]: DEBUG neutron.db.ovn_revision_numbers_db [None req-ca354843-1c83-4f39-a193-719e4a95426b admin admin] create_initial_revision uuid=a3501b91-c26e-480d-8c5b-1d46a7167055, type=security_groups, rev=-1 {{(pid=87446) create_initial_revision /opt/stack/neutron/neutron/db/ovn_revision_numbers_db.py:98}}
Jun 26 20:41:26.156880 np0000003791 devstack@neutron-api.service[87446]: DEBUG neutron.db.ovn_revision_numbers_db [None req-ca354843-1c83-4f39-a193-719e4a95426b admin admin] create_initial_revision uuid=1091b0f7-19b2-4aa0-850c-2b58f4ed7479, type=security_group_rules, rev=-1 {{(pid=87446) create_initial_revision /opt/stack/neutron/neutron/db/ovn_revision_numbers_db.py:98}}
Jun 26 20:41:26.157913 np0000003791 devstack@neutron-api.service[87446]: DEBUG neutron.db.ovn_revision_numbers_db [None req-ca354843-1c83-4f39-a193-719e4a95426b admin admin] create_initial_revision uuid=1f4eb4e5-54b2-438d-aba1-c9c82e2f4fee, type=security_group_rules, rev=-1 {{(pid=87446) create_initial_revision /opt/stack/neutron/neutron/db/ovn_revision_numbers_db.py:98}}
Jun 26 20:41:26.158823 np0000003791 devstack@neutron-api.service[87446]: DEBUG neutron.db.ovn_revision_numbers_db [None req-ca354843-1c83-4f39-a193-719e4a95426b admin admin] create_initial_revision uuid=3f636279-25eb-40aa-98d1-069b79dda5ac, type=security_group_rules, rev=-1 {{(pid=87446) create_initial_revision /opt/stack/neutron/neutron/db/ovn_revision_numbers_db.py:98}}
Jun 26 20:41:26.159667 np0000003791 devstack@neutron-api.service[87446]: DEBUG neutron.db.ovn_revision_numbers_db [None req-ca354843-1c83-4f39-a193-719e4a95426b admin admin] create_initial_revision uuid=a796deb0-cf97-4e1f-930b-52acf1a7b4b1, type=security_group_rules, rev=-1 {{(pid=87446) create_initial_revision /opt/stack/neutron/neutron/db/ovn_revision_numbers_db.py:98}}
Jun 26 20:41:26.163884 np0000003791 devstack@neutron-api.service[87446]: DEBUG neutron_lib.callbacks.manager [None req-ca354843-1c83-4f39-a193-719e4a95426b admin admin] Publish callbacks ['neutron.plugins.ml2.drivers.ovn.mech_driver.mech_driver.OVNMechanismDriver._create_security_group-8244252', 'neutron.plugins.ml2.ovo_rpc._ObjectChangeHandler.handle_event-7240980'] for security_group (a3501b91-c26e-480d-8c5b-1d46a7167055), after_create {{(pid=87446) _notify_loop /opt/stack/data/venv/lib/python3.12/site-packages/neutron_lib/callbacks/manager.py:184}}
Jun 26 20:41:26.164810 np0000003791 devstack@neutron-api.service[87446]: DEBUG ovsdbapp.backend.ovs_idl.transaction [-] Running txn n=1 command(idx=0): PgAddCommand(_result=None, name=pg_a3501b91_c26e_480d_8c5b_1d46a7167055, may_exist=False, columns={'acls': [], 'external_ids': {'neutron:security_group_id': 'a3501b91-c26e-480d-8c5b-1d46a7167055'}}) {{(pid=87446) do_commit /opt/stack/data/venv/lib/python3.12/site-packages/ovsdbapp/backend/ovs_idl/transaction.py:89}}
Jun 26 20:41:26.165981 np0000003791 devstack@neutron-api.service[87446]: DEBUG ovsdbapp.backend.ovs_idl.transaction [-] Running txn n=1 command(idx=1): PgAclAddCommand(_result=None, entity=pg_a3501b91_c26e_480d_8c5b_1d46a7167055, direction=to-lport, priority=1002, match=outport == @pg_a3501b91_c26e_480d_8c5b_1d46a7167055 && ip6 && ip6.src == $pg_a3501b91_c26e_480d_8c5b_1d46a7167055_ip6, action=allow-related, log=False, may_exist=True, severity=[], name=[], meter=[], external_ids={'neutron:security_group_rule_id': '1091b0f7-19b2-4aa0-850c-2b58f4ed7479'}) {{(pid=87446) do_commit /opt/stack/data/venv/lib/python3.12/site-packages/ovsdbapp/backend/ovs_idl/transaction.py:89}}
Jun 26 20:41:26.166324 np0000003791 devstack@neutron-api.service[87446]: DEBUG ovsdbapp.backend.ovs_idl.transaction [-] Running txn n=1 command(idx=2): PgAclAddCommand(_result=None, entity=pg_a3501b91_c26e_480d_8c5b_1d46a7167055, direction=from-lport, priority=1002, match=inport == @pg_a3501b91_c26e_480d_8c5b_1d46a7167055 && ip6, action=allow-related, log=False, may_exist=True, severity=[], name=[], meter=[], external_ids={'neutron:security_group_rule_id': '1f4eb4e5-54b2-438d-aba1-c9c82e2f4fee'}) {{(pid=87446) do_commit /opt/stack/data/venv/lib/python3.12/site-packages/ovsdbapp/backend/ovs_idl/transaction.py:89}}
Jun 26 20:41:26.166603 np0000003791 devstack@neutron-api.service[87446]: DEBUG ovsdbapp.backend.ovs_idl.transaction [-] Running txn n=1 command(idx=3): PgAclAddCommand(_result=None, entity=pg_a3501b91_c26e_480d_8c5b_1d46a7167055, direction=from-lport, priority=1002, match=inport == @pg_a3501b91_c26e_480d_8c5b_1d46a7167055 && ip4, action=allow-related, log=False, may_exist=True, severity=[], name=[], meter=[], external_ids={'neutron:security_group_rule_id': '3f636279-25eb-40aa-98d1-069b79dda5ac'}) {{(pid=87446) do_commit /opt/stack/data/venv/lib/python3.12/site-packages/ovsdbapp/backend/ovs_idl/transaction.py:89}}
Jun 26 20:41:26.166875 np0000003791 devstack@neutron-api.service[87446]: DEBUG ovsdbapp.backend.ovs_idl.transaction [-] Running txn n=1 command(idx=4): PgAclAddCommand(_result=None, entity=pg_a3501b91_c26e_480d_8c5b_1d46a7167055, direction=to-lport, priority=1002, match=outport == @pg_a3501b91_c26e_480d_8c5b_1d46a7167055 && ip4 && ip4.src == $pg_a3501b91_c26e_480d_8c5b_1d46a7167055_ip4, action=allow-related, log=False, may_exist=True, severity=[], name=[], meter=[], external_ids={'neutron:security_group_rule_id': 'a796deb0-cf97-4e1f-930b-52acf1a7b4b1'}) {{(pid=87446) do_commit /opt/stack/data/venv/lib/python3.12/site-packages/ovsdbapp/backend/ovs_idl/transaction.py:89}}
Jun 26 20:41:26.172598 np0000003791 devstack@neutron-api.service[87446]: DEBUG neutron.plugins.ml2.drivers.ovn.mech_driver.ovsdb.ovsdb_monitor [-] Hash Ring: Node 84ff83495b425f9aa1b1b2096770a908 (host: np0000003791) handling event "create" for row 028e2829-29fe-459d-95d6-bb89c4521c4f (table: ACL) {{(pid=87446) notify /opt/stack/neutron/neutron/plugins/ml2/drivers/ovn/mech_driver/ovsdb/ovsdb_monitor.py:1015}}
Jun 26 20:41:26.172598 np0000003791 devstack@neutron-api.service[87446]: DEBUG neutron.plugins.ml2.drivers.ovn.mech_driver.ovsdb.ovsdb_monitor [-] Hash Ring: Node 84ff83495b425f9aa1b1b2096770a908 (host: np0000003791) handling event "create" for row 2b1ac657-e49e-4f59-a6f4-b5e84442aac5 (table: ACL) {{(pid=87446) notify /opt/stack/neutron/neutron/plugins/ml2/drivers/ovn/mech_driver/ovsdb/ovsdb_monitor.py:1015}}
Jun 26 20:41:26.172714 np0000003791 devstack@neutron-api.service[87446]: DEBUG neutron.plugins.ml2.drivers.ovn.mech_driver.ovsdb.ovsdb_monitor [-] Hash Ring: Node 84ff83495b425f9aa1b1b2096770a908 (host: np0000003791) handling event "create" for row 2b5d3b07-fc3c-4445-a59c-24a520a21431 (table: ACL) {{(pid=87446) notify /opt/stack/neutron/neutron/plugins/ml2/drivers/ovn/mech_driver/ovsdb/ovsdb_monitor.py:1015}}
Jun 26 20:41:26.173158 np0000003791 devstack@neutron-api.service[87446]: DEBUG neutron.plugins.ml2.drivers.ovn.mech_driver.ovsdb.ovsdb_monitor [-] Hash Ring: Node 84ff83495b425f9aa1b1b2096770a908 (host: np0000003791) handling event "create" for row e34337a7-fed0-4dc1-81dc-a61ebda8ba41 (table: ACL) {{(pid=87446) notify /opt/stack/neutron/neutron/plugins/ml2/drivers/ovn/mech_driver/ovsdb/ovsdb_monitor.py:1015}}
Jun 26 20:41:26.173158 np0000003791 devstack@neutron-api.service[87446]: DEBUG neutron.plugins.ml2.drivers.ovn.mech_driver.ovsdb.ovsdb_monitor [-] Hash Ring: Node 84ff83495b425f9aa1b1b2096770a908 (host: np0000003791) handling event "create" for row d32b8560-97c1-4447-81bc-e44ac9977a86 (table: Port_Group) {{(pid=87446) notify /opt/stack/neutron/neutron/plugins/ml2/drivers/ovn/mech_driver/ovsdb/ovsdb_monitor.py:1015}}
Jun 26 20:41:26.173532 np0000003791 devstack@neutron-api.service[87447]: DEBUG neutron.plugins.ml2.drivers.ovn.mech_driver.ovsdb.ovsdb_monitor [-] Hash Ring: Node 862ae0bd21cf5352b5b37036a6be507c (host: np0000003791) handling event "create" for row 2b1ac657-e49e-4f59-a6f4-b5e84442aac5 (table: ACL) {{(pid=87447) notify /opt/stack/neutron/neutron/plugins/ml2/drivers/ovn/mech_driver/ovsdb/ovsdb_monitor.py:1015}}
Jun 26 20:41:26.173532 np0000003791 devstack@neutron-api.service[87447]: DEBUG neutron.plugins.ml2.drivers.ovn.mech_driver.ovsdb.ovsdb_monitor [-] Hash Ring: Node 862ae0bd21cf5352b5b37036a6be507c (host: np0000003791) handling event "create" for row 2b5d3b07-fc3c-4445-a59c-24a520a21431 (table: ACL) {{(pid=87447) notify /opt/stack/neutron/neutron/plugins/ml2/drivers/ovn/mech_driver/ovsdb/ovsdb_monitor.py:1015}}
Jun 26 20:41:26.173996 np0000003791 devstack@neutron-api.service[87447]: DEBUG neutron.plugins.ml2.drivers.ovn.mech_driver.ovsdb.ovsdb_monitor [-] Hash Ring: Node 862ae0bd21cf5352b5b37036a6be507c (host: np0000003791) handling event "create" for row d32b8560-97c1-4447-81bc-e44ac9977a86 (table: Port_Group) {{(pid=87447) notify /opt/stack/neutron/neutron/plugins/ml2/drivers/ovn/mech_driver/ovsdb/ovsdb_monitor.py:1015}}
Jun 26 20:41:26.175119 np0000003791 devstack@neutron-api.service[87448]: DEBUG neutron.plugins.ml2.drivers.ovn.mech_driver.ovsdb.ovsdb_monitor [-] Hash Ring: Node 804bbdc9c1235087af9e0812fc8f261d (host: np0000003791) handling event "create" for row 028e2829-29fe-459d-95d6-bb89c4521c4f (table: ACL) {{(pid=87448) notify /opt/stack/neutron/neutron/plugins/ml2/drivers/ovn/mech_driver/ovsdb/ovsdb_monitor.py:1015}}
Jun 26 20:41:26.175694 np0000003791 devstack@neutron-api.service[87448]: DEBUG neutron.plugins.ml2.drivers.ovn.mech_driver.ovsdb.ovsdb_monitor [-] Hash Ring: Node 804bbdc9c1235087af9e0812fc8f261d (host: np0000003791) handling event "create" for row e34337a7-fed0-4dc1-81dc-a61ebda8ba41 (table: ACL) {{(pid=87448) notify /opt/stack/neutron/neutron/plugins/ml2/drivers/ovn/mech_driver/ovsdb/ovsdb_monitor.py:1015}}
Jun 26 20:41:26.196502 np0000003791 devstack@neutron-api.service[87446]: INFO neutron.db.ovn_revision_numbers_db [None req-ca354843-1c83-4f39-a193-719e4a95426b admin admin] Successfully bumped revision number for resource a3501b91-c26e-480d-8c5b-1d46a7167055 (type: security_groups) to 1
Jun 26 20:41:26.211775 np0000003791 devstack@neutron-api.service[87446]: INFO neutron.db.ovn_revision_numbers_db [None req-ca354843-1c83-4f39-a193-719e4a95426b admin admin] Successfully bumped revision number for resource 1091b0f7-19b2-4aa0-850c-2b58f4ed7479 (type: security_group_rules) to 0
Jun 26 20:41:26.222536 np0000003791 devstack@neutron-api.service[87446]: INFO neutron.db.ovn_revision_numbers_db [None req-ca354843-1c83-4f39-a193-719e4a95426b admin admin] Successfully bumped revision number for resource 1f4eb4e5-54b2-438d-aba1-c9c82e2f4fee (type: security_group_rules) to 0
Jun 26 20:41:26.232452 np0000003791 devstack@neutron-api.service[87446]: INFO neutron.db.ovn_revision_numbers_db [None req-ca354843-1c83-4f39-a193-719e4a95426b admin admin] Successfully bumped revision number for resource 3f636279-25eb-40aa-98d1-069b79dda5ac (type: security_group_rules) to 0
Jun 26 20:41:26.245261 np0000003791 devstack@neutron-api.service[87446]: INFO neutron.db.ovn_revision_numbers_db [None req-ca354843-1c83-4f39-a193-719e4a95426b admin admin] Successfully bumped revision number for resource a796deb0-cf97-4e1f-930b-52acf1a7b4b1 (type: security_group_rules) to 0
Jun 26 20:41:26.266849 np0000003791 devstack@neutron-api.service[87446]: DEBUG neutron.api.rpc.handlers.resources_rpc [None req-ca354843-1c83-4f39-a193-719e4a95426b admin admin] Pushing event updated for resources: {'SecurityGroup': ['ID=a3501b91-c26e-480d-8c5b-1d46a7167055,revision_number=1']} {{(pid=87446) push /opt/stack/neutron/neutron/api/rpc/handlers/resources_rpc.py:237}}
Jun 26 20:41:26.273752 np0000003791 devstack@neutron-api.service[87446]: DEBUG ovsdbapp.backend.ovs_idl.transaction [-] Running txn n=1 command(idx=0): CheckLivenessCommand(_result=None) {{(pid=87446) do_commit /opt/stack/data/venv/lib/python3.12/site-packages/ovsdbapp/backend/ovs_idl/transaction.py:89}}
Jun 26 20:41:26.275350 np0000003791 devstack@neutron-api.service[87446]: DEBUG neutron.plugins.ml2.drivers.ovn.mech_driver.ovsdb.ovsdb_monitor [-] Hash Ring: Node 84ff83495b425f9aa1b1b2096770a908 (host: np0000003791) handling event "update" for row 15ec6378-5eb9-4e24-b353-40ed520ce4fb (table: NB_Global) {{(pid=87446) notify /opt/stack/neutron/neutron/plugins/ml2/drivers/ovn/mech_driver/ovsdb/ovsdb_monitor.py:1015}}
Jun 26 20:41:26.277538 np0000003791 devstack@neutron-api.service[87446]: DEBUG neutron.api.rpc.callbacks.version_manager [None req-ca354843-1c83-4f39-a193-719e4a95426b admin admin] Tracked resource versions report:
Jun 26 20:41:26.277538 np0000003791 devstack@neutron-api.service[87446]: pushed versions:
Jun 26 20:41:26.277538 np0000003791 devstack@neutron-api.service[87446]: { 'AddressGroup': {'1.2'},
Jun 26 20:41:26.277538 np0000003791 devstack@neutron-api.service[87446]: 'Agent': {'1.1'},
Jun 26 20:41:26.277538 np0000003791 devstack@neutron-api.service[87446]: 'ConntrackHelper': {'1.0'},
Jun 26 20:41:26.277538 np0000003791 devstack@neutron-api.service[87446]: 'LocalIPAssociation': {'1.0'},
Jun 26 20:41:26.277538 np0000003791 devstack@neutron-api.service[87446]: 'Log': {'1.0'},
Jun 26 20:41:26.277538 np0000003791 devstack@neutron-api.service[87446]: 'NDPProxy': {'1.0'},
Jun 26 20:41:26.277538 np0000003791 devstack@neutron-api.service[87446]: 'Network': {'1.3'},
Jun 26 20:41:26.277538 np0000003791 devstack@neutron-api.service[87446]: 'Port': {'1.11'},
Jun 26 20:41:26.277538 np0000003791 devstack@neutron-api.service[87446]: 'PortForwarding': {'1.3'},
Jun 26 20:41:26.277538 np0000003791 devstack@neutron-api.service[87446]: 'QosPolicy': {'1.10'},
Jun 26 20:41:26.277538 np0000003791 devstack@neutron-api.service[87446]: 'SecurityGroup': {'1.6'},
Jun 26 20:41:26.277538 np0000003791 devstack@neutron-api.service[87446]: 'SecurityGroupRule': {'1.3'},
Jun 26 20:41:26.277538 np0000003791 devstack@neutron-api.service[87446]: 'SubPort': {'1.0'},
Jun 26 20:41:26.277538 np0000003791 devstack@neutron-api.service[87446]: 'Subnet': {'1.2'},
Jun 26 20:41:26.277538 np0000003791 devstack@neutron-api.service[87446]: 'Trunk': {'1.1'}}
Jun 26 20:41:26.277538 np0000003791 devstack@neutron-api.service[87446]: consumer versions:
Jun 26 20:41:26.277538 np0000003791 devstack@neutron-api.service[87446]: {}
Jun 26 20:41:26.277538 np0000003791 devstack@neutron-api.service[87446]: {{(pid=87446) report /opt/stack/neutron/neutron/api/rpc/callbacks/version_manager.py:183}}
Jun 26 20:41:26.281503 np0000003791 devstack@neutron-api.service[87446]: DEBUG neutron.plugins.ml2.drivers.ovn.mech_driver.ovsdb.ovsdb_monitor [-] ChassisAgentWriteEvent : Matched Chassis_Private, update, None None {{(pid=87446) matches /opt/stack/neutron/neutron/plugins/ml2/drivers/ovn/mech_driver/ovsdb/ovsdb_monitor.py:64}}
Jun 26 20:41:26.282451 np0000003791 devstack@neutron-api.service[87447]: DEBUG neutron.plugins.ml2.drivers.ovn.mech_driver.ovsdb.ovsdb_monitor [-] ChassisAgentWriteEvent : Matched Chassis_Private, update, None None {{(pid=87447) matches /opt/stack/neutron/neutron/plugins/ml2/drivers/ovn/mech_driver/ovsdb/ovsdb_monitor.py:64}}
Jun 26 20:41:26.284087 np0000003791 devstack@neutron-api.service[87446]: DEBUG neutron.plugins.ml2.drivers.ovn.mech_driver.ovsdb.ovsdb_monitor [-] Hash Ring: Node 84ff83495b425f9aa1b1b2096770a908 (host: np0000003791) handling event "update" for row 15ec6378-5eb9-4e24-b353-40ed520ce4fb (table: NB_Global) {{(pid=87446) notify /opt/stack/neutron/neutron/plugins/ml2/drivers/ovn/mech_driver/ovsdb/ovsdb_monitor.py:1015}}
Jun 26 20:41:26.284530 np0000003791 devstack@neutron-api.service[87448]: DEBUG neutron.plugins.ml2.drivers.ovn.mech_driver.ovsdb.ovsdb_monitor [-] ChassisAgentWriteEvent : Matched Chassis_Private, update, None None {{(pid=87448) matches /opt/stack/neutron/neutron/plugins/ml2/drivers/ovn/mech_driver/ovsdb/ovsdb_monitor.py:64}}
Jun 26 20:41:26.287010 np0000003791 devstack@neutron-api.service[87447]: DEBUG neutron.plugins.ml2.drivers.ovn.mech_driver.ovsdb.ovsdb_monitor [-] ChassisOVNAgentWriteEvent : Matched Chassis_Private, update, None None {{(pid=87447) matches /opt/stack/neutron/neutron/plugins/ml2/drivers/ovn/mech_driver/ovsdb/ovsdb_monitor.py:64}}
Jun 26 20:41:26.287345 np0000003791 devstack@neutron-api.service[87448]: DEBUG neutron.plugins.ml2.drivers.ovn.mech_driver.ovsdb.ovsdb_monitor [-] ChassisOVNAgentWriteEvent : Matched Chassis_Private, update, None None {{(pid=87448) matches /opt/stack/neutron/neutron/plugins/ml2/drivers/ovn/mech_driver/ovsdb/ovsdb_monitor.py:64}}
Jun 26 20:41:26.288291 np0000003791 devstack@neutron-api.service[87446]: DEBUG neutron.plugins.ml2.drivers.ovn.mech_driver.ovsdb.ovsdb_monitor [-] Hash Ring: Node 84ff83495b425f9aa1b1b2096770a908 (host: np0000003791) handling event "update" for row 15ec6378-5eb9-4e24-b353-40ed520ce4fb (table: NB_Global) {{(pid=87446) notify /opt/stack/neutron/neutron/plugins/ml2/drivers/ovn/mech_driver/ovsdb/ovsdb_monitor.py:1015}}
Jun 26 20:41:26.292400 np0000003791 devstack@neutron-api.service[87446]: DEBUG neutron.plugins.ml2.drivers.ovn.mech_driver.ovsdb.ovsdb_monitor [-] Hash Ring: Node 84ff83495b425f9aa1b1b2096770a908 (host: np0000003791) handling event "update" for row 15ec6378-5eb9-4e24-b353-40ed520ce4fb (table: NB_Global) {{(pid=87446) notify /opt/stack/neutron/neutron/plugins/ml2/drivers/ovn/mech_driver/ovsdb/ovsdb_monitor.py:1015}}
Jun 26 20:41:26.293517 np0000003791 devstack@neutron-api.service[87446]: DEBUG neutron.common.ovn.hash_ring_manager [-] Allow caching, nodes 3>=3 {{(pid=87446) _wait_startup_before_caching /opt/stack/neutron/neutron/common/ovn/hash_ring_manager.py:71}}
Jun 26 20:41:26.293841 np0000003791 devstack@neutron-api.service[87446]: DEBUG neutron.plugins.ml2.drivers.ovn.mech_driver.ovsdb.ovsdb_monitor [-] Hash Ring: Node 84ff83495b425f9aa1b1b2096770a908 (host: np0000003791) handling event "update" for row 8b428183-6923-4cf5-8031-b0072338585d (table: Chassis_Private) {{(pid=87446) notify /opt/stack/neutron/neutron/plugins/ml2/drivers/ovn/mech_driver/ovsdb/ovsdb_monitor.py:1015}}
Jun 26 20:41:26.294737 np0000003791 devstack@neutron-api.service[87446]: DEBUG neutron.plugins.ml2.drivers.ovn.mech_driver.ovsdb.ovsdb_monitor [-] ChassisOVNAgentWriteEvent : Matched Chassis_Private, update, None None {{(pid=87446) matches /opt/stack/neutron/neutron/plugins/ml2/drivers/ovn/mech_driver/ovsdb/ovsdb_monitor.py:64}}
Jun 26 20:41:26.295032 np0000003791 devstack@neutron-api.service[87446]: DEBUG neutron.plugins.ml2.drivers.ovn.mech_driver.ovsdb.ovsdb_monitor [-] Hash Ring: Node 84ff83495b425f9aa1b1b2096770a908 (host: np0000003791) handling event "update" for row 8b428183-6923-4cf5-8031-b0072338585d (table: Chassis_Private) {{(pid=87446) notify /opt/stack/neutron/neutron/plugins/ml2/drivers/ovn/mech_driver/ovsdb/ovsdb_monitor.py:1015}}
Jun 26 20:41:26.335038 np0000003791 devstack@neutron-api.service[87446]: DEBUG neutron.plugins.ml2.drivers.helpers [None req-ca354843-1c83-4f39-a193-719e4a95426b admin admin] geneve segment allocate from pool success with {'geneve_vni': 57967} {{(pid=87446) allocate_partially_specified_segment /opt/stack/neutron/neutron/plugins/ml2/drivers/helpers.py:142}}
Jun 26 20:41:26.344738 np0000003791 devstack@neutron-api.service[87446]: DEBUG neutron_lib.callbacks.manager [None req-ca354843-1c83-4f39-a193-719e4a95426b admin admin] Publish callbacks ['neutron.services.segments.db._add_segment_host_mapping_for_segment-7973753841444', 'neutron.plugins.ml2.plugin.Ml2Plugin._handle_segment_change-444205'] for segment (b4ca1de4-003d-433d-affa-b3979283f06c), precommit_create {{(pid=87446) _notify_loop /opt/stack/data/venv/lib/python3.12/site-packages/neutron_lib/callbacks/manager.py:184}}
Jun 26 20:41:26.344887 np0000003791 devstack@neutron-api.service[87446]: INFO neutron.db.segments_db [None req-ca354843-1c83-4f39-a193-719e4a95426b admin admin] Added segment b4ca1de4-003d-433d-affa-b3979283f06c of type geneve for network 583291cd-d29d-426b-bcfd-71de77b1e06d
Jun 26 20:41:26.381409 np0000003791 devstack@neutron-api.service[87446]: DEBUG neutron_lib.callbacks.manager [None req-ca354843-1c83-4f39-a193-719e4a95426b admin admin] Publish callbacks ['neutron.services.auto_allocate.db._ensure_external_network_default_value_callback-7973752174572'] for network (583291cd-d29d-426b-bcfd-71de77b1e06d), precommit_create {{(pid=87446) _notify_loop /opt/stack/data/venv/lib/python3.12/site-packages/neutron_lib/callbacks/manager.py:184}}
Jun 26 20:41:26.398889 np0000003791 devstack@neutron-api.service[87446]: DEBUG neutron.plugins.ml2.drivers.ovn.mech_driver.mech_driver [None req-ca354843-1c83-4f39-a193-719e4a95426b admin admin] Validating network segment with type geneve, segmentation ID 57967, physical network None {{(pid=87446) _validate_network_segments /opt/stack/neutron/neutron/plugins/ml2/drivers/ovn/mech_driver/mech_driver.py:646}}
Jun 26 20:41:26.399034 np0000003791 devstack@neutron-api.service[87446]: DEBUG neutron.db.ovn_revision_numbers_db [None req-ca354843-1c83-4f39-a193-719e4a95426b admin admin] create_initial_revision uuid=583291cd-d29d-426b-bcfd-71de77b1e06d, type=networks, rev=-1 {{(pid=87446) create_initial_revision /opt/stack/neutron/neutron/db/ovn_revision_numbers_db.py:98}}
Jun 26 20:41:26.418136 np0000003791 devstack@neutron-api.service[87446]: DEBUG neutron_lib.callbacks.manager [None req-ca354843-1c83-4f39-a193-719e4a95426b admin admin] Publish callbacks ['neutron.plugins.ml2.ovo_rpc._ObjectChangeHandler.handle_event-7240977'] for network (583291cd-d29d-426b-bcfd-71de77b1e06d), after_create {{(pid=87446) _notify_loop /opt/stack/data/venv/lib/python3.12/site-packages/neutron_lib/callbacks/manager.py:184}}
Jun 26 20:41:26.464166 np0000003791 devstack@neutron-api.service[87446]: DEBUG neutron.api.rpc.handlers.resources_rpc [None req-ca354843-1c83-4f39-a193-719e4a95426b admin admin] Pushing event updated for resources: {'Network': ['ID=583291cd-d29d-426b-bcfd-71de77b1e06d,revision_number=1']} {{(pid=87446) push /opt/stack/neutron/neutron/api/rpc/handlers/resources_rpc.py:237}}
Jun 26 20:41:26.471235 np0000003791 devstack@neutron-api.service[87446]: DEBUG ovsdbapp.backend.ovs_idl.transaction [-] Running txn n=1 command(idx=0): AddNetworkCommand(_result=None, network_uuid=583291cd-d29d-426b-bcfd-71de77b1e06d, may_exist=True, columns={'external_ids': {'neutron:network_name': 'private', 'neutron:mtu': '1372', 'neutron:revision_number': '1', 'neutron:availability_zone_hints': '', 'neutron:provnet-network-type': 'geneve'}, 'other_config': {'mcast_snoop': 'false', 'mcast_flood_unregistered': 'false', 'vlan-passthru': 'false'}}) {{(pid=87446) do_commit /opt/stack/data/venv/lib/python3.12/site-packages/ovsdbapp/backend/ovs_idl/transaction.py:89}}
Jun 26 20:41:26.471364 np0000003791 devstack@neutron-api.service[87446]: DEBUG neutron.common.ovn.utils [-] OVS persist_uuid supported=True {{(pid=87446) ovs_persist_uuid_supported /opt/stack/neutron/neutron/common/ovn/utils.py:1544}}
Jun 26 20:41:26.482484 np0000003791 devstack@neutron-api.service[87446]: DEBUG neutron.plugins.ml2.drivers.ovn.mech_driver.ovsdb.ovsdb_monitor [-] Hash Ring: Node 84ff83495b425f9aa1b1b2096770a908 (host: np0000003791) handling event "create" for row 583291cd-d29d-426b-bcfd-71de77b1e06d (table: Logical_Switch) {{(pid=87446) notify /opt/stack/neutron/neutron/plugins/ml2/drivers/ovn/mech_driver/ovsdb/ovsdb_monitor.py:1015}}
Jun 26 20:41:26.484004 np0000003791 devstack@neutron-api.service[87448]: DEBUG neutron.plugins.ml2.drivers.ovn.mech_driver.ovsdb.ovsdb_monitor [-] Hash Ring: Node 804bbdc9c1235087af9e0812fc8f261d (host: np0000003791) handling event "create" for row 583291cd-d29d-426b-bcfd-71de77b1e06d (table: Logical_Switch) {{(pid=87448) notify /opt/stack/neutron/neutron/plugins/ml2/drivers/ovn/mech_driver/ovsdb/ovsdb_monitor.py:1015}}
Jun 26 20:41:26.487201 np0000003791 devstack@neutron-api.service[87447]: DEBUG neutron.plugins.ml2.drivers.ovn.mech_driver.ovsdb.ovsdb_monitor [-] Hash Ring: Node 862ae0bd21cf5352b5b37036a6be507c (host: np0000003791) handling event "create" for row 5b91ed68-a2ad-4468-acef-da2299b51e4d (table: Datapath_Binding) {{(pid=87447) notify /opt/stack/neutron/neutron/plugins/ml2/drivers/ovn/mech_driver/ovsdb/ovsdb_monitor.py:1015}}
Jun 26 20:41:26.492924 np0000003791 devstack@neutron-api.service[87446]: DEBUG neutron.plugins.ml2.drivers.ovn.mech_driver.ovsdb.ovsdb_monitor [-] Hash Ring: Node 84ff83495b425f9aa1b1b2096770a908 (host: np0000003791) handling event "create" for row 5b91ed68-a2ad-4468-acef-da2299b51e4d (table: Datapath_Binding) {{(pid=87446) notify /opt/stack/neutron/neutron/plugins/ml2/drivers/ovn/mech_driver/ovsdb/ovsdb_monitor.py:1015}}
Jun 26 20:41:26.509502 np0000003791 devstack@neutron-api.service[87446]: INFO neutron.db.ovn_revision_numbers_db [None req-ca354843-1c83-4f39-a193-719e4a95426b admin admin] Successfully bumped revision number for resource 583291cd-d29d-426b-bcfd-71de77b1e06d (type: networks) to 1
Jun 26 20:41:26.560198 np0000003791 devstack@neutron-api.service[87446]: DEBUG neutron_lib.callbacks.manager [None req-ca354843-1c83-4f39-a193-719e4a95426b admin admin] Publish callbacks ['neutron.plugins.ml2.plugin.SecurityGroupDbMixin._ensure_default_security_group_handler-187375'] for port (None), before_create {{(pid=87446) _notify_loop /opt/stack/data/venv/lib/python3.12/site-packages/neutron_lib/callbacks/manager.py:184}}
Jun 26 20:41:26.649974 np0000003791 devstack@neutron-api.service[87446]: DEBUG neutron_lib.callbacks.manager [None req-ca354843-1c83-4f39-a193-719e4a95426b admin admin] Publish callbacks ['neutron.plugins.ml2.drivers.ovn.mech_driver.mech_driver.OVNMechanismDriver._validate_allowed_address_pairs-8244450'] for allowed_address_pair (bcea73fa-8990-46fc-a17d-a552fcd2e992), before_create {{(pid=87446) _notify_loop /opt/stack/data/venv/lib/python3.12/site-packages/neutron_lib/callbacks/manager.py:184}}
Jun 26 20:41:26.650469 np0000003791 devstack@neutron-api.service[87446]: DEBUG neutron_lib.callbacks.manager [None req-ca354843-1c83-4f39-a193-719e4a95426b admin admin] Publish callbacks [] for port (bcea73fa-8990-46fc-a17d-a552fcd2e992), precommit_create {{(pid=87446) _notify_loop /opt/stack/data/venv/lib/python3.12/site-packages/neutron_lib/callbacks/manager.py:184}}
Jun 26 20:41:26.650673 np0000003791 devstack@neutron-api.service[87446]: DEBUG neutron.plugins.ml2.drivers.ovn.mech_driver.mech_driver [None req-ca354843-1c83-4f39-a193-719e4a95426b admin admin] No provisioning block for port bcea73fa-8990-46fc-a17d-a552fcd2e992 since it does not have a host {{(pid=87446) _is_port_provisioning_required /opt/stack/neutron/neutron/plugins/ml2/drivers/ovn/mech_driver/mech_driver.py:899}}
Jun 26 20:41:26.650784 np0000003791 devstack@neutron-api.service[87446]: DEBUG neutron.db.ovn_revision_numbers_db [None req-ca354843-1c83-4f39-a193-719e4a95426b admin admin] create_initial_revision uuid=bcea73fa-8990-46fc-a17d-a552fcd2e992, type=ports, rev=-1 {{(pid=87446) create_initial_revision /opt/stack/neutron/neutron/db/ovn_revision_numbers_db.py:98}}
Jun 26 20:41:26.703498 np0000003791 devstack@neutron-api.service[87446]: DEBUG neutron_lib.callbacks.manager [None req-ca354843-1c83-4f39-a193-719e4a95426b admin admin] Publish callbacks ['neutron.plugins.ml2.ovo_rpc._ObjectChangeHandler.handle_event-7240970'] for port (bcea73fa-8990-46fc-a17d-a552fcd2e992), after_create {{(pid=87446) _notify_loop /opt/stack/data/venv/lib/python3.12/site-packages/neutron_lib/callbacks/manager.py:184}}
Jun 26 20:41:26.757737 np0000003791 devstack@neutron-api.service[87446]: DEBUG neutron.api.rpc.handlers.resources_rpc [None req-ca354843-1c83-4f39-a193-719e4a95426b admin admin] Pushing event updated for resources: {'Port': ['ID=bcea73fa-8990-46fc-a17d-a552fcd2e992,revision_number=1']} {{(pid=87446) push /opt/stack/neutron/neutron/api/rpc/handlers/resources_rpc.py:237}}
