Jun 25 22:13:52.742111 np0000003656 devstack@g-api.service[99640]: DEBUG glance.api.middleware.version_negotiation [None req-a73efe59-9b3e-4aee-bb95-18986b8032d6 tempest-TaggedBootDevicesTest-771933180 tempest-TaggedBootDevicesTest-771933180-project-member] Determining version of request: GET /v2/images/77addfc5-5770-4c69-a41d-ad6331d3b0b3/file Accept: */* {{(pid=99640) process_request /opt/stack/glance/glance/api/middleware/version_negotiation.py:44}}
Jun 25 22:13:52.743275 np0000003656 devstack@g-api.service[99640]: DEBUG glance.api.middleware.version_negotiation [None req-a73efe59-9b3e-4aee-bb95-18986b8032d6 tempest-TaggedBootDevicesTest-771933180 tempest-TaggedBootDevicesTest-771933180-project-member] Using url versioning {{(pid=99640) process_request /opt/stack/glance/glance/api/middleware/version_negotiation.py:57}}
Jun 25 22:13:52.743275 np0000003656 devstack@g-api.service[99640]: DEBUG glance.api.middleware.version_negotiation [None req-a73efe59-9b3e-4aee-bb95-18986b8032d6 tempest-TaggedBootDevicesTest-771933180 tempest-TaggedBootDevicesTest-771933180-project-member] Matched version: v2 {{(pid=99640) process_request /opt/stack/glance/glance/api/middleware/version_negotiation.py:69}}
Jun 25 22:13:52.743706 np0000003656 devstack@g-api.service[99640]: DEBUG glance.api.middleware.version_negotiation [None req-a73efe59-9b3e-4aee-bb95-18986b8032d6 tempest-TaggedBootDevicesTest-771933180 tempest-TaggedBootDevicesTest-771933180-project-member] new path /v2/images/77addfc5-5770-4c69-a41d-ad6331d3b0b3/file {{(pid=99640) process_request /opt/stack/glance/glance/api/middleware/version_negotiation.py:70}}
Jun 25 22:13:52.756894 np0000003656 devstack@g-api.service[99640]: DEBUG glance.api.middleware.cache [None req-a73efe59-9b3e-4aee-bb95-18986b8032d6 tempest-TaggedBootDevicesTest-771933180 tempest-TaggedBootDevicesTest-771933180-project-member] Cache hit for image '77addfc5-5770-4c69-a41d-ad6331d3b0b3' {{(pid=99640) process_request /opt/stack/glance/glance/api/middleware/cache.py:160}}
Jun 25 22:13:52.821965 np0000003656 devstack@g-api.service[99640]: [pid: 99640|app: 0|req: 56/167] 127.0.0.1 () {44 vars in 1121 bytes} [Thu Jun 25 22:13:52 2026] GET /v2/images/77addfc5-5770-4c69-a41d-ad6331d3b0b3/file => generated 21692416 bytes in 79 msecs (HTTP/1.1 200) 5 headers in 217 bytes (341 switches on core 0)
Jun 25 22:13:52.938165 np0000003656 devstack@g-api.service[99642]: DEBUG glance.api.middleware.version_negotiation [None req-a73efe59-9b3e-4aee-bb95-18986b8032d6 tempest-TaggedBootDevicesTest-771933180 tempest-TaggedBootDevicesTest-771933180-project-member] Determining version of request: GET /v2/images/77addfc5-5770-4c69-a41d-ad6331d3b0b3 Accept: */* {{(pid=99642) process_request /opt/stack/glance/glance/api/middleware/version_negotiation.py:44}}
Jun 25 22:13:52.938571 np0000003656 devstack@g-api.service[99642]: DEBUG glance.api.middleware.version_negotiation [None req-a73efe59-9b3e-4aee-bb95-18986b8032d6 tempest-TaggedBootDevicesTest-771933180 tempest-TaggedBootDevicesTest-771933180-project-member] Using url versioning {{(pid=99642) process_request /opt/stack/glance/glance/api/middleware/version_negotiation.py:57}}
Jun 25 22:13:52.938571 np0000003656 devstack@g-api.service[99642]: DEBUG glance.api.middleware.version_negotiation [None req-a73efe59-9b3e-4aee-bb95-18986b8032d6 tempest-TaggedBootDevicesTest-771933180 tempest-TaggedBootDevicesTest-771933180-project-member] Matched version: v2 {{(pid=99642) process_request /opt/stack/glance/glance/api/middleware/version_negotiation.py:69}}
Jun 25 22:13:52.938571 np0000003656 devstack@g-api.service[99642]: DEBUG glance.api.middleware.version_negotiation [None req-a73efe59-9b3e-4aee-bb95-18986b8032d6 tempest-TaggedBootDevicesTest-771933180 tempest-TaggedBootDevicesTest-771933180-project-member] new path /v2/images/77addfc5-5770-4c69-a41d-ad6331d3b0b3 {{(pid=99642) process_request /opt/stack/glance/glance/api/middleware/version_negotiation.py:70}}
Jun 25 22:13:52.957554 np0000003656 devstack@g-api.service[99642]: [pid: 99642|app: 0|req: 56/168] 127.0.0.1 () {44 vars in 1111 bytes} [Thu Jun 25 22:13:52 2026] GET /v2/images/77addfc5-5770-4c69-a41d-ad6331d3b0b3 => generated 1044 bytes in 19 msecs (HTTP/1.1 200) 4 headers in 158 bytes (1 switches on core 0)
Jun 25 22:13:52.964214 np0000003656 devstack@g-api.service[99641]: DEBUG glance.api.middleware.version_negotiation [None req-a73efe59-9b3e-4aee-bb95-18986b8032d6 tempest-TaggedBootDevicesTest-771933180 tempest-TaggedBootDevicesTest-771933180-project-member] Determining version of request: GET /v2/schemas/image Accept: */* {{(pid=99641) process_request /opt/stack/glance/glance/api/middleware/version_negotiation.py:44}}
Jun 25 22:13:52.964393 np0000003656 devstack@g-api.service[99641]: DEBUG glance.api.middleware.version_negotiation [None req-a73efe59-9b3e-4aee-bb95-18986b8032d6 tempest-TaggedBootDevicesTest-771933180 tempest-TaggedBootDevicesTest-771933180-project-member] Using url versioning {{(pid=99641) process_request /opt/stack/glance/glance/api/middleware/version_negotiation.py:57}}
Jun 25 22:13:52.964539 np0000003656 devstack@g-api.service[99641]: DEBUG glance.api.middleware.version_negotiation [None req-a73efe59-9b3e-4aee-bb95-18986b8032d6 tempest-TaggedBootDevicesTest-771933180 tempest-TaggedBootDevicesTest-771933180-project-member] Matched version: v2 {{(pid=99641) process_request /opt/stack/glance/glance/api/middleware/version_negotiation.py:69}}
Jun 25 22:13:52.964622 np0000003656 devstack@g-api.service[99641]: DEBUG glance.api.middleware.version_negotiation [None req-a73efe59-9b3e-4aee-bb95-18986b8032d6 tempest-TaggedBootDevicesTest-771933180 tempest-TaggedBootDevicesTest-771933180-project-member] new path /v2/schemas/image {{(pid=99641) process_request /opt/stack/glance/glance/api/middleware/version_negotiation.py:70}}
Jun 25 22:13:52.975263 np0000003656 devstack@g-api.service[99641]: [pid: 99641|app: 0|req: 57/169] 127.0.0.1 () {44 vars in 1051 bytes} [Thu Jun 25 22:13:52 2026] GET /v2/schemas/image => generated 6083 bytes in 4 msecs (HTTP/1.1 200) 4 headers in 158 bytes (1 switches on core 0)
Jun 25 22:13:53.029647 np0000003656 devstack@g-api.service[99640]: DEBUG glance.api.middleware.version_negotiation [None req-a73efe59-9b3e-4aee-bb95-18986b8032d6 tempest-TaggedBootDevicesTest-771933180 tempest-TaggedBootDevicesTest-771933180-project-member] Determining version of request: GET /v2/images/4cf2d12c-adbf-4925-a7ca-f624acf1fd93 Accept: application/json {{(pid=99640) process_request /opt/stack/glance/glance/api/middleware/version_negotiation.py:44}}
Jun 25 22:13:53.029647 np0000003656 devstack@g-api.service[99640]: DEBUG glance.api.middleware.version_negotiation [None req-a73efe59-9b3e-4aee-bb95-18986b8032d6 tempest-TaggedBootDevicesTest-771933180 tempest-TaggedBootDevicesTest-771933180-project-member] Using url versioning {{(pid=99640) process_request /opt/stack/glance/glance/api/middleware/version_negotiation.py:57}}
Jun 25 22:13:53.029647 np0000003656 devstack@g-api.service[99640]: DEBUG glance.api.middleware.version_negotiation [None req-a73efe59-9b3e-4aee-bb95-18986b8032d6 tempest-TaggedBootDevicesTest-771933180 tempest-TaggedBootDevicesTest-771933180-project-member] Matched version: v2 {{(pid=99640) process_request /opt/stack/glance/glance/api/middleware/version_negotiation.py:69}}
Jun 25 22:13:53.029647 np0000003656 devstack@g-api.service[99640]: DEBUG glance.api.middleware.version_negotiation [None req-a73efe59-9b3e-4aee-bb95-18986b8032d6 tempest-TaggedBootDevicesTest-771933180 tempest-TaggedBootDevicesTest-771933180-project-member] new path /v2/images/4cf2d12c-adbf-4925-a7ca-f624acf1fd93 {{(pid=99640) process_request /opt/stack/glance/glance/api/middleware/version_negotiation.py:70}}
Jun 25 22:13:53.048370 np0000003656 devstack@g-api.service[99640]: [pid: 99640|app: 0|req: 57/170] 127.0.0.1 () {40 vars in 834 bytes} [Thu Jun 25 22:13:53 2026] GET /v2/images/4cf2d12c-adbf-4925-a7ca-f624acf1fd93 => generated 1359 bytes in 19 msecs (HTTP/1.1 200) 4 headers in 158 bytes (1 switches on core 0)
Jun 25 22:13:53.421565 np0000003656 devstack@g-api.service[99642]: DEBUG glance.api.middleware.version_negotiation [None req-a73efe59-9b3e-4aee-bb95-18986b8032d6 tempest-TaggedBootDevicesTest-771933180 tempest-TaggedBootDevicesTest-771933180-project-member] Determining version of request: GET /v2/images/77addfc5-5770-4c69-a41d-ad6331d3b0b3 Accept: */* {{(pid=99642) process_request /opt/stack/glance/glance/api/middleware/version_negotiation.py:44}}
Jun 25 22:13:53.421885 np0000003656 devstack@g-api.service[99642]: DEBUG glance.api.middleware.version_negotiation [None req-a73efe59-9b3e-4aee-bb95-18986b8032d6 tempest-TaggedBootDevicesTest-771933180 tempest-TaggedBootDevicesTest-771933180-project-member] Using url versioning {{(pid=99642) process_request /opt/stack/glance/glance/api/middleware/version_negotiation.py:57}}
Jun 25 22:13:53.422065 np0000003656 devstack@g-api.service[99642]: DEBUG glance.api.middleware.version_negotiation [None req-a73efe59-9b3e-4aee-bb95-18986b8032d6 tempest-TaggedBootDevicesTest-771933180 tempest-TaggedBootDevicesTest-771933180-project-member] Matched version: v2 {{(pid=99642) process_request /opt/stack/glance/glance/api/middleware/version_negotiation.py:69}}
Jun 25 22:13:53.422172 np0000003656 devstack@g-api.service[99642]: DEBUG glance.api.middleware.version_negotiation [None req-a73efe59-9b3e-4aee-bb95-18986b8032d6 tempest-TaggedBootDevicesTest-771933180 tempest-TaggedBootDevicesTest-771933180-project-member] new path /v2/images/77addfc5-5770-4c69-a41d-ad6331d3b0b3 {{(pid=99642) process_request /opt/stack/glance/glance/api/middleware/version_negotiation.py:70}}
Jun 25 22:13:53.431344 np0000003656 devstack@g-api.service[99641]: DEBUG glance.api.middleware.version_negotiation [None req-a73efe59-9b3e-4aee-bb95-18986b8032d6 tempest-TaggedBootDevicesTest-771933180 tempest-TaggedBootDevicesTest-771933180-project-member] Determining version of request: GET /v2/images/4cf2d12c-adbf-4925-a7ca-f624acf1fd93 Accept: */* {{(pid=99641) process_request /opt/stack/glance/glance/api/middleware/version_negotiation.py:44}}
Jun 25 22:13:53.431666 np0000003656 devstack@g-api.service[99642]: [pid: 99642|app: 0|req: 57/171] 127.0.0.1 () {44 vars in 1111 bytes} [Thu Jun 25 22:13:53 2026] GET /v2/images/77addfc5-5770-4c69-a41d-ad6331d3b0b3 => generated 1044 bytes in 10 msecs (HTTP/1.1 200) 4 headers in 158 bytes (1 switches on core 0)
Jun 25 22:13:53.431761 np0000003656 devstack@g-api.service[99641]: DEBUG glance.api.middleware.version_negotiation [None req-a73efe59-9b3e-4aee-bb95-18986b8032d6 tempest-TaggedBootDevicesTest-771933180 tempest-TaggedBootDevicesTest-771933180-project-member] Using url versioning {{(pid=99641) process_request /opt/stack/glance/glance/api/middleware/version_negotiation.py:57}}
Jun 25 22:13:53.431761 np0000003656 devstack@g-api.service[99641]: DEBUG glance.api.middleware.version_negotiation [None req-a73efe59-9b3e-4aee-bb95-18986b8032d6 tempest-TaggedBootDevicesTest-771933180 tempest-TaggedBootDevicesTest-771933180-project-member] Matched version: v2 {{(pid=99641) process_request /opt/stack/glance/glance/api/middleware/version_negotiation.py:69}}
Jun 25 22:13:53.431761 np0000003656 devstack@g-api.service[99641]: DEBUG glance.api.middleware.version_negotiation [None req-a73efe59-9b3e-4aee-bb95-18986b8032d6 tempest-TaggedBootDevicesTest-771933180 tempest-TaggedBootDevicesTest-771933180-project-member] new path /v2/images/4cf2d12c-adbf-4925-a7ca-f624acf1fd93 {{(pid=99641) process_request /opt/stack/glance/glance/api/middleware/version_negotiation.py:70}}
Jun 25 22:13:53.440678 np0000003656 devstack@g-api.service[99640]: DEBUG glance.api.middleware.version_negotiation [None req-e54c8a9b-37ef-4ce5-a92b-d1d76ac29706 tempest-ServerBootFromVolumeStableRescueTest-1962562994 tempest-ServerBootFromVolumeStableRescueTest-1962562994-project-member] Determining version of request: GET /v2/schemas/image Accept: */* {{(pid=99640) process_request /opt/stack/glance/glance/api/middleware/version_negotiation.py:44}}
Jun 25 22:13:53.440678 np0000003656 devstack@g-api.service[99640]: DEBUG glance.api.middleware.version_negotiation [None req-e54c8a9b-37ef-4ce5-a92b-d1d76ac29706 tempest-ServerBootFromVolumeStableRescueTest-1962562994 tempest-ServerBootFromVolumeStableRescueTest-1962562994-project-member] Using url versioning {{(pid=99640) process_request /opt/stack/glance/glance/api/middleware/version_negotiation.py:57}}
Jun 25 22:13:53.440854 np0000003656 devstack@g-api.service[99640]: DEBUG glance.api.middleware.version_negotiation [None req-e54c8a9b-37ef-4ce5-a92b-d1d76ac29706 tempest-ServerBootFromVolumeStableRescueTest-1962562994 tempest-ServerBootFromVolumeStableRescueTest-1962562994-project-member] Matched version: v2 {{(pid=99640) process_request /opt/stack/glance/glance/api/middleware/version_negotiation.py:69}}
Jun 25 22:13:53.441028 np0000003656 devstack@g-api.service[99640]: DEBUG glance.api.middleware.version_negotiation [None req-e54c8a9b-37ef-4ce5-a92b-d1d76ac29706 tempest-ServerBootFromVolumeStableRescueTest-1962562994 tempest-ServerBootFromVolumeStableRescueTest-1962562994-project-member] new path /v2/schemas/image {{(pid=99640) process_request /opt/stack/glance/glance/api/middleware/version_negotiation.py:70}}
Jun 25 22:13:53.445463 np0000003656 devstack@g-api.service[99640]: [pid: 99640|app: 0|req: 58/172] 127.0.0.1 () {44 vars in 1051 bytes} [Thu Jun 25 22:13:53 2026] GET /v2/schemas/image => generated 6083 bytes in 3 msecs (HTTP/1.1 200) 4 headers in 158 bytes (1 switches on core 0)
Jun 25 22:13:53.479554 np0000003656 devstack@g-api.service[99641]: [pid: 99641|app: 0|req: 58/173] 127.0.0.1 () {44 vars in 1111 bytes} [Thu Jun 25 22:13:53 2026] GET /v2/images/4cf2d12c-adbf-4925-a7ca-f624acf1fd93 => generated 1359 bytes in 48 msecs (HTTP/1.1 200) 4 headers in 158 bytes (1 switches on core 0)
Jun 25 22:13:53.531521 np0000003656 devstack@g-api.service[99642]: DEBUG glance.api.middleware.version_negotiation [None req-a73efe59-9b3e-4aee-bb95-18986b8032d6 tempest-TaggedBootDevicesTest-771933180 tempest-TaggedBootDevicesTest-771933180-project-member] Determining version of request: GET /v2/schemas/image Accept: */* {{(pid=99642) process_request /opt/stack/glance/glance/api/middleware/version_negotiation.py:44}}
Jun 25 22:13:53.531521 np0000003656 devstack@g-api.service[99642]: DEBUG glance.api.middleware.version_negotiation [None req-a73efe59-9b3e-4aee-bb95-18986b8032d6 tempest-TaggedBootDevicesTest-771933180 tempest-TaggedBootDevicesTest-771933180-project-member] Using url versioning {{(pid=99642) process_request /opt/stack/glance/glance/api/middleware/version_negotiation.py:57}}
Jun 25 22:13:53.531521 np0000003656 devstack@g-api.service[99642]: DEBUG glance.api.middleware.version_negotiation [None req-a73efe59-9b3e-4aee-bb95-18986b8032d6 tempest-TaggedBootDevicesTest-771933180 tempest-TaggedBootDevicesTest-771933180-project-member] Matched version: v2 {{(pid=99642) process_request /opt/stack/glance/glance/api/middleware/version_negotiation.py:69}}
Jun 25 22:13:53.531521 np0000003656 devstack@g-api.service[99642]: DEBUG glance.api.middleware.version_negotiation [None req-a73efe59-9b3e-4aee-bb95-18986b8032d6 tempest-TaggedBootDevicesTest-771933180 tempest-TaggedBootDevicesTest-771933180-project-member] new path /v2/schemas/image {{(pid=99642) process_request /opt/stack/glance/glance/api/middleware/version_negotiation.py:70}}
Jun 25 22:13:53.538744 np0000003656 devstack@g-api.service[99642]: [pid: 99642|app: 0|req: 58/174] 127.0.0.1 () {44 vars in 1051 bytes} [Thu Jun 25 22:13:53 2026] GET /v2/schemas/image => generated 6083 bytes in 8 msecs (HTTP/1.1 200) 4 headers in 158 bytes (1 switches on core 0)
Jun 25 22:13:53.577665 np0000003656 devstack@g-api.service[99640]: DEBUG glance.api.middleware.version_negotiation [None req-a73efe59-9b3e-4aee-bb95-18986b8032d6 tempest-TaggedBootDevicesTest-771933180 tempest-TaggedBootDevicesTest-771933180-project-member] Determining version of request: GET /v2/schemas/image Accept: */* {{(pid=99640) process_request /opt/stack/glance/glance/api/middleware/version_negotiation.py:44}}
Jun 25 22:13:53.577665 np0000003656 devstack@g-api.service[99640]: DEBUG glance.api.middleware.version_negotiation [None req-a73efe59-9b3e-4aee-bb95-18986b8032d6 tempest-TaggedBootDevicesTest-771933180 tempest-TaggedBootDevicesTest-771933180-project-member] Using url versioning {{(pid=99640) process_request /opt/stack/glance/glance/api/middleware/version_negotiation.py:57}}
Jun 25 22:13:53.577807 np0000003656 devstack@g-api.service[99640]: DEBUG glance.api.middleware.version_negotiation [None req-a73efe59-9b3e-4aee-bb95-18986b8032d6 tempest-TaggedBootDevicesTest-771933180 tempest-TaggedBootDevicesTest-771933180-project-member] Matched version: v2 {{(pid=99640) process_request /opt/stack/glance/glance/api/middleware/version_negotiation.py:69}}
Jun 25 22:13:53.577840 np0000003656 devstack@g-api.service[99640]: DEBUG glance.api.middleware.version_negotiation [None req-a73efe59-9b3e-4aee-bb95-18986b8032d6 tempest-TaggedBootDevicesTest-771933180 tempest-TaggedBootDevicesTest-771933180-project-member] new path /v2/schemas/image {{(pid=99640) process_request /opt/stack/glance/glance/api/middleware/version_negotiation.py:70}}
Jun 25 22:13:53.581452 np0000003656 devstack@g-api.service[99640]: [pid: 99640|app: 0|req: 59/175] 127.0.0.1 () {44 vars in 1051 bytes} [Thu Jun 25 22:13:53 2026] GET /v2/schemas/image => generated 6083 bytes in 4 msecs (HTTP/1.1 200) 4 headers in 158 bytes (1 switches on core 0)
Jun 25 22:13:53.617589 np0000003656 devstack@g-api.service[99641]: DEBUG glance.api.middleware.version_negotiation [None req-e99681cd-449d-4d31-acb0-61cad555690e tempest-ServerBootFromVolumeStableRescueTest-1962562994 tempest-ServerBootFromVolumeStableRescueTest-1962562994-project-member] Determining version of request: PATCH /v2/images/4cf2d12c-adbf-4925-a7ca-f624acf1fd93 Accept: */* {{(pid=99641) process_request /opt/stack/glance/glance/api/middleware/version_negotiation.py:44}}
Jun 25 22:13:53.617753 np0000003656 devstack@g-api.service[99641]: DEBUG glance.api.middleware.version_negotiation [None req-e99681cd-449d-4d31-acb0-61cad555690e tempest-ServerBootFromVolumeStableRescueTest-1962562994 tempest-ServerBootFromVolumeStableRescueTest-1962562994-project-member] Using url versioning {{(pid=99641) process_request /opt/stack/glance/glance/api/middleware/version_negotiation.py:57}}
Jun 25 22:13:53.617894 np0000003656 devstack@g-api.service[99641]: DEBUG glance.api.middleware.version_negotiation [None req-e99681cd-449d-4d31-acb0-61cad555690e tempest-ServerBootFromVolumeStableRescueTest-1962562994 tempest-ServerBootFromVolumeStableRescueTest-1962562994-project-member] Matched version: v2 {{(pid=99641) process_request /opt/stack/glance/glance/api/middleware/version_negotiation.py:69}}
Jun 25 22:13:53.618032 np0000003656 devstack@g-api.service[99641]: DEBUG glance.api.middleware.version_negotiation [None req-e99681cd-449d-4d31-acb0-61cad555690e tempest-ServerBootFromVolumeStableRescueTest-1962562994 tempest-ServerBootFromVolumeStableRescueTest-1962562994-project-member] new path /v2/images/4cf2d12c-adbf-4925-a7ca-f624acf1fd93 {{(pid=99641) process_request /opt/stack/glance/glance/api/middleware/version_negotiation.py:70}}
Jun 25 22:13:53.758112 np0000003656 devstack@g-api.service[99641]: [pid: 99641|app: 0|req: 59/176] 127.0.0.1 () {46 vars in 1154 bytes} [Thu Jun 25 22:13:53 2026] PATCH /v2/images/4cf2d12c-adbf-4925-a7ca-f624acf1fd93 => generated 1470 bytes in 140 msecs (HTTP/1.1 200) 4 headers in 158 bytes (1 switches on core 0)
Jun 25 22:13:53.798599 np0000003656 devstack@g-api.service[99642]: DEBUG glance.api.middleware.version_negotiation [None req-e99681cd-449d-4d31-acb0-61cad555690e tempest-ServerBootFromVolumeStableRescueTest-1962562994 tempest-ServerBootFromVolumeStableRescueTest-1962562994-project-member] Determining version of request: GET /v2/images/4cf2d12c-adbf-4925-a7ca-f624acf1fd93 Accept: */* {{(pid=99642) process_request /opt/stack/glance/glance/api/middleware/version_negotiation.py:44}}
Jun 25 22:13:53.798599 np0000003656 devstack@g-api.service[99642]: DEBUG glance.api.middleware.version_negotiation [None req-e99681cd-449d-4d31-acb0-61cad555690e tempest-ServerBootFromVolumeStableRescueTest-1962562994 tempest-ServerBootFromVolumeStableRescueTest-1962562994-project-member] Using url versioning {{(pid=99642) process_request /opt/stack/glance/glance/api/middleware/version_negotiation.py:57}}
Jun 25 22:13:53.798599 np0000003656 devstack@g-api.service[99642]: DEBUG glance.api.middleware.version_negotiation [None req-e99681cd-449d-4d31-acb0-61cad555690e tempest-ServerBootFromVolumeStableRescueTest-1962562994 tempest-ServerBootFromVolumeStableRescueTest-1962562994-project-member] Matched version: v2 {{(pid=99642) process_request /opt/stack/glance/glance/api/middleware/version_negotiation.py:69}}
Jun 25 22:13:53.798599 np0000003656 devstack@g-api.service[99642]: DEBUG glance.api.middleware.version_negotiation [None req-e99681cd-449d-4d31-acb0-61cad555690e tempest-ServerBootFromVolumeStableRescueTest-1962562994 tempest-ServerBootFromVolumeStableRescueTest-1962562994-project-member] new path /v2/images/4cf2d12c-adbf-4925-a7ca-f624acf1fd93 {{(pid=99642) process_request /opt/stack/glance/glance/api/middleware/version_negotiation.py:70}}
Jun 25 22:13:53.809429 np0000003656 devstack@g-api.service[99642]: [pid: 99642|app: 0|req: 59/177] 127.0.0.1 () {44 vars in 1111 bytes} [Thu Jun 25 22:13:53 2026] GET /v2/images/4cf2d12c-adbf-4925-a7ca-f624acf1fd93 => generated 1470 bytes in 12 msecs (HTTP/1.1 200) 4 headers in 158 bytes (1 switches on core 0)
Jun 25 22:13:53.850432 np0000003656 devstack@g-api.service[99640]: DEBUG glance.api.middleware.version_negotiation [None req-e99681cd-449d-4d31-acb0-61cad555690e tempest-ServerBootFromVolumeStableRescueTest-1962562994 tempest-ServerBootFromVolumeStableRescueTest-1962562994-project-member] Determining version of request: PUT /v2/images/4cf2d12c-adbf-4925-a7ca-f624acf1fd93/file Accept: */* {{(pid=99640) process_request /opt/stack/glance/glance/api/middleware/version_negotiation.py:44}}
Jun 25 22:13:53.850849 np0000003656 devstack@g-api.service[99640]: DEBUG glance.api.middleware.version_negotiation [None req-e99681cd-449d-4d31-acb0-61cad555690e tempest-ServerBootFromVolumeStableRescueTest-1962562994 tempest-ServerBootFromVolumeStableRescueTest-1962562994-project-member] Using url versioning {{(pid=99640) process_request /opt/stack/glance/glance/api/middleware/version_negotiation.py:57}}
Jun 25 22:13:53.850849 np0000003656 devstack@g-api.service[99640]: DEBUG glance.api.middleware.version_negotiation [None req-e99681cd-449d-4d31-acb0-61cad555690e tempest-ServerBootFromVolumeStableRescueTest-1962562994 tempest-ServerBootFromVolumeStableRescueTest-1962562994-project-member] Matched version: v2 {{(pid=99640) process_request /opt/stack/glance/glance/api/middleware/version_negotiation.py:69}}
Jun 25 22:13:53.850849 np0000003656 devstack@g-api.service[99640]: DEBUG glance.api.middleware.version_negotiation [None req-e99681cd-449d-4d31-acb0-61cad555690e tempest-ServerBootFromVolumeStableRescueTest-1962562994 tempest-ServerBootFromVolumeStableRescueTest-1962562994-project-member] new path /v2/images/4cf2d12c-adbf-4925-a7ca-f624acf1fd93/file {{(pid=99640) process_request /opt/stack/glance/glance/api/middleware/version_negotiation.py:70}}
Jun 25 22:13:54.028751 np0000003656 devstack@g-api.service[99641]: DEBUG glance.api.middleware.version_negotiation [None req-e99681cd-449d-4d31-acb0-61cad555690e tempest-ServerBootFromVolumeStableRescueTest-1962562994 tempest-ServerBootFromVolumeStableRescueTest-1962562994-project-member] Determining version of request: GET /v2/images/77addfc5-5770-4c69-a41d-ad6331d3b0b3 Accept: */* {{(pid=99641) process_request /opt/stack/glance/glance/api/middleware/version_negotiation.py:44}}
Jun 25 22:13:54.028751 np0000003656 devstack@g-api.service[99641]: DEBUG glance.api.middleware.version_negotiation [None req-e99681cd-449d-4d31-acb0-61cad555690e tempest-ServerBootFromVolumeStableRescueTest-1962562994 tempest-ServerBootFromVolumeStableRescueTest-1962562994-project-member] Using url versioning {{(pid=99641) process_request /opt/stack/glance/glance/api/middleware/version_negotiation.py:57}}
Jun 25 22:13:54.029442 np0000003656 devstack@g-api.service[99641]: DEBUG glance.api.middleware.version_negotiation [None req-e99681cd-449d-4d31-acb0-61cad555690e tempest-ServerBootFromVolumeStableRescueTest-1962562994 tempest-ServerBootFromVolumeStableRescueTest-1962562994-project-member] Matched version: v2 {{(pid=99641) process_request /opt/stack/glance/glance/api/middleware/version_negotiation.py:69}}
Jun 25 22:13:54.029442 np0000003656 devstack@g-api.service[99641]: DEBUG glance.api.middleware.version_negotiation [None req-e99681cd-449d-4d31-acb0-61cad555690e tempest-ServerBootFromVolumeStableRescueTest-1962562994 tempest-ServerBootFromVolumeStableRescueTest-1962562994-project-member] new path /v2/images/77addfc5-5770-4c69-a41d-ad6331d3b0b3 {{(pid=99641) process_request /opt/stack/glance/glance/api/middleware/version_negotiation.py:70}}
Jun 25 22:13:54.057820 np0000003656 devstack@g-api.service[99641]: [pid: 99641|app: 0|req: 60/178] 127.0.0.1 () {44 vars in 1111 bytes} [Thu Jun 25 22:13:54 2026] GET /v2/images/77addfc5-5770-4c69-a41d-ad6331d3b0b3 => generated 1044 bytes in 24 msecs (HTTP/1.1 200) 4 headers in 158 bytes (1 switches on core 0)
Jun 25 22:13:54.061957 np0000003656 devstack@g-api.service[99642]: DEBUG glance.api.middleware.version_negotiation [None req-e99681cd-449d-4d31-acb0-61cad555690e tempest-ServerBootFromVolumeStableRescueTest-1962562994 tempest-ServerBootFromVolumeStableRescueTest-1962562994-project-member] Determining version of request: GET /v2/images/4cf2d12c-adbf-4925-a7ca-f624acf1fd93 Accept: application/json {{(pid=99642) process_request /opt/stack/glance/glance/api/middleware/version_negotiation.py:44}}
Jun 25 22:13:54.062621 np0000003656 devstack@g-api.service[99642]: DEBUG glance.api.middleware.version_negotiation [None req-e99681cd-449d-4d31-acb0-61cad555690e tempest-ServerBootFromVolumeStableRescueTest-1962562994 tempest-ServerBootFromVolumeStableRescueTest-1962562994-project-member] Using url versioning {{(pid=99642) process_request /opt/stack/glance/glance/api/middleware/version_negotiation.py:57}}
Jun 25 22:13:54.062621 np0000003656 devstack@g-api.service[99642]: DEBUG glance.api.middleware.version_negotiation [None req-e99681cd-449d-4d31-acb0-61cad555690e tempest-ServerBootFromVolumeStableRescueTest-1962562994 tempest-ServerBootFromVolumeStableRescueTest-1962562994-project-member] Matched version: v2 {{(pid=99642) process_request /opt/stack/glance/glance/api/middleware/version_negotiation.py:69}}
Jun 25 22:13:54.062621 np0000003656 devstack@g-api.service[99642]: DEBUG glance.api.middleware.version_negotiation [None req-e99681cd-449d-4d31-acb0-61cad555690e tempest-ServerBootFromVolumeStableRescueTest-1962562994 tempest-ServerBootFromVolumeStableRescueTest-1962562994-project-member] new path /v2/images/4cf2d12c-adbf-4925-a7ca-f624acf1fd93 {{(pid=99642) process_request /opt/stack/glance/glance/api/middleware/version_negotiation.py:70}}
Jun 25 22:13:54.065300 np0000003656 devstack@g-api.service[99641]: DEBUG glance.api.middleware.version_negotiation [None req-a73efe59-9b3e-4aee-bb95-18986b8032d6 tempest-TaggedBootDevicesTest-771933180 tempest-TaggedBootDevicesTest-771933180-project-member] Determining version of request: GET /v2/schemas/image Accept: */* {{(pid=99641) process_request /opt/stack/glance/glance/api/middleware/version_negotiation.py:44}}
Jun 25 22:13:54.067297 np0000003656 devstack@g-api.service[99641]: DEBUG glance.api.middleware.version_negotiation [None req-a73efe59-9b3e-4aee-bb95-18986b8032d6 tempest-TaggedBootDevicesTest-771933180 tempest-TaggedBootDevicesTest-771933180-project-member] Using url versioning {{(pid=99641) process_request /opt/stack/glance/glance/api/middleware/version_negotiation.py:57}}
Jun 25 22:13:54.067386 np0000003656 devstack@g-api.service[99641]: DEBUG glance.api.middleware.version_negotiation [None req-a73efe59-9b3e-4aee-bb95-18986b8032d6 tempest-TaggedBootDevicesTest-771933180 tempest-TaggedBootDevicesTest-771933180-project-member] Matched version: v2 {{(pid=99641) process_request /opt/stack/glance/glance/api/middleware/version_negotiation.py:69}}
Jun 25 22:13:54.067472 np0000003656 devstack@g-api.service[99641]: DEBUG glance.api.middleware.version_negotiation [None req-a73efe59-9b3e-4aee-bb95-18986b8032d6 tempest-TaggedBootDevicesTest-771933180 tempest-TaggedBootDevicesTest-771933180-project-member] new path /v2/schemas/image {{(pid=99641) process_request /opt/stack/glance/glance/api/middleware/version_negotiation.py:70}}
Jun 25 22:13:54.074561 np0000003656 devstack@g-api.service[99641]: [pid: 99641|app: 0|req: 61/179] 127.0.0.1 () {44 vars in 1051 bytes} [Thu Jun 25 22:13:54 2026] GET /v2/schemas/image => generated 6083 bytes in 10 msecs (HTTP/1.1 200) 4 headers in 158 bytes (1 switches on core 0)
Jun 25 22:13:54.082655 np0000003656 devstack@g-api.service[99642]: [pid: 99642|app: 0|req: 60/180] 127.0.0.1 () {40 vars in 834 bytes} [Thu Jun 25 22:13:54 2026] GET /v2/images/4cf2d12c-adbf-4925-a7ca-f624acf1fd93 => generated 1470 bytes in 21 msecs (HTTP/1.1 200) 4 headers in 158 bytes (1 switches on core 0)
Jun 25 22:13:54.645367 np0000003656 devstack@g-api.service[99640]: INFO glance.api.v2.image_data [None req-e99681cd-449d-4d31-acb0-61cad555690e tempest-ServerBootFromVolumeStableRescueTest-1962562994 tempest-ServerBootFromVolumeStableRescueTest-1962562994-project-member] Unable to create trust: no such option collect_timing in group [keystone_authtoken] Use the existing user token.
Jun 25 22:13:55.091784 np0000003656 devstack@g-api.service[99641]: DEBUG glance.api.middleware.version_negotiation [None req-a73efe59-9b3e-4aee-bb95-18986b8032d6 tempest-TaggedBootDevicesTest-771933180 tempest-TaggedBootDevicesTest-771933180-project-member] Determining version of request: GET /v2/images/4cf2d12c-adbf-4925-a7ca-f624acf1fd93 Accept: application/json {{(pid=99641) process_request /opt/stack/glance/glance/api/middleware/version_negotiation.py:44}}
Jun 25 22:13:55.091784 np0000003656 devstack@g-api.service[99641]: DEBUG glance.api.middleware.version_negotiation [None req-a73efe59-9b3e-4aee-bb95-18986b8032d6 tempest-TaggedBootDevicesTest-771933180 tempest-TaggedBootDevicesTest-771933180-project-member] Using url versioning {{(pid=99641) process_request /opt/stack/glance/glance/api/middleware/version_negotiation.py:57}}
Jun 25 22:13:55.091784 np0000003656 devstack@g-api.service[99641]: DEBUG glance.api.middleware.version_negotiation [None req-a73efe59-9b3e-4aee-bb95-18986b8032d6 tempest-TaggedBootDevicesTest-771933180 tempest-TaggedBootDevicesTest-771933180-project-member] Matched version: v2 {{(pid=99641) process_request /opt/stack/glance/glance/api/middleware/version_negotiation.py:69}}
Jun 25 22:13:55.091784 np0000003656 devstack@g-api.service[99641]: DEBUG glance.api.middleware.version_negotiation [None req-a73efe59-9b3e-4aee-bb95-18986b8032d6 tempest-TaggedBootDevicesTest-771933180 tempest-TaggedBootDevicesTest-771933180-project-member] new path /v2/images/4cf2d12c-adbf-4925-a7ca-f624acf1fd93 {{(pid=99641) process_request /opt/stack/glance/glance/api/middleware/version_negotiation.py:70}}
Jun 25 22:13:55.102455 np0000003656 devstack@g-api.service[99641]: [pid: 99641|app: 0|req: 62/181] 127.0.0.1 () {40 vars in 834 bytes} [Thu Jun 25 22:13:55 2026] GET /v2/images/4cf2d12c-adbf-4925-a7ca-f624acf1fd93 => generated 1470 bytes in 11 msecs (HTTP/1.1 200) 4 headers in 158 bytes (1 switches on core 0)
Jun 25 22:13:55.382214 np0000003656 devstack@g-api.service[99640]: DEBUG glance.location [None req-e99681cd-449d-4d31-acb0-61cad555690e tempest-ServerBootFromVolumeStableRescueTest-1962562994 tempest-ServerBootFromVolumeStableRescueTest-1962562994-project-member] Enabling in-flight format inspection for qcow2 {{(pid=99640) set_data /opt/stack/glance/glance/location.py:616}}
Jun 25 22:13:55.382849 np0000003656 devstack@g-api.service[99640]: DEBUG glance_store.backend [None req-e99681cd-449d-4d31-acb0-61cad555690e tempest-ServerBootFromVolumeStableRescueTest-1962562994 tempest-ServerBootFromVolumeStableRescueTest-1962562994-project-member] Attempting to import store swift {{(pid=99640) _load_store /opt/stack/data/venv/lib/python3.12/site-packages/glance_store/backend.py:215}}
Jun 25 22:13:55.384617 np0000003656 devstack@g-api.service[99640]: DEBUG glance_store.capabilities [None req-e99681cd-449d-4d31-acb0-61cad555690e tempest-ServerBootFromVolumeStableRescueTest-1962562994 tempest-ServerBootFromVolumeStableRescueTest-1962562994-project-member] Store glance_store._drivers.swift.store.SingleTenantStore doesn't support updating dynamic storage capabilities. Please overwrite 'update_capabilities' method of the store to implement updating logics if needed. {{(pid=99640) update_capabilities /opt/stack/data/venv/lib/python3.12/site-packages/glance_store/capabilities.py:91}}
Jun 25 22:13:55.384754 np0000003656 devstack@g-api.service[99640]: DEBUG glance_store.driver [None req-e99681cd-449d-4d31-acb0-61cad555690e tempest-ServerBootFromVolumeStableRescueTest-1962562994 tempest-ServerBootFromVolumeStableRescueTest-1962562994-project-member] Late loading location class glance_store._drivers.swift.store.StoreLocation {{(pid=99640) get_store_location_class /opt/stack/data/venv/lib/python3.12/site-packages/glance_store/driver.py:134}}
Jun 25 22:13:55.384868 np0000003656 devstack@g-api.service[99640]: DEBUG glance_store.location [None req-e99681cd-449d-4d31-acb0-61cad555690e tempest-ServerBootFromVolumeStableRescueTest-1962562994 tempest-ServerBootFromVolumeStableRescueTest-1962562994-project-member] Registering scheme swift+https with {'store': , 'location_class': , 'store_entry': 'swift'} {{(pid=99640) register_scheme_map /opt/stack/data/venv/lib/python3.12/site-packages/glance_store/location.py:146}}
Jun 25 22:13:55.385003 np0000003656 devstack@g-api.service[99640]: DEBUG glance_store.location [None req-e99681cd-449d-4d31-acb0-61cad555690e tempest-ServerBootFromVolumeStableRescueTest-1962562994 tempest-ServerBootFromVolumeStableRescueTest-1962562994-project-member] Registering scheme swift+https with {'store': , 'location_class': , 'store_entry': 'swift'} {{(pid=99640) register_scheme_map /opt/stack/data/venv/lib/python3.12/site-packages/glance_store/location.py:146}}
Jun 25 22:13:55.385448 np0000003656 devstack@g-api.service[99640]: DEBUG glance_store.location [None req-e99681cd-449d-4d31-acb0-61cad555690e tempest-ServerBootFromVolumeStableRescueTest-1962562994 tempest-ServerBootFromVolumeStableRescueTest-1962562994-project-member] Registering scheme swift with {'store': , 'location_class': , 'store_entry': 'swift'} {{(pid=99640) register_scheme_map /opt/stack/data/venv/lib/python3.12/site-packages/glance_store/location.py:146}}
Jun 25 22:13:55.385659 np0000003656 devstack@g-api.service[99640]: DEBUG glance_store.location [None req-e99681cd-449d-4d31-acb0-61cad555690e tempest-ServerBootFromVolumeStableRescueTest-1962562994 tempest-ServerBootFromVolumeStableRescueTest-1962562994-project-member] Registering scheme swift+https with {'store': , 'location_class': , 'store_entry': 'swift'} {{(pid=99640) register_scheme_map /opt/stack/data/venv/lib/python3.12/site-packages/glance_store/location.py:146}}
Jun 25 22:13:55.385824 np0000003656 devstack@g-api.service[99640]: DEBUG glance_store.location [None req-e99681cd-449d-4d31-acb0-61cad555690e tempest-ServerBootFromVolumeStableRescueTest-1962562994 tempest-ServerBootFromVolumeStableRescueTest-1962562994-project-member] Registering scheme swift with {'store': , 'location_class': , 'store_entry': 'swift'} {{(pid=99640) register_scheme_map /opt/stack/data/venv/lib/python3.12/site-packages/glance_store/location.py:146}}
Jun 25 22:13:55.385998 np0000003656 devstack@g-api.service[99640]: DEBUG glance_store.location [None req-e99681cd-449d-4d31-acb0-61cad555690e tempest-ServerBootFromVolumeStableRescueTest-1962562994 tempest-ServerBootFromVolumeStableRescueTest-1962562994-project-member] Registering scheme swift+http with {'store': , 'location_class': , 'store_entry': 'swift'} {{(pid=99640) register_scheme_map /opt/stack/data/venv/lib/python3.12/site-packages/glance_store/location.py:146}}
Jun 25 22:13:55.386276 np0000003656 devstack@g-api.service[99640]: DEBUG glance_store.location [None req-e99681cd-449d-4d31-acb0-61cad555690e tempest-ServerBootFromVolumeStableRescueTest-1962562994 tempest-ServerBootFromVolumeStableRescueTest-1962562994-project-member] Registering scheme swift+https with {'store': , 'location_class': , 'store_entry': 'swift'} {{(pid=99640) register_scheme_map /opt/stack/data/venv/lib/python3.12/site-packages/glance_store/location.py:146}}
Jun 25 22:13:55.386276 np0000003656 devstack@g-api.service[99640]: DEBUG glance_store.location [None req-e99681cd-449d-4d31-acb0-61cad555690e tempest-ServerBootFromVolumeStableRescueTest-1962562994 tempest-ServerBootFromVolumeStableRescueTest-1962562994-project-member] Registering scheme swift with {'store': , 'location_class': , 'store_entry': 'swift'} {{(pid=99640) register_scheme_map /opt/stack/data/venv/lib/python3.12/site-packages/glance_store/location.py:146}}
Jun 25 22:13:55.386477 np0000003656 devstack@g-api.service[99640]: DEBUG glance_store.location [None req-e99681cd-449d-4d31-acb0-61cad555690e tempest-ServerBootFromVolumeStableRescueTest-1962562994 tempest-ServerBootFromVolumeStableRescueTest-1962562994-project-member] Registering scheme swift+http with {'store': , 'location_class': , 'store_entry': 'swift'} {{(pid=99640) register_scheme_map /opt/stack/data/venv/lib/python3.12/site-packages/glance_store/location.py:146}}
Jun 25 22:13:55.386477 np0000003656 devstack@g-api.service[99640]: DEBUG glance_store.location [None req-e99681cd-449d-4d31-acb0-61cad555690e tempest-ServerBootFromVolumeStableRescueTest-1962562994 tempest-ServerBootFromVolumeStableRescueTest-1962562994-project-member] Registering scheme swift+config with {'store': , 'location_class': , 'store_entry': 'swift'} {{(pid=99640) register_scheme_map /opt/stack/data/venv/lib/python3.12/site-packages/glance_store/location.py:146}}
Jun 25 22:13:55.871404 np0000003656 devstack@g-api.service[99640]: DEBUG swiftclient [None req-e99681cd-449d-4d31-acb0-61cad555690e tempest-ServerBootFromVolumeStableRescueTest-1962562994 tempest-ServerBootFromVolumeStableRescueTest-1962562994-project-member] REQ: curl -i https://10.4.3.31:8080/v1/AUTH_4c97373e95544dcc953e4c693a122e78/glance -I -H "X-Auth-Token: gAAAAABqPagj5H0G..." {{(pid=99640) http_log /opt/stack/data/venv/lib/python3.12/site-packages/swiftclient/client.py:160}}
Jun 25 22:13:55.871539 np0000003656 devstack@g-api.service[99640]: DEBUG swiftclient [None req-e99681cd-449d-4d31-acb0-61cad555690e tempest-ServerBootFromVolumeStableRescueTest-1962562994 tempest-ServerBootFromVolumeStableRescueTest-1962562994-project-member] RESP STATUS: 204 No Content {{(pid=99640) http_log /opt/stack/data/venv/lib/python3.12/site-packages/swiftclient/client.py:161}}
Jun 25 22:13:55.872003 np0000003656 devstack@g-api.service[99640]: DEBUG swiftclient [None req-e99681cd-449d-4d31-acb0-61cad555690e tempest-ServerBootFromVolumeStableRescueTest-1962562994 tempest-ServerBootFromVolumeStableRescueTest-1962562994-project-member] RESP HEADERS: {'Date': 'Thu, 25 Jun 2026 22:13:55 GMT', 'Server': 'Apache/2.4.58 (Ubuntu)', 'Content-Type': 'text/plain; charset=utf-8', 'X-Container-Object-Count': '5', 'X-Container-Bytes-Used': '87883776', 'X-Timestamp': '1782425389.27537', 'Last-Modified': 'Thu, 25 Jun 2026 22:09:50 GMT', 'Accept-Ranges': 'bytes', 'X-Storage-Policy': 'Policy-0', 'X-Container-Sharding': 'False', 'Vary': 'Accept', 'X-Trans-Id': 'txc837de4406fe4a09bca0f-006a3da823', 'X-Openstack-Request-Id': 'txc837de4406fe4a09bca0f-006a3da823', 'Connection': 'close'} {{(pid=99640) http_log /opt/stack/data/venv/lib/python3.12/site-packages/swiftclient/client.py:162}}
Jun 25 22:13:55.872337 np0000003656 devstack@g-api.service[99640]: DEBUG glance_store._drivers.swift.store [None req-e99681cd-449d-4d31-acb0-61cad555690e tempest-ServerBootFromVolumeStableRescueTest-1962562994 tempest-ServerBootFromVolumeStableRescueTest-1962562994-project-member] Adding image object '4cf2d12c-adbf-4925-a7ca-f624acf1fd93' to Swift {{(pid=99640) add /opt/stack/data/venv/lib/python3.12/site-packages/glance_store/_drivers/swift/store.py:970}}
Jun 25 22:13:55.872337 np0000003656 devstack@g-api.service[99640]: DEBUG glance_store._drivers.swift.store [None req-e99681cd-449d-4d31-acb0-61cad555690e tempest-ServerBootFromVolumeStableRescueTest-1962562994 tempest-ServerBootFromVolumeStableRescueTest-1962562994-project-member] Cannot determine image size because it is either not provided in the request or chunked-transfer encoding is used. Adding image as a segmented object to Swift. {{(pid=99640) add /opt/stack/data/venv/lib/python3.12/site-packages/glance_store/_drivers/swift/store.py:994}}
Jun 25 22:13:55.881474 np0000003656 devstack@g-api.service[99640]: DEBUG oslo_utils.imageutils.format_inspector [None req-e99681cd-449d-4d31-acb0-61cad555690e tempest-ServerBootFromVolumeStableRescueTest-1962562994 tempest-ServerBootFromVolumeStableRescueTest-1962562994-project-member] Format inspector for vmdk does not match, excluding from consideration (Signature KDMV not found: b'QFI\xfb') {{(pid=99640) _process_chunk /opt/stack/data/venv/lib/python3.12/site-packages/oslo_utils/imageutils/format_inspector.py:1758}}
Jun 25 22:13:55.884582 np0000003656 devstack@g-api.service[99640]: DEBUG oslo_utils.imageutils.format_inspector [None req-e99681cd-449d-4d31-acb0-61cad555690e tempest-ServerBootFromVolumeStableRescueTest-1962562994 tempest-ServerBootFromVolumeStableRescueTest-1962562994-project-member] Format inspector for vhdx does not match, excluding from consideration (Region signature not found at 30000) {{(pid=99640) _process_chunk /opt/stack/data/venv/lib/python3.12/site-packages/oslo_utils/imageutils/format_inspector.py:1758}}
Jun 25 22:13:56.111691 np0000003656 devstack@g-api.service[99642]: DEBUG glance.api.middleware.version_negotiation [None req-7dda7d32-24a5-44bc-9f96-f19b26c9a179 tempest-ServerBootFromVolumeStableRescueTest-1962562994 tempest-ServerBootFromVolumeStableRescueTest-1962562994-project-member] Determining version of request: GET /v2/images/4cf2d12c-adbf-4925-a7ca-f624acf1fd93 Accept: application/json {{(pid=99642) process_request /opt/stack/glance/glance/api/middleware/version_negotiation.py:44}}
Jun 25 22:13:56.112161 np0000003656 devstack@g-api.service[99642]: DEBUG glance.api.middleware.version_negotiation [None req-7dda7d32-24a5-44bc-9f96-f19b26c9a179 tempest-ServerBootFromVolumeStableRescueTest-1962562994 tempest-ServerBootFromVolumeStableRescueTest-1962562994-project-member] Using url versioning {{(pid=99642) process_request /opt/stack/glance/glance/api/middleware/version_negotiation.py:57}}
Jun 25 22:13:56.112161 np0000003656 devstack@g-api.service[99642]: DEBUG glance.api.middleware.version_negotiation [None req-7dda7d32-24a5-44bc-9f96-f19b26c9a179 tempest-ServerBootFromVolumeStableRescueTest-1962562994 tempest-ServerBootFromVolumeStableRescueTest-1962562994-project-member] Matched version: v2 {{(pid=99642) process_request /opt/stack/glance/glance/api/middleware/version_negotiation.py:69}}
Jun 25 22:13:56.112161 np0000003656 devstack@g-api.service[99642]: DEBUG glance.api.middleware.version_negotiation [None req-7dda7d32-24a5-44bc-9f96-f19b26c9a179 tempest-ServerBootFromVolumeStableRescueTest-1962562994 tempest-ServerBootFromVolumeStableRescueTest-1962562994-project-member] new path /v2/images/4cf2d12c-adbf-4925-a7ca-f624acf1fd93 {{(pid=99642) process_request /opt/stack/glance/glance/api/middleware/version_negotiation.py:70}}
Jun 25 22:13:56.125992 np0000003656 devstack@g-api.service[99642]: [pid: 99642|app: 0|req: 61/182] 127.0.0.1 () {40 vars in 834 bytes} [Thu Jun 25 22:13:56 2026] GET /v2/images/4cf2d12c-adbf-4925-a7ca-f624acf1fd93 => generated 1470 bytes in 14 msecs (HTTP/1.1 200) 4 headers in 158 bytes (1 switches on core 0)
Jun 25 22:13:56.144370 np0000003656 devstack@g-api.service[99640]: DEBUG swiftclient [None req-e99681cd-449d-4d31-acb0-61cad555690e tempest-ServerBootFromVolumeStableRescueTest-1962562994 tempest-ServerBootFromVolumeStableRescueTest-1962562994-project-member] REQ: curl -i https://10.4.3.31:8080/v1/AUTH_4c97373e95544dcc953e4c693a122e78/glance/4cf2d12c-adbf-4925-a7ca-f624acf1fd93-00001 -X PUT -H "X-Auth-Token: gAAAAABqPagj5H0G..." {{(pid=99640) http_log /opt/stack/data/venv/lib/python3.12/site-packages/swiftclient/client.py:160}}
Jun 25 22:13:56.144502 np0000003656 devstack@g-api.service[99640]: DEBUG swiftclient [None req-e99681cd-449d-4d31-acb0-61cad555690e tempest-ServerBootFromVolumeStableRescueTest-1962562994 tempest-ServerBootFromVolumeStableRescueTest-1962562994-project-member] RESP STATUS: 201 Created {{(pid=99640) http_log /opt/stack/data/venv/lib/python3.12/site-packages/swiftclient/client.py:161}}
Jun 25 22:13:56.144635 np0000003656 devstack@g-api.service[99640]: DEBUG swiftclient [None req-e99681cd-449d-4d31-acb0-61cad555690e tempest-ServerBootFromVolumeStableRescueTest-1962562994 tempest-ServerBootFromVolumeStableRescueTest-1962562994-project-member] RESP HEADERS: {'Date': 'Thu, 25 Jun 2026 22:13:56 GMT', 'Server': 'Apache/2.4.58 (Ubuntu)', 'Content-Type': 'text/html; charset=UTF-8', 'Content-Length': '0', 'Etag': '4fa343ee581d8d2e78533191fd1ac3e1', 'Last-Modified': 'Thu, 25 Jun 2026 22:13:56 GMT', 'X-Trans-Id': 'tx2ad4c9e8e41e40f089553-006a3da823', 'X-Openstack-Request-Id': 'tx2ad4c9e8e41e40f089553-006a3da823', 'Connection': 'close'} {{(pid=99640) http_log /opt/stack/data/venv/lib/python3.12/site-packages/swiftclient/client.py:162}}
Jun 25 22:13:56.144779 np0000003656 devstack@g-api.service[99640]: DEBUG glance_store._drivers.swift.store [None req-e99681cd-449d-4d31-acb0-61cad555690e tempest-ServerBootFromVolumeStableRescueTest-1962562994 tempest-ServerBootFromVolumeStableRescueTest-1962562994-project-member] Wrote chunk 4cf2d12c-adbf-4925-a7ca-f624acf1fd93-00001 (1/?) of length 23527424 to Swift returning MD5 of content: 4fa343ee581d8d2e78533191fd1ac3e1 {{(pid=99640) add /opt/stack/data/venv/lib/python3.12/site-packages/glance_store/_drivers/swift/store.py:1059}}
Jun 25 22:13:56.145089 np0000003656 devstack@g-api.service[99640]: DEBUG glance_store._drivers.swift.store [None req-e99681cd-449d-4d31-acb0-61cad555690e tempest-ServerBootFromVolumeStableRescueTest-1962562994 tempest-ServerBootFromVolumeStableRescueTest-1962562994-project-member] Not writing zero-length chunk. {{(pid=99640) add /opt/stack/data/venv/lib/python3.12/site-packages/glance_store/_drivers/swift/store.py:1028}}
Jun 25 22:13:56.175637 np0000003656 devstack@g-api.service[99640]: DEBUG swiftclient [None req-e99681cd-449d-4d31-acb0-61cad555690e tempest-ServerBootFromVolumeStableRescueTest-1962562994 tempest-ServerBootFromVolumeStableRescueTest-1962562994-project-member] REQ: curl -i https://10.4.3.31:8080/v1/AUTH_4c97373e95544dcc953e4c693a122e78/glance/4cf2d12c-adbf-4925-a7ca-f624acf1fd93 -X PUT -H "X-Object-Manifest: glance/4cf2d12c-adbf-4925-a7ca-f624acf1fd93-" -H "X-Auth-Token: gAAAAABqPagj5H0G..." -H "Content-Length: 0" {{(pid=99640) http_log /opt/stack/data/venv/lib/python3.12/site-packages/swiftclient/client.py:160}}
Jun 25 22:13:56.175785 np0000003656 devstack@g-api.service[99640]: DEBUG swiftclient [None req-e99681cd-449d-4d31-acb0-61cad555690e tempest-ServerBootFromVolumeStableRescueTest-1962562994 tempest-ServerBootFromVolumeStableRescueTest-1962562994-project-member] RESP STATUS: 201 Created {{(pid=99640) http_log /opt/stack/data/venv/lib/python3.12/site-packages/swiftclient/client.py:161}}
Jun 25 22:13:56.175964 np0000003656 devstack@g-api.service[99640]: DEBUG swiftclient [None req-e99681cd-449d-4d31-acb0-61cad555690e tempest-ServerBootFromVolumeStableRescueTest-1962562994 tempest-ServerBootFromVolumeStableRescueTest-1962562994-project-member] RESP HEADERS: {'Date': 'Thu, 25 Jun 2026 22:13:56 GMT', 'Server': 'Apache/2.4.58 (Ubuntu)', 'Content-Type': 'text/html; charset=UTF-8', 'Content-Length': '0', 'Etag': 'd41d8cd98f00b204e9800998ecf8427e', 'Last-Modified': 'Thu, 25 Jun 2026 22:13:57 GMT', 'X-Trans-Id': 'txf4ab46502e2d458a97d0c-006a3da824', 'X-Openstack-Request-Id': 'txf4ab46502e2d458a97d0c-006a3da824', 'Connection': 'close'} {{(pid=99640) http_log /opt/stack/data/venv/lib/python3.12/site-packages/swiftclient/client.py:162}}
Jun 25 22:13:56.176423 np0000003656 devstack@g-api.service[99640]: INFO glance.location [None req-e99681cd-449d-4d31-acb0-61cad555690e tempest-ServerBootFromVolumeStableRescueTest-1962562994 tempest-ServerBootFromVolumeStableRescueTest-1962562994-project-member] Image format matched and virtual size computed: 1073741824
Jun 25 22:13:56.213864 np0000003656 devstack@g-api.service[99640]: DEBUG glance_store.backend [None req-e99681cd-449d-4d31-acb0-61cad555690e tempest-ServerBootFromVolumeStableRescueTest-1962562994 tempest-ServerBootFromVolumeStableRescueTest-1962562994-project-member] Attempting to import store swift {{(pid=99640) _load_store /opt/stack/data/venv/lib/python3.12/site-packages/glance_store/backend.py:215}}
Jun 25 22:13:56.215809 np0000003656 devstack@g-api.service[99640]: DEBUG glance_store.capabilities [None req-e99681cd-449d-4d31-acb0-61cad555690e tempest-ServerBootFromVolumeStableRescueTest-1962562994 tempest-ServerBootFromVolumeStableRescueTest-1962562994-project-member] Store glance_store._drivers.swift.store.SingleTenantStore doesn't support updating dynamic storage capabilities. Please overwrite 'update_capabilities' method of the store to implement updating logics if needed. {{(pid=99640) update_capabilities /opt/stack/data/venv/lib/python3.12/site-packages/glance_store/capabilities.py:91}}
