Jun 25 22:09:42.324753 np0000003656 devstack@g-api.service[99641]: DEBUG glance_store.location [-] Registering scheme filesystem with {'store': , 'location_class': , 'store_entry': 'file'} {{(pid=99641) register_scheme_map /opt/stack/data/venv/lib/python3.12/site-packages/glance_store/location.py:146}}
Jun 25 22:09:42.324826 np0000003656 devstack@g-api.service[99641]: DEBUG glance_store.backend [-] Attempting to import store swift {{(pid=99641) _load_store /opt/stack/data/venv/lib/python3.12/site-packages/glance_store/backend.py:215}}
Jun 25 22:09:42.325128 np0000003656 devstack@g-api.service[99641]: WARNING oslo_config.cfg [-] Deprecated: Option "default_store" from group "glance_store" is deprecated for removal (
Jun 25 22:09:42.325128 np0000003656 devstack@g-api.service[99641]: This option is deprecated against new config option
Jun 25 22:09:42.325128 np0000003656 devstack@g-api.service[99641]: ``default_backend`` which acts similar to ``default_store`` config
Jun 25 22:09:42.325128 np0000003656 devstack@g-api.service[99641]: option.
Jun 25 22:09:42.325128 np0000003656 devstack@g-api.service[99641]: This option is scheduled for removal in the U development
Jun 25 22:09:42.325128 np0000003656 devstack@g-api.service[99641]: cycle.
Jun 25 22:09:42.325128 np0000003656 devstack@g-api.service[99641]: ). Its value may be silently ignored in the future.
Jun 25 22:09:42.327495 np0000003656 devstack@g-api.service[99641]: DEBUG glance_store.capabilities [-] Store glance_store._drivers.swift.store.SingleTenantStore doesn't support updating dynamic storage capabilities. Please overwrite 'update_capabilities' method of the store to implement updating logics if needed. {{(pid=99641) update_capabilities /opt/stack/data/venv/lib/python3.12/site-packages/glance_store/capabilities.py:91}}
Jun 25 22:09:42.327495 np0000003656 devstack@g-api.service[99641]: DEBUG glance_store.backend [-] Registering store swift with schemes ('swift+https', 'swift', 'swift+http', 'swift+config') {{(pid=99641) create_stores /opt/stack/data/venv/lib/python3.12/site-packages/glance_store/backend.py:261}}
Jun 25 22:09:42.327495 np0000003656 devstack@g-api.service[99641]: DEBUG glance_store.driver [-] Late loading location class glance_store._drivers.swift.store.StoreLocation {{(pid=99641) get_store_location_class /opt/stack/data/venv/lib/python3.12/site-packages/glance_store/driver.py:134}}
Jun 25 22:09:42.327495 np0000003656 devstack@g-api.service[99641]: DEBUG glance_store.location [-] Registering scheme swift+https with {'store': , 'location_class': , 'store_entry': 'swift'} {{(pid=99641) register_scheme_map /opt/stack/data/venv/lib/python3.12/site-packages/glance_store/location.py:146}}
Jun 25 22:09:42.327495 np0000003656 devstack@g-api.service[99641]: DEBUG glance_store.location [-] Registering scheme swift with {'store': , 'location_class': , 'store_entry': 'swift'} {{(pid=99641) register_scheme_map /opt/stack/data/venv/lib/python3.12/site-packages/glance_store/location.py:146}}
Jun 25 22:09:42.327715 np0000003656 devstack@g-api.service[99641]: DEBUG glance_store.location [-] Registering scheme swift+http with {'store': , 'location_class': , 'store_entry': 'swift'} {{(pid=99641) register_scheme_map /opt/stack/data/venv/lib/python3.12/site-packages/glance_store/location.py:146}}
Jun 25 22:09:42.327715 np0000003656 devstack@g-api.service[99641]: DEBUG glance_store.location [-] Registering scheme swift+config with {'store': , 'location_class': , 'store_entry': 'swift'} {{(pid=99641) register_scheme_map /opt/stack/data/venv/lib/python3.12/site-packages/glance_store/location.py:146}}
Jun 25 22:09:42.327715 np0000003656 devstack@g-api.service[99641]: DEBUG glance_store.backend [-] Attempting to import store swift {{(pid=99641) _load_store /opt/stack/data/venv/lib/python3.12/site-packages/glance_store/backend.py:215}}
Jun 25 22:09:42.329020 np0000003656 devstack@g-api.service[99641]: DEBUG glance_store.capabilities [-] Store glance_store._drivers.swift.store.SingleTenantStore doesn't support updating dynamic storage capabilities. Please overwrite 'update_capabilities' method of the store to implement updating logics if needed. {{(pid=99641) update_capabilities /opt/stack/data/venv/lib/python3.12/site-packages/glance_store/capabilities.py:91}}
Jun 25 22:09:42.329090 np0000003656 devstack@g-api.service[99641]: DEBUG glance_store.driver [-] Late loading location class glance_store._drivers.swift.store.StoreLocation {{(pid=99641) get_store_location_class /opt/stack/data/venv/lib/python3.12/site-packages/glance_store/driver.py:134}}
Jun 25 22:09:42.329201 np0000003656 devstack@g-api.service[99641]: DEBUG glance_store.location [-] Registering scheme swift+https with {'store': , 'location_class': , 'store_entry': 'swift'} {{(pid=99641) register_scheme_map /opt/stack/data/venv/lib/python3.12/site-packages/glance_store/location.py:146}}
Jun 25 22:09:42.329281 np0000003656 devstack@g-api.service[99641]: DEBUG glance_store.location [-] Registering scheme swift+https with {'store': , 'location_class': , 'store_entry': 'swift'} {{(pid=99641) register_scheme_map /opt/stack/data/venv/lib/python3.12/site-packages/glance_store/location.py:146}}
Jun 25 22:09:42.329348 np0000003656 devstack@g-api.service[99641]: DEBUG glance_store.location [-] Registering scheme swift with {'store': , 'location_class': , 'store_entry': 'swift'} {{(pid=99641) register_scheme_map /opt/stack/data/venv/lib/python3.12/site-packages/glance_store/location.py:146}}
Jun 25 22:09:42.329398 np0000003656 devstack@g-api.service[99641]: DEBUG glance_store.location [-] Registering scheme swift+https with {'store': , 'location_class': , 'store_entry': 'swift'} {{(pid=99641) register_scheme_map /opt/stack/data/venv/lib/python3.12/site-packages/glance_store/location.py:146}}
Jun 25 22:09:42.329475 np0000003656 devstack@g-api.service[99641]: DEBUG glance_store.location [-] Registering scheme swift with {'store': , 'location_class': , 'store_entry': 'swift'} {{(pid=99641) register_scheme_map /opt/stack/data/venv/lib/python3.12/site-packages/glance_store/location.py:146}}
Jun 25 22:09:42.329554 np0000003656 devstack@g-api.service[99641]: DEBUG glance_store.location [-] Registering scheme swift+http with {'store': , 'location_class': , 'store_entry': 'swift'} {{(pid=99641) register_scheme_map /opt/stack/data/venv/lib/python3.12/site-packages/glance_store/location.py:146}}
Jun 25 22:09:42.329632 np0000003656 devstack@g-api.service[99641]: DEBUG glance_store.location [-] Registering scheme swift+https with {'store': , 'location_class': , 'store_entry': 'swift'} {{(pid=99641) register_scheme_map /opt/stack/data/venv/lib/python3.12/site-packages/glance_store/location.py:146}}
Jun 25 22:09:42.329707 np0000003656 devstack@g-api.service[99641]: DEBUG glance_store.location [-] Registering scheme swift with {'store': , 'location_class': , 'store_entry': 'swift'} {{(pid=99641) register_scheme_map /opt/stack/data/venv/lib/python3.12/site-packages/glance_store/location.py:146}}
Jun 25 22:09:42.329794 np0000003656 devstack@g-api.service[99641]: DEBUG glance_store.location [-] Registering scheme swift+http with {'store': , 'location_class': , 'store_entry': 'swift'} {{(pid=99641) register_scheme_map /opt/stack/data/venv/lib/python3.12/site-packages/glance_store/location.py:146}}
Jun 25 22:09:42.329875 np0000003656 devstack@g-api.service[99641]: DEBUG glance_store.location [-] Registering scheme swift+config with {'store': , 'location_class': , 'store_entry': 'swift'} {{(pid=99641) register_scheme_map /opt/stack/data/venv/lib/python3.12/site-packages/glance_store/location.py:146}}
Jun 25 22:09:42.330329 np0000003656 devstack@g-api.service[99641]: DEBUG glance.sqlite_migration [-] SQLite caching database not located, skipping migration {{(pid=99641) get_db_path /opt/stack/glance/glance/sqlite_migration.py:68}}
Jun 25 22:09:42.330587 np0000003656 devstack@g-api.service[99641]: WARNING glance.common.wsgi_app [-] Import methods are enabled but staging directory /tmp/staging/ does not exist; Imports will fail!
Jun 25 22:09:42.461085 np0000003656 devstack@g-api.service[99642]: DEBUG glance.common.config [None req-c3dd947c-9740-49c2-8f6b-dfbe4635f566 None None] Loading glance-api-keystone+cachemanagement from /etc/glance/glance-api-paste.ini {{(pid=99642) load_paste_app /opt/stack/glance/glance/common/config.py:759}}
Jun 25 22:09:42.462144 np0000003656 devstack@g-api.service[99640]: DEBUG glance.common.config [None req-1bd0fac8-06cf-49eb-a730-c15f4bde4c58 None None] Loading glance-api-keystone+cachemanagement from /etc/glance/glance-api-paste.ini {{(pid=99640) load_paste_app /opt/stack/glance/glance/common/config.py:759}}
Jun 25 22:09:42.471549 np0000003656 devstack@g-api.service[99641]: DEBUG glance.common.config [None req-3b52f9dd-ae9f-4b31-9a32-4fcd9c0e38e9 None None] Loading glance-api-keystone+cachemanagement from /etc/glance/glance-api-paste.ini {{(pid=99641) load_paste_app /opt/stack/glance/glance/common/config.py:759}}
Jun 25 22:09:43.077523 np0000003656 devstack@g-api.service[99640]: INFO glance.image_cache [None req-1bd0fac8-06cf-49eb-a730-c15f4bde4c58 None None] Image cache loaded driver 'centralized_db'.
Jun 25 22:09:43.088200 np0000003656 devstack@g-api.service[99641]: INFO glance.image_cache [None req-3b52f9dd-ae9f-4b31-9a32-4fcd9c0e38e9 None None] Image cache loaded driver 'centralized_db'.
Jun 25 22:09:43.099022 np0000003656 devstack@g-api.service[99642]: INFO glance.image_cache [None req-c3dd947c-9740-49c2-8f6b-dfbe4635f566 None None] Image cache loaded driver 'centralized_db'.
Jun 25 22:09:43.121610 np0000003656 devstack@g-api.service[99640]: INFO dbcounter [None req-1bd0fac8-06cf-49eb-a730-c15f4bde4c58 None None] Registered counter for database glance
Jun 25 22:09:43.134135 np0000003656 devstack@g-api.service[99641]: INFO dbcounter [None req-3b52f9dd-ae9f-4b31-9a32-4fcd9c0e38e9 None None] Registered counter for database glance
Jun 25 22:09:43.141148 np0000003656 devstack@g-api.service[99642]: INFO dbcounter [None req-c3dd947c-9740-49c2-8f6b-dfbe4635f566 None None] Registered counter for database glance
Jun 25 22:09:43.157532 np0000003656 devstack@g-api.service[99640]: DEBUG oslo_db.sqlalchemy.engines [None req-1bd0fac8-06cf-49eb-a730-c15f4bde4c58 None None] MySQL server mode set to STRICT_TRANS_TABLES,STRICT_ALL_TABLES,NO_ZERO_IN_DATE,NO_ZERO_DATE,ERROR_FOR_DIVISION_BY_ZERO,TRADITIONAL,NO_ENGINE_SUBSTITUTION {{(pid=99640) _check_effective_sql_mode /opt/stack/data/venv/lib/python3.12/site-packages/oslo_db/sqlalchemy/engines.py:325}}
Jun 25 22:09:43.172959 np0000003656 devstack@g-api.service[99641]: DEBUG oslo_db.sqlalchemy.engines [None req-3b52f9dd-ae9f-4b31-9a32-4fcd9c0e38e9 None None] MySQL server mode set to STRICT_TRANS_TABLES,STRICT_ALL_TABLES,NO_ZERO_IN_DATE,NO_ZERO_DATE,ERROR_FOR_DIVISION_BY_ZERO,TRADITIONAL,NO_ENGINE_SUBSTITUTION {{(pid=99641) _check_effective_sql_mode /opt/stack/data/venv/lib/python3.12/site-packages/oslo_db/sqlalchemy/engines.py:325}}
Jun 25 22:09:43.179811 np0000003656 devstack@g-api.service[99640]: DEBUG dbcounter [-] [99640] Writer thread running {{(pid=99640) stat_writer /opt/stack/data/venv/lib/python3.12/site-packages/dbcounter.py:102}}
Jun 25 22:09:43.182255 np0000003656 devstack@g-api.service[99642]: DEBUG oslo_db.sqlalchemy.engines [None req-c3dd947c-9740-49c2-8f6b-dfbe4635f566 None None] MySQL server mode set to STRICT_TRANS_TABLES,STRICT_ALL_TABLES,NO_ZERO_IN_DATE,NO_ZERO_DATE,ERROR_FOR_DIVISION_BY_ZERO,TRADITIONAL,NO_ENGINE_SUBSTITUTION {{(pid=99642) _check_effective_sql_mode /opt/stack/data/venv/lib/python3.12/site-packages/oslo_db/sqlalchemy/engines.py:325}}
Jun 25 22:09:43.192305 np0000003656 devstack@g-api.service[99640]: INFO glance.image_cache [None req-1bd0fac8-06cf-49eb-a730-c15f4bde4c58 None None] Image cache loaded driver 'centralized_db'.
Jun 25 22:09:43.194569 np0000003656 devstack@g-api.service[99641]: DEBUG dbcounter [-] [99641] Writer thread running {{(pid=99641) stat_writer /opt/stack/data/venv/lib/python3.12/site-packages/dbcounter.py:102}}
Jun 25 22:09:43.198254 np0000003656 devstack@g-api.service[99641]: DEBUG glance.image_cache.drivers.centralized_db [None req-3b52f9dd-ae9f-4b31-9a32-4fcd9c0e38e9 None None] Node reference is already recorded, ignoring it {{(pid=99641) configure /opt/stack/glance/glance/image_cache/drivers/centralized_db.py:71}}
Jun 25 22:09:43.202864 np0000003656 devstack@g-api.service[99642]: DEBUG dbcounter [-] [99642] Writer thread running {{(pid=99642) stat_writer /opt/stack/data/venv/lib/python3.12/site-packages/dbcounter.py:102}}
Jun 25 22:09:43.203929 np0000003656 devstack@g-api.service[99641]: INFO glance.image_cache [None req-3b52f9dd-ae9f-4b31-9a32-4fcd9c0e38e9 None None] Image cache loaded driver 'centralized_db'.
Jun 25 22:09:43.206264 np0000003656 devstack@g-api.service[99642]: DEBUG glance.image_cache.drivers.centralized_db [None req-c3dd947c-9740-49c2-8f6b-dfbe4635f566 None None] Node reference is already recorded, ignoring it {{(pid=99642) configure /opt/stack/glance/glance/image_cache/drivers/centralized_db.py:71}}
Jun 25 22:09:43.213214 np0000003656 devstack@g-api.service[99642]: INFO glance.image_cache [None req-c3dd947c-9740-49c2-8f6b-dfbe4635f566 None None] Image cache loaded driver 'centralized_db'.
Jun 25 22:09:43.213412 np0000003656 devstack@g-api.service[99641]: DEBUG glance.image_cache.drivers.centralized_db [None req-3b52f9dd-ae9f-4b31-9a32-4fcd9c0e38e9 None None] Node reference is already recorded, ignoring it {{(pid=99641) configure /opt/stack/glance/glance/image_cache/drivers/centralized_db.py:71}}
Jun 25 22:09:43.296281 np0000003656 devstack@g-api.service[99640]: DEBUG glance.image_cache.drivers.centralized_db [None req-1bd0fac8-06cf-49eb-a730-c15f4bde4c58 None None] Node reference is already recorded, ignoring it {{(pid=99640) configure /opt/stack/glance/glance/image_cache/drivers/centralized_db.py:71}}
Jun 25 22:09:43.300800 np0000003656 devstack@g-api.service[99640]: DEBUG glance.api.v2.cached_images [None req-1bd0fac8-06cf-49eb-a730-c15f4bde4c58 None None] Started cache worker thread {{(pid=99640) __init__ /opt/stack/glance/glance/api/v2/cached_images.py:69}}
Jun 25 22:09:43.301524 np0000003656 devstack@g-api.service[99640]: INFO glance.image_cache [None req-1bd0fac8-06cf-49eb-a730-c15f4bde4c58 None None] Image cache loaded driver 'centralized_db'.
Jun 25 22:09:43.308569 np0000003656 devstack@g-api.service[99640]: DEBUG glance.image_cache.drivers.centralized_db [None req-1bd0fac8-06cf-49eb-a730-c15f4bde4c58 None None] Node reference is already recorded, ignoring it {{(pid=99640) configure /opt/stack/glance/glance/image_cache/drivers/centralized_db.py:71}}
Jun 25 22:09:43.313231 np0000003656 devstack@g-api.service[99640]: INFO glance.api.middleware.cache_manage [None req-1bd0fac8-06cf-49eb-a730-c15f4bde4c58 None None] Initialized image cache management middleware
Jun 25 22:09:43.313368 np0000003656 devstack@g-api.service[99640]: INFO glance.image_cache [None req-1bd0fac8-06cf-49eb-a730-c15f4bde4c58 None None] Image cache loaded driver 'centralized_db'.
Jun 25 22:09:43.313419 np0000003656 devstack@g-api.service[99641]: DEBUG glance.api.v2.cached_images [None req-3b52f9dd-ae9f-4b31-9a32-4fcd9c0e38e9 None None] Started cache worker thread {{(pid=99641) __init__ /opt/stack/glance/glance/api/v2/cached_images.py:69}}
Jun 25 22:09:43.315000 np0000003656 devstack@g-api.service[99641]: INFO glance.image_cache [None req-3b52f9dd-ae9f-4b31-9a32-4fcd9c0e38e9 None None] Image cache loaded driver 'centralized_db'.
Jun 25 22:09:43.315586 np0000003656 devstack@g-api.service[99642]: DEBUG glance.image_cache.drivers.centralized_db [None req-c3dd947c-9740-49c2-8f6b-dfbe4635f566 None None] Node reference is already recorded, ignoring it {{(pid=99642) configure /opt/stack/glance/glance/image_cache/drivers/centralized_db.py:71}}
Jun 25 22:09:43.320547 np0000003656 devstack@g-api.service[99642]: DEBUG glance.api.v2.cached_images [None req-c3dd947c-9740-49c2-8f6b-dfbe4635f566 None None] Started cache worker thread {{(pid=99642) __init__ /opt/stack/glance/glance/api/v2/cached_images.py:69}}
Jun 25 22:09:43.321154 np0000003656 devstack@g-api.service[99642]: INFO glance.image_cache [None req-c3dd947c-9740-49c2-8f6b-dfbe4635f566 None None] Image cache loaded driver 'centralized_db'.
Jun 25 22:09:43.322599 np0000003656 devstack@g-api.service[99640]: DEBUG glance.image_cache.drivers.centralized_db [None req-1bd0fac8-06cf-49eb-a730-c15f4bde4c58 None None] Node reference is already recorded, ignoring it {{(pid=99640) configure /opt/stack/glance/glance/image_cache/drivers/centralized_db.py:71}}
Jun 25 22:09:43.322656 np0000003656 devstack@g-api.service[99641]: DEBUG glance.image_cache.drivers.centralized_db [None req-3b52f9dd-ae9f-4b31-9a32-4fcd9c0e38e9 None None] Node reference is already recorded, ignoring it {{(pid=99641) configure /opt/stack/glance/glance/image_cache/drivers/centralized_db.py:71}}
Jun 25 22:09:43.326793 np0000003656 devstack@g-api.service[99640]: INFO glance.api.middleware.cache [None req-1bd0fac8-06cf-49eb-a730-c15f4bde4c58 None None] Initialized image cache middleware
Jun 25 22:09:43.327806 np0000003656 devstack@g-api.service[99641]: INFO glance.api.middleware.cache_manage [None req-3b52f9dd-ae9f-4b31-9a32-4fcd9c0e38e9 None None] Initialized image cache management middleware
Jun 25 22:09:43.328020 np0000003656 devstack@g-api.service[99641]: INFO glance.image_cache [None req-3b52f9dd-ae9f-4b31-9a32-4fcd9c0e38e9 None None] Image cache loaded driver 'centralized_db'.
Jun 25 22:09:43.328249 np0000003656 devstack@g-api.service[99642]: DEBUG glance.image_cache.drivers.centralized_db [None req-c3dd947c-9740-49c2-8f6b-dfbe4635f566 None None] Node reference is already recorded, ignoring it {{(pid=99642) configure /opt/stack/glance/glance/image_cache/drivers/centralized_db.py:71}}
Jun 25 22:09:43.332763 np0000003656 devstack@g-api.service[99642]: INFO glance.api.middleware.cache_manage [None req-c3dd947c-9740-49c2-8f6b-dfbe4635f566 None None] Initialized image cache management middleware
Jun 25 22:09:43.332879 np0000003656 devstack@g-api.service[99642]: INFO glance.image_cache [None req-c3dd947c-9740-49c2-8f6b-dfbe4635f566 None None] Image cache loaded driver 'centralized_db'.
Jun 25 22:09:43.335789 np0000003656 devstack@g-api.service[99641]: DEBUG glance.image_cache.drivers.centralized_db [None req-3b52f9dd-ae9f-4b31-9a32-4fcd9c0e38e9 None None] Node reference is already recorded, ignoring it {{(pid=99641) configure /opt/stack/glance/glance/image_cache/drivers/centralized_db.py:71}}
Jun 25 22:09:43.338539 np0000003656 devstack@g-api.service[99640]: DEBUG glance.common.config [None req-1bd0fac8-06cf-49eb-a730-c15f4bde4c58 None None] ******************************************************************************** {{(pid=99640) log_opt_values /opt/stack/data/venv/lib/python3.12/site-packages/oslo_config/cfg.py:3226}}
Jun 25 22:09:43.338539 np0000003656 devstack@g-api.service[99640]: DEBUG glance.common.config [None req-1bd0fac8-06cf-49eb-a730-c15f4bde4c58 None None] Configuration options gathered from: {{(pid=99640) log_opt_values /opt/stack/data/venv/lib/python3.12/site-packages/oslo_config/cfg.py:3227}}
Jun 25 22:09:43.338850 np0000003656 devstack@g-api.service[99640]: DEBUG glance.common.config [None req-1bd0fac8-06cf-49eb-a730-c15f4bde4c58 None None] command line args: [] {{(pid=99640) log_opt_values /opt/stack/data/venv/lib/python3.12/site-packages/oslo_config/cfg.py:3228}}
Jun 25 22:09:43.339122 np0000003656 devstack@g-api.service[99640]: DEBUG glance.common.config [None req-1bd0fac8-06cf-49eb-a730-c15f4bde4c58 None None] config files: ['/etc/glance/glance-image-import.conf', '/etc/glance/glance-api.conf'] {{(pid=99640) log_opt_values /opt/stack/data/venv/lib/python3.12/site-packages/oslo_config/cfg.py:3229}}
Jun 25 22:09:43.339222 np0000003656 devstack@g-api.service[99640]: DEBUG glance.common.config [None req-1bd0fac8-06cf-49eb-a730-c15f4bde4c58 None None] ================================================================================ {{(pid=99640) log_opt_values /opt/stack/data/venv/lib/python3.12/site-packages/oslo_config/cfg.py:3234}}
Jun 25 22:09:43.339256 np0000003656 devstack@g-api.service[99641]: INFO glance.api.middleware.cache [None req-3b52f9dd-ae9f-4b31-9a32-4fcd9c0e38e9 None None] Initialized image cache middleware
Jun 25 22:09:43.339348 np0000003656 devstack@g-api.service[99640]: DEBUG glance.common.config [None req-1bd0fac8-06cf-49eb-a730-c15f4bde4c58 None None] allow_anonymous_access = False {{(pid=99640) log_opt_values /opt/stack/data/venv/lib/python3.12/site-packages/oslo_config/cfg.py:3242}}
Jun 25 22:09:43.339452 np0000003656 devstack@g-api.service[99640]: DEBUG glance.common.config [None req-1bd0fac8-06cf-49eb-a730-c15f4bde4c58 None None] api_limit_max = 1000 {{(pid=99640) log_opt_values /opt/stack/data/venv/lib/python3.12/site-packages/oslo_config/cfg.py:3242}}
Jun 25 22:09:43.339564 np0000003656 devstack@g-api.service[99640]: DEBUG glance.common.config [None req-1bd0fac8-06cf-49eb-a730-c15f4bde4c58 None None] backlog = 4096 {{(pid=99640) log_opt_values /opt/stack/data/venv/lib/python3.12/site-packages/oslo_config/cfg.py:3242}}
Jun 25 22:09:43.339721 np0000003656 devstack@g-api.service[99640]: DEBUG glance.common.config [None req-1bd0fac8-06cf-49eb-a730-c15f4bde4c58 None None] bind_host = 0.0.0.0 {{(pid=99640) log_opt_values /opt/stack/data/venv/lib/python3.12/site-packages/oslo_config/cfg.py:3242}}
Jun 25 22:09:43.339854 np0000003656 devstack@g-api.service[99640]: DEBUG glance.common.config [None req-1bd0fac8-06cf-49eb-a730-c15f4bde4c58 None None] bind_port = 19292 {{(pid=99640) log_opt_values /opt/stack/data/venv/lib/python3.12/site-packages/oslo_config/cfg.py:3242}}
Jun 25 22:09:43.339988 np0000003656 devstack@g-api.service[99640]: DEBUG glance.common.config [None req-1bd0fac8-06cf-49eb-a730-c15f4bde4c58 None None] client_socket_timeout = 900 {{(pid=99640) log_opt_values /opt/stack/data/venv/lib/python3.12/site-packages/oslo_config/cfg.py:3242}}
Jun 25 22:09:43.340085 np0000003656 devstack@g-api.service[99640]: DEBUG glance.common.config [None req-1bd0fac8-06cf-49eb-a730-c15f4bde4c58 None None] config_dir = [] {{(pid=99640) log_opt_values /opt/stack/data/venv/lib/python3.12/site-packages/oslo_config/cfg.py:3242}}
Jun 25 22:09:43.340158 np0000003656 devstack@g-api.service[99640]: DEBUG glance.common.config [None req-1bd0fac8-06cf-49eb-a730-c15f4bde4c58 None None] config_file = ['/etc/glance/glance-image-import.conf', '/etc/glance/glance-api.conf'] {{(pid=99640) log_opt_values /opt/stack/data/venv/lib/python3.12/site-packages/oslo_config/cfg.py:3242}}
Jun 25 22:09:43.340260 np0000003656 devstack@g-api.service[99640]: DEBUG glance.common.config [None req-1bd0fac8-06cf-49eb-a730-c15f4bde4c58 None None] config_source = [] {{(pid=99640) log_opt_values /opt/stack/data/venv/lib/python3.12/site-packages/oslo_config/cfg.py:3242}}
Jun 25 22:09:43.340358 np0000003656 devstack@g-api.service[99640]: DEBUG glance.common.config [None req-1bd0fac8-06cf-49eb-a730-c15f4bde4c58 None None] control_exchange = glance {{(pid=99640) log_opt_values /opt/stack/data/venv/lib/python3.12/site-packages/oslo_config/cfg.py:3242}}
Jun 25 22:09:43.340403 np0000003656 devstack@g-api.service[99642]: DEBUG glance.image_cache.drivers.centralized_db [None req-c3dd947c-9740-49c2-8f6b-dfbe4635f566 None None] Node reference is already recorded, ignoring it {{(pid=99642) configure /opt/stack/glance/glance/image_cache/drivers/centralized_db.py:71}}
Jun 25 22:09:43.340435 np0000003656 devstack@g-api.service[99640]: DEBUG glance.common.config [None req-1bd0fac8-06cf-49eb-a730-c15f4bde4c58 None None] debug = True {{(pid=99640) log_opt_values /opt/stack/data/venv/lib/python3.12/site-packages/oslo_config/cfg.py:3242}}
Jun 25 22:09:43.340564 np0000003656 devstack@g-api.service[99640]: DEBUG glance.common.config [None req-1bd0fac8-06cf-49eb-a730-c15f4bde4c58 None None] default_log_levels = ['amqp=WARN', 'boto=WARN', 'sqlalchemy=WARN', 'suds=INFO', 'oslo.messaging=INFO', 'oslo_messaging=INFO', 'iso8601=WARN', 'requests.packages.urllib3.connectionpool=WARN', 'urllib3.connectionpool=WARN', 'websocket=WARN', 'requests.packages.urllib3.util.retry=WARN', 'urllib3.util.retry=WARN', 'keystonemiddleware=WARN', 'routes.middleware=WARN', 'stevedore=WARN', 'taskflow=WARN', 'keystoneauth=WARN', 'oslo.cache=INFO', 'oslo_policy=INFO', 'dogpile.core.dogpile=INFO'] {{(pid=99640) log_opt_values /opt/stack/data/venv/lib/python3.12/site-packages/oslo_config/cfg.py:3242}}
Jun 25 22:09:43.340665 np0000003656 devstack@g-api.service[99640]: DEBUG glance.common.config [None req-1bd0fac8-06cf-49eb-a730-c15f4bde4c58 None None] default_publisher_id = image.localhost {{(pid=99640) log_opt_values /opt/stack/data/venv/lib/python3.12/site-packages/oslo_config/cfg.py:3242}}
Jun 25 22:09:43.340758 np0000003656 devstack@g-api.service[99640]: DEBUG glance.common.config [None req-1bd0fac8-06cf-49eb-a730-c15f4bde4c58 None None] delayed_delete = False {{(pid=99640) log_opt_values /opt/stack/data/venv/lib/python3.12/site-packages/oslo_config/cfg.py:3242}}
Jun 25 22:09:43.340850 np0000003656 devstack@g-api.service[99640]: DEBUG glance.common.config [None req-1bd0fac8-06cf-49eb-a730-c15f4bde4c58 None None] digest_algorithm = sha256 {{(pid=99640) log_opt_values /opt/stack/data/venv/lib/python3.12/site-packages/oslo_config/cfg.py:3242}}
Jun 25 22:09:43.340943 np0000003656 devstack@g-api.service[99640]: DEBUG glance.common.config [None req-1bd0fac8-06cf-49eb-a730-c15f4bde4c58 None None] disabled_notifications = [] {{(pid=99640) log_opt_values /opt/stack/data/venv/lib/python3.12/site-packages/oslo_config/cfg.py:3242}}
Jun 25 22:09:43.341070 np0000003656 devstack@g-api.service[99640]: DEBUG glance.common.config [None req-1bd0fac8-06cf-49eb-a730-c15f4bde4c58 None None] do_secure_hash = True {{(pid=99640) log_opt_values /opt/stack/data/venv/lib/python3.12/site-packages/oslo_config/cfg.py:3242}}
Jun 25 22:09:43.341159 np0000003656 devstack@g-api.service[99640]: DEBUG glance.common.config [None req-1bd0fac8-06cf-49eb-a730-c15f4bde4c58 None None] enabled_backends = None {{(pid=99640) log_opt_values /opt/stack/data/venv/lib/python3.12/site-packages/oslo_config/cfg.py:3242}}
Jun 25 22:09:43.341272 np0000003656 devstack@g-api.service[99640]: DEBUG glance.common.config [None req-1bd0fac8-06cf-49eb-a730-c15f4bde4c58 None None] enabled_import_methods = ['glance-direct', 'web-download', 'copy-image'] {{(pid=99640) log_opt_values /opt/stack/data/venv/lib/python3.12/site-packages/oslo_config/cfg.py:3242}}
Jun 25 22:09:43.341361 np0000003656 devstack@g-api.service[99640]: DEBUG glance.common.config [None req-1bd0fac8-06cf-49eb-a730-c15f4bde4c58 None None] fatal_deprecations = False {{(pid=99640) log_opt_values /opt/stack/data/venv/lib/python3.12/site-packages/oslo_config/cfg.py:3242}}
Jun 25 22:09:43.341450 np0000003656 devstack@g-api.service[99640]: DEBUG glance.common.config [None req-1bd0fac8-06cf-49eb-a730-c15f4bde4c58 None None] hashing_algorithm = sha512 {{(pid=99640) log_opt_values /opt/stack/data/venv/lib/python3.12/site-packages/oslo_config/cfg.py:3242}}
Jun 25 22:09:43.341531 np0000003656 devstack@g-api.service[99640]: DEBUG glance.common.config [None req-1bd0fac8-06cf-49eb-a730-c15f4bde4c58 None None] http_keepalive = True {{(pid=99640) log_opt_values /opt/stack/data/venv/lib/python3.12/site-packages/oslo_config/cfg.py:3242}}
Jun 25 22:09:43.341640 np0000003656 devstack@g-api.service[99640]: DEBUG glance.common.config [None req-1bd0fac8-06cf-49eb-a730-c15f4bde4c58 None None] http_retries = 3 {{(pid=99640) log_opt_values /opt/stack/data/venv/lib/python3.12/site-packages/oslo_config/cfg.py:3242}}
Jun 25 22:09:43.341741 np0000003656 devstack@g-api.service[99640]: DEBUG glance.common.config [None req-1bd0fac8-06cf-49eb-a730-c15f4bde4c58 None None] image_cache_dir = /opt/stack/data/glance/cache/ {{(pid=99640) log_opt_values /opt/stack/data/venv/lib/python3.12/site-packages/oslo_config/cfg.py:3242}}
Jun 25 22:09:43.341833 np0000003656 devstack@g-api.service[99640]: DEBUG glance.common.config [None req-1bd0fac8-06cf-49eb-a730-c15f4bde4c58 None None] image_cache_driver = centralized_db {{(pid=99640) log_opt_values /opt/stack/data/venv/lib/python3.12/site-packages/oslo_config/cfg.py:3242}}
Jun 25 22:09:43.341922 np0000003656 devstack@g-api.service[99640]: DEBUG glance.common.config [None req-1bd0fac8-06cf-49eb-a730-c15f4bde4c58 None None] image_cache_max_size = 10737418240 {{(pid=99640) log_opt_values /opt/stack/data/venv/lib/python3.12/site-packages/oslo_config/cfg.py:3242}}
Jun 25 22:09:43.342038 np0000003656 devstack@g-api.service[99640]: DEBUG glance.common.config [None req-1bd0fac8-06cf-49eb-a730-c15f4bde4c58 None None] image_cache_sqlite_db = cache.db {{(pid=99640) log_opt_values /opt/stack/data/venv/lib/python3.12/site-packages/oslo_config/cfg.py:3242}}
Jun 25 22:09:43.342124 np0000003656 devstack@g-api.service[99640]: DEBUG glance.common.config [None req-1bd0fac8-06cf-49eb-a730-c15f4bde4c58 None None] image_cache_stall_time = 86400 {{(pid=99640) log_opt_values /opt/stack/data/venv/lib/python3.12/site-packages/oslo_config/cfg.py:3242}}
Jun 25 22:09:43.342219 np0000003656 devstack@g-api.service[99640]: DEBUG glance.common.config [None req-1bd0fac8-06cf-49eb-a730-c15f4bde4c58 None None] image_location_quota = 10 {{(pid=99640) log_opt_values /opt/stack/data/venv/lib/python3.12/site-packages/oslo_config/cfg.py:3242}}
Jun 25 22:09:43.342311 np0000003656 devstack@g-api.service[99640]: DEBUG glance.common.config [None req-1bd0fac8-06cf-49eb-a730-c15f4bde4c58 None None] image_member_quota = 128 {{(pid=99640) log_opt_values /opt/stack/data/venv/lib/python3.12/site-packages/oslo_config/cfg.py:3242}}
Jun 25 22:09:43.342395 np0000003656 devstack@g-api.service[99640]: DEBUG glance.common.config [None req-1bd0fac8-06cf-49eb-a730-c15f4bde4c58 None None] image_property_quota = 128 {{(pid=99640) log_opt_values /opt/stack/data/venv/lib/python3.12/site-packages/oslo_config/cfg.py:3242}}
Jun 25 22:09:43.342479 np0000003656 devstack@g-api.service[99640]: DEBUG glance.common.config [None req-1bd0fac8-06cf-49eb-a730-c15f4bde4c58 None None] image_size_cap = 1099511627776 {{(pid=99640) log_opt_values /opt/stack/data/venv/lib/python3.12/site-packages/oslo_config/cfg.py:3242}}
Jun 25 22:09:43.342562 np0000003656 devstack@g-api.service[99640]: DEBUG glance.common.config [None req-1bd0fac8-06cf-49eb-a730-c15f4bde4c58 None None] image_tag_quota = 128 {{(pid=99640) log_opt_values /opt/stack/data/venv/lib/python3.12/site-packages/oslo_config/cfg.py:3242}}
Jun 25 22:09:43.342653 np0000003656 devstack@g-api.service[99640]: DEBUG glance.common.config [None req-1bd0fac8-06cf-49eb-a730-c15f4bde4c58 None None] instance_format = [instance: %(uuid)s] {{(pid=99640) log_opt_values /opt/stack/data/venv/lib/python3.12/site-packages/oslo_config/cfg.py:3242}}
Jun 25 22:09:43.342749 np0000003656 devstack@g-api.service[99640]: DEBUG glance.common.config [None req-1bd0fac8-06cf-49eb-a730-c15f4bde4c58 None None] instance_uuid_format = [instance: %(uuid)s] {{(pid=99640) log_opt_values /opt/stack/data/venv/lib/python3.12/site-packages/oslo_config/cfg.py:3242}}
Jun 25 22:09:43.342812 np0000003656 devstack@g-api.service[99640]: DEBUG glance.common.config [None req-1bd0fac8-06cf-49eb-a730-c15f4bde4c58 None None] limit_param_default = 25 {{(pid=99640) log_opt_values /opt/stack/data/venv/lib/python3.12/site-packages/oslo_config/cfg.py:3242}}
Jun 25 22:09:43.342914 np0000003656 devstack@g-api.service[99640]: DEBUG glance.common.config [None req-1bd0fac8-06cf-49eb-a730-c15f4bde4c58 None None] log_color = False {{(pid=99640) log_opt_values /opt/stack/data/venv/lib/python3.12/site-packages/oslo_config/cfg.py:3242}}
Jun 25 22:09:43.343044 np0000003656 devstack@g-api.service[99640]: DEBUG glance.common.config [None req-1bd0fac8-06cf-49eb-a730-c15f4bde4c58 None None] log_config_append = None {{(pid=99640) log_opt_values /opt/stack/data/venv/lib/python3.12/site-packages/oslo_config/cfg.py:3242}}
Jun 25 22:09:43.343142 np0000003656 devstack@g-api.service[99640]: DEBUG glance.common.config [None req-1bd0fac8-06cf-49eb-a730-c15f4bde4c58 None None] log_date_format = %Y-%m-%d %H:%M:%S {{(pid=99640) log_opt_values /opt/stack/data/venv/lib/python3.12/site-packages/oslo_config/cfg.py:3242}}
Jun 25 22:09:43.343245 np0000003656 devstack@g-api.service[99640]: DEBUG glance.common.config [None req-1bd0fac8-06cf-49eb-a730-c15f4bde4c58 None None] log_dir = None {{(pid=99640) log_opt_values /opt/stack/data/venv/lib/python3.12/site-packages/oslo_config/cfg.py:3242}}
Jun 25 22:09:43.343335 np0000003656 devstack@g-api.service[99640]: DEBUG glance.common.config [None req-1bd0fac8-06cf-49eb-a730-c15f4bde4c58 None None] log_file = None {{(pid=99640) log_opt_values /opt/stack/data/venv/lib/python3.12/site-packages/oslo_config/cfg.py:3242}}
Jun 25 22:09:43.343416 np0000003656 devstack@g-api.service[99640]: DEBUG glance.common.config [None req-1bd0fac8-06cf-49eb-a730-c15f4bde4c58 None None] log_rotate_interval = 1 {{(pid=99640) log_opt_values /opt/stack/data/venv/lib/python3.12/site-packages/oslo_config/cfg.py:3242}}
Jun 25 22:09:43.343507 np0000003656 devstack@g-api.service[99640]: DEBUG glance.common.config [None req-1bd0fac8-06cf-49eb-a730-c15f4bde4c58 None None] log_rotate_interval_type = days {{(pid=99640) log_opt_values /opt/stack/data/venv/lib/python3.12/site-packages/oslo_config/cfg.py:3242}}
Jun 25 22:09:43.343609 np0000003656 devstack@g-api.service[99640]: DEBUG glance.common.config [None req-1bd0fac8-06cf-49eb-a730-c15f4bde4c58 None None] log_rotation_type = none {{(pid=99640) log_opt_values /opt/stack/data/venv/lib/python3.12/site-packages/oslo_config/cfg.py:3242}}
Jun 25 22:09:43.343696 np0000003656 devstack@g-api.service[99640]: DEBUG glance.common.config [None req-1bd0fac8-06cf-49eb-a730-c15f4bde4c58 None None] logging_context_format_string = %(color)s%(levelname)s %(name)s [%(global_request_id)s %(request_id)s %(project_name)s %(user_name)s%(color)s] %(instance)s%(color)s%(message)s {{(pid=99640) log_opt_values /opt/stack/data/venv/lib/python3.12/site-packages/oslo_config/cfg.py:3242}}
Jun 25 22:09:43.343764 np0000003656 devstack@g-api.service[99640]: DEBUG glance.common.config [None req-1bd0fac8-06cf-49eb-a730-c15f4bde4c58 None None] logging_debug_format_suffix = {{(pid=%(process)d) %(funcName)s %(pathname)s:%(lineno)d}} {{(pid=99640) log_opt_values /opt/stack/data/venv/lib/python3.12/site-packages/oslo_config/cfg.py:3242}}
Jun 25 22:09:43.343859 np0000003656 devstack@g-api.service[99640]: DEBUG glance.common.config [None req-1bd0fac8-06cf-49eb-a730-c15f4bde4c58 None None] logging_default_format_string = %(color)s%(levelname)s %(name)s [-%(color)s] %(instance)s%(color)s%(message)s {{(pid=99640) log_opt_values /opt/stack/data/venv/lib/python3.12/site-packages/oslo_config/cfg.py:3242}}
Jun 25 22:09:43.343974 np0000003656 devstack@g-api.service[99640]: DEBUG glance.common.config [None req-1bd0fac8-06cf-49eb-a730-c15f4bde4c58 None None] logging_exception_prefix = ERROR %(name)s %(instance)s {{(pid=99640) log_opt_values /opt/stack/data/venv/lib/python3.12/site-packages/oslo_config/cfg.py:3242}}
Jun 25 22:09:43.344036 np0000003656 devstack@g-api.service[99640]: DEBUG glance.common.config [None req-1bd0fac8-06cf-49eb-a730-c15f4bde4c58 None None] logging_user_identity_format = %(user)s %(project)s %(domain)s %(system_scope)s %(user_domain)s %(project_domain)s {{(pid=99640) log_opt_values /opt/stack/data/venv/lib/python3.12/site-packages/oslo_config/cfg.py:3242}}
Jun 25 22:09:43.344126 np0000003656 devstack@g-api.service[99640]: DEBUG glance.common.config [None req-1bd0fac8-06cf-49eb-a730-c15f4bde4c58 None None] max_header_line = 16384 {{(pid=99640) log_opt_values /opt/stack/data/venv/lib/python3.12/site-packages/oslo_config/cfg.py:3242}}
Jun 25 22:09:43.344224 np0000003656 devstack@g-api.service[99640]: DEBUG glance.common.config [None req-1bd0fac8-06cf-49eb-a730-c15f4bde4c58 None None] max_logfile_count = 30 {{(pid=99640) log_opt_values /opt/stack/data/venv/lib/python3.12/site-packages/oslo_config/cfg.py:3242}}
Jun 25 22:09:43.344310 np0000003656 devstack@g-api.service[99640]: DEBUG glance.common.config [None req-1bd0fac8-06cf-49eb-a730-c15f4bde4c58 None None] max_logfile_size_mb = 200 {{(pid=99640) log_opt_values /opt/stack/data/venv/lib/python3.12/site-packages/oslo_config/cfg.py:3242}}
Jun 25 22:09:43.344396 np0000003656 devstack@g-api.service[99640]: DEBUG glance.common.config [None req-1bd0fac8-06cf-49eb-a730-c15f4bde4c58 None None] max_request_id_length = 64 {{(pid=99640) log_opt_values /opt/stack/data/venv/lib/python3.12/site-packages/oslo_config/cfg.py:3242}}
Jun 25 22:09:43.344481 np0000003656 devstack@g-api.service[99640]: DEBUG glance.common.config [None req-1bd0fac8-06cf-49eb-a730-c15f4bde4c58 None None] metadata_encryption_key = **** {{(pid=99640) log_opt_values /opt/stack/data/venv/lib/python3.12/site-packages/oslo_config/cfg.py:3242}}
Jun 25 22:09:43.344574 np0000003656 devstack@g-api.service[99640]: DEBUG glance.common.config [None req-1bd0fac8-06cf-49eb-a730-c15f4bde4c58 None None] node_staging_uri = file:///tmp/staging/ {{(pid=99640) log_opt_values /opt/stack/data/venv/lib/python3.12/site-packages/oslo_config/cfg.py:3242}}
Jun 25 22:09:43.344673 np0000003656 devstack@g-api.service[99640]: DEBUG glance.common.config [None req-1bd0fac8-06cf-49eb-a730-c15f4bde4c58 None None] property_protection_file = None {{(pid=99640) log_opt_values /opt/stack/data/venv/lib/python3.12/site-packages/oslo_config/cfg.py:3242}}
Jun 25 22:09:43.344816 np0000003656 devstack@g-api.service[99640]: DEBUG glance.common.config [None req-1bd0fac8-06cf-49eb-a730-c15f4bde4c58 None None] property_protection_rule_format = roles {{(pid=99640) log_opt_values /opt/stack/data/venv/lib/python3.12/site-packages/oslo_config/cfg.py:3242}}
Jun 25 22:09:43.344925 np0000003656 devstack@g-api.service[99640]: DEBUG glance.common.config [None req-1bd0fac8-06cf-49eb-a730-c15f4bde4c58 None None] public_endpoint = https://10.4.3.31/image {{(pid=99640) log_opt_values /opt/stack/data/venv/lib/python3.12/site-packages/oslo_config/cfg.py:3242}}
Jun 25 22:09:43.345063 np0000003656 devstack@g-api.service[99640]: DEBUG glance.common.config [None req-1bd0fac8-06cf-49eb-a730-c15f4bde4c58 None None] publish_errors = False {{(pid=99640) log_opt_values /opt/stack/data/venv/lib/python3.12/site-packages/oslo_config/cfg.py:3242}}
Jun 25 22:09:43.345156 np0000003656 devstack@g-api.service[99640]: DEBUG glance.common.config [None req-1bd0fac8-06cf-49eb-a730-c15f4bde4c58 None None] pydev_worker_debug_host = None {{(pid=99640) log_opt_values /opt/stack/data/venv/lib/python3.12/site-packages/oslo_config/cfg.py:3242}}
Jun 25 22:09:43.345261 np0000003656 devstack@g-api.service[99640]: DEBUG glance.common.config [None req-1bd0fac8-06cf-49eb-a730-c15f4bde4c58 None None] pydev_worker_debug_port = 5678 {{(pid=99640) log_opt_values /opt/stack/data/venv/lib/python3.12/site-packages/oslo_config/cfg.py:3242}}
Jun 25 22:09:43.345349 np0000003656 devstack@g-api.service[99640]: DEBUG glance.common.config [None req-1bd0fac8-06cf-49eb-a730-c15f4bde4c58 None None] rate_limit_burst = 0 {{(pid=99640) log_opt_values /opt/stack/data/venv/lib/python3.12/site-packages/oslo_config/cfg.py:3242}}
Jun 25 22:09:43.345442 np0000003656 devstack@g-api.service[99640]: DEBUG glance.common.config [None req-1bd0fac8-06cf-49eb-a730-c15f4bde4c58 None None] rate_limit_except_level = CRITICAL {{(pid=99640) log_opt_values /opt/stack/data/venv/lib/python3.12/site-packages/oslo_config/cfg.py:3242}}
Jun 25 22:09:43.345517 np0000003656 devstack@g-api.service[99642]: INFO glance.api.middleware.cache [None req-c3dd947c-9740-49c2-8f6b-dfbe4635f566 None None] Initialized image cache middleware
Jun 25 22:09:43.345563 np0000003656 devstack@g-api.service[99640]: DEBUG glance.common.config [None req-1bd0fac8-06cf-49eb-a730-c15f4bde4c58 None None] rate_limit_interval = 0 {{(pid=99640) log_opt_values /opt/stack/data/venv/lib/python3.12/site-packages/oslo_config/cfg.py:3242}}
Jun 25 22:09:43.345608 np0000003656 devstack@g-api.service[99640]: DEBUG glance.common.config [None req-1bd0fac8-06cf-49eb-a730-c15f4bde4c58 None None] scrub_pool_size = 1 {{(pid=99640) log_opt_values /opt/stack/data/venv/lib/python3.12/site-packages/oslo_config/cfg.py:3242}}
Jun 25 22:09:43.345720 np0000003656 devstack@g-api.service[99640]: DEBUG glance.common.config [None req-1bd0fac8-06cf-49eb-a730-c15f4bde4c58 None None] scrub_time = 0 {{(pid=99640) log_opt_values /opt/stack/data/venv/lib/python3.12/site-packages/oslo_config/cfg.py:3242}}
Jun 25 22:09:43.345807 np0000003656 devstack@g-api.service[99640]: DEBUG glance.common.config [None req-1bd0fac8-06cf-49eb-a730-c15f4bde4c58 None None] shell_completion = None {{(pid=99640) log_opt_values /opt/stack/data/venv/lib/python3.12/site-packages/oslo_config/cfg.py:3242}}
Jun 25 22:09:43.345890 np0000003656 devstack@g-api.service[99640]: DEBUG glance.common.config [None req-1bd0fac8-06cf-49eb-a730-c15f4bde4c58 None None] show_image_direct_url = False {{(pid=99640) log_opt_values /opt/stack/data/venv/lib/python3.12/site-packages/oslo_config/cfg.py:3242}}
Jun 25 22:09:43.346108 np0000003656 devstack@g-api.service[99640]: WARNING oslo_config.cfg [None req-1bd0fac8-06cf-49eb-a730-c15f4bde4c58 None None] Deprecated: Option "show_multiple_locations" from group "DEFAULT" is deprecated for removal (Use of this option, deprecated since Newton, is a security risk and will be removed once we figure out a way to satisfy those use cases that currently require it. An earlier announcement that the same functionality can be achieved with greater granularity by using policies is incorrect. You cannot work around this option via policy configuration at the present time, though that is the direction we believe the fix will take. Please keep an eye on the Glance release notes to stay up to date on progress in addressing this issue.). Its value may be silently ignored in the future.
Jun 25 22:09:43.346214 np0000003656 devstack@g-api.service[99640]: DEBUG glance.common.config [None req-1bd0fac8-06cf-49eb-a730-c15f4bde4c58 None None] show_multiple_locations = False {{(pid=99640) log_opt_values /opt/stack/data/venv/lib/python3.12/site-packages/oslo_config/cfg.py:3242}}
Jun 25 22:09:43.346330 np0000003656 devstack@g-api.service[99640]: DEBUG glance.common.config [None req-1bd0fac8-06cf-49eb-a730-c15f4bde4c58 None None] syslog_log_facility = LOG_USER {{(pid=99640) log_opt_values /opt/stack/data/venv/lib/python3.12/site-packages/oslo_config/cfg.py:3242}}
Jun 25 22:09:43.346415 np0000003656 devstack@g-api.service[99640]: DEBUG glance.common.config [None req-1bd0fac8-06cf-49eb-a730-c15f4bde4c58 None None] tcp_keepidle = 600 {{(pid=99640) log_opt_values /opt/stack/data/venv/lib/python3.12/site-packages/oslo_config/cfg.py:3242}}
Jun 25 22:09:43.346502 np0000003656 devstack@g-api.service[99640]: DEBUG glance.common.config [None req-1bd0fac8-06cf-49eb-a730-c15f4bde4c58 None None] transport_url = **** {{(pid=99640) log_opt_values /opt/stack/data/venv/lib/python3.12/site-packages/oslo_config/cfg.py:3242}}
Jun 25 22:09:43.346591 np0000003656 devstack@g-api.service[99640]: DEBUG glance.common.config [None req-1bd0fac8-06cf-49eb-a730-c15f4bde4c58 None None] use_journal = False {{(pid=99640) log_opt_values /opt/stack/data/venv/lib/python3.12/site-packages/oslo_config/cfg.py:3242}}
Jun 25 22:09:43.346671 np0000003656 devstack@g-api.service[99640]: DEBUG glance.common.config [None req-1bd0fac8-06cf-49eb-a730-c15f4bde4c58 None None] use_json = False {{(pid=99640) log_opt_values /opt/stack/data/venv/lib/python3.12/site-packages/oslo_config/cfg.py:3242}}
Jun 25 22:09:43.346761 np0000003656 devstack@g-api.service[99640]: DEBUG glance.common.config [None req-1bd0fac8-06cf-49eb-a730-c15f4bde4c58 None None] use_keystone_limits = True {{(pid=99640) log_opt_values /opt/stack/data/venv/lib/python3.12/site-packages/oslo_config/cfg.py:3242}}
Jun 25 22:09:43.346838 np0000003656 devstack@g-api.service[99640]: DEBUG glance.common.config [None req-1bd0fac8-06cf-49eb-a730-c15f4bde4c58 None None] use_stderr = False {{(pid=99640) log_opt_values /opt/stack/data/venv/lib/python3.12/site-packages/oslo_config/cfg.py:3242}}
Jun 25 22:09:43.346923 np0000003656 devstack@g-api.service[99640]: DEBUG glance.common.config [None req-1bd0fac8-06cf-49eb-a730-c15f4bde4c58 None None] use_syslog = False {{(pid=99640) log_opt_values /opt/stack/data/venv/lib/python3.12/site-packages/oslo_config/cfg.py:3242}}
Jun 25 22:09:43.347064 np0000003656 devstack@g-api.service[99640]: DEBUG glance.common.config [None req-1bd0fac8-06cf-49eb-a730-c15f4bde4c58 None None] user_storage_quota = 0 {{(pid=99640) log_opt_values /opt/stack/data/venv/lib/python3.12/site-packages/oslo_config/cfg.py:3242}}
Jun 25 22:09:43.347153 np0000003656 devstack@g-api.service[99640]: DEBUG glance.common.config [None req-1bd0fac8-06cf-49eb-a730-c15f4bde4c58 None None] worker_self_reference_url = http://127.0.0.1:60999 {{(pid=99640) log_opt_values /opt/stack/data/venv/lib/python3.12/site-packages/oslo_config/cfg.py:3242}}
Jun 25 22:09:43.347249 np0000003656 devstack@g-api.service[99640]: DEBUG glance.common.config [None req-1bd0fac8-06cf-49eb-a730-c15f4bde4c58 None None] workers = None {{(pid=99640) log_opt_values /opt/stack/data/venv/lib/python3.12/site-packages/oslo_config/cfg.py:3242}}
Jun 25 22:09:43.347354 np0000003656 devstack@g-api.service[99640]: DEBUG glance.common.config [None req-1bd0fac8-06cf-49eb-a730-c15f4bde4c58 None None] oslo_concurrency.disable_process_locking = False {{(pid=99640) log_opt_values /opt/stack/data/venv/lib/python3.12/site-packages/oslo_config/cfg.py:3253}}
Jun 25 22:09:43.347452 np0000003656 devstack@g-api.service[99640]: DEBUG glance.common.config [None req-1bd0fac8-06cf-49eb-a730-c15f4bde4c58 None None] oslo_concurrency.lock_path = /opt/stack/data/glance/locks {{(pid=99640) log_opt_values /opt/stack/data/venv/lib/python3.12/site-packages/oslo_config/cfg.py:3253}}
Jun 25 22:09:43.347545 np0000003656 devstack@g-api.service[99640]: DEBUG glance.common.config [None req-1bd0fac8-06cf-49eb-a730-c15f4bde4c58 None None] oslo_middleware.enable_proxy_headers_parsing = False {{(pid=99640) log_opt_values /opt/stack/data/venv/lib/python3.12/site-packages/oslo_config/cfg.py:3253}}
Jun 25 22:09:43.347666 np0000003656 devstack@g-api.service[99640]: DEBUG glance.common.config [None req-1bd0fac8-06cf-49eb-a730-c15f4bde4c58 None None] oslo_middleware.http_basic_auth_user_file = /etc/htpasswd {{(pid=99640) log_opt_values /opt/stack/data/venv/lib/python3.12/site-packages/oslo_config/cfg.py:3253}}
Jun 25 22:09:43.347785 np0000003656 devstack@g-api.service[99640]: DEBUG glance.common.config [None req-1bd0fac8-06cf-49eb-a730-c15f4bde4c58 None None] paste_deploy.config_file = None {{(pid=99640) log_opt_values /opt/stack/data/venv/lib/python3.12/site-packages/oslo_config/cfg.py:3253}}
Jun 25 22:09:43.347895 np0000003656 devstack@g-api.service[99640]: DEBUG glance.common.config [None req-1bd0fac8-06cf-49eb-a730-c15f4bde4c58 None None] paste_deploy.flavor = keystone+cachemanagement {{(pid=99640) log_opt_values /opt/stack/data/venv/lib/python3.12/site-packages/oslo_config/cfg.py:3253}}
Jun 25 22:09:43.348044 np0000003656 devstack@g-api.service[99640]: DEBUG glance.common.config [None req-1bd0fac8-06cf-49eb-a730-c15f4bde4c58 None None] image_format.container_formats = ['ami', 'ari', 'aki', 'bare', 'ovf', 'ova', 'docker', 'compressed'] {{(pid=99640) log_opt_values /opt/stack/data/venv/lib/python3.12/site-packages/oslo_config/cfg.py:3253}}
Jun 25 22:09:43.348166 np0000003656 devstack@g-api.service[99640]: DEBUG glance.common.config [None req-1bd0fac8-06cf-49eb-a730-c15f4bde4c58 None None] image_format.disk_formats = ['ami', 'ari', 'aki', 'vhd', 'vhdx', 'vmdk', 'raw', 'qcow2', 'vdi', 'iso', 'ploop'] {{(pid=99640) log_opt_values /opt/stack/data/venv/lib/python3.12/site-packages/oslo_config/cfg.py:3253}}
Jun 25 22:09:43.348273 np0000003656 devstack@g-api.service[99640]: DEBUG glance.common.config [None req-1bd0fac8-06cf-49eb-a730-c15f4bde4c58 None None] image_format.gpt_safety_checks_nonfatal = [] {{(pid=99640) log_opt_values /opt/stack/data/venv/lib/python3.12/site-packages/oslo_config/cfg.py:3253}}
Jun 25 22:09:43.348368 np0000003656 devstack@g-api.service[99640]: DEBUG glance.common.config [None req-1bd0fac8-06cf-49eb-a730-c15f4bde4c58 None None] image_format.require_image_format_match = True {{(pid=99640) log_opt_values /opt/stack/data/venv/lib/python3.12/site-packages/oslo_config/cfg.py:3253}}
Jun 25 22:09:43.348458 np0000003656 devstack@g-api.service[99640]: DEBUG glance.common.config [None req-1bd0fac8-06cf-49eb-a730-c15f4bde4c58 None None] image_format.vmdk_allowed_types = ['streamOptimized', 'monolithicSparse'] {{(pid=99640) log_opt_values /opt/stack/data/venv/lib/python3.12/site-packages/oslo_config/cfg.py:3253}}
Jun 25 22:09:43.348553 np0000003656 devstack@g-api.service[99640]: DEBUG glance.common.config [None req-1bd0fac8-06cf-49eb-a730-c15f4bde4c58 None None] task.task_executor = taskflow {{(pid=99640) log_opt_values /opt/stack/data/venv/lib/python3.12/site-packages/oslo_config/cfg.py:3253}}
Jun 25 22:09:43.348641 np0000003656 devstack@g-api.service[99640]: DEBUG glance.common.config [None req-1bd0fac8-06cf-49eb-a730-c15f4bde4c58 None None] task.task_time_to_live = 48 {{(pid=99640) log_opt_values /opt/stack/data/venv/lib/python3.12/site-packages/oslo_config/cfg.py:3253}}
Jun 25 22:09:43.348725 np0000003656 devstack@g-api.service[99640]: DEBUG glance.common.config [None req-1bd0fac8-06cf-49eb-a730-c15f4bde4c58 None None] task.work_dir = None {{(pid=99640) log_opt_values /opt/stack/data/venv/lib/python3.12/site-packages/oslo_config/cfg.py:3253}}
Jun 25 22:09:43.348830 np0000003656 devstack@g-api.service[99640]: DEBUG glance.common.config [None req-1bd0fac8-06cf-49eb-a730-c15f4bde4c58 None None] wsgi.python_interpreter = /opt/stack/data/venv/bin/python3 {{(pid=99640) log_opt_values /opt/stack/data/venv/lib/python3.12/site-packages/oslo_config/cfg.py:3253}}
